-- Dumping data for table `user_course_access`
--

INSERT INTO `user_course_access` VALUES (5,174,16,'Completed',1458144975,0),(6,174,5,'Completed',1458146719,0),(7,174,10,'Completed',1458147489,0),(8,174,13,'Completed',1458148482,0),(9,174,7,'Completed',1458148775,0),(10,174,11,'Completed',1458151548,0),(11,175,7,'Completed',1458396390,0),(12,175,5,'Completed',1458398276,0),(13,175,10,'Completed',1458406937,0),(14,175,13,'Completed',1458410286,0),(15,175,11,'Completed',1458411933,0),(16,175,3,'Completed',1458412969,0),(17,175,4,'Completed',1458413999,0),(18,176,7,'Completed',1458579538,0),(19,176,10,'Completed',1458580339,0),(20,176,11,'Completed',1458580967,0),(21,178,11,'Completed',1458766620,0),(22,178,16,'Completed',1458753727,0),(23,178,3,'Completed',1459368933,0),(24,178,7,'Completed',1459370825,0),(26,185,7,'Completed',1458926336,0),(27,185,3,'Completed',1458931139,0),(28,185,11,'Completed',1458932182,0),(29,185,13,'Completed',1458940037,0),(30,185,5,'Completed',1459184343,0),(31,185,10,'Completed',1459185554,0),(32,188,9,'Completed',1459367714,0),(49,188,4,'Completed',1459364110,0),(50,188,7,'Completed',1459364664,0),(51,188,16,'Completed',1459365013,0),(52,188,23,'Completed',1459365480,0),(54,188,3,'Completed',1459366995,0),(56,188,10,'Completed',1459368236,0),(58,188,11,'Completed',1459375708,0),(59,188,5,'Completed',1459376315,0),(60,188,13,'Completed',1459432373,0),(61,188,25,'Completed',1459432789,0),(62,188,24,'Completed',1459433156,0),(68,10,14,'In Progress',NULL,0),(86,207,9,'Completed',1460644441,0),(87,207,4,'Completed',1460647355,0),(88,207,7,'Completed',1460652515,0),(89,207,16,'Completed',1460654324,0),(90,207,23,'Completed',1460656120,0),(91,207,13,'In Progress',NULL,0),(92,207,3,'Completed',1460659534,0),(93,207,25,'Completed',1460660099,0),(94,207,5,'Completed',1460660399,0),(95,207,10,'Completed',1460660838,0),(96,207,14,'Completed',1460661062,0),(97,207,11,'Completed',1460661226,0),(98,207,24,'Completed',1460661419,0),(113,214,3,'Completed',1461597617,0),(114,214,5,'Completed',1461603110,0),(115,215,9,'In Progress',NULL,0),(116,215,4,'In Progress',NULL,0),(117,215,7,'In Progress',NULL,0),(118,215,16,'In Progress',NULL,0),(119,215,23,'In Progress',NULL,0),(120,215,13,'In Progress',NULL,0),(121,215,3,'In Progress',NULL,0),(122,215,25,'In Progress',NULL,0),(123,215,5,'In Progress',NULL,0),(124,215,10,'In Progress',NULL,0),(125,215,14,'In Progress',NULL,0),(126,215,11,'In Progress',NULL,0),(127,215,24,'In Progress',NULL,0),(146,238,3,'Completed',1461874252,0),(147,238,5,'Completed',1461876666,0),(152,245,4,'Completed',1523543099,0),(153,245,3,'Completed',1523543399,0),(154,245,23,'Completed',1523543782,0),(155,245,24,'Completed',1523544164,0),(159,256,9,'Completed',1462887850,0),(160,256,4,'Completed',1462888629,0),(161,256,7,'Completed',1462889021,0),(162,261,4,'Completed',1462889289,0),(163,256,16,'Completed',1462890174,0),(164,258,5,'Completed',1462890224,0),(165,261,3,'Completed',1462889733,0),(166,260,9,'Completed',1462890911,0),(167,260,9,'Completed',1462890911,0),(168,261,5,'Completed',1462890137,0),(169,261,9,'Completed',1462892166,0),(170,261,13,'Completed',1462891320,0),(171,256,23,'Completed',1462892166,0),(172,258,4,'Completed',1462891481,0),(173,258,7,'Completed',1462891711,0),(174,258,23,'Completed',1462891175,0),(175,258,3,'Completed',1462890789,0),(176,258,25,'Completed',1462891933,0),(177,260,4,'Completed',1462892680,0),(178,261,10,'Completed',1462891655,0),(179,262,9,'Completed',1462891891,0),(180,261,14,'Completed',1462891866,0),(181,262,7,'Completed',1462892179,0),(182,261,7,'Completed',1462892377,0),(183,262,4,'Completed',1462892380,0),(184,256,13,'Completed',1462894675,0),(185,261,16,'Completed',1462892750,0),(186,262,16,'Completed',1462892617,0),(187,262,23,'Completed',1462893139,0),(188,261,23,'Completed',1462893352,0),(189,260,4,'In Progress',NULL,0),(190,260,7,'Completed',1462893592,0),(191,263,4,'Completed',1462894990,0),(192,262,13,'Completed',1462894243,0),(193,261,25,'Completed',1462893813,0),(194,260,7,'In Progress',NULL,0),(195,260,5,'Completed',1462893858,0),(196,261,11,'Completed',1462893952,0),(197,261,24,'Completed',1462894281,0),(198,260,5,'In Progress',NULL,0),(199,260,5,'In Progress',NULL,0),(200,263,9,'Completed',1462894754,0),(201,262,3,'Completed',1462894676,0),(202,254,3,'Completed',1462894862,0),(203,259,3,'Completed',1462894961,0),(204,251,7,'Completed',1462894967,0),(205,266,3,'Completed',1462895489,0),(206,262,25,'Completed',1462895015,0),(207,256,3,'Completed',1462896495,0),(208,264,3,'Completed',1462895210,0),(209,254,5,'Completed',1462899697,0),(210,263,7,'Completed',1462895591,0),(211,262,5,'Completed',1462895502,0),(212,259,7,'Completed',1462895280,0),(213,251,7,'In Progress',NULL,0),(214,251,7,'In Progress',NULL,0),(215,251,4,'Completed',1462900796,0),(216,264,5,'Completed',1462895644,0),(217,251,3,'Completed',1463078475,0),(218,251,3,'Completed',1463078475,0),(219,259,5,'Completed',1462901807,0),(220,262,10,'Completed',1462895753,0),(221,251,5,'Completed',1462900181,0),(222,266,3,'In Progress',NULL,0),(223,263,16,'Completed',1462896161,0),(224,266,5,'Completed',1462906145,0),(225,264,4,'Completed',1462895861,0),(226,262,14,'Completed',1462895999,0),(227,262,11,'Completed',1462896139,0),(228,262,24,'Completed',1462896353,0),(229,263,23,'Completed',1462896940,0),(230,272,9,'Completed',1462897354,0),(231,272,4,'Completed',1462897516,0),(232,272,7,'Completed',1462897738,0),(233,272,16,'Completed',1462897838,0),(234,272,23,'Completed',1462898056,0),(235,272,13,'Completed',1462898433,0),(236,265,7,'Completed',1462898440,0),(237,272,3,'Completed',1462898570,0),(238,265,3,'Completed',1462898747,0),(239,272,25,'Completed',1462898817,0),(240,272,5,'Completed',1462899041,0),(241,272,10,'Completed',1462899303,0),(242,272,14,'Completed',1462899546,0),(243,272,11,'Completed',1462899634,0),(244,272,24,'Completed',1462899764,0),(245,263,13,'Completed',1462900206,0),(246,254,4,'Completed',1462900660,0),(247,267,5,'Completed',1462900350,0),(248,263,3,'Completed',1462900604,0),(249,265,9,'Completed',1462900606,0),(250,267,3,'Completed',1462900688,0),(251,263,25,'Completed',1462901000,0),(252,265,4,'Completed',1462900943,0),(253,267,4,'Completed',1462900925,0),(254,265,16,'Completed',1462901118,0),(255,260,3,'Completed',1462901309,0),(256,263,5,'Completed',1462901351,0),(257,265,23,'Completed',1462902091,0),(258,251,9,'Completed',1462901314,0),(259,254,10,'Completed',1462901631,0),(260,263,11,'Completed',1462901496,0),(261,260,3,'In Progress',NULL,0),(262,263,24,'Completed',1462901842,0),(263,251,16,'Completed',1462901728,0),(264,260,16,'Completed',1462901731,0),(265,260,16,'In Progress',NULL,0),(266,251,23,'Completed',1462902164,0),(267,260,23,'Completed',1462902349,0),(268,263,10,'Completed',1462902041,0),(269,259,16,'Completed',1462901964,0),(270,256,25,'Completed',1462902848,0),(271,259,23,'Completed',1462902177,0),(272,263,14,'Completed',1462902152,0),(273,265,24,'Completed',1462902308,0),(274,254,23,'Completed',1462905572,0),(275,251,13,'Completed',1462902650,0),(276,265,25,'Completed',1462902533,0),(277,259,4,'Completed',1462902401,0),(278,259,9,'Completed',1462902523,0),(279,260,13,'Completed',1462902710,0),(280,259,13,'Completed',1462902712,0),(281,265,5,'Completed',1462902943,0),(282,251,25,'Completed',1462902938,0),(283,254,9,'Completed',1462904985,0),(284,260,13,'In Progress',NULL,0),(285,260,25,'Completed',1462902994,0),(286,259,25,'Completed',1462903153,0),(287,256,5,'Completed',1462904267,0),(288,265,13,'Completed',1462903596,0),(289,251,10,'Completed',1462903235,0),(290,260,25,'In Progress',NULL,0),(291,260,10,'Completed',1462903242,0),(292,259,10,'Completed',1462903336,0),(293,260,10,'In Progress',NULL,0),(294,251,14,'Completed',1462903497,0),(295,259,14,'Completed',1462903559,0),(296,260,14,'Completed',1462903621,0),(297,252,4,'Completed',1462903667,0),(298,265,10,'Completed',1462903923,0),(299,251,11,'Completed',1462903759,0),(300,260,14,'In Progress',NULL,0),(301,259,11,'Completed',1462903786,0),(302,260,11,'Completed',1462903787,0),(303,260,11,'In Progress',NULL,0),(304,251,24,'Completed',1462903987,0),(305,259,24,'Completed',1462903942,0),(306,260,24,'Completed',1462903939,0),(307,265,14,'Completed',1462904130,0),(308,252,3,'Completed',1462904200,0),(309,265,11,'Completed',1462904222,0),(310,252,5,'Completed',1462904508,0),(311,256,10,'Completed',1462905228,0),(312,266,9,'Completed',1462905151,0),(313,256,14,'Completed',1462905703,0),(314,274,3,'Completed',1462908354,0),(315,254,7,'Completed',1462905766,0),(316,256,11,'Completed',1462905993,0),(317,254,16,'Completed',1462905849,0),(318,254,13,'Completed',1462905948,0),(319,254,25,'Completed',1462906015,0),(320,256,24,'Completed',1462906433,0),(321,254,14,'Completed',1462982929,0),(322,254,24,'Completed',1462906297,0),(323,266,4,'Completed',1462906262,0),(324,254,11,'Completed',1462906348,0),(325,266,7,'Completed',1462906730,0),(326,266,16,'Completed',1462906857,0),(327,266,23,'Completed',1462907037,0),(328,266,13,'Completed',1462907184,0),(329,266,25,'Completed',1462907333,0),(330,266,10,'Completed',1462907452,0),(331,266,14,'Completed',1462907580,0),(332,270,4,'Completed',1462917668,0),(333,270,5,'Completed',1462915161,0),(334,266,11,'Completed',1462907697,0),(335,270,3,'Completed',1462912023,0),(336,271,4,'Completed',1462917823,0),(337,271,5,'Completed',1462915538,0),(338,271,3,'Completed',1462912320,0),(339,266,24,'Completed',1462907817,0),(340,270,10,'Completed',1462919308,0),(341,271,10,'Completed',1462919486,0),(342,270,16,'Completed',1462998225,0),(343,271,16,'Completed',1463004215,0),(344,274,5,'Completed',1462908688,0),(345,274,4,'Completed',1462982036,0),(346,264,9,'Completed',1462970703,0),(347,264,23,'Completed',1462970927,0),(348,264,10,'Completed',1462971059,0),(349,264,16,'Completed',1462971276,0),(350,264,13,'Completed',1462971470,0),(351,264,25,'Completed',1462971582,0),(352,264,14,'Completed',1462971671,0),(353,264,7,'Completed',1462976960,0),(354,264,11,'Completed',1462976744,0),(355,264,24,'Completed',1462976844,0),(360,270,9,'Completed',1462992908,0),(361,270,7,'Completed',1463000280,0),(362,270,23,'Completed',1462995902,0),(363,270,13,'Completed',1463001193,0),(364,270,25,'Completed',1463001720,0),(365,270,14,'Completed',1462999292,0),(366,270,11,'Completed',1462997053,0),(367,270,24,'Completed',1463002374,0),(368,275,7,'Completed',1462991909,0),(369,277,9,'Completed',1462991670,0),(370,277,4,'Completed',1462992020,0),(371,277,7,'Completed',1462992441,0),(372,277,16,'Completed',1462993699,0),(373,277,23,'Completed',1462995430,0),(374,276,5,'Completed',1463074558,0),(375,276,23,'Completed',1463082806,0),(376,277,13,'Completed',1462997138,0),(377,277,3,'Completed',1462997702,0),(378,271,9,'Completed',1463004370,0),(379,271,7,'Completed',1463004466,0),(380,271,23,'Completed',1463004948,0),(381,271,13,'Completed',1463005117,0),(382,271,25,'Completed',1463005245,0),(383,271,14,'Completed',1463005346,0),(384,271,11,'Completed',1463005430,0),(385,271,24,'Completed',1463005562,0),(386,278,4,'Completed',1463061637,0),(387,278,3,'Completed',1463062088,0),(388,278,5,'Completed',1463062407,0),(389,279,9,'Completed',1463066820,0),(390,279,13,'Completed',1463067086,0),(391,279,10,'Completed',1463067789,0),(392,279,4,'Completed',1463067987,0),(393,279,7,'Completed',1463068299,0),(394,279,16,'Completed',1463068593,0),(395,280,3,'Completed',1463069524,0),(396,280,5,'Completed',1463069997,0),(397,280,4,'Completed',1463070121,0),(398,280,9,'Completed',1463070253,0),(399,280,16,'Completed',1463070348,0),(400,280,23,'Completed',1463070481,0),(401,280,25,'Completed',1463070638,0),(402,280,13,'Completed',1463070773,0),(403,280,10,'Completed',1463070889,0),(404,280,14,'Completed',1463071057,0),(405,280,11,'Completed',1463071218,0),(406,280,24,'Completed',1463071503,0),(407,279,3,'Completed',1463078690,0),(408,279,11,'Completed',1463078813,0),(409,279,14,'Completed',1463079002,0),(410,279,24,'Completed',1463079164,0),(411,279,5,'Completed',1463079443,0),(412,276,9,'Completed',1463081429,0),(413,276,4,'Completed',1463081533,0),(414,276,7,'Completed',1463081711,0),(415,276,16,'Completed',1463081798,0),(416,276,13,'Completed',1463081916,0),(417,276,3,'Completed',1463082310,0),(418,276,24,'Completed',1463082384,0),(419,276,11,'Completed',1463082455,0),(420,276,14,'Completed',1463082523,0),(421,276,10,'Completed',1463082605,0),(422,276,25,'Completed',1463082702,0),(424,275,3,'Completed',1463170715,0),(425,286,3,'Completed',1463419453,0),(426,286,5,'Completed',1463576425,0),(427,277,24,'Completed',1463421925,0),(428,277,25,'Completed',1463422744,0),(429,277,5,'Completed',1463424137,0),(430,277,10,'Completed',1463423200,0),(431,277,14,'Completed',1463423382,0),(432,277,11,'Completed',1463423494,0),(433,286,4,'Completed',1463576758,0),(434,286,9,'Completed',1463426757,0),(435,286,7,'Completed',1463427391,0),(436,286,16,'Completed',1463427677,0),(437,286,23,'Completed',1463428539,0),(438,286,13,'Completed',1463429560,0),(439,286,25,'Completed',1463579565,0),(440,286,25,'Completed',1463579565,0),(441,286,10,'Completed',1463577824,0),(442,286,14,'Completed',1463578511,0),(443,286,11,'Completed',1463578805,0),(444,286,24,'Completed',1463579400,0),(446,288,9,'Completed',1463683680,0),(447,288,4,'Completed',1463684179,0),(448,288,7,'Completed',1463684752,0),(449,288,7,'In Progress',NULL,0),(450,288,16,'Completed',1463685050,0),(451,288,23,'Completed',1463686042,0),(452,288,13,'Completed',1463686632,0),(453,288,3,'Completed',1463708114,0),(454,288,25,'Completed',1463708712,0),(455,288,5,'Completed',1463709335,0),(456,288,10,'Completed',1463709677,0),(457,291,4,'In Progress',NULL,0),(458,288,24,'Completed',1463710020,0),(459,288,11,'Completed',1463710267,0),(460,288,11,'Completed',1463710267,0),(461,288,14,'Completed',1463710700,0),(462,275,5,'Completed',1463720322,0),(463,275,4,'Completed',1463720734,0),(464,289,9,'Completed',1463754714,0),(465,289,4,'Completed',1463764092,0),(467,289,7,'Completed',1463770107,0),(468,289,16,'Completed',1463770647,0),(469,289,23,'Completed',1464010214,0),(471,289,13,'Completed',1464011013,0),(472,289,3,'Completed',1464011233,0),(473,289,25,'Completed',1464011701,0),(474,289,5,'Completed',1464012850,0),(475,298,9,'Completed',1464012236,0),(476,298,4,'Completed',1464012007,0),(477,298,16,'Completed',1464012283,0),(478,298,23,'Completed',1464012395,0),(479,298,13,'Completed',1464012478,0),(480,298,25,'Completed',1464012552,0),(481,298,10,'Completed',1464012610,0),(482,298,7,'Completed',1464012943,0),(483,289,10,'Completed',1464014288,0),(484,298,3,'Completed',1464013267,0),(485,298,5,'Completed',1464013785,0),(486,298,14,'Completed',1464013877,0),(487,298,11,'Completed',1464013992,0),(488,298,24,'Completed',1464014082,0),(489,299,9,'Completed',1464014397,0),(490,289,14,'Completed',1464014886,0),(491,299,4,'Completed',1464014514,0),(492,299,7,'Completed',1464014576,0),(493,299,16,'Completed',1464014691,0),(494,299,23,'Completed',1464014907,0),(495,289,11,'Completed',1464015068,0),(496,299,13,'Completed',1464015012,0),(497,299,3,'Completed',1464015086,0),(498,289,24,'Completed',1464015280,0),(499,299,25,'Completed',1464015201,0),(500,299,5,'Completed',1464015279,0),(501,299,10,'Completed',1464015361,0),(502,299,14,'Completed',1464015445,0),(503,299,11,'Completed',1464015497,0),(504,299,24,'Completed',1464015594,0),(505,297,10,'Completed',1464015702,0),(506,297,14,'Completed',1464015849,0),(507,297,11,'Completed',1464016047,0),(508,297,24,'Completed',1464016157,0),(509,297,9,'Completed',1464016328,0),(510,297,4,'Completed',1464016521,0),(512,297,7,'Completed',1464016738,0),(513,297,16,'Completed',1464017288,0),(514,297,23,'Completed',1464017603,0),(516,297,3,'Completed',1464017860,0),(517,297,5,'Completed',1464018021,0),(518,297,13,'Completed',1464018870,0),(520,297,25,'Completed',1464024515,0),(522,287,9,'Completed',1464034575,0),(523,287,4,'Completed',1464035983,0),(524,287,7,'Completed',1464038016,0),(525,287,16,'Completed',1464038944,0),(526,287,23,'Completed',1464040512,0),(527,287,13,'Completed',1464041926,0),(528,287,3,'Completed',1464042932,0),(529,287,25,'Completed',1464043499,0),(530,287,5,'Completed',1464044285,0),(531,287,10,'Completed',1464045007,0),(532,287,14,'Completed',1464045535,0),(533,287,11,'Completed',1464045841,0),(534,287,24,'Completed',1464046074,0),(547,306,23,'Completed',1464117569,0),(549,249,9,'In Progress',NULL,0),(552,285,9,'Completed',1464793787,0),(553,285,4,'Completed',1464795309,0),(558,284,7,'Completed',1464794522,0),(559,284,9,'Completed',1464794860,0),(563,309,24,'Completed',1464358922,0),(564,309,24,'Completed',1464358922,0),(565,309,14,'In Progress',NULL,0),(566,309,14,'In Progress',NULL,0),(567,309,4,'Completed',1464364985,0),(568,309,4,'Completed',1464364985,0),(569,309,25,'In Progress',NULL,0),(570,309,25,'In Progress',NULL,0),(573,307,9,'Completed',1464215106,0),(574,307,4,'Completed',1464215320,0),(575,307,16,'Completed',1464215506,0),(576,307,23,'Completed',1464215856,0),(577,307,13,'Completed',1464216554,0),(578,307,3,'Completed',1464218723,0),(579,307,25,'Completed',1464216814,0),(580,307,10,'Completed',1464216974,0),(581,307,24,'Completed',1464217122,0),(582,307,11,'Completed',1464217312,0),(583,307,14,'Completed',1464217498,0),(584,307,7,'Completed',1464218031,0),(585,307,5,'Completed',1464219509,0),(590,309,16,'In Progress',NULL,0),(591,309,10,'In Progress',NULL,0),(592,309,3,'In Progress',NULL,0),(593,309,13,'In Progress',NULL,0),(620,300,3,'Completed',1464469594,0),(622,300,5,'Completed',1464470457,0),(623,300,4,'Completed',1464471141,0),(629,285,7,'Completed',1464802996,0),(630,285,16,'Completed',1464806325,0),(631,285,23,'Completed',1464807996,0),(632,285,13,'Completed',1464809202,0),(633,285,3,'Completed',1464809987,0),(634,285,25,'Completed',1464810971,0),(635,285,5,'Completed',1464878174,0),(636,285,10,'Completed',1464879147,0),(637,285,14,'Completed',1464879636,0),(638,285,11,'Completed',1464880065,0),(639,285,24,'Completed',1464880457,0),(640,282,9,'Completed',1464727207,0),(641,293,9,'Completed',1464726623,0),(642,293,4,'Completed',1464727771,0),(643,282,4,'Completed',1464800399,0),(656,284,4,'Completed',1465508927,0),(657,284,16,'Completed',1465509292,0),(658,282,7,'Completed',1464806531,0),(664,282,16,'In Progress',NULL,0),(665,268,4,'Completed',1464807773,0),(666,268,5,'Completed',1464808351,0),(667,282,23,'Completed',1464815547,0),(668,268,3,'Completed',1464808844,0),(673,318,7,'Completed',1464863009,0),(689,308,3,'In Progress',NULL,0),(692,308,13,'Completed',1464890241,0),(694,308,10,'Completed',1464891044,0),(696,308,25,'Completed',1464891167,0),(697,308,4,'Completed',1464891367,0),(699,308,9,'Completed',1464891579,0),(700,308,23,'Completed',1464891909,0),(701,308,16,'Completed',1464892007,0),(705,308,5,'In Progress',NULL,0),(706,308,7,'Completed',1464893408,0),(720,324,9,'Completed',1464961510,0),(721,324,4,'Completed',1464963195,0),(723,324,7,'Completed',1464963741,0),(724,324,16,'Completed',1464965236,0),(725,324,23,'Completed',1464966218,0),(726,324,13,'Completed',1464966596,0),(727,324,3,'Completed',1464966874,0),(728,324,25,'Completed',1464967432,0),(729,324,5,'Completed',1464967618,0),(730,324,10,'Completed',1464967842,0),(731,324,14,'Completed',1464967969,0),(732,324,11,'Completed',1464968157,0),(733,324,24,'Completed',1464968389,0),(734,293,7,'Completed',1464980662,0),(735,293,16,'Completed',1464981090,0),(736,293,5,'Completed',1464981479,0),(737,293,11,'Completed',1464981799,0),(740,282,13,'In Progress',NULL,0),(741,326,3,'Completed',1465228607,0),(742,326,5,'Completed',1465229298,0),(743,326,4,'Completed',1465229554,0),(744,326,9,'Completed',1465229934,0),(745,326,7,'Completed',1465230170,0),(746,326,16,'Completed',1465230352,0),(747,326,23,'Completed',1465231109,0),(748,326,13,'Completed',1465231748,0),(749,326,25,'Completed',1465232201,0),(750,327,4,'Completed',1465255286,0),(751,327,5,'Completed',1465253392,0),(752,328,9,'Completed',1465324662,0),(753,328,4,'Completed',1465325430,0),(754,328,7,'Completed',1465327386,0),(755,328,16,'Completed',1465327798,0),(756,328,23,'Completed',1465753700,0),(757,328,13,'Completed',1465418742,0),(758,328,3,'Completed',1465419797,0),(759,328,25,'Completed',1465417335,0),(760,328,5,'Completed',1465422251,0),(761,328,10,'Completed',1465587605,0),(762,328,14,'Completed',1465754244,0),(763,328,11,'Completed',1465588019,0),(764,328,24,'Completed',1465754607,0),(768,326,10,'Completed',1465401470,0),(769,326,14,'Completed',1465401760,0),(770,326,11,'Completed',1465401928,0),(771,326,24,'Completed',1465402625,0),(772,293,10,'Completed',1465408425,0),(773,293,14,'Completed',1465409871,0),(774,293,24,'Completed',1465410428,0),(775,293,23,'Completed',1465411113,0),(804,334,4,'Completed',1465502206,0),(805,334,3,'Completed',1465502612,0),(806,334,5,'Completed',1465503258,0),(820,284,23,'Completed',1465510235,0),(821,284,13,'Completed',1465509765,0),(822,284,3,'Completed',1465509518,0),(828,338,4,'Completed',1465611531,0),(829,338,3,'Completed',1465611979,0),(830,338,5,'Completed',1465612337,0),(831,338,7,'Completed',1465612580,0),(832,338,14,'Completed',1465612788,0),(833,338,10,'Completed',1465612987,0),(834,338,24,'Completed',1465625338,0),(835,338,9,'Completed',1465625672,0),(836,338,25,'Completed',1465625869,0),(837,338,23,'Completed',1465626117,0),(838,338,11,'Completed',1465626268,0),(839,293,13,'Completed',1465652453,0),(840,293,3,'Completed',1465653655,0),(841,293,25,'Completed',1465658078,0),(842,290,25,'Completed',1465658252,0),(843,290,3,'Completed',1465658342,0),(844,290,13,'Completed',1465658429,0),(845,290,9,'Completed',1465658605,0),(846,290,4,'Completed',1465658749,0),(847,290,7,'Completed',1465658837,0),(848,290,16,'Completed',1465659002,0),(849,290,23,'Completed',1465659166,0),(850,290,24,'Completed',1465659496,0),(851,290,5,'Completed',1465659892,0),(852,290,10,'Completed',1465660178,0),(853,290,14,'Completed',1465660466,0),(854,290,11,'Completed',1465660750,0),(855,339,9,'Completed',1465677363,0),(856,339,4,'Completed',1465677949,0),(857,339,7,'Completed',1465678449,0),(858,339,5,'Completed',1465679077,0),(859,339,23,'Completed',1465679915,0),(860,339,3,'Completed',1465680140,0),(861,339,25,'Completed',1465693980,0),(862,339,10,'Completed',1465694269,0),(863,339,14,'Completed',1465694335,0),(864,339,11,'Completed',1465694524,0),(865,339,24,'Completed',1465694585,0),(866,339,13,'Completed',1465694858,0),(874,311,9,'Completed',1465776649,0),(875,311,4,'Completed',1465776876,0),(876,311,7,'Completed',1465782649,0),(877,311,16,'Completed',1465782870,0),(878,311,23,'Completed',1465784230,0),(885,311,13,'Completed',1465784993,0),(886,311,3,'Completed',1465785292,0),(893,275,23,'Completed',1465798813,0),(894,275,11,'Completed',1465799280,0),(895,275,24,'Completed',1465799629,0),(896,275,14,'Completed',1465799798,0),(897,275,13,'Completed',1465800242,0),(898,275,25,'Completed',1465800466,0),(899,275,10,'Completed',1465800776,0),(900,275,16,'Completed',1465801730,0),(901,275,9,'Completed',1465802096,0),(903,335,4,'Completed',1465824041,0),(904,335,3,'Completed',1465824637,0),(905,335,3,'Completed',1465824637,0),(906,335,5,'Completed',1465824997,0),(907,335,9,'Completed',1465938918,0),(908,311,25,'Completed',1465828529,0),(909,311,5,'Completed',1465829016,0),(910,311,10,'Completed',1465829453,0),(911,311,14,'Completed',1465829738,0),(912,311,11,'Completed',1465829867,0),(913,311,24,'Completed',1465830058,0),(914,306,16,'Completed',1465912695,0),(915,306,14,'Completed',1465913709,0),(916,306,10,'Completed',1465914173,0),(917,306,13,'Completed',1465915025,0),(918,306,5,'Completed',1465915896,0),(920,335,14,'Completed',1465941831,0),(921,335,13,'Completed',1465943918,0),(925,335,10,'Completed',1465945332,0),(930,335,7,'Completed',1465946050,0),(937,306,4,'Completed',1466016638,0),(938,306,3,'Completed',1466017128,0),(939,306,7,'Completed',1466017742,0),(940,306,9,'Completed',1466018303,0),(941,335,23,'Completed',1466028532,0),(942,345,3,'Completed',1466031834,0),(943,345,5,'Completed',1466032920,0),(944,345,4,'Completed',1466034022,0),(945,345,9,'Completed',1466034777,0),(948,346,7,'In Progress',NULL,0),(949,346,9,'In Progress',NULL,0),(950,346,4,'In Progress',NULL,0),(951,346,16,'In Progress',NULL,0),(952,346,23,'In Progress',NULL,0),(953,346,13,'In Progress',NULL,0),(954,346,3,'In Progress',NULL,0),(955,346,25,'In Progress',NULL,0),(956,346,5,'In Progress',NULL,0),(960,345,7,'Completed',1466096132,0),(964,345,16,'Completed',1466096697,0),(965,345,23,'Completed',1466097658,0),(968,345,13,'Completed',1466098625,0),(969,345,25,'Completed',1466099235,0),(970,345,10,'Completed',1466099805,0),(971,345,14,'Completed',1466100459,0),(986,224,9,'Completed',1466103169,0),(989,224,4,'Completed',1466103562,0),(990,224,7,'Completed',1466103846,0),(991,224,16,'Completed',1466104200,0),(992,224,23,'Completed',1466104698,0),(1028,351,3,'Completed',1466443047,0),(1029,351,5,'Completed',1466443835,0),(1030,351,4,'Completed',1466444244,0),(1041,306,25,'Completed',1466516622,0),(1042,306,11,'Completed',1466517208,0),(1043,306,24,'Completed',1466518182,0),(1052,353,3,'Completed',1466524227,0),(1054,353,5,'Completed',1466525010,0),(1058,353,4,'Completed',1466525818,0),(1078,335,16,'Completed',1466608467,0),(1080,335,25,'Completed',1466692994,0),(1081,358,3,'Completed',1466615527,0),(1082,358,5,'Completed',1466616403,0),(1083,381,23,'Completed',1466617518,0),(1084,381,3,'Completed',1466618300,0),(1085,381,24,'Completed',1466616802,0),(1086,358,4,'Completed',1466616666,0),(1088,381,10,'Completed',1466618652,0),(1090,335,24,'Completed',1467049283,0),(1091,383,9,'Completed',1466856927,0),(1095,384,9,'Completed',1466700906,0),(1097,384,25,'Completed',1466702068,0),(1099,224,13,'Completed',1466704663,0),(1100,224,3,'Completed',1466705249,0),(1102,224,25,'Completed',1466705640,0),(1103,224,5,'Completed',1467308024,0),(1111,386,9,'Completed',1466713601,0),(1112,386,4,'Completed',1466714103,0),(1113,396,9,'Completed',1466714915,0),(1114,386,7,'Completed',1466715188,0),(1115,386,16,'Completed',1466715400,0),(1116,386,23,'Completed',1466715788,0),(1117,386,13,'Completed',1466716147,0),(1118,386,3,'Completed',1466716325,0),(1119,396,4,'Completed',1466719040,0),(1120,386,25,'Completed',1466716614,0),(1121,386,5,'Completed',1466716901,0),(1122,386,10,'Completed',1466717207,0),(1123,386,14,'Completed',1466717413,0),(1124,386,11,'Completed',1466718657,0),(1125,386,24,'Completed',1466719227,0),(1126,396,7,'Completed',1466722137,0),(1127,396,23,'Completed',1466736847,0),(1128,390,9,'Completed',1466738994,0),(1129,390,4,'Completed',1466739212,0),(1130,390,7,'Completed',1466739336,0),(1131,390,16,'Completed',1466739735,0),(1132,396,16,'Completed',1467071012,0),(1133,390,23,'Completed',1466740073,0),(1134,396,13,'Completed',1466743079,0),(1135,390,13,'Completed',1466740286,0),(1136,390,3,'Completed',1466740720,0),(1137,390,25,'Completed',1466741067,0),(1138,390,5,'Completed',1466741223,0),(1139,390,10,'Completed',1466741414,0),(1140,390,14,'Completed',1466741573,0),(1141,390,11,'Completed',1466741685,0),(1142,390,24,'Completed',1466741931,0),(1143,392,9,'Completed',1466747050,0),(1144,389,9,'Completed',1466752051,0),(1145,392,4,'Completed',1467353747,0),(1146,389,4,'Completed',1466755519,0),(1147,389,7,'Completed',1466757627,0),(1148,389,16,'Completed',1466757955,0),(1149,389,23,'Completed',1466758466,0),(1150,389,13,'Completed',1466758766,0),(1151,389,3,'Completed',1466759264,0),(1152,389,25,'Completed',1466759487,0),(1153,389,5,'Completed',1466759824,0),(1154,389,10,'Completed',1466760019,0),(1155,389,14,'Completed',1466760305,0),(1156,389,11,'Completed',1466760471,0),(1157,389,24,'Completed',1466760990,0),(1162,401,9,'Completed',1466778530,0),(1163,410,9,'Completed',1466780231,0),(1164,410,4,'Completed',1466780748,0),(1165,400,3,'Completed',1466780785,0),(1166,410,7,'Completed',1466781056,0),(1167,400,4,'Completed',1466781121,0),(1168,410,16,'Completed',1466781305,0),(1169,400,5,'Completed',1467045583,0),(1170,410,23,'Completed',1466781934,0),(1171,401,4,'Completed',1466785098,0),(1172,406,4,'Completed',1466782044,0),(1173,410,13,'Completed',1466782348,0),(1174,406,3,'Completed',1466783045,0),(1175,406,5,'Completed',1467145350,0),(1176,406,7,'Completed',1467146638,0),(1177,406,9,'Completed',1467832588,0),(1178,406,10,'Completed',1467833077,0),(1179,406,11,'Completed',1467833196,0),(1180,406,13,'Completed',1467833564,0),(1181,406,14,'Completed',1467833817,0),(1182,406,16,'Completed',1467833945,0),(1183,406,23,'Completed',1467834249,0),(1184,406,24,'Completed',1467834605,0),(1185,410,3,'Completed',1466782804,0),(1186,406,25,'Completed',1467834863,0),(1187,410,25,'Completed',1466783026,0),(1188,410,5,'Completed',1466783331,0),(1189,410,10,'Completed',1466783633,0),(1190,410,14,'Completed',1466783776,0),(1191,410,11,'Completed',1466784051,0),(1192,410,24,'Completed',1466784219,0),(1193,412,9,'Completed',1466785802,0),(1194,401,7,'Completed',1466785284,0),(1195,401,7,'In Progress',NULL,0),(1196,401,16,'Completed',1466785434,0),(1197,401,16,'In Progress',NULL,0),(1198,401,23,'Completed',1466785617,0),(1199,401,13,'Completed',1466785761,0),(1200,401,3,'Completed',1466785951,0),(1201,412,4,'Completed',1466787839,0),(1202,401,25,'Completed',1466786397,0),(1203,401,5,'Completed',1466786525,0),(1204,401,10,'Completed',1466786726,0),(1205,401,14,'Completed',1466786825,0),(1206,401,11,'Completed',1466786930,0),(1207,401,24,'Completed',1466788056,0),(1208,412,7,'Completed',1466788597,0),(1209,412,16,'Completed',1466789213,0),(1210,412,23,'Completed',1466791620,0),(1211,412,13,'Completed',1466792157,0),(1212,412,3,'Completed',1466792418,0),(1213,412,25,'Completed',1466793170,0),(1214,412,5,'Completed',1466793537,0),(1215,412,10,'Completed',1466793889,0),(1216,412,14,'Completed',1466794115,0),(1217,412,11,'Completed',1466794332,0),(1218,412,24,'Completed',1466794659,0),(1219,384,3,'Completed',1466796026,0),(1220,384,13,'Completed',1466796409,0),(1221,384,4,'Completed',1466797378,0),(1222,384,7,'Completed',1466797922,0),(1223,384,5,'Completed',1466798684,0),(1224,384,16,'Completed',1466799506,0),(1225,384,23,'Completed',1466800146,0),(1226,388,3,'Completed',1466964676,0),(1227,397,9,'Completed',1466835531,0),(1228,397,4,'Completed',1466836968,0),(1229,397,7,'Completed',1466838163,0),(1230,397,16,'Completed',1466847577,0),(1231,397,23,'Completed',1466847772,0),(1232,397,13,'Completed',1466847982,0),(1233,397,3,'Completed',1466848160,0),(1234,397,25,'Completed',1466848289,0),(1235,397,5,'Completed',1466848459,0),(1236,397,10,'Completed',1466848590,0),(1237,397,14,'Completed',1466848700,0),(1238,397,11,'Completed',1466848806,0),(1239,397,24,'Completed',1466850076,0),(1240,383,4,'Completed',1466857487,0),(1241,383,7,'Completed',1466861008,0),(1242,383,16,'Completed',1466861530,0),(1243,383,23,'Completed',1466862903,0),(1244,383,13,'Completed',1467752941,0),(1245,383,3,'Completed',1466868440,0),(1246,383,25,'Completed',1466868573,0),(1247,383,5,'Completed',1466868688,0),(1248,383,10,'Completed',1466868824,0),(1249,383,14,'Completed',1466868907,0),(1250,383,11,'Completed',1466868985,0),(1251,383,24,'Completed',1466869539,0),(1252,403,9,'Completed',1466885793,0),(1253,403,4,'Completed',1466886175,0),(1254,403,7,'Completed',1466886680,0),(1255,403,16,'Completed',1466887091,0),(1256,403,23,'Completed',1466888308,0),(1257,403,13,'Completed',1466889302,0),(1258,403,3,'Completed',1466890119,0),(1259,403,25,'Completed',1466890725,0),(1260,403,5,'Completed',1466891707,0),(1261,403,10,'Completed',1466892057,0),(1262,403,14,'Completed',1466892178,0),(1263,403,11,'Completed',1466892462,0),(1264,403,24,'Completed',1466892873,0),(1265,283,3,'Completed',1466894406,0),(1266,283,3,'In Progress',NULL,0),(1267,283,5,'Completed',1466895068,0),(1268,283,4,'Completed',1466895364,0),(1269,395,3,'Completed',1466957933,0),(1270,395,4,'Completed',1466962897,0),(1273,395,5,'Completed',1466964852,0),(1274,388,10,'Completed',1466975668,0),(1275,388,23,'Completed',1466976214,0),(1278,411,3,'Completed',1467043217,0),(1289,400,7,'Completed',1467046867,0),(1290,400,9,'Completed',1467047184,0),(1291,400,10,'Completed',1467047640,0),(1292,400,11,'Completed',1467047964,0),(1293,400,13,'Completed',1467048676,0),(1294,400,14,'Completed',1467049094,0),(1295,411,4,'Completed',1467142935,0),(1296,400,16,'Completed',1467049892,0),(1297,335,11,'Completed',1467049932,0),(1298,400,23,'Completed',1467121949,0),(1302,384,24,'Completed',1467054581,0),(1303,384,10,'Completed',1467055362,0),(1304,384,14,'Completed',1467055736,0),(1305,384,11,'Completed',1467056214,0),(1307,396,3,'Completed',1467064756,0),(1313,396,25,'Completed',1467069158,0),(1314,396,5,'Completed',1467073801,0),(1315,396,10,'Completed',1467075947,0),(1316,396,11,'Completed',1467085955,0),(1317,396,24,'Completed',1467088100,0),(1318,400,24,'Completed',1467122177,0),(1319,400,25,'Completed',1467123152,0),(1320,391,9,'Completed',1467126782,0),(1321,391,4,'Completed',1467127989,0),(1323,391,7,'Completed',1467216329,0),(1325,407,9,'Completed',1467133952,0),(1326,407,4,'Completed',1467134838,0),(1327,407,7,'Completed',1467135337,0),(1328,407,16,'Completed',1467135744,0),(1329,407,23,'Completed',1467136801,0),(1330,407,13,'Completed',1467137690,0),(1333,407,3,'Completed',1467138501,0),(1334,407,25,'Completed',1467139068,0),(1335,407,5,'Completed',1467139694,0),(1336,407,10,'Completed',1467140014,0),(1337,407,14,'Completed',1467140404,0),(1338,407,11,'Completed',1467140776,0),(1339,407,24,'Completed',1467141048,0),(1340,419,14,'Completed',1467142022,0),(1341,419,24,'Completed',1467142694,0),(1342,419,9,'Completed',1467143006,0),(1343,411,5,'Completed',1467143707,0),(1344,419,4,'Completed',1467143282,0),(1345,419,7,'Completed',1467143398,0),(1346,419,16,'Completed',1467143549,0),(1347,419,23,'Completed',1467143683,0),(1348,419,13,'Completed',1467143864,0),(1349,411,7,'Completed',1467146620,0),(1350,419,3,'Completed',1467143998,0),(1351,419,25,'Completed',1467144563,0),(1352,419,5,'Completed',1467144675,0),(1353,419,10,'Completed',1467144787,0),(1354,419,11,'Completed',1467144884,0),(1355,411,9,'Completed',1467207377,0),(1356,399,9,'Completed',1467150964,0),(1357,399,4,'Completed',1467151399,0),(1358,399,7,'Completed',1467151529,0),(1359,399,16,'Completed',1467151641,0),(1360,399,25,'Completed',1467151809,0),(1361,399,14,'Completed',1467151926,0),(1362,399,5,'Completed',1467152064,0),(1363,399,11,'Completed',1467738563,0),(1364,388,9,'Completed',1467155134,0),(1365,388,4,'Completed',1467155580,0),(1366,388,7,'Completed',1467155899,0),(1367,388,16,'Completed',1467156495,0),(1368,388,13,'Completed',1467157604,0),(1369,388,25,'Completed',1467158498,0),(1370,388,5,'Completed',1467159038,0),(1371,388,14,'Completed',1467159347,0),(1372,388,11,'Completed',1467159521,0),(1373,388,24,'Completed',1467159731,0),(1374,396,14,'Completed',1467163964,0),(1375,399,13,'Completed',1467163947,0),(1376,399,10,'Completed',1467164733,0),(1377,399,24,'In Progress',NULL,0),(1378,411,10,'Completed',1467208953,0),(1379,411,11,'Completed',1467209660,0),(1380,411,13,'Completed',1467213056,0),(1381,411,14,'Completed',1467213274,0),(1382,411,16,'Completed',1467213539,0),(1383,411,23,'Completed',1467214650,0),(1384,411,24,'Completed',1467215249,0),(1385,409,9,'Completed',1467216369,0),(1386,411,25,'Completed',1467215628,0),(1387,391,16,'Completed',1467216593,0),(1388,391,23,'Completed',1467217059,0),(1389,391,13,'Completed',1467217336,0),(1391,391,3,'Completed',1467221499,0),(1392,391,25,'Completed',1467221758,0),(1394,391,5,'Completed',1467222017,0),(1395,391,10,'Completed',1467222245,0),(1396,391,14,'Completed',1467222413,0),(1397,391,11,'Completed',1467222614,0),(1398,391,24,'Completed',1467225298,0),(1410,426,9,'Completed',1467296221,0),(1411,409,4,'Completed',1467296842,0),(1412,426,4,'Completed',1467299077,0),(1413,409,7,'Completed',1467297038,0),(1414,409,16,'Completed',1467297569,0),(1415,409,23,'Completed',1467298606,0),(1417,409,13,'Completed',1467299619,0),(1419,426,7,'Completed',1467300458,0),(1420,426,16,'Completed',1467302096,0),(1421,426,23,'Completed',1467305331,0),(1422,426,13,'Completed',1467308270,0),(1423,224,10,'Completed',1467306883,0),(1424,224,14,'Completed',1467307246,0),(1425,224,11,'Completed',1467307374,0),(1426,224,24,'Completed',1467307604,0),(1427,426,3,'Completed',1467309725,0),(1428,426,25,'Completed',1467310976,0),(1429,426,5,'Completed',1467312198,0),(1430,426,10,'Completed',1467313037,0),(1431,426,14,'Completed',1467313889,0),(1432,426,11,'Completed',1467314239,0),(1433,426,24,'Completed',1467315243,0),(1434,392,7,'Completed',1467355008,0),(1435,392,16,'Completed',1467355977,0),(1436,392,23,'Completed',1467360112,0),(1437,392,13,'Completed',1467360558,0),(1438,392,3,'Completed',1467360850,0),(1439,392,25,'Completed',1467361798,0),(1440,392,5,'Completed',1467362128,0),(1441,392,10,'Completed',1467362436,0),(1442,392,14,'Completed',1467362687,0),(1443,392,11,'Completed',1467362757,0),(1444,392,24,'Completed',1467363251,0),(1445,421,16,'Completed',1467382997,0),(1446,421,25,'Completed',1467383619,0),(1447,421,3,'Completed',1467384036,0),(1451,421,13,'Completed',1467392673,0),(1452,421,9,'Completed',1467392954,0),(1453,421,23,'Completed',1467726541,0),(1454,395,7,'Completed',1467477361,0),(1455,395,9,'Completed',1467480324,0),(1456,395,10,'Completed',1467481003,0),(1457,395,11,'Completed',1467549988,0),(1458,387,9,'Completed',1467484199,0),(1459,387,4,'Completed',1467484681,0),(1460,387,7,'Completed',1467485345,0),(1461,387,16,'Completed',1467485949,0),(1463,387,23,'Completed',1467487284,0),(1466,387,13,'Completed',1467491629,0),(1467,387,3,'Completed',1467492020,0),(1468,387,25,'Completed',1467492914,0),(1469,387,5,'Completed',1467493547,0),(1470,387,10,'Completed',1467493847,0),(1471,387,14,'Completed',1467494256,0),(1472,387,11,'Completed',1467494426,0),(1473,387,24,'Completed',1467495176,0),(1474,395,13,'Completed',1467550100,0),(1475,395,14,'Completed',1467550164,0),(1476,395,16,'Completed',1467550228,0),(1477,395,23,'Completed',1467550307,0),(1478,395,24,'Completed',1467553926,0),(1479,395,25,'Completed',1467550679,0),(1494,422,9,'Completed',1467631630,0),(1495,422,4,'Completed',1467631915,0),(1496,422,7,'Completed',1467632134,0),(1497,422,16,'Completed',1467632323,0),(1498,422,23,'Completed',1467632648,0),(1499,422,13,'Completed',1467632909,0),(1500,422,3,'Completed',1467633140,0),(1501,422,25,'Completed',1467633351,0),(1502,422,5,'Completed',1467633557,0),(1503,422,10,'Completed',1467633753,0),(1504,422,14,'Completed',1467633919,0),(1505,422,11,'Completed',1467634109,0),(1506,422,24,'Completed',1467636093,0),(1509,425,4,'Completed',1467726663,0),(1510,421,7,'Completed',1467726898,0),(1511,421,5,'Completed',1467727298,0),(1512,421,4,'Completed',1467730665,0),(1513,430,3,'Completed',1467733320,0),(1514,430,4,'Completed',1467733535,0),(1515,430,5,'Completed',1467733962,0),(1516,399,23,'Completed',1467738872,0),(1517,399,3,'Completed',1467739004,0),(1518,421,11,'Completed',1467744144,0),(1519,421,10,'Completed',1467744405,0),(1520,421,14,'Completed',1467744735,0),(1521,421,24,'Completed',1467744985,0),(1529,409,3,'Completed',1467752365,0),(1532,394,9,'Completed',1467752481,0),(1533,409,25,'Completed',1467752885,0),(1534,394,4,'Completed',1467752623,0),(1535,394,7,'Completed',1467753078,0),(1536,409,5,'Completed',1467753029,0),(1537,409,10,'Completed',1467753212,0),(1538,394,16,'Completed',1467753492,0),(1539,394,23,'Completed',1467753764,0),(1540,394,13,'Completed',1467753886,0),(1541,394,3,'Completed',1467754109,0),(1542,394,25,'Completed',1467754224,0),(1543,394,5,'Completed',1467754554,0),(1544,394,10,'Completed',1467754805,0),(1545,394,14,'Completed',1467754986,0),(1546,394,11,'Completed',1467755670,0),(1547,394,24,'Completed',1467755968,0),(1548,425,9,'Completed',1467812562,0),(1549,425,7,'Completed',1467813493,0),(1550,425,3,'Completed',1467817177,0),(1551,425,23,'Completed',1467821661,0),(1552,425,16,'Completed',1467822124,0),(1553,425,13,'Completed',1467822693,0),(1554,425,25,'Completed',1467823466,0),(1555,425,5,'Completed',1467824460,0),(1556,425,10,'Completed',1467824759,0),(1557,417,3,'Completed',1467825423,0),(1558,425,14,'Completed',1467824925,0),(1559,425,11,'Completed',1467825018,0),(1560,425,24,'Completed',1467825192,0),(1561,417,5,'Completed',1467826271,0),(1562,417,4,'Completed',1467826716,0),(1563,408,9,'Completed',1467830274,0),(1564,408,4,'Completed',1467830395,0),(1565,408,7,'Completed',1467830467,0),(1566,408,23,'Completed',1467830709,0),(1567,408,13,'Completed',1467830847,0),(1568,408,3,'Completed',1467830949,0),(1569,408,16,'Completed',1467831015,0),(1570,408,25,'Completed',1467831106,0),(1571,408,5,'Completed',1467831216,0),(1572,408,10,'Completed',1467831315,0),(1573,408,14,'Completed',1467831381,0),(1574,408,11,'Completed',1467831460,0),(1575,408,24,'Completed',1467831585,0),(1576,418,3,'Completed',1467848765,0),(1577,418,4,'Completed',1467849190,0),(1578,418,5,'Completed',1467850875,0),(1579,418,7,'Completed',1467852048,0),(1580,418,9,'Completed',1467852481,0),(1581,418,10,'Completed',1467852804,0),(1582,418,11,'Completed',1467853002,0),(1583,418,13,'Completed',1467853541,0),(1584,418,14,'Completed',1467854070,0),(1585,418,16,'Completed',1467854584,0),(1586,418,23,'Completed',1467857212,0),(1587,418,24,'Completed',1467858654,0),(1588,418,25,'Completed',1467860057,0),(1589,398,3,'Completed',1467872487,0),(1590,398,4,'Completed',1467872714,0),(1591,398,5,'Completed',1467873050,0),(1592,398,9,'Completed',1467873263,0),(1593,398,7,'Completed',1467873465,0),(1594,398,16,'Completed',1467873598,0),(1595,398,23,'Completed',1467874225,0),(1596,398,13,'Completed',1467913719,0),(1597,409,14,'Completed',1467899667,0),(1598,409,11,'Completed',1467899878,0),(1599,409,24,'Completed',1467901536,0),(1604,398,25,'Completed',1467913520,0),(1605,398,10,'Completed',1467914052,0),(1606,398,14,'Completed',1467914220,0),(1607,398,11,'Completed',1467914365,0),(1608,398,24,'Completed',1467914551,0),(1609,433,3,'Completed',1467993280,0),(1610,433,4,'Completed',1467994092,0),(1611,433,5,'Completed',1467995182,0),(1656,439,4,'Completed',1468443223,0),(1657,439,24,'Completed',1468443591,0),(1658,439,3,'In Progress',NULL,0),(1679,429,3,'Completed',1468719087,0),(1680,429,5,'Completed',1468720163,0),(1681,429,4,'Completed',1468720583,0),(1685,440,9,'Completed',1468610017,0),(1687,440,4,'Completed',1468611694,0),(1689,440,7,'Completed',1468854420,0),(1691,434,13,'Completed',1468692869,0),(1692,434,23,'Completed',1468711661,0),(1693,437,9,'Completed',1468705025,0),(1694,437,4,'Completed',1468705588,0),(1695,437,7,'Completed',1468706224,0),(1696,437,16,'Completed',1468706574,0),(1697,437,23,'Completed',1468707272,0),(1698,434,14,'Completed',1468764721,0),(1699,429,23,'Completed',1468721630,0),(1700,429,23,'Completed',1468721630,0),(1701,429,14,'Completed',1468722244,0),(1702,429,24,'Completed',1468722802,0),(1703,429,16,'In Progress',NULL,0),(1704,429,13,'In Progress',NULL,0),(1705,434,16,'Completed',1468768718,0),(1706,434,10,'Completed',1468771126,0),(1707,437,13,'Completed',1468775335,0),(1708,437,3,'Completed',1468775740,0),(1709,437,25,'Completed',1468776272,0),(1710,437,5,'Completed',1468776674,0),(1711,437,10,'Completed',1468777045,0),(1712,437,14,'Completed',1468777265,0),(1713,437,11,'Completed',1468777352,0),(1714,437,24,'Completed',1468777487,0),(1715,434,4,'Completed',1468813228,0),(1716,434,7,'Completed',1468850569,0),(1717,434,3,'Completed',1468853930,0),(1718,434,24,'Completed',1468864344,0),(1719,440,16,'Completed',1468855120,0),(1720,440,23,'Completed',1468855306,0),(1721,440,13,'Completed',1468855471,0),(1722,440,3,'Completed',1468855676,0),(1723,440,25,'Completed',1468855792,0),(1724,440,5,'Completed',1468855875,0),(1725,440,10,'Completed',1468855988,0),(1726,440,14,'Completed',1468856180,0),(1727,440,11,'Completed',1468861870,0),(1728,440,24,'Completed',1468863040,0),(1805,454,13,'Completed',1469815311,0),(1806,462,7,'Completed',1469889541,0),(1807,462,4,'Completed',1469890571,0),(1808,462,23,'Completed',1469892555,0),(1809,462,3,'Completed',1469893597,0),(1810,462,9,'Completed',1469896807,0),(1811,462,16,'Completed',1469897613,0),(1812,462,13,'Completed',1469899353,0),(1813,462,25,'Completed',1469901030,0),(1814,462,10,'Completed',1469902033,0),(1815,462,5,'Completed',1469902912,0),(1816,462,14,'Completed',1469903709,0),(1817,462,11,'Completed',1469904309,0),(1818,462,24,'Completed',1470461628,0),(1824,444,9,'In Progress',NULL,0),(1825,461,9,'In Progress',NULL,0),(1826,458,9,'Completed',1470067680,0),(1827,458,4,'Completed',1470077300,0),(1828,458,7,'Completed',1470080804,0),(1839,458,16,'Completed',1470241075,0),(1872,458,23,'Completed',1471012621,0),(1916,457,9,'Completed',1470839928,0),(1917,456,9,'Completed',1470333885,0),(1994,457,4,'Completed',1470840892,0),(1998,457,7,'Completed',1470921808,0),(1999,456,4,'Completed',1470854054,0),(2000,456,7,'Completed',1470854294,0),(2001,456,16,'Completed',1470854503,0),(2002,456,23,'Completed',1470859530,0),(2005,456,13,'Completed',1470863515,0),(2008,456,3,'Completed',1470864684,0),(2009,456,25,'Completed',1470865109,0),(2010,457,16,'Completed',1470922752,0),(2011,457,23,'Completed',1470923270,0),(2012,457,13,'Completed',1470923599,0),(2013,457,3,'Completed',1470931296,0),(2014,457,25,'Completed',1470931685,0),(2015,468,9,'Completed',1470941098,0),(2016,468,4,'Completed',1470942543,0),(2017,468,7,'Completed',1470943579,0),(2018,468,16,'Completed',1470944338,0),(2019,468,23,'Completed',1470945159,0),(2020,468,13,'Completed',1470945738,0),(2021,468,3,'Completed',1470946838,0),(2022,474,9,'Completed',1471767501,0),(2023,474,9,'Completed',1471767501,0),(2024,474,4,'Completed',1471768264,0),(2025,474,4,'Completed',1471768264,0),(2026,474,7,'Completed',1471768858,0),(2027,474,7,'Completed',1471768858,0),(2028,474,16,'Completed',1471770639,0),(2029,474,16,'Completed',1471770639,0),(2030,474,23,'Completed',1471773494,0),(2031,474,23,'Completed',1471773494,0),(2032,474,13,'In Progress',NULL,0),(2033,474,13,'In Progress',NULL,0),(2034,474,3,'In Progress',NULL,0),(2035,474,3,'In Progress',NULL,0),(2036,474,25,'In Progress',NULL,0),(2037,474,25,'In Progress',NULL,0),(2038,474,5,'In Progress',NULL,0),(2039,474,5,'In Progress',NULL,0),(2040,474,10,'In Progress',NULL,0),(2041,474,10,'In Progress',NULL,0),(2042,474,14,'In Progress',NULL,0),(2043,474,11,'In Progress',NULL,0),(2044,474,11,'In Progress',NULL,0),(2045,474,24,'In Progress',NULL,0),(2046,474,24,'In Progress',NULL,0),(2047,468,25,'Completed',1470947289,0),(2048,468,5,'Completed',1470947831,0),(2049,468,10,'Completed',1470948106,0),(2050,468,14,'Completed',1470948386,0),(2051,468,11,'Completed',1470948584,0),(2052,468,24,'Completed',1470948912,0),(2063,458,13,'In Progress',NULL,0),(2094,439,13,'Completed',1471198628,0),(2095,439,5,'Completed',1471199668,0),(2102,456,5,'Completed',1471278691,0),(2136,478,3,'Completed',1471381690,0),(2137,478,25,'Completed',1471382000,0),(2138,478,5,'Completed',1471382251,0),(2139,478,10,'Completed',1471382511,0),(2140,478,14,'Completed',1471382738,0),(2141,478,11,'Completed',1471382914,0),(2142,478,24,'Completed',1471383289,0),(2143,478,9,'Completed',1471383638,0),(2144,478,4,'Completed',1471383828,0),(2145,478,7,'Completed',1471383994,0),(2146,478,16,'Completed',1471384139,0),(2147,478,23,'Completed',1471384349,0),(2148,478,13,'Completed',1471384617,0),(2149,457,5,'Completed',1471451957,0),(2150,457,10,'Completed',1471452754,0),(2151,457,14,'Completed',1471452997,0),(2152,457,11,'Completed',1471453203,0),(2153,457,24,'Completed',1471453410,0),(2154,460,23,'Completed',1471537794,0),(2155,460,23,'Completed',1471537794,0),(2156,460,23,'Completed',1471537794,0),(2157,460,23,'Completed',1471537794,0),(2158,460,9,'Completed',1471536474,0),(2160,460,7,'Completed',1471539321,0),(2161,456,10,'Completed',1471539201,0),(2162,456,14,'Completed',1471539376,0),(2163,456,11,'Completed',1471539485,0),(2164,460,16,'Completed',1471540602,0),(2165,456,24,'Completed',1471539700,0),(2177,460,4,'Completed',1471550215,0),(2178,460,13,'Completed',1471551333,0),(2179,477,3,'Completed',1471556318,0),(2180,477,4,'Completed',1471556514,0),(2181,477,5,'Completed',1471556747,0),(2182,477,7,'Completed',1471556855,0),(2183,477,9,'Completed',1471557000,0),(2184,477,10,'Completed',1471557393,0),(2185,477,11,'Completed',1471557508,0),(2186,477,13,'Completed',1471557734,0),(2187,477,14,'Completed',1471557895,0),(2188,477,16,'Completed',1471558039,0),(2189,477,23,'Completed',1471558298,0),(2190,477,25,'Completed',1471558484,0),(2191,477,24,'Completed',1471558872,0),(2193,448,9,'Completed',1471641393,0),(2194,448,4,'Completed',1471646517,0),(2195,448,7,'Completed',1471647689,0),(2196,448,16,'Completed',1471647837,0),(2197,448,23,'Completed',1471648153,0),(2198,448,13,'Completed',1471648401,0),(2199,448,3,'Completed',1471648517,0),(2200,448,25,'Completed',1471648706,0),(2201,448,5,'Completed',1471648874,0),(2202,448,10,'Completed',1471648963,0),(2203,448,11,'Completed',1471649028,0),(2204,448,24,'Completed',1471649121,0),(2205,448,14,'Completed',1471649250,0),(2219,460,3,'Completed',1471877191,0),(2220,460,25,'Completed',1472052600,0),(2221,460,5,'Completed',1472588316,0),(2222,460,10,'Completed',1472588824,0),(2223,460,14,'Completed',1472654556,0),(2224,460,11,'Completed',1472649367,0),(2225,460,24,'Completed',1472656359,0),(2226,482,9,'Completed',1471896704,0),(2228,453,9,'Completed',1471931382,0),(2229,453,4,'Completed',1471932224,0),(2230,453,7,'Completed',1471933110,0),(2231,453,16,'Completed',1471933491,0),(2234,453,23,'Completed',1471935488,0),(2235,453,13,'Completed',1471940394,0),(2236,453,3,'Completed',1471941181,0),(2237,453,25,'Completed',1471944937,0),(2238,482,4,'Completed',1471964442,0),(2239,482,7,'Completed',1471964945,0),(2240,482,16,'Completed',1471965353,0),(2243,451,9,'Completed',1471972458,0),(2245,451,7,'Completed',1471973366,0),(2246,451,16,'Completed',1471973865,0),(2247,284,25,'In Progress',NULL,0),(2248,453,5,'Completed',1472022709,0),(2249,453,10,'Completed',1472024124,0),(2250,453,14,'Completed',1472093243,0),(2251,451,23,'Completed',1472040130,0),(2252,451,13,'Completed',1472040809,0),(2253,451,3,'Completed',1472041403,0),(2254,451,25,'Completed',1472042093,0),(2255,453,11,'Completed',1472094067,0),(2256,453,24,'Completed',1472104872,0),(2257,451,4,'Completed',1472125619,0),(2258,451,5,'Completed',1472125846,0),(2263,482,23,'Completed',1472501896,0),(2264,451,10,'Completed',1472170477,0),(2265,451,14,'Completed',1472170832,0),(2266,451,11,'Completed',1472171183,0),(2267,451,24,'Completed',1472171457,0),(2276,452,9,'Completed',1472256073,0),(2277,452,4,'Completed',1472256881,0),(2278,452,7,'Completed',1472434825,0),(2279,452,16,'Completed',1472435756,0),(2280,452,23,'Completed',1472438672,0),(2281,452,13,'Completed',1472441154,0),(2282,452,3,'Completed',1472516279,0),(2283,452,25,'Completed',1472517281,0),(2284,452,5,'Completed',1472518423,0),(2285,452,10,'Completed',1472519107,0),(2286,452,14,'Completed',1472520070,0),(2287,452,11,'Completed',1472520592,0),(2288,452,24,'Completed',1472521718,0),(2289,488,3,'Completed',1472304750,0),(2290,488,3,'Completed',1472304750,0),(2291,488,3,'Completed',1472304750,0),(2292,489,24,'Completed',1472330931,0),(2293,489,25,'Completed',1472332642,0),(2294,466,9,'Completed',1472419100,0),(2295,466,4,'Completed',1472419505,0),(2296,466,7,'Completed',1472419903,0),(2297,466,16,'Completed',1472420334,0),(2298,466,23,'Completed',1472421726,0),(2299,466,13,'Completed',1472422405,0),(2300,466,3,'Completed',1472423289,0),(2301,466,25,'Completed',1472423627,0),(2302,466,5,'Completed',1472423961,0),(2303,466,10,'Completed',1472424277,0),(2304,466,14,'Completed',1472424471,0),(2305,466,11,'Completed',1472424637,0),(2306,466,24,'Completed',1472424832,0),(2326,482,13,'Completed',1472503847,0),(2327,482,3,'Completed',1472671816,0),(2360,479,9,'Completed',1473087093,0),(2361,479,4,'Completed',1473089191,0),(2362,479,7,'Completed',1473091265,0),(2363,479,16,'Completed',1473092248,0),(2364,479,23,'Completed',1473094239,0),(2365,479,13,'Completed',1473096791,0),(2366,479,3,'Completed',1473098210,0),(2367,479,25,'Completed',1473099654,0),(2368,479,5,'Completed',1473101016,0),(2369,479,10,'Completed',1473105614,0),(2370,479,14,'Completed',1473106242,0),(2371,479,11,'Completed',1473108234,0),(2372,479,24,'Completed',1473109352,0),(2373,482,25,'Completed',1473118312,0),(2374,482,5,'Completed',1473194627,0),(2375,434,5,'In Progress',NULL,0),(2376,482,10,'Completed',1473194933,0),(2377,482,14,'Completed',1473195465,0),(2378,482,11,'Completed',1473195698,0),(2383,482,24,'Completed',1473280201,0),(2519,484,9,'Completed',1475091232,0),(2520,484,4,'Completed',1475091460,0),(2521,484,7,'Completed',1475091614,0),(2522,484,16,'Completed',1475092034,0),(2523,484,23,'Completed',1475092659,0),(2524,484,13,'Completed',1475093223,0),(2525,484,3,'Completed',1475093505,0),(2526,484,25,'Completed',1475093872,0),(2527,484,5,'Completed',1475094169,0),(2528,484,10,'Completed',1475094386,0),(2529,484,14,'Completed',1475094584,0),(2530,484,11,'Completed',1475094705,0),(2531,484,24,'Completed',1475094865,0),(2614,520,3,'Completed',1477312912,0),(2615,520,9,'Completed',1477313657,0),(2616,520,7,'Completed',1477314464,0),(2617,520,13,'Completed',1477317241,0),(2618,520,23,'Completed',1477319837,0),(2619,519,3,'Completed',1477326231,0),(2620,519,4,'Completed',1477327442,0),(2621,519,5,'Completed',1477327801,0),(2622,519,7,'Completed',1477326790,0),(2623,519,9,'Completed',1477328078,0),(2624,519,10,'Completed',1477329857,0),(2625,519,11,'Completed',1477668929,0),(2626,519,13,'Completed',1478887964,0),(2627,519,14,'Completed',1478888945,0),(2628,519,16,'Completed',1478891002,0),(2629,519,23,'Completed',1478889688,0),(2630,519,24,'Completed',1478890256,0),(2631,519,25,'Completed',1478890744,0),(2632,520,4,'Completed',1477320997,0),(2633,520,16,'Completed',1477322063,0),(2634,520,25,'Completed',1477323073,0),(2635,520,5,'Completed',1477326475,0),(2636,520,10,'Completed',1477337871,0),(2637,520,14,'Completed',1477339075,0),(2638,520,11,'Completed',1477339293,0),(2639,520,24,'Completed',1477340856,0),(2640,529,3,'In Progress',NULL,0),(2641,529,5,'In Progress',NULL,0),(2642,525,9,'Completed',1477633848,0),(2643,525,4,'Completed',1477634717,0),(2644,525,7,'Completed',1477635187,0),(2645,525,16,'Completed',1477635500,0),(2646,525,23,'Completed',1477636073,0),(2647,525,13,'Completed',1477636615,0),(2648,525,3,'Completed',1477637445,0),(2649,525,25,'Completed',1477638363,0),(2650,525,5,'Completed',1477639044,0),(2651,525,10,'Completed',1477639187,0),(2652,525,14,'Completed',1477639436,0),(2653,525,11,'Completed',1477639648,0),(2654,525,24,'Completed',1477639942,0),(2669,534,4,'Completed',1478011262,0),(2670,534,3,'Completed',1478012202,0),(2671,534,7,'Completed',1478012568,0),(2672,534,16,'Completed',1478012741,0),(2673,534,23,'Completed',1478013014,0),(2674,534,13,'Completed',1478013393,0),(2675,534,25,'Completed',1478013846,0),(2676,534,10,'Completed',1478014057,0),(2677,534,5,'Completed',1478014537,0),(2678,534,9,'Completed',1478014950,0),(2679,534,9,'Completed',1478014950,0),(2680,534,14,'Completed',1478015244,0),(2681,534,11,'Completed',1478118454,0),(2682,534,24,'Completed',1478015700,0),(2684,521,9,'Completed',1478266160,0),(2685,521,4,'Completed',1478267036,0),(2686,521,7,'Completed',1478267723,0),(2687,521,16,'Completed',1478268127,0),(2688,521,23,'Completed',1478274842,0),(2689,523,9,'Completed',1478273064,0),(2690,523,4,'Completed',1478273882,0),(2691,521,13,'Completed',1478275468,0),(2692,523,7,'Completed',1478275451,0),(2693,523,16,'Completed',1478276006,0),(2694,521,3,'Completed',1478280053,0),(2695,523,23,'Completed',1478277717,0),(2696,523,13,'Completed',1478278122,0),(2697,523,3,'Completed',1478278687,0),(2698,523,25,'Completed',1478279000,0),(2699,523,5,'Completed',1478279544,0),(2700,523,10,'Completed',1478280134,0),(2701,521,25,'Completed',1478280172,0),(2702,521,5,'Completed',1478280351,0),(2703,521,10,'Completed',1478280541,0),(2706,523,14,'Completed',1478359508,0),(2707,523,11,'Completed',1478359838,0),(2708,523,24,'Completed',1478361121,0),(2709,530,9,'Completed',1478379089,0),(2710,530,4,'Completed',1478379631,0),(2711,530,7,'Completed',1478379996,0),(2712,530,16,'Completed',1478381054,0),(2713,530,23,'Completed',1478381474,0),(2714,530,13,'Completed',1478382357,0),(2715,530,3,'Completed',1478382784,0),(2716,530,25,'Completed',1478383217,0),(2717,530,5,'Completed',1478383602,0),(2718,530,10,'Completed',1478383910,0),(2719,530,14,'Completed',1478384165,0),(2720,530,11,'Completed',1478384403,0),(2721,530,24,'Completed',1478384989,0),(2733,521,14,'Completed',1478610087,0),(2734,521,11,'Completed',1478610717,0),(2735,521,24,'Completed',1478611460,0),(2736,538,24,'Completed',1478626109,0),(2737,538,13,'Completed',1478626571,0),(2738,538,11,'Completed',1478626946,0),(2739,538,3,'Completed',1478627160,0),(2740,538,5,'Completed',1478627352,0),(2741,538,10,'Completed',1478627721,0),(2742,538,9,'Completed',1478628466,0),(2743,538,16,'Completed',1478628576,0),(2744,538,14,'Completed',1478628695,0),(2745,538,23,'Completed',1478628860,0),(2746,538,4,'Completed',1478629156,0),(2747,538,7,'Completed',1478629405,0),(2748,538,25,'Completed',1478629576,0),(2749,541,4,'Completed',1478635035,0),(2750,541,4,'Completed',1478635035,0),(2751,541,4,'In Progress',NULL,0),(2752,541,11,'Completed',1478635775,0),(2753,541,9,'Completed',1478636499,0),(2754,522,9,'Completed',1478792033,0),(2755,522,10,'Completed',1478792177,0),(2756,522,5,'Completed',1478792328,0),(2757,522,16,'Completed',1478792416,0),(2758,522,4,'Completed',1478792884,0),(2759,522,13,'Completed',1478793035,0),(2760,522,11,'Completed',1478793124,0),(2761,522,3,'Completed',1478793260,0),(2762,522,14,'Completed',1478793380,0),(2763,522,25,'Completed',1478793519,0),(2764,522,23,'Completed',1478793743,0),(2765,522,24,'Completed',1478794705,0),(2766,522,7,'Completed',1478794901,0),(2767,543,3,'Completed',1479300930,0),(2768,543,4,'Completed',1479302648,0),(2769,543,5,'Completed',1479305401,0),(2770,543,7,'Completed',1479305764,0),(2771,543,9,'Completed',1479306195,0),(2772,543,10,'Completed',1479306493,0),(2773,543,11,'Completed',1479306685,0),(2774,543,13,'Completed',1479307235,0),(2775,543,14,'Completed',1479307958,0),(2776,543,16,'Completed',1479308448,0),(2777,543,23,'Completed',1479309488,0),(2778,543,25,'Completed',1479310467,0),(2779,543,24,'Completed',1479311301,0),(2780,546,4,'Completed',1479318822,0),(2781,546,4,'In Progress',NULL,0),(2782,546,11,'Completed',1479319255,0),(2783,546,9,'Completed',1479319831,0),(2784,212,16,'In Progress',NULL,0),(2803,559,16,'Completed',1480406486,0),(2806,560,4,'Completed',1519178402,0),(2808,560,16,'Completed',1480438400,0),(2810,560,3,'Completed',1480441708,0),(2811,560,23,'Completed',1480447872,0),(2812,548,3,'Completed',1480488456,0),(2813,548,4,'Completed',1480488810,0),(2814,548,5,'Completed',1480489852,0),(2815,548,7,'Completed',1480490141,0),(2816,548,9,'Completed',1480490425,0),(2817,548,10,'Completed',1480491140,0),(2818,548,11,'Completed',1480491309,0),(2819,548,16,'Completed',1480491611,0),(2820,548,23,'Completed',1480492328,0),(2821,548,13,'Completed',1480492734,0),(2822,548,25,'Completed',1480505517,0),(2823,548,14,'Completed',1480505665,0),(2824,548,24,'Completed',1480506089,0),(2840,564,9,'Completed',1480625111,0),(2841,564,4,'Completed',1480625373,0),(2842,564,7,'Completed',1480625643,0),(2843,564,16,'Completed',1480689393,0),(2844,564,23,'Completed',1480689885,0),(2845,564,13,'Completed',1480690506,0),(2846,564,3,'Completed',1480695881,0),(2847,564,25,'Completed',1480696255,0),(2848,564,5,'Completed',1480696602,0),(2849,564,10,'Completed',1480696809,0),(2850,564,14,'Completed',1480697020,0),(2851,564,11,'Completed',1480697146,0),(2852,564,24,'Completed',1480697638,0),(2853,560,11,'In Progress',NULL,0),(2867,279,25,'Completed',1481042122,0),(2879,569,3,'In Progress',NULL,0),(2880,569,4,'In Progress',NULL,0),(2881,570,9,'Completed',1481481363,0),(2882,570,3,'Completed',1481484136,0),(2883,570,5,'Completed',1481502962,0),(2884,570,7,'Completed',1481505022,0),(2885,570,4,'Completed',1481659636,0),(2886,571,4,'Completed',1481652582,0),(2887,571,4,'Completed',1481652582,0),(2888,570,23,'In Progress',NULL,0),(2889,571,7,'Completed',1482151758,0),(2895,560,24,'Completed',1504544697,0),(2929,578,13,'Completed',1484323492,0),(2930,578,4,'Completed',1484325181,0),(2931,578,10,'Completed',1484325937,0),(2932,578,25,'Completed',1484327216,0),(2933,578,24,'Completed',1484328093,0),(2941,590,4,'Completed',1484515835,0),(2942,590,16,'Completed',1484514927,0),(2943,590,24,'Completed',1484516237,0),(2944,590,11,'Completed',1484515384,0),(2945,590,13,'Completed',1484516675,0),(2946,590,3,'Completed',1484516952,0),(2947,590,10,'Completed',1484517930,0),(2948,590,5,'Completed',1484517515,0),(2949,590,9,'Completed',1484514033,0),(2950,578,16,'Completed',1484668969,0),(2951,578,7,'Completed',1484669412,0),(2952,578,14,'Completed',1484673762,0),(2953,578,23,'Completed',1484674973,0),(2969,571,3,'Completed',1484765349,0),(2970,571,16,'Completed',1484767656,0),(3082,604,10,'Completed',1487272650,0),(3121,607,7,'In Progress',NULL,0),(3228,602,4,'Completed',1488733493,0),(3231,619,10,'Completed',1488581479,0),(3232,619,5,'Completed',1488582053,0),(3233,619,7,'Completed',1488582667,0),(3234,621,9,'Completed',1488583335,0),(3235,619,23,'Completed',1488583579,0),(3237,619,13,'Completed',1488584505,0),(3238,621,4,'Completed',1488584768,0),(3239,621,5,'Completed',1488586575,0),(3240,619,11,'Completed',1488589437,0),(3241,619,3,'Completed',1488589867,0),(3242,616,9,'Completed',1488617596,0),(3243,616,4,'Completed',1488618544,0),(3244,616,7,'Completed',1488619627,0),(3245,616,16,'Completed',1488620480,0),(3246,616,23,'Completed',1488623600,0),(3247,616,13,'Completed',1488625017,0),(3248,616,3,'Completed',1488627389,0),(3249,616,25,'Completed',1488628792,0),(3250,616,5,'Completed',1488630143,0),(3251,616,10,'Completed',1488693333,0),(3252,621,10,'Completed',1488652365,0),(3253,621,7,'Completed',1488670899,0),(3254,621,13,'Completed',1488673704,0),(3255,621,16,'Completed',1488674556,0),(3256,621,23,'Completed',1488676061,0),(3257,621,3,'Completed',1488682115,0),(3258,621,25,'Completed',1488683754,0),(3259,621,11,'Completed',1488684798,0),(3260,616,14,'Completed',1488696211,0),(3261,616,11,'Completed',1488697660,0),(3262,616,24,'Completed',1488699357,0),(3263,621,14,'Completed',1488717375,0),(3264,621,24,'Completed',1488733576,0),(3265,602,9,'Completed',1488733978,0),(3266,602,9,'In Progress',NULL,0),(3267,602,9,'In Progress',NULL,0),(3268,602,7,'Completed',1488734405,0),(3269,602,7,'In Progress',NULL,0),(3270,602,7,'In Progress',NULL,0),(3271,602,16,'Completed',1488734639,0),(3272,602,23,'Completed',1488735653,0),(3273,602,23,'In Progress',NULL,0),(3274,602,13,'Completed',1488736755,0),(3275,602,13,'In Progress',NULL,0),(3276,602,3,'Completed',1488737208,0),(3277,602,3,'In Progress',NULL,0),(3278,602,25,'Completed',1488737770,0),(3279,602,25,'In Progress',NULL,0),(3280,602,5,'Completed',1488738533,0),(3281,602,5,'In Progress',NULL,0),(3282,602,10,'Completed',1488738863,0),(3283,602,10,'In Progress',NULL,0),(3284,602,14,'Completed',1488740409,0),(3285,602,14,'In Progress',NULL,0),(3286,602,11,'Completed',1488741240,0),(3287,602,11,'In Progress',NULL,0),(3288,602,24,'Completed',1488741708,0),(3289,602,24,'In Progress',NULL,0),(3303,619,24,'Completed',1488839866,0),(3304,619,16,'Completed',1488847799,0),(3305,618,9,'Completed',1488845163,0),(3306,619,14,'Completed',1488847973,0),(3307,619,25,'Completed',1488848517,0),(3308,619,4,'Completed',1488848714,0),(3309,619,9,'Completed',1488848893,0),(3310,618,4,'Completed',1488855854,0),(3311,618,7,'Completed',1488858548,0),(3312,615,9,'Completed',1488866937,0),(3313,615,4,'Completed',1488867374,0),(3314,615,7,'Completed',1488867858,0),(3315,615,16,'Completed',1488870498,0),(3316,615,23,'Completed',1488871454,0),(3317,615,13,'Completed',1488872236,0),(3318,615,3,'Completed',1488872466,0),(3319,615,25,'Completed',1488872853,0),(3320,615,5,'Completed',1488873375,0),(3321,615,10,'Completed',1488873641,0),(3322,615,14,'Completed',1488873960,0),(3323,615,11,'Completed',1488874221,0),(3324,615,24,'Completed',1488874439,0),(3338,618,16,'Completed',1488959382,0),(3339,618,23,'Completed',1488963646,0),(3340,618,13,'Completed',1488967666,0),(3341,618,3,'Completed',1488949200,0),(3342,618,25,'Completed',1488970189,0),(3343,618,5,'Completed',1488971725,0),(3344,618,11,'Completed',1488972057,0),(3347,618,10,'Completed',1489080711,0),(3348,618,14,'Completed',1489081583,0),(3349,618,24,'Completed',1489082135,0),(3365,571,10,'Completed',1489600490,0),(3366,571,10,'Completed',1489600490,0),(3369,617,9,'Completed',1489775157,0),(3370,617,4,'Completed',1489777975,0),(3371,617,7,'Completed',1489778409,0),(3372,617,16,'Completed',1489778857,0),(3373,617,23,'Completed',1489779668,0),(3374,617,13,'Completed',1489780344,0),(3375,617,3,'Completed',1489781046,0),(3376,617,25,'Completed',1489781417,0),(3377,617,5,'Completed',1489782132,0),(3378,617,10,'Completed',1489782499,0),(3379,617,14,'Completed',1489782801,0),(3380,617,11,'Completed',1489783019,0),(3381,617,24,'Completed',1489783868,0),(3562,670,3,'In Progress',NULL,0),(3563,670,3,'In Progress',NULL,0),(3565,11,3,'Completed',1501778303,0),(3566,11,3,'Completed',1501778303,0),(3597,678,16,'Completed',1495474868,0),(3598,678,3,'Completed',1495475113,0),(3599,678,4,'Completed',1495475484,0),(3600,678,10,'Completed',1495476025,0),(3601,679,4,'Completed',1495641364,0),(3602,683,3,'Completed',1495549367,0),(3603,683,4,'Completed',1495562683,0),(3604,683,16,'Completed',1495570407,0),(3606,679,3,'Completed',1495642582,0),(3607,679,16,'Completed',1495642900,0),(3608,682,16,'Completed',1495659303,0),(3609,682,3,'Completed',1495659450,0),(3610,682,4,'Completed',1495659700,0),(3618,684,4,'Completed',1496066077,0),(3619,684,16,'Completed',1496067303,0),(3620,684,3,'Completed',1496069672,0),(3626,710,9,'Completed',1496321459,0),(3627,710,11,'Completed',1496322574,0),(3628,710,25,'Completed',1496404874,0),(3632,710,13,'Completed',1496369319,0),(3633,713,9,'Completed',1528224182,0),(3634,713,25,'Completed',1528229232,0),(3636,713,11,'Completed',1528227682,0),(3679,710,4,'Completed',1496707331,0),(3680,713,4,'Completed',1528226743,0),(3720,680,4,'Completed',1497106158,0),(3721,680,3,'Completed',1497106536,0),(3722,680,16,'Completed',1497108173,0),(3780,741,4,'Completed',1498615488,0),(3781,741,16,'Completed',1498617679,0),(3782,741,3,'Completed',1498619905,0),(3783,743,4,'Completed',1500337284,0),(3784,743,16,'Completed',1500340643,0),(3785,743,3,'Completed',1500342441,0),(3786,742,4,'Completed',1499795470,0),(3787,742,16,'Completed',1499796012,0),(3788,742,3,'Completed',1499796405,0),(3789,571,13,'Completed',1498065895,0),(3790,571,13,'Completed',1498065895,0),(3819,754,13,'Completed',1498186376,0),(3820,754,5,'Completed',1498179330,0),(3821,754,7,'Completed',1498184008,0),(3822,754,3,'Completed',1498180645,0),(3823,754,14,'Completed',1498188421,0),(3831,754,24,'Completed',1498198684,0),(3832,754,23,'Completed',1498200541,0),(3833,754,4,'Completed',1498201266,0),(3834,754,11,'Completed',1498196747,0),(3835,416,7,'Completed',1498226217,0),(3836,416,13,'Completed',1498227694,0),(3837,416,23,'Completed',1498228907,0),(3838,416,9,'Completed',1498229418,0),(3839,416,4,'Completed',1498229851,0),(3840,416,16,'Completed',1498230479,0),(3841,416,3,'Completed',1498230852,0),(3842,416,25,'Completed',1498231360,0),(3843,416,5,'Completed',1498231765,0),(3844,416,10,'Completed',1498232411,0),(3845,416,14,'Completed',1498234976,0),(3846,416,11,'Completed',1498233076,0),(3847,416,24,'Completed',1498234648,0),(3851,755,14,'Completed',1561325413,0),(3905,755,9,'Completed',1561325862,0),(3906,755,4,'Completed',1560714677,0),(3907,755,7,'Completed',1560715612,0),(3908,755,16,'Completed',1560716005,0),(3909,755,13,'Completed',1560716874,0),(3910,755,3,'Completed',1560717458,0),(3911,755,10,'Completed',1561326773,0),(3945,755,24,'Completed',1561327175,0),(3946,755,23,'Completed',1561327913,0),(3947,755,25,'Completed',1561328513,0),(3968,810,4,'Completed',1499890160,0),(3969,810,16,'Completed',1499890442,0),(3970,810,3,'Completed',1499890982,0),(3971,811,4,'Completed',1499700599,0),(3972,811,16,'Completed',1499702768,0),(3973,811,3,'Completed',1499705502,0),(3976,813,4,'Completed',1499435851,0),(3977,813,16,'Completed',1499437347,0),(3978,813,3,'Completed',1499438041,0),(4000,826,4,'Completed',1500401665,0),(4001,826,16,'Completed',1500402666,0),(4002,826,3,'Completed',1500403142,0),(4114,812,3,'Completed',1499997357,0),(4115,812,3,'Completed',1499997357,0),(4116,812,4,'Completed',1500034703,0),(4117,812,16,'Completed',1499996556,0),(4376,840,9,'Completed',1501181815,0),(4377,840,4,'Completed',1501182355,0),(4378,840,25,'Completed',1501183928,0),(4379,840,11,'Completed',1501184083,0),(4380,841,9,'Completed',1501188001,0),(4381,842,9,'Completed',1501188825,0),(4382,841,4,'Completed',1501254772,0),(4384,841,25,'Completed',1501267755,0),(4385,841,11,'Completed',1501268826,0),(4456,842,4,'Completed',1501730246,0),(4457,842,7,'Completed',1501730670,0),(4458,842,16,'Completed',1501731062,0),(4459,842,23,'Completed',1501731646,0),(4460,842,13,'Completed',1501732504,0),(4461,842,3,'Completed',1501734706,0),(4462,842,25,'Completed',1501735426,0),(4463,842,5,'Completed',1501735888,0),(4464,842,10,'Completed',1501736288,0),(4465,842,14,'Completed',1501736518,0),(4466,842,11,'Completed',1501736730,0),(4467,842,24,'Completed',1501737559,0),(4502,835,9,'Completed',1502193875,0),(4503,835,4,'Completed',1502194136,0),(4504,835,7,'Completed',1502194317,0),(4505,835,16,'Completed',1502194519,0),(4506,835,23,'Completed',1502195117,0),(4507,835,13,'Completed',1502195714,0),(4508,835,3,'Completed',1502195930,0),(4509,835,25,'Completed',1502196448,0),(4510,835,5,'Completed',1502196883,0),(4511,835,10,'Completed',1502197140,0),(4512,835,14,'Completed',1502197392,0),(4513,835,11,'Completed',1502197516,0),(4514,835,24,'Completed',1502197922,0),(4714,877,24,'Completed',1505930868,0),(4772,881,3,'Completed',1508332110,0),(4773,881,4,'Completed',1508334933,0),(4787,886,23,'Completed',1593264045,0),(4842,878,3,'Completed',1510932273,0),(4875,919,10,'In Progress',NULL,0),(4900,921,9,'Completed',1513888897,0),(4901,921,4,'Completed',1513889499,0),(4902,921,11,'Completed',1513889703,0),(4903,921,7,'Completed',1513890011,0),(4904,921,24,'Completed',1513890451,0),(4905,921,16,'Completed',1513890606,0),(4906,921,23,'Completed',1513891157,0),(4907,921,13,'Completed',1513891595,0),(4908,921,3,'Completed',1513892086,0),(4909,921,25,'Completed',1513892807,0),(4910,921,5,'Completed',1513893424,0),(4911,921,14,'Completed',1513893755,0),(4912,921,10,'Completed',1513894048,0),(5053,932,9,'Completed',1516289216,0),(5054,932,4,'Completed',1516290005,0),(5055,932,7,'Completed',1516290362,0),(5056,932,16,'Completed',1516291073,0),(5058,932,23,'Completed',1516292088,0),(5059,932,13,'Completed',1516293479,0),(5063,932,3,'Completed',1516293956,0),(5065,932,25,'Completed',1516294956,0),(5066,932,5,'Completed',1516298199,0),(5067,932,10,'Completed',1516298960,0),(5068,932,14,'Completed',1516300117,0),(5069,932,11,'Completed',1516299930,0),(5070,932,24,'Completed',1516300455,0),(5232,947,9,'Completed',1518545321,0),(5233,947,4,'Completed',1518547551,0),(5234,947,7,'Completed',1518548365,0),(5235,947,3,'Completed',1518549765,0),(5236,947,5,'Completed',1518585899,0),(5245,952,4,'Completed',1518636664,0),(5246,952,7,'Completed',1518636965,0),(5247,952,5,'Completed',1518640144,0),(5248,952,24,'Completed',1522777913,0),(5249,952,25,'Completed',1522768039,0),(5250,952,3,'Completed',1518641365,0),(5256,947,16,'Completed',1518675286,0),(5257,947,23,'Completed',1518676307,0),(5258,947,13,'Completed',1518677121,0),(5259,947,25,'Completed',1518677672,0),(5260,947,10,'Completed',1518678189,0),(5261,947,14,'Completed',1518678480,0),(5262,947,11,'Completed',1518678633,0),(5263,947,24,'Completed',1518678933,0),(5321,951,10,'Completed',1519365326,0),(5388,960,9,'Completed',1520348680,0),(5389,960,4,'Completed',1520349733,0),(5390,960,11,'Completed',1520350345,0),(5391,960,7,'Completed',1520351414,0),(5392,960,24,'Completed',1520352797,0),(5393,960,16,'Completed',1520353511,0),(5394,960,23,'Completed',1520355313,0),(5395,960,13,'Completed',1520355844,0),(5396,960,3,'Completed',1520357653,0),(5397,960,25,'Completed',1520358392,0),(5398,960,5,'Completed',1520361893,0),(5399,960,14,'Completed',1520362409,0),(5400,960,10,'Completed',1520362651,0),(5426,968,14,'Completed',1521295168,0),(5427,968,4,'Completed',1521297059,0),(5428,968,7,'Completed',1521297773,0),(5429,968,5,'Completed',1521298418,0),(5430,975,5,'Completed',1522593248,0),(5431,975,24,'Completed',1522595546,0),(5432,976,9,'Completed',1522673989,0),(5433,977,24,'Completed',1522701247,0),(5434,976,25,'Completed',1522690980,0),(5435,952,16,'Completed',1522765943,0),(5436,952,10,'Completed',1522766738,0),(5437,952,9,'Completed',1522767125,0),(5438,979,7,'Completed',1522767273,0),(5439,979,4,'Completed',1522767575,0),(5440,979,3,'Completed',1522767945,0),(5441,979,9,'Completed',1522768132,0),(5442,952,13,'Completed',1522769181,0),(5443,979,16,'Completed',1522768322,0),(5444,979,5,'Completed',1522769043,0),(5445,979,23,'Completed',1522769556,0),(5446,952,23,'Completed',1522770282,0),(5447,979,13,'Completed',1522770056,0),(5448,979,10,'Completed',1522770195,0),(5449,979,25,'Completed',1522770360,0),(5450,952,11,'Completed',1522770579,0),(5451,979,14,'Completed',1522770643,0),(5452,952,14,'Completed',1522777459,0),(5453,979,11,'Completed',1522770824,0),(5454,979,24,'Completed',1522770986,0),(5551,992,4,'Completed',1523407294,0),(5552,992,3,'Completed',1523409355,0),(5636,976,13,'Completed',1524369193,0),(5655,976,4,'Completed',1524451435,0),(5685,976,14,'Completed',1525972754,0),(5715,976,3,'Completed',1526332084,0),(5718,1054,3,'Completed',1526508119,0),(5719,1054,10,'Completed',1526508500,0),(5720,1055,16,'Completed',1526514132,0),(5721,1055,3,'Completed',1526515874,0),(5754,976,16,'Completed',1560346224,0),(5755,976,16,'Completed',1560346224,0),(5756,976,10,'Completed',1560265591,0),(5757,976,10,'Completed',1560265591,0),(5758,976,5,'Completed',1560019099,0),(5775,1063,14,'Completed',1531339192,0),(5776,1063,9,'Completed',1531339794,0),(5777,1063,4,'Completed',1531744970,0),(5778,1063,7,'Completed',1531750919,0),(5779,1063,16,'Completed',1531751191,0),(5780,1063,23,'Completed',1531340600,0),(5781,1063,13,'Completed',1531751752,0),(5782,1063,3,'Completed',1531752539,0),(5783,1063,25,'Completed',1531753253,0),(5784,1063,11,'Completed',1531753423,0),(5785,1063,10,'Completed',1531753978,0),(5786,1063,5,'Completed',1531754771,0),(5834,1081,9,'Completed',1528114791,0),(5835,1081,4,'Completed',1528116021,0),(5836,1081,25,'Completed',1528145094,0),(5843,1081,11,'Completed',1528145591,0),(5849,713,3,'Completed',1528232018,0),(6008,1123,9,'In Progress',NULL,0),(6014,1126,9,'Completed',1530111361,0),(6015,1126,4,'Completed',1530111586,0),(6022,1126,7,'Completed',1530124181,0),(6023,1126,16,'Completed',1530124414,0),(6031,1126,23,'Completed',1530126811,0),(6032,1126,13,'Completed',1530127111,0),(6033,1126,3,'Completed',1530127819,0),(6034,1126,25,'Completed',1530128346,0),(6035,1126,5,'Completed',1530129864,0),(6036,1126,10,'Completed',1530130268,0),(6037,1126,14,'Completed',1530130555,0),(6038,1126,11,'Completed',1530130801,0),(6039,1126,24,'Completed',1530131178,0),(6045,1128,3,'Completed',1530197009,0),(6046,1128,4,'Completed',1530197577,0),(6047,1128,16,'Completed',1530199115,0),(6048,1129,9,'Completed',1530198717,0),(6049,1129,4,'Completed',1530198843,0),(6050,1129,7,'Completed',1530199051,0),(6051,1129,16,'Completed',1530199156,0),(6052,1129,23,'Completed',1530199709,0),(6053,1129,13,'Completed',1530200007,0),(6054,1129,3,'Completed',1530200619,0),(6055,1129,25,'Completed',1530200876,0),(6056,1129,5,'Completed',1530201028,0),(6057,1129,10,'Completed',1530201345,0),(6058,1129,14,'Completed',1530201687,0),(6059,1129,11,'Completed',1530201886,0),(6060,1129,24,'Completed',1530202080,0),(6366,1156,9,'Completed',1530891091,0),(6367,1156,4,'Completed',1530891277,0),(6368,1156,7,'Completed',1530891337,0),(6369,1156,16,'Completed',1530891419,0),(6370,1156,23,'Completed',1530891683,0),(6373,1156,13,'Completed',1530891831,0),(6375,1156,3,'Completed',1530891946,0),(6376,1156,25,'Completed',1530892080,0),(6377,1156,5,'Completed',1530892291,0),(6383,1156,10,'Completed',1530897255,0),(6384,1156,14,'Completed',1530897326,0),(6385,1156,11,'Completed',1530897391,0),(6386,1156,24,'Completed',1530897557,0),(6394,1154,9,'Completed',1530901317,0),(6395,1154,4,'Completed',1530901641,0),(6396,1154,7,'Completed',1530901986,0),(6398,1154,16,'Completed',1530902173,0),(6399,1154,23,'Completed',1530902472,0),(6483,1160,9,'Completed',1531577714,0),(6487,1160,4,'Completed',1531578073,0),(6488,1160,11,'Completed',1531578382,0),(6489,1160,10,'Completed',1531578782,0),(6490,1160,7,'Completed',1531579081,0),(6491,1160,24,'Completed',1531579635,0),(6492,1160,16,'Completed',1531579884,0),(6493,1160,23,'Completed',1531580358,0),(6494,1160,13,'Completed',1531698358,0),(6495,1160,3,'Completed',1531698638,0),(6496,1160,25,'Completed',1531699124,0),(6497,1160,5,'Completed',1531699585,0),(6498,1160,14,'Completed',1531700055,0),(6499,1063,24,'Completed',1531756089,0),(6535,710,5,'In Progress',NULL,0),(6561,1197,9,'Completed',1532125696,0),(6562,1197,4,'Completed',1532185377,0),(6563,1197,7,'Completed',1532186105,0),(6564,1197,16,'Completed',1532186548,0),(6565,1197,23,'Completed',1532188726,0),(6566,1197,13,'Completed',1532190836,0),(6567,1197,24,'Completed',1532191312,0),(6568,1197,3,'Completed',1532189385,0),(6569,1197,25,'Completed',1532201334,0),(6570,1197,5,'Completed',1532191960,0),(6571,1197,10,'Completed',1532201905,0),(6572,1197,14,'Completed',1532192183,0),(6573,1197,11,'Completed',1532201506,0),(6574,1196,9,'Completed',1532788639,0),(6575,1196,4,'Completed',1532794775,0),(6576,1196,7,'Completed',1532795929,0),(6577,1196,16,'Completed',1532797095,0),(6578,1196,23,'Completed',1532798629,0),(6579,1196,13,'Completed',1532799376,0),(6580,1196,3,'Completed',1532799997,0),(6581,1196,25,'Completed',1532800391,0),(6582,1196,5,'Completed',1532801612,0),(6583,1196,10,'Completed',1532801926,0),(6584,1196,14,'Completed',1532802164,0),(6585,1196,11,'Completed',1532802336,0),(6586,1196,24,'Completed',1532802519,0),(6623,1186,9,'Completed',1532441997,0),(6624,1192,9,'Completed',1532360085,0),(6625,1193,9,'Completed',1532352731,0),(6626,1193,4,'Completed',1532353643,0),(6627,1193,7,'Completed',1532354221,0),(6628,1193,16,'Completed',1532354573,0),(6629,1193,23,'Completed',1532355420,0),(6630,1193,13,'Completed',1532356281,0),(6631,1193,3,'Completed',1532356709,0),(6632,1193,25,'Completed',1532357057,0),(6633,1193,5,'Completed',1532357372,0),(6634,1193,10,'Completed',1532357683,0),(6635,1193,14,'Completed',1532357923,0),(6636,1193,11,'Completed',1532358225,0),(6637,1193,24,'Completed',1532358985,0),(6638,1191,9,'Completed',1532352951,0),(6639,1191,4,'Completed',1532353683,0),(6640,1191,7,'Completed',1532354238,0),(6641,1191,16,'Completed',1532354798,0),(6642,1191,23,'Completed',1532355952,0),(6643,1191,13,'Completed',1532356551,0),(6644,1191,3,'Completed',1532356874,0),(6645,1191,25,'Completed',1532357569,0),(6646,1191,5,'Completed',1532358359,0),(6647,1191,10,'Completed',1532358724,0),(6648,1191,14,'Completed',1532359074,0),(6649,1191,11,'Completed',1532359247,0),(6650,1191,24,'Completed',1532359467,0),(6651,1192,4,'Completed',1532360452,0),(6652,1192,7,'Completed',1532361079,0),(6653,1192,16,'Completed',1532361258,0),(6654,1192,23,'Completed',1532361936,0),(6655,1192,13,'Completed',1532363061,0),(6656,1192,3,'Completed',1532363297,0),(6657,1192,25,'Completed',1532365591,0),(6658,1192,5,'Completed',1532366013,0),(6659,1192,10,'Completed',1532366352,0),(6660,1192,14,'Completed',1532366644,0),(6661,1192,11,'Completed',1532366822,0),(6662,1192,24,'Completed',1532367052,0),(6663,1190,9,'Completed',1532368901,0),(6664,1190,4,'Completed',1532370168,0),(6665,1190,7,'Completed',1532371360,0),(6666,1190,16,'Completed',1532371716,0),(6667,1190,23,'Completed',1532372650,0),(6668,1190,13,'Completed',1532373190,0),(6669,1190,3,'Completed',1532373361,0),(6670,1190,25,'Completed',1532375496,0),(6671,1190,5,'Completed',1532376175,0),(6672,1190,10,'Completed',1532376743,0),(6673,1190,14,'Completed',1532377051,0),(6674,1190,11,'Completed',1532377851,0),(6675,1190,24,'Completed',1532377977,0),(6676,1194,9,'Completed',1532395237,0),(6677,1194,4,'Completed',1532396127,0),(6678,1194,7,'Completed',1532396782,0),(6679,1194,16,'Completed',1532397585,0),(6680,1194,23,'Completed',1532399697,0),(6681,1194,13,'Completed',1532400639,0),(6682,1194,3,'Completed',1532400976,0),(6683,1194,25,'Completed',1532401875,0),(6684,1194,5,'Completed',1532445180,0),(6685,710,16,'In Progress',NULL,0),(6686,710,14,'In Progress',NULL,0),(6687,1186,4,'Completed',1532442242,0),(6688,1186,7,'Completed',1532442804,0),(6689,1186,16,'Completed',1532443038,0),(6690,1186,23,'Completed',1532443853,0),(6691,1194,10,'Completed',1532454564,0),(6692,1194,14,'Completed',1532460701,0),(6693,1194,11,'Completed',1532525219,0),(6694,1186,13,'Completed',1532462318,0),(6695,1186,3,'Completed',1532462511,0),(6696,1186,25,'Completed',1532462734,0),(6697,1186,5,'Completed',1532462868,0),(6698,1186,10,'Completed',1532463030,0),(6699,1186,14,'Completed',1532463361,0),(6700,1194,24,'Completed',1532525425,0),(6714,1186,11,'Completed',1532701399,0),(6715,1186,24,'Completed',1532701621,0),(6718,1198,9,'Completed',1532720880,0),(6719,1198,9,'Completed',1532720880,0),(6720,1198,4,'In Progress',NULL,0),(6721,1198,7,'Completed',1533174016,0),(6722,1198,16,'In Progress',NULL,0),(6723,1198,23,'Completed',1533174864,0),(6724,1198,13,'In Progress',NULL,0),(6725,1198,3,'Completed',1532926921,0),(6726,1198,25,'In Progress',NULL,0),(6727,1198,5,'In Progress',NULL,0),(6728,1198,10,'In Progress',NULL,0),(6729,1198,14,'In Progress',NULL,0),(6730,1198,11,'In Progress',NULL,0),(6731,1198,24,'In Progress',NULL,0),(6736,1188,9,'Completed',1532972318,0),(6737,1188,4,'Completed',1532981550,0),(6738,1188,7,'Completed',1532982129,0),(6739,1188,16,'Completed',1532982877,0),(6740,1188,23,'Completed',1532983736,0),(6741,1188,13,'Completed',1533043611,0),(6742,1188,3,'Completed',1533046098,0),(6743,1188,25,'Completed',1533050945,0),(6744,1188,5,'Completed',1533051661,0),(6745,1188,10,'Completed',1533052685,0),(6746,1188,14,'Completed',1533053340,0),(6747,1188,11,'Completed',1533053664,0),(6748,1188,24,'Completed',1533054117,0),(6935,1202,3,'Completed',1534102590,0),(6936,1202,14,'Completed',1534103753,0),(6937,1202,10,'Completed',1534104140,0),(6938,1202,7,'Completed',1534104715,0),(6939,1202,13,'Completed',1534105369,0),(6940,1202,16,'Completed',1534106080,0),(6941,1202,9,'Completed',1534106621,0),(6968,1195,9,'Completed',1534385656,0),(6969,1195,4,'Completed',1534386961,0),(6970,1195,7,'Completed',1534390333,0),(6984,1195,16,'Completed',1534418344,0),(6985,1195,23,'Completed',1534378181,0),(6986,1195,13,'Completed',1534417873,0),(6987,1195,13,'Completed',1534417873,0),(6988,1195,3,'Completed',1534378794,0),(6989,1195,25,'Completed',1534376723,0),(6990,1195,5,'Completed',1534389966,0),(6991,1195,10,'Completed',1534386506,0),(6992,1195,14,'Completed',1534373576,0),(6993,1195,11,'Completed',1534369375,0),(6994,1195,24,'Completed',1534368972,0),(7373,1271,13,'Completed',1538516657,0),(7374,1271,16,'Completed',1538519556,0),(7375,1271,3,'Completed',1538517529,0),(7376,1271,14,'Completed',1538517698,0),(7377,1271,4,'Completed',1538517929,0),(7378,1271,24,'Completed',1538518305,0),(7379,1271,23,'Completed',1538518556,0),(7380,1271,7,'In Progress',NULL,0),(7381,1271,11,'Completed',1538518875,0),(7382,1271,25,'Completed',1538519784,0),(7383,1271,10,'Completed',1538519989,0),(7384,1271,5,'Completed',1538520231,0),(7675,1294,24,'Completed',1541523933,0),(7772,1302,4,'In Progress',NULL,0),(7773,1302,4,'In Progress',NULL,0),(7780,1306,3,'In Progress',NULL,0),(7781,1306,3,'In Progress',NULL,0),(7782,1306,4,'In Progress',NULL,0),(7783,1306,16,'In Progress',NULL,0),(7784,1306,25,'In Progress',NULL,0),(7785,1306,23,'In Progress',NULL,0),(7786,1306,14,'In Progress',NULL,0),(7787,1306,7,'In Progress',NULL,0),(7788,1306,24,'In Progress',NULL,0),(7835,1306,13,'In Progress',NULL,0),(7836,1306,11,'In Progress',NULL,0),(8326,11,9,'In Progress',NULL,0),(8378,1411,5,'In Progress',NULL,0),(8379,11,5,'In Progress',NULL,0),(8380,11,5,'In Progress',NULL,0),(8381,1411,5,'In Progress',NULL,0),(8382,1411,14,'In Progress',NULL,0),(8593,1433,5,'Completed',1553095380,0),(8594,1433,9,'Completed',1553005525,0),(8595,1433,7,'Completed',1553005673,0),(8596,1434,9,'Completed',1553112808,0),(8597,1434,7,'Completed',1553113232,0),(8598,1434,5,'Completed',1553110954,0),(8599,1434,10,'Completed',1553021627,0),(8600,1434,11,'Completed',1553113798,0),(8601,1433,3,'Completed',1553021438,0),(8602,1433,4,'Completed',1553441824,0),(8603,1433,14,'Completed',1553442096,0),(8604,1433,23,'Completed',1553442627,0),(8605,1433,16,'Completed',1553442766,0),(8606,1433,13,'Completed',1553443182,0),(8607,1433,25,'Completed',1553443798,0),(8608,1433,10,'Completed',1553525381,0),(8609,1433,11,'Completed',1553528487,0),(8610,1433,24,'Completed',1553536715,0),(8624,1445,5,'Completed',1553642466,0),(8625,1445,9,'Completed',1553643623,0),(8626,1445,10,'Completed',1553644098,0),(8627,1445,11,'Completed',1553644319,0),(8628,1445,4,'Completed',1553644646,0),(8629,1445,16,'Completed',1553645400,0),(8630,1445,25,'Completed',1553646112,0),(8631,1445,14,'Completed',1553646403,0),(9040,976,24,'Completed',1559929039,0),(9041,976,24,'Completed',1559929039,0),(9200,976,7,'Completed',1560262400,0),(9201,976,23,'Completed',1560016237,0),(9202,976,11,'Completed',1560264226,0),(9214,1540,23,'Completed',1559933808,0),(9217,1540,14,'Completed',1559934850,0),(9218,1540,13,'Completed',1559938185,0),(9219,1540,4,'Completed',1559939640,0),(9220,1540,4,'In Progress',NULL,0),(9254,886,7,'Completed',1593267101,0),(9258,886,16,'Completed',1593279175,0),(9259,886,13,'Completed',1593285059,0),(9260,886,14,'Completed',1593280622,0),(9261,886,24,'Completed',1593281721,0),(9262,886,3,'Completed',1593282824,0),(9263,886,11,'Completed',1593287360,0),(9264,886,10,'Completed',1593286820,0),(9265,886,5,'Completed',1560622996,0),(9858,1662,9,'Completed',1566827357,0),(9859,1662,9,'Completed',1566827357,0),(9865,1662,4,'Completed',1566906965,0),(9866,1662,4,'In Progress',NULL,0),(9867,1662,4,'In Progress',NULL,0),(9868,1662,7,'Completed',1566909245,0),(9869,1662,7,'In Progress',NULL,0),(9870,1662,16,'Completed',1566913495,0),(9877,1662,23,'Completed',1566995429,0),(9878,1662,13,'Completed',1567000321,0),(9879,1662,13,'In Progress',NULL,0),(9880,1662,23,'In Progress',NULL,0),(9881,1662,3,'Completed',1567003308,0),(9882,1662,3,'In Progress',NULL,0),(9883,1662,25,'Completed',1567013084,0),(9884,1662,25,'In Progress',NULL,0),(9885,1662,5,'Completed',1567015641,0),(9886,1662,5,'In Progress',NULL,0),(9887,1662,10,'Completed',1567016392,0),(9888,1662,10,'In Progress',NULL,0),(9889,1662,14,'Completed',1567017271,0),(9890,1662,14,'In Progress',NULL,0),(9897,1662,11,'Completed',1567081149,0),(9898,1662,24,'Completed',1567082202,0),(9899,1662,24,'In Progress',NULL,0),(9978,1660,7,'Completed',1567541460,0),(9979,1661,4,'Completed',1567541635,0),(9980,1661,9,'Completed',1567543611,0),(9981,1661,3,'Completed',1567543174,0),(9982,1661,5,'Completed',1567542298,0),(9983,1660,16,'Completed',1567542269,0),(10006,1667,9,'Completed',1567686475,0),(10007,1667,4,'Completed',1567687630,0),(10008,1667,4,'Completed',1567687630,0),(10009,1667,4,'In Progress',NULL,0),(10010,1667,7,'Completed',1567690607,0),(10011,1667,16,'Completed',1567691605,0),(10012,1667,23,'Completed',1567694954,0),(10026,1667,13,'Completed',1568036876,0),(10027,1667,3,'Completed',1568037783,0),(10028,1667,25,'Completed',1568037986,0),(10029,1667,5,'Completed',1568038238,0),(10030,1667,10,'Completed',1568040188,0),(10031,1667,14,'Completed',1568041333,0),(10032,1667,11,'Completed',1568043550,0),(10033,1667,24,'Completed',1568043814,0),(10047,1679,9,'Completed',1568399319,0),(10048,1679,4,'Completed',1568399591,0),(10049,1679,7,'Completed',1568399855,0),(10050,1679,16,'Completed',1568400093,0),(10051,1679,23,'Completed',1568400506,0),(10052,1679,13,'Completed',1568400783,0),(10053,1679,3,'Completed',1568400974,0),(10054,1679,25,'Completed',1568401249,0),(10055,1679,5,'Completed',1568401481,0),(10056,1679,10,'Completed',1568401829,0),(10057,1679,14,'Completed',1568401922,0),(10058,1679,11,'Completed',1568402132,0),(10059,1679,24,'Completed',1568402839,0),(10074,1683,3,'Completed',1568756961,0),(10075,1683,9,'Completed',1568758381,0),(10076,1683,7,'Completed',1568759936,0),(10077,1683,11,'Completed',1568760870,0),(10078,1683,10,'Completed',1568762174,0),(10079,1683,25,'Completed',1568763894,0),(10137,1686,9,'Completed',1569343469,0),(10138,1686,4,'Completed',1569343698,0),(10139,1686,7,'Completed',1569343993,0),(10140,1686,16,'Completed',1569344264,0),(10141,1686,23,'Completed',1569344610,0),(10142,1686,13,'Completed',1569344753,0),(10143,1686,3,'Completed',1569344909,0),(10144,1686,25,'Completed',1569344998,0),(10145,1686,5,'Completed',1569345072,0),(10146,1686,5,'Completed',1569345072,0),(10147,1686,10,'Completed',1569345448,0),(10148,1686,10,'Completed',1569345448,0),(10149,1686,14,'Completed',1569345533,0),(10150,1686,14,'Completed',1569345533,0),(10151,1686,11,'Completed',1569345591,0),(10152,1686,24,'Completed',1569345736,0),(10162,1669,9,'Completed',1569537004,0),(10163,1669,4,'Completed',1569624715,0),(10164,1669,7,'Completed',1569625026,0),(10165,1669,16,'Completed',1569802738,0),(10166,1669,23,'Completed',1569803099,0),(10167,1669,13,'Completed',1569803407,0),(10168,1669,3,'Completed',1569803683,0),(10169,1669,25,'Completed',1569803914,0),(10188,1706,9,'Completed',1569764698,0),(10189,1706,4,'Completed',1569766394,0),(10190,1706,7,'Completed',1569767162,0),(10191,1706,16,'Completed',1569768140,0),(10192,1706,23,'Completed',1569771438,0),(10193,1706,13,'Completed',1569771798,0),(10194,1706,3,'Completed',1569772434,0),(10200,1669,5,'Completed',1569804180,0),(10201,1669,10,'Completed',1569804386,0),(10202,1669,14,'Completed',1569804588,0),(10203,1669,11,'Completed',1569804723,0),(10204,1669,24,'Completed',1569804987,0),(10221,1713,9,'Completed',1569954158,0),(10222,1713,11,'Completed',1569960552,0),(10223,1713,16,'In Progress',NULL,0),(10224,1706,25,'Completed',1569963368,0),(10225,1706,5,'Completed',1569963539,0),(10226,1706,10,'Completed',1569963690,0),(10227,1706,14,'Completed',1569963807,0),(10228,1706,11,'Completed',1569963983,0),(10229,1706,24,'Completed',1569964180,0),(10244,1671,9,'Completed',1570039532,0),(10245,1671,4,'Completed',1570040579,0),(10246,1671,7,'Completed',1570040649,0),(10247,1671,16,'Completed',1570041008,0),(10248,1671,23,'Completed',1570041480,0),(10249,1671,13,'Completed',1570042621,0),(10250,1671,3,'Completed',1570045839,0),(10251,1671,25,'Completed',1570048577,0),(10252,1671,5,'Completed',1570048736,0),(10253,1671,10,'Completed',1570049062,0),(10254,1671,14,'Completed',1570049137,0),(10255,1671,11,'Completed',1570049212,0),(10256,1671,24,'Completed',1570049299,0),(10295,1721,9,'Completed',1570225481,0),(10296,1721,4,'Completed',1570226373,0),(10297,1721,7,'Completed',1570227608,0),(10298,1721,16,'Completed',1570228348,0),(10299,1721,23,'Completed',1570230219,0),(10300,1721,13,'Completed',1570291020,0),(10301,1721,3,'Completed',1570292753,0),(10302,1721,25,'Completed',1570295032,0),(10303,1721,5,'Completed',1570296335,0),(10304,1721,10,'Completed',1570297111,0),(10305,1721,14,'Completed',1570299584,0),(10306,1721,11,'Completed',1570301112,0),(10307,1721,24,'Completed',1570301760,0),(10308,1708,9,'Completed',1570545359,0),(10309,1708,4,'Completed',1570547265,0),(10310,1708,11,'Completed',1570547521,0),(10311,1708,7,'Completed',1570549029,0),(10312,1708,24,'Completed',1570549428,0),(10313,1708,16,'Completed',1570549776,0),(10314,1708,23,'Completed',1570550075,0),(10315,1708,13,'Completed',1570550425,0),(10316,1708,3,'Completed',1570551124,0),(10317,1708,25,'Completed',1570551362,0),(10318,1708,5,'Completed',1570552307,0),(10319,1708,10,'Completed',1570552474,0),(10320,1708,14,'Completed',1570552586,0),(10321,1717,7,'Completed',1570637804,0),(10322,1717,25,'Completed',1570638446,0),(10323,1717,9,'Completed',1570763463,0),(10324,1717,4,'Completed',1570764035,0),(10325,1717,16,'Completed',1570764485,0),(10326,1717,23,'Completed',1570765567,0),(10327,1717,13,'Completed',1570767272,0),(10328,1717,3,'Completed',1570766578,0),(10329,1717,24,'Completed',1570767560,0),(10330,1717,5,'Completed',1570768352,0),(10331,1717,10,'Completed',1570766780,0),(10332,1717,14,'Completed',1570767818,0),(10333,1717,11,'Completed',1570768506,0),(10334,1703,9,'Completed',1570829998,0),(10335,1703,4,'Completed',1570830140,0),(10336,1703,7,'Completed',1570830225,0),(10337,1703,16,'Completed',1570830396,0),(10338,1703,23,'Completed',1570830759,0),(10339,1703,13,'Completed',1570831740,0),(10340,1703,3,'Completed',1570831445,0),(10341,1703,25,'Completed',1570831976,0),(10342,1703,5,'Completed',1570832195,0),(10343,1703,10,'Completed',1570832390,0),(10344,1703,14,'Completed',1570832487,0),(10345,1703,11,'Completed',1570832626,0),(10346,1703,24,'Completed',1570832855,0),(10360,1659,9,'Completed',1571236214,0),(10361,1659,4,'Completed',1571236322,0),(10362,1659,7,'Completed',1571238579,0),(10363,1659,10,'Completed',1571238649,0),(10364,1659,14,'Completed',1571238709,0),(10371,1659,16,'Completed',1571326085,0),(10372,1659,23,'Completed',1571326714,0),(10373,1659,13,'Completed',1571327072,0),(10374,1659,3,'Completed',1571328516,0),(10375,1659,25,'Completed',1571328618,0),(10376,1659,5,'Completed',1571329255,0),(10378,1659,11,'Completed',1571337834,0),(10379,1659,11,'Completed',1571337834,0),(10381,1659,24,'Completed',1571337960,0),(10389,1727,3,'Completed',1571418195,0),(10390,1727,4,'Completed',1571418561,0),(10391,1727,5,'Completed',1571419448,0),(10392,1684,9,'Completed',1571418913,0),(10393,1684,4,'Completed',1571419105,0),(10394,1684,7,'Completed',1571421625,0),(10395,1727,11,'Completed',1571419644,0),(10396,1727,9,'Completed',1571420983,0),(10397,1684,16,'Completed',1571421707,0),(10398,1684,23,'Completed',1571421904,0),(10399,1684,13,'Completed',1571422025,0),(10400,1684,3,'Completed',1571421319,0),(10401,1684,25,'Completed',1571422144,0),(10402,1684,5,'Completed',1571422235,0),(10403,1684,10,'Completed',1571422299,0),(10404,1684,14,'Completed',1571422412,0),(10405,1684,11,'Completed',1571422459,0),(10406,1684,24,'Completed',1571422631,0),(10407,1709,9,'Completed',1571842238,0),(10408,1709,4,'Completed',1571843336,0),(10435,1735,25,'Completed',1571950116,0),(10436,1735,9,'Completed',1572446588,0),(10465,1719,9,'Completed',1572269548,0),(10466,1719,4,'Completed',1572278868,0),(10467,1719,7,'Completed',1572281934,0),(10468,1719,16,'Completed',1572284254,0),(10469,1719,23,'Completed',1572292495,0),(10472,1730,9,'Completed',1574216967,0),(10478,1735,11,'Completed',1572445606,0),(10498,1719,13,'Completed',1572301900,0),(10499,1719,3,'Completed',1572309611,0),(10500,1719,25,'Completed',1572313088,0),(10502,1719,5,'Completed',1572317509,0),(10503,1719,10,'Completed',1572955262,0),(10504,1732,5,'Completed',1572385495,0),(10506,1732,4,'Completed',1572352873,0),(10507,1732,11,'Completed',1572353588,0),(10509,1732,24,'Completed',1572354785,0),(10514,1740,10,'Completed',1572366443,0),(10515,1740,14,'Completed',1572366648,0),(10516,1740,11,'Completed',1572368838,0),(10521,1740,5,'Completed',1572380873,0),(10522,1740,25,'Completed',1572381034,0),(10525,1740,7,'Completed',1572439697,0),(10526,1740,16,'Completed',1572439788,0),(10527,1740,13,'Completed',1572439962,0),(10528,1740,9,'Completed',1572440067,0),(10529,1740,4,'Completed',1572440232,0),(10530,1740,23,'Completed',1572440480,0),(10531,1740,3,'Completed',1572440626,0),(10532,1740,24,'Completed',1572440925,0),(10533,1736,9,'Completed',1572445968,0),(10572,1719,14,'Completed',1572956742,0),(10573,1719,11,'Completed',1572958804,0),(10574,1719,24,'Completed',1572960954,0),(10575,1742,9,'Completed',1573069987,0),(10576,1742,4,'Completed',1573070426,0),(10577,1742,7,'Completed',1573070579,0),(10578,1742,16,'Completed',1573070727,0),(10579,1742,23,'Completed',1573071051,0),(10580,1742,13,'Completed',1573071241,0),(10581,1742,3,'Completed',1573071383,0),(10582,1742,25,'Completed',1573071488,0),(10583,1742,5,'Completed',1573071587,0),(10584,1742,10,'Completed',1573071704,0),(10585,1742,14,'Completed',1573071790,0),(10586,1742,11,'Completed',1573071835,0),(10587,1742,24,'Completed',1573071939,0),(10601,1746,9,'Completed',1573234490,0),(10602,1746,4,'Completed',1573235129,0),(10603,1726,9,'Completed',1573266912,0),(10604,1726,4,'Completed',1573267962,0),(10605,1726,16,'Completed',1573269005,0),(10606,1726,23,'Completed',1573271133,0),(10607,1736,4,'Completed',1573270741,0),(10608,1736,7,'Completed',1573270906,0),(10609,1736,16,'Completed',1573271028,0),(10610,1736,23,'Completed',1573271373,0),(10611,1726,7,'Completed',1573271516,0),(10612,1726,13,'Completed',1573272008,0),(10613,1726,3,'Completed',1573272256,0),(10614,1726,25,'Completed',1573272589,0),(10615,1726,5,'Completed',1573272926,0),(10616,1726,10,'Completed',1573273292,0),(10617,1726,14,'Completed',1573273547,0),(10618,1726,11,'Completed',1573273686,0),(10619,1726,24,'Completed',1573274201,0),(10620,1736,13,'Completed',1573304544,0),(10621,1746,7,'Completed',1573314028,0),(10622,1746,16,'Completed',1573314406,0),(10623,1746,23,'Completed',1573315692,0),(10624,1746,13,'Completed',1573316394,0),(10625,1746,3,'Completed',1573317061,0),(10626,1736,3,'Completed',1573354266,0),(10627,1736,25,'Completed',1573354758,0),(10628,1736,5,'Completed',1573355005,0),(10629,1736,10,'Completed',1573355220,0),(10630,1736,14,'Completed',1573355402,0),(10631,1736,11,'Completed',1573355496,0),(10632,1736,24,'Completed',1573355643,0),(10633,1709,7,'Completed',1573496922,0),(10634,1709,16,'Completed',1573498011,0),(10635,1709,23,'Completed',1573499875,0),(10636,1709,13,'Completed',1573501276,0),(10642,1709,3,'Completed',1573502503,0),(10646,1709,25,'Completed',1573504143,0),(10648,1709,5,'Completed',1573503185,0),(10653,1746,25,'Completed',1573602997,0),(10654,1746,5,'Completed',1573603404,0),(10655,1746,10,'Completed',1573603726,0),(10656,1746,14,'Completed',1573603864,0),(10657,1746,11,'Completed',1573604228,0),(10658,1746,24,'Completed',1573605065,0),(10660,1754,9,'Completed',1574100734,0),(10661,1754,4,'Completed',1574101125,0),(10662,1754,7,'Completed',1574101424,0),(10663,1754,16,'Completed',1574101586,0),(10664,1754,23,'Completed',1574103107,0),(10665,1754,13,'Completed',1574103652,0),(10666,1754,3,'Completed',1574105896,0),(10667,1754,25,'Completed',1574106454,0),(10668,1754,5,'Completed',1574107093,0),(10669,1754,10,'Completed',1574107348,0),(10670,1754,14,'Completed',1574107748,0),(10671,1754,11,'Completed',1574107972,0),(10672,1754,24,'Completed',1574108516,0),(10674,1755,9,'Completed',1574226251,0),(10689,1730,4,'Completed',1574218039,0),(10690,1730,7,'Completed',1574218596,0),(10691,1730,16,'Completed',1574219379,0),(10692,1730,23,'Completed',1574221903,0),(10693,1730,13,'Completed',1574223784,0),(10694,1730,3,'Completed',1574224755,0),(10695,1730,25,'Completed',1574225919,0),(10696,1730,5,'Completed',1574226564,0),(10697,1730,10,'Completed',1574226950,0),(10698,1730,14,'Completed',1574227428,0),(10699,1730,11,'Completed',1574227814,0),(10700,1730,24,'Completed',1574228300,0),(10712,1755,4,'Completed',1574391284,0),(10713,1755,16,'Completed',1574391318,0),(10714,1755,7,'Completed',1574392494,0),(10715,1755,10,'Completed',1574392007,0),(10716,1755,23,'Completed',1574394361,0),(10717,1755,13,'Completed',1574541704,0),(10718,1755,3,'Completed',1574550817,0),(10719,1755,25,'Completed',1574558127,0),(10720,1755,5,'Completed',1574568345,0),(10721,1755,24,'Completed',1574642619,0),(10722,1755,14,'Completed',1574740196,0),(10723,1755,11,'Completed',1574740499,0),(10724,1761,23,'Completed',1574869797,0),(10725,1761,9,'Completed',1574878249,0),(10726,1761,4,'Completed',1574879050,0),(10727,1761,7,'Completed',1574879508,0),(10728,1761,16,'Completed',1574880496,0),(10729,1761,16,'In Progress',NULL,0),(10730,1761,13,'Completed',1574882153,0),(10731,1761,3,'Completed',1574883677,0),(10732,1761,25,'Completed',1574883970,0),(10733,1761,5,'Completed',1574884154,0),(10734,1761,10,'Completed',1574884362,0),(10735,1761,14,'Completed',1574884478,0),(10736,1761,11,'Completed',1574884629,0),(10737,1761,24,'Completed',1574887511,0),(10738,1751,9,'Completed',1575304168,0),(10739,1751,4,'Completed',1575307645,0),(10740,1751,7,'Completed',1575307929,0),(10741,1751,16,'Completed',1575310416,0),(10742,1751,23,'Completed',1575310524,0),(10743,1751,13,'Completed',1575310630,0),(10744,1751,3,'Completed',1575312169,0),(10745,1762,7,'Completed',1575315294,0),(10746,1762,11,'Completed',1575317396,0),(10747,1709,10,'Completed',1575574362,0),(10748,1709,14,'Completed',1575574860,0),(10749,1709,11,'Completed',1575317238,0),(10750,1709,24,'Completed',1575575947,0),(10751,1751,25,'Completed',1575321742,0),(10752,1751,5,'Completed',1575323730,0),(10753,1751,10,'Completed',1575325473,0),(10754,1751,14,'Completed',1575325551,0),(10755,1751,11,'Completed',1575325633,0),(10756,1751,24,'Completed',1575325799,0),(10757,1763,9,'Completed',1575396102,0),(10758,1763,4,'Completed',1575396456,0),(10759,1763,7,'Completed',1575396804,0),(10760,1763,16,'Completed',1575397063,0),(10761,1763,23,'Completed',1575557124,0),(10762,1763,13,'Completed',1575557472,0),(10763,1763,3,'Completed',1575557656,0),(10764,1763,25,'Completed',1575557825,0),(10776,1763,5,'Completed',1575653473,0),(10777,1764,9,'Completed',1575659396,0),(10778,1763,10,'Completed',1575660214,0),(10779,1763,14,'Completed',1575660412,0),(10780,1763,11,'Completed',1575660522,0),(10781,1764,4,'Completed',1575661868,0),(10782,1764,7,'Completed',1575662821,0),(10787,1766,9,'Completed',1575739019,0),(10788,1766,9,'In Progress',NULL,0),(10789,1766,4,'Completed',1575739467,0),(10790,1766,7,'Completed',1575739788,0),(10791,1766,16,'Completed',1575740561,0),(10792,1766,23,'Completed',1575741509,0),(10793,1766,13,'Completed',1575742040,0),(10794,1766,3,'Completed',1575742309,0),(10795,1766,25,'Completed',1575742505,0),(10796,1766,5,'Completed',1575742694,0),(10797,1766,10,'Completed',1575742880,0),(10798,1766,14,'Completed',1575743025,0),(10799,1766,11,'Completed',1575743137,0),(10800,1766,24,'Completed',1575743346,0),(10801,1767,9,'Completed',1575743846,0),(10802,1767,4,'Completed',1575743966,0),(10803,1767,7,'Completed',1575744073,0),(10804,1767,16,'Completed',1575744220,0),(10805,1767,23,'Completed',1575744379,0),(10806,1767,13,'Completed',1575744575,0),(10807,1767,3,'Completed',1575744723,0),(10808,1767,25,'Completed',1575745034,0),(10809,1767,5,'Completed',1575745196,0),(10810,1767,10,'Completed',1575745360,0),(10811,1767,14,'Completed',1575745463,0),(10812,1767,11,'Completed',1575745539,0),(10813,1767,24,'Completed',1575745689,0),(10814,1764,16,'Completed',1575899944,0),(10815,1764,23,'Completed',1575903063,0),(10822,1764,13,'Completed',1575906594,0),(10823,1764,3,'Completed',1575907297,0),(10824,1764,25,'Completed',1575911157,0),(10825,1764,5,'Completed',1575911835,0),(10826,1764,10,'Completed',1575912875,0),(10827,1764,14,'Completed',1575913086,0),(10828,1764,11,'Completed',1575914701,0),(10829,1764,24,'Completed',1575916656,0),(10830,1772,9,'Completed',1576013683,0),(10831,1772,4,'Completed',1576013795,0),(10832,1772,7,'Completed',1576013887,0),(10833,1772,16,'Completed',1576013959,0),(10834,1772,23,'Completed',1576014152,0),(10835,1772,13,'Completed',1576014298,0),(10836,1772,3,'Completed',1576014449,0),(10837,1772,25,'Completed',1576014539,0),(10838,1772,5,'Completed',1576014610,0),(10839,1772,10,'Completed',1576014688,0),(10840,1772,14,'Completed',1576014745,0),(10841,1772,11,'Completed',1576014818,0),(10842,1772,24,'Completed',1576014912,0),(10843,1762,16,'Completed',1576024864,0),(10844,1762,23,'Completed',1576025075,0),(10845,1762,13,'Completed',1576025286,0),(10846,1762,3,'Completed',1576025454,0),(10847,1762,25,'Completed',1576025887,0),(10848,1762,5,'Completed',1576026067,0),(10849,1762,10,'Completed',1576026305,0),(10850,1762,10,'Completed',1576026305,0),(10851,1762,14,'In Progress',NULL,0),(10852,1731,9,'Completed',1576091500,0),(10853,1731,4,'Completed',1576091735,0),(10854,1731,7,'Completed',1576093086,0),(10855,1731,16,'Completed',1576093937,0),(10856,1731,23,'Completed',1576094217,0),(10857,1731,13,'Completed',1576095239,0),(10858,1731,3,'Completed',1576095442,0),(10859,1731,25,'Completed',1576100269,0),(10860,1731,5,'Completed',1576096664,0),(10861,1731,10,'Completed',1576097580,0),(10862,1731,14,'Completed',1576097724,0),(10863,1731,11,'Completed',1576099530,0),(10864,1731,24,'Completed',1576100378,0),(10872,1805,9,'Completed',1577124231,0),(10873,1768,9,'Completed',1577205566,0),(10874,1768,4,'Completed',1577206946,0),(10875,1768,7,'Completed',1577207255,0),(10876,1768,16,'Completed',1577207647,0),(10877,1768,23,'Completed',1577207814,0),(10878,1768,13,'Completed',1577207961,0),(10879,1768,3,'Completed',1577208186,0),(10880,1768,25,'Completed',1577208301,0),(10881,1768,5,'Completed',1577208385,0),(10882,1768,10,'Completed',1577208492,0),(10883,1768,14,'Completed',1577208558,0),(10884,1768,11,'Completed',1577208626,0),(10885,1768,24,'Completed',1577208858,0),(10886,1805,4,'Completed',1577367924,0),(10887,1805,7,'Completed',1577368235,0),(10888,1805,16,'Completed',1577368500,0),(10889,1805,23,'Completed',1577369256,0),(10890,1805,13,'Completed',1577370217,0),(10891,1805,3,'Completed',1577370764,0),(10892,1805,25,'Completed',1577371376,0),(10893,1805,5,'Completed',1577372002,0),(10894,1805,10,'Completed',1577372188,0),(10895,1805,14,'Completed',1577372461,0),(10896,1805,11,'Completed',1577372647,0),(10897,1805,24,'Completed',1577372793,0),(10898,1714,9,'Completed',1577575201,0),(10899,1765,10,'Completed',1577472725,0),(10900,1765,5,'Completed',1577473055,0),(10901,1765,14,'Completed',1577473437,0),(10902,1765,11,'Completed',1577473658,0),(10903,1765,3,'Completed',1577473923,0),(10904,1765,25,'Completed',1577474175,0),(10905,1765,23,'Completed',1577474480,0),(10906,1765,13,'Completed',1577474841,0),(10907,1765,7,'Completed',1577475282,0),(10908,1765,16,'Completed',1577475560,0),(10909,1765,24,'Completed',1577475876,0),(10910,1765,9,'Completed',1577476142,0),(10911,1765,4,'Completed',1577476422,0),(10912,1714,4,'Completed',1577603210,0),(10913,1714,7,'Completed',1577675007,0),(10914,1714,16,'Completed',1577676010,0),(10915,1714,23,'Completed',1577677625,0),(10924,1714,13,'Completed',1577725092,0),(10925,1714,3,'Completed',1577725978,0),(10926,1771,9,'Completed',1577781021,0),(10927,1771,4,'Completed',1577781438,0),(10928,1771,7,'Completed',1577782343,0),(10929,1771,16,'Completed',1577782617,0),(10930,1771,23,'Completed',1577782964,0),(10931,1771,13,'Completed',1577783184,0),(10932,1771,3,'Completed',1577783430,0),(10933,1771,25,'Completed',1577783638,0),(10934,1771,5,'Completed',1577783790,0),(10935,1771,10,'Completed',1577784035,0),(10936,1771,14,'Completed',1577784235,0),(10937,1771,11,'Completed',1577784341,0),(10938,1771,24,'Completed',1577784582,0),(10939,1797,9,'Completed',1577802648,0),(10940,1797,4,'Completed',1577802737,0),(10941,1797,7,'Completed',1577802802,0),(10942,1797,16,'Completed',1577802876,0),(10943,1797,23,'Completed',1577803145,0),(10944,1797,13,'Completed',1577803619,0),(10945,1797,3,'Completed',1577803702,0),(10946,1797,25,'Completed',1577803773,0),(10947,1797,5,'Completed',1577803954,0),(10948,1797,10,'Completed',1577804397,0),(10949,1797,14,'Completed',1577804483,0),(10950,1797,11,'Completed',1577804574,0),(10951,1797,24,'Completed',1577804655,0),(10957,1714,25,'Completed',1577828343,0),(10960,1714,5,'Completed',1578616186,0),(10963,1714,10,'Completed',1577916245,0),(10964,1770,9,'Completed',1577987070,0),(10965,1770,4,'Completed',1578008224,0),(10966,1770,7,'Completed',1578009060,0),(10967,1770,16,'Completed',1578015455,0),(10968,1770,23,'Completed',1578018003,0),(10969,1770,13,'Completed',1578019370,0),(10970,1714,14,'Completed',1578061477,0),(10971,1714,11,'Completed',1578061748,0),(10976,1770,3,'Completed',1578172419,0),(10977,1770,25,'Completed',1578173408,0),(10978,1770,5,'Completed',1578175246,0),(10979,1770,10,'Completed',1578175848,0),(10980,1770,14,'Completed',1578180154,0),(10981,1770,11,'Completed',1578180629,0),(10982,1770,24,'Completed',1578181354,0),(10983,1756,9,'Completed',1578504544,0),(10984,1756,4,'Completed',1578504893,0),(10985,1756,7,'Completed',1578505040,0),(10986,1756,16,'Completed',1578506354,0),(10987,1756,23,'Completed',1578508093,0),(10988,1756,13,'Completed',1578508982,0),(10989,1756,3,'Completed',1578509545,0),(10990,1756,25,'Completed',1578509961,0),(10991,1756,5,'Completed',1578512271,0),(10992,1756,10,'Completed',1578512609,0),(10993,1756,14,'Completed',1578512911,0),(10994,1756,11,'Completed',1578513103,0),(10995,1756,24,'Completed',1578514012,0),(10996,1714,24,'Completed',1578939691,0),(11026,1745,9,'Completed',1579270725,0),(11027,1745,4,'Completed',1579270812,0),(11028,1745,7,'Completed',1579270869,0),(11029,1745,16,'Completed',1579270926,0),(11030,1745,23,'Completed',1579271057,0),(11031,1745,13,'Completed',1579271146,0),(11032,1745,3,'Completed',1579271451,0),(11033,1745,25,'Completed',1579271758,0),(11034,1745,5,'Completed',1579271809,0),(11035,1745,10,'Completed',1579271937,0),(11036,1745,14,'Completed',1579271991,0),(11037,1745,11,'Completed',1579272051,0),(11038,1745,24,'Completed',1579272152,0),(11057,1830,9,'Completed',1581632766,0),(11058,1830,4,'Completed',1581632083,0),(11059,1830,7,'Completed',1581547601,0),(11060,1830,16,'Completed',1581631664,0),(11061,1830,23,'Completed',1581570038,0),(11062,1830,13,'Completed',1581548913,0),(11063,1830,3,'Completed',1581546955,0),(11064,1830,25,'Completed',1581633600,0),(11065,1830,5,'Completed',1581570686,0),(11066,1830,10,'Completed',1581547992,0),(11067,1830,14,'Completed',1581633886,0),(11068,1830,11,'Completed',1581631199,0),(11069,1830,24,'Completed',1581634197,0),(11119,1850,9,'Completed',1581342375,0),(11120,1850,4,'Completed',1581342758,0),(11121,1811,9,'Completed',1581363394,0),(11122,1811,4,'Completed',1581363140,0),(11123,1811,7,'Completed',1581363457,0),(11124,1811,16,'Completed',1581363513,0),(11125,1811,23,'Completed',1581364741,0),(11126,1811,13,'Completed',1581364863,0),(11127,1811,3,'Completed',1581365023,0),(11128,1811,25,'Completed',1581365571,0),(11129,1811,5,'Completed',1581365673,0),(11130,1811,10,'Completed',1581363024,0),(11131,1811,14,'Completed',1581365763,0),(11132,1811,11,'Completed',1581363324,0),(11133,1811,24,'Completed',1581363262,0),(11134,1850,25,'Completed',1581365744,0),(11135,1850,7,'Completed',1581366188,0),(11136,1851,9,'Completed',1581381136,0),(11137,1851,4,'Completed',1581381375,0),(11138,1851,23,'Completed',1581382319,0),(11139,1851,16,'Completed',1581382638,0),(11140,1851,13,'Completed',1581383065,0),(11141,1851,3,'Completed',1581383300,0),(11142,1851,14,'Completed',1581383592,0),(11143,1851,10,'Completed',1581383801,0),(11144,1851,24,'Completed',1581383954,0),(11145,1851,5,'Completed',1581384158,0),(11146,1851,25,'Completed',1581384517,0),(11147,1851,11,'Completed',1581384661,0),(11148,1851,7,'Completed',1581384837,0),(11151,1823,9,'Completed',1581604450,0),(11152,1823,4,'Completed',1581608402,0),(11153,1823,7,'Completed',1581608957,0),(11154,1823,16,'Completed',1581614627,0),(11155,1823,23,'Completed',1581615067,0),(11156,1823,13,'Completed',1581615611,0),(11157,1823,3,'Completed',1581617608,0),(11158,1823,25,'Completed',1581618357,0),(11159,1823,5,'Completed',1581619373,0),(11160,1823,10,'Completed',1581620089,0),(11161,1823,14,'Completed',1581620406,0),(11162,1823,11,'Completed',1581620445,0),(11163,1823,24,'Completed',1581620715,0),(11168,1853,9,'Completed',1581609770,0),(11169,1853,4,'Completed',1581609866,0),(11170,1853,7,'Completed',1581609935,0),(11171,1853,16,'Completed',1581609983,0),(11172,1853,23,'Completed',1581610097,0),(11173,1853,13,'Completed',1581610221,0),(11174,1853,3,'Completed',1581610316,0),(11175,1853,25,'Completed',1581610411,0),(11176,1853,5,'Completed',1581610469,0),(11177,1853,10,'Completed',1581610534,0),(11178,1853,14,'Completed',1581610579,0),(11179,1853,11,'Completed',1581610631,0),(11180,1853,24,'Completed',1581610747,0),(11181,1850,3,'Completed',1581615774,0),(11182,1850,14,'Completed',1581616348,0),(11183,1850,5,'Completed',1581616817,0),(11189,1819,9,'Completed',1581708600,0),(11190,1819,4,'Completed',1581709820,0),(11191,1819,7,'Completed',1581711069,0),(11192,1819,23,'Completed',1581889263,0),(11226,1819,16,'Completed',1581889676,0),(11227,1819,13,'Completed',1581890777,0),(11228,1819,3,'Completed',1581891570,0),(11229,1819,25,'Completed',1581893092,0),(11230,1819,5,'Completed',1581893412,0),(11231,1819,10,'Completed',1581893790,0),(11232,1819,11,'Completed',1581893918,0),(11233,1819,24,'Completed',1581894137,0),(11234,1819,14,'Completed',1581896743,0),(11246,1856,9,'Completed',1581967414,0),(11247,1856,4,'Completed',1581974709,0),(11248,1856,7,'Completed',1581974911,0),(11249,1856,16,'Completed',1581974988,0),(11250,1856,23,'Completed',1581975166,0),(11251,1856,13,'Completed',1581975259,0),(11252,1856,3,'Completed',1581975347,0),(11253,1856,25,'Completed',1581975416,0),(11254,1856,5,'Completed',1581975484,0),(11255,1856,10,'Completed',1581975642,0),(11256,1856,14,'Completed',1581975716,0),(11257,1856,11,'Completed',1581976045,0),(11258,1856,24,'Completed',1581976115,0),(11272,1839,9,'Completed',1582068273,0),(11273,1839,4,'Completed',1582068400,0),(11274,1839,7,'Completed',1582068492,0),(11275,1839,16,'Completed',1582068589,0),(11276,1839,23,'Completed',1582068801,0),(11277,1839,13,'Completed',1582068942,0),(11278,1839,3,'Completed',1582069067,0),(11279,1839,25,'Completed',1582069197,0),(11280,1839,5,'Completed',1582069318,0),(11281,1839,10,'Completed',1582069460,0),(11282,1839,14,'Completed',1582069612,0),(11283,1839,11,'Completed',1582069795,0),(11284,1839,24,'Completed',1582069938,0),(11286,1860,9,'Completed',1582314573,0),(11287,1860,4,'Completed',1582315009,0),(11288,1860,7,'Completed',1582315532,0),(11289,1861,7,'Completed',1582315946,0),(11290,1861,4,'Completed',1582475144,0),(11291,1860,16,'Completed',1582315919,0),(11292,1861,9,'Completed',1582474804,0),(11293,1861,16,'Completed',1582829665,0),(11294,1861,23,'Completed',1582474252,0),(11295,1861,13,'Completed',1582830680,0),(11296,1861,3,'Completed',1582317274,0),(11297,1861,25,'Completed',1582476478,0),(11298,1861,5,'Completed',1582317921,0),(11299,1861,10,'Completed',1582316832,0),(11300,1861,14,'Completed',1582480505,0),(11301,1861,11,'Completed',1582830852,0),(11302,1861,24,'Completed',1582491176,0),(11303,1860,13,'Completed',1582316827,0),(11304,1860,23,'Completed',1582318045,0),(11315,1834,9,'Completed',1583005046,0),(11331,1860,3,'Completed',1582509011,0),(11332,1860,25,'Completed',1582510168,0),(11333,1860,5,'Completed',1582510977,0),(11334,1860,10,'Completed',1582593506,0),(11335,1860,14,'Completed',1582593799,0),(11336,1860,11,'Completed',1584144415,0),(11350,1834,4,'Completed',1583005215,0),(11351,1834,7,'Completed',1583005372,0),(11352,1834,16,'Completed',1583005480,0),(11353,1834,23,'Completed',1583006013,0),(11354,1834,13,'Completed',1583006404,0),(11355,1834,3,'Completed',1583006608,0),(11356,1834,25,'Completed',1583006726,0),(11357,1834,5,'Completed',1583006851,0),(11358,1834,10,'Completed',1583006994,0),(11359,1834,14,'Completed',1583007107,0),(11360,1834,11,'Completed',1583007185,0),(11361,1834,24,'Completed',1583007367,0),(11362,1867,9,'Completed',1585029808,0),(11363,1844,9,'Completed',1583301433,0),(11364,1844,3,'Completed',1583318197,0),(11365,1844,13,'Completed',1583322594,0),(11366,1844,4,'Completed',1583403712,0),(11367,1844,4,'Completed',1583403712,0),(11368,1844,7,'Completed',1583404362,0),(11369,1844,16,'Completed',1583405025,0),(11370,1844,24,'Completed',1583406562,0),(11371,1844,23,'Completed',1583407595,0),(11372,1844,25,'Completed',1583408406,0),(11373,1844,5,'Completed',1583408816,0),(11374,1844,10,'Completed',1583409292,0),(11375,1844,14,'Completed',1583409538,0),(11376,1844,11,'Completed',1583409692,0),(11377,1866,9,'Completed',1583863071,0),(11378,1866,4,'Completed',1583863754,0),(11379,1866,7,'Completed',1583864178,0),(11380,1866,16,'Completed',1583864971,0),(11381,1866,23,'Completed',1585850536,0),(11382,1866,23,'Completed',1585850536,0),(11383,1866,13,'Completed',1583874844,0),(11384,1866,13,'In Progress',NULL,0),(11385,1860,24,'Completed',1584144950,0),(11399,1871,9,'Completed',1584548889,0),(11400,1871,4,'Completed',1584550088,0),(11401,1871,7,'Completed',1584550634,0),(11402,1871,16,'Completed',1584556390,0),(11403,1842,9,'Completed',1584559690,0),(11404,1842,4,'Completed',1584562186,0),(11405,1842,7,'Completed',1584582114,0),(11406,1842,16,'Completed',1584583381,0),(11407,1871,23,'Completed',1584629089,0),(11408,1871,13,'Completed',1584630467,0),(11409,1871,3,'Completed',1584631918,0),(11410,1871,25,'Completed',1584634526,0),(11411,1871,5,'Completed',1584635945,0),(11412,1871,10,'Completed',1584636187,0),(11413,1871,14,'Completed',1584636499,0),(11414,1871,11,'Completed',1584636590,0),(11415,1871,24,'Completed',1584636865,0),(11416,1865,9,'Completed',1584644534,0),(11417,1865,4,'Completed',1584644903,0),(11418,1865,7,'Completed',1584644974,0),(11419,1865,16,'Completed',1584645244,0),(11420,1865,23,'Completed',1584645461,0),(11421,1865,13,'Completed',1584645572,0),(11422,1865,3,'Completed',1584645887,0),(11423,1865,25,'Completed',1584645995,0),(11424,1886,9,'Completed',1584646178,0),(11425,1865,5,'Completed',1584646164,0),(11426,1865,10,'Completed',1584646265,0),(11427,1886,4,'Completed',1584650953,0),(11428,1865,14,'Completed',1584646330,0),(11429,1865,11,'Completed',1584646391,0),(11430,1865,24,'Completed',1584646482,0),(11431,1886,7,'Completed',1584651512,0),(11432,1886,16,'Completed',1585853425,0),(11433,1842,23,'Completed',1584673389,0),(11434,1842,13,'Completed',1585021188,0),(11435,1867,4,'Completed',1585030097,0),(11436,1867,7,'Completed',1585030277,0),(11437,1867,16,'Completed',1585030431,0),(11438,1867,23,'Completed',1585484830,0),(11453,1866,3,'Completed',1585423931,0),(11454,1866,25,'Completed',1585847510,0),(11455,1866,5,'Completed',1585841111,0),(11456,1866,10,'Completed',1585426853,0),(11457,1866,14,'Completed',1585427592,0),(11458,1866,11,'Completed',1585428141,0),(11459,1866,24,'Completed',1585844791,0),(11460,1866,24,'Completed',1585844791,0),(11461,1867,13,'Completed',1585485292,0),(11462,1867,3,'Completed',1585488523,0),(11463,1867,25,'Completed',1585488851,0),(11464,1867,5,'Completed',1585489147,0),(11465,1867,10,'Completed',1585489699,0),(11466,1867,14,'Completed',1585490009,0),(11467,1867,11,'Completed',1585490247,0),(11468,1867,24,'Completed',1585490705,0),(11469,1842,3,'Completed',1585619605,0),(11470,1842,25,'Completed',1585836591,0),(11471,1842,25,'Completed',1585836591,0),(11472,1842,5,'Completed',1585668775,0),(11473,1842,10,'Completed',1585669118,0),(11474,1842,14,'Completed',1585669622,0),(11475,1842,11,'Completed',1585669963,0),(11476,1842,24,'Completed',1585670447,0),(11477,1893,9,'Completed',1587014841,0),(11478,1884,9,'Completed',1585850524,0),(11479,1884,4,'Completed',1585850731,0),(11480,1884,7,'Completed',1585850837,0),(11481,1884,16,'Completed',1585850903,0),(11482,1884,23,'Completed',1585851047,0),(11483,1884,13,'Completed',1585851184,0),(11484,1884,3,'Completed',1585851291,0),(11485,1884,25,'Completed',1585851422,0),(11486,1884,5,'Completed',1585851500,0),(11487,1884,10,'Completed',1585851604,0),(11488,1884,14,'Completed',1585851658,0),(11489,1884,11,'Completed',1585851710,0),(11490,1884,24,'Completed',1585851913,0),(11491,1886,23,'Completed',1585854704,0),(11492,1886,13,'Completed',1586016008,0),(11493,1886,3,'Completed',1586016401,0),(11494,1886,25,'Completed',1589226951,0),(11495,1897,9,'Completed',1586143858,0),(11496,1897,4,'Completed',1586144021,0),(11497,1897,7,'Completed',1586144127,0),(11498,1897,16,'Completed',1586144334,0),(11499,1897,23,'Completed',1586144846,0),(11500,1897,13,'Completed',1586145052,0),(11501,1897,3,'Completed',1586145227,0),(11502,1897,25,'Completed',1586145530,0),(11503,1897,5,'Completed',1586145774,0),(11504,1897,10,'Completed',1586145920,0),(11505,1897,14,'Completed',1586146076,0),(11506,1897,11,'Completed',1586146164,0),(11507,1897,24,'Completed',1586146314,0),(11508,1890,9,'Completed',1586277882,0),(11509,1890,4,'Completed',1586280743,0),(11510,1890,4,'Completed',1586280743,0),(11511,1890,7,'Completed',1586284235,0),(11512,1890,16,'Completed',1586286175,0),(11513,1890,23,'Completed',1586290457,0),(11514,11,23,'In Progress',NULL,0),(11515,1890,13,'Completed',1586291531,0),(11516,1890,5,'Completed',1586300641,0),(11517,1890,3,'Completed',1586303384,0),(11518,1890,10,'Completed',1586305208,0),(11519,1890,25,'Completed',1586362266,0),(11520,1890,11,'Completed',1586363331,0),(11521,1890,14,'Completed',1586363802,0),(11522,1890,24,'Completed',1586366697,0),(11523,1872,9,'Completed',1586383706,0),(11524,1872,4,'Completed',1586384849,0),(11525,1872,7,'Completed',1586385791,0),(11526,1872,16,'Completed',1586386626,0),(11527,1872,23,'Completed',1586387051,0),(11528,1872,13,'Completed',1586387563,0),(11529,1872,3,'Completed',1586389723,0),(11530,1872,25,'Completed',1586390075,0),(11531,1872,5,'Completed',1586390482,0),(11532,1872,10,'Completed',1586391168,0),(11533,1872,14,'Completed',1586392068,0),(11534,1872,11,'Completed',1586392335,0),(11535,1872,24,'Completed',1586395896,0),(11536,1905,10,'Completed',1586439669,0),(11537,1905,14,'Completed',1586439794,0),(11538,1905,11,'Completed',1586439877,0),(11539,1905,5,'Completed',1586439981,0),(11540,1905,25,'Completed',1586440073,0),(11541,1905,7,'Completed',1586440138,0),(11542,1905,16,'Completed',1586440204,0),(11543,1905,13,'Completed',1586440336,0),(11544,1905,9,'Completed',1586440403,0),(11545,1905,4,'Completed',1586440487,0),(11546,1905,23,'Completed',1586440612,0),(11547,1905,3,'Completed',1586440709,0),(11548,1905,24,'Completed',1586440831,0),(11549,1903,9,'Completed',1586461322,0),(11550,1903,9,'In Progress',NULL,0),(11551,1903,4,'Completed',1586461461,0),(11552,1903,23,'Completed',1586461635,0),(11553,1903,13,'Completed',1586461816,0),(11554,1903,25,'Completed',1586461969,0),(11555,1903,5,'Completed',1586462072,0),(11556,1903,10,'Completed',1586462175,0),(11557,1903,14,'Completed',1586462257,0),(11558,1903,11,'Completed',1586462335,0),(11559,1903,24,'Completed',1586462504,0),(11560,1903,7,'Completed',1586540143,0),(11561,1875,9,'Completed',1586540666,0),(11562,1903,3,'Completed',1586540268,0),(11563,1903,16,'Completed',1586540732,0),(11564,1875,4,'Completed',1586540797,0),(11565,1875,7,'Completed',1586540847,0),(11566,1875,16,'Completed',1586541260,0),(11567,1875,23,'Completed',1586541414,0),(11568,1875,13,'Completed',1586541603,0),(11569,1875,3,'Completed',1586541866,0),(11570,1875,25,'Completed',1586542447,0),(11571,1875,5,'Completed',1586542621,0),(11572,1875,10,'Completed',1586542742,0),(11573,1875,14,'Completed',1586542836,0),(11574,1875,11,'Completed',1586542918,0),(11575,1875,24,'Completed',1586543189,0),(11576,1880,9,'Completed',1586617328,0),(11577,1880,4,'Completed',1586620737,0),(11578,1880,7,'Completed',1586624811,0),(11579,1880,16,'Completed',1586626844,0),(11580,1880,23,'Completed',1586629001,0),(11581,1880,13,'Completed',1586630188,0),(11582,1880,3,'Completed',1586631331,0),(11583,1880,25,'Completed',1586632522,0),(11584,1880,5,'Completed',1586633750,0),(11585,1880,10,'Completed',1586634250,0),(11586,1880,14,'Completed',1586635360,0),(11587,1880,11,'Completed',1586726795,0),(11588,1880,24,'Completed',1586728448,0),(11589,1873,9,'Completed',1586763774,0),(11590,1873,4,'Completed',1586764469,0),(11591,1873,7,'Completed',1586764927,0),(11592,1873,16,'Completed',1586765772,0),(11593,1873,23,'Completed',1586766393,0),(11594,1873,13,'Completed',1586766724,0),(11595,1873,3,'Completed',1586766945,0),(11596,1873,25,'Completed',1586767146,0),(11597,1873,5,'Completed',1586767347,0),(11598,1873,10,'Completed',1586768584,0),(11599,1873,14,'Completed',1586768805,0),(11600,1873,11,'Completed',1586768955,0),(11601,1873,24,'Completed',1586769817,0),(11603,1876,9,'Completed',1586889012,0),(11604,1876,4,'Completed',1586889510,0),(11605,1876,7,'Completed',1586890456,0),(11606,1876,16,'Completed',1586890569,0),(11607,1876,23,'Completed',1586891121,0),(11608,1876,13,'Completed',1586891434,0),(11609,1876,3,'Completed',1586891993,0),(11610,1876,25,'Completed',1586892142,0),(11611,1876,5,'Completed',1586892463,0),(11612,1910,9,'Completed',1586893477,0),(11613,1876,10,'Completed',1586892976,0),(11614,1876,14,'Completed',1586893080,0),(11615,1876,11,'Completed',1586893170,0),(11616,1876,24,'Completed',1586893307,0),(11617,1889,9,'Completed',1586991998,0),(11618,1889,4,'Completed',1586992582,0),(11619,1889,16,'Completed',1586994647,0),(11621,1889,7,'Completed',1586994749,0),(11622,1889,23,'Completed',1586994979,0),(11623,1889,13,'Completed',1586995182,0),(11624,1889,3,'Completed',1586996050,0),(11626,1889,25,'Completed',1587000757,0),(11627,1889,5,'Completed',1587000906,0),(11628,1889,10,'Completed',1587001052,0),(11629,1889,14,'Completed',1587001229,0),(11630,1889,11,'Completed',1587001416,0),(11631,1889,24,'Completed',1587001641,0),(11632,1893,4,'Completed',1588310252,0),(11633,1904,9,'Completed',1587026966,0),(11634,1904,4,'Completed',1587027430,0),(11635,1904,7,'Completed',1587027801,0),(11636,1904,16,'Completed',1587028179,0),(11637,1904,23,'Completed',1587029135,0),(11638,1904,13,'Completed',1587029429,0),(11639,1904,3,'Completed',1587029797,0),(11640,1904,25,'Completed',1587030101,0),(11641,1904,5,'Completed',1587030348,0),(11642,1904,10,'Completed',1587034647,0),(11643,1904,14,'Completed',1587034786,0),(11644,1904,11,'Completed',1587034952,0),(11645,1904,24,'Completed',1587035432,0),(11646,1913,9,'Completed',1587060944,0),(11647,1913,4,'Completed',1587130855,0),(11648,1910,4,'Completed',1587063533,0),(11649,1910,7,'Completed',1587065892,0),(11650,1910,16,'Completed',1587066475,0),(11651,1910,23,'Completed',1587069284,0),(11652,1913,7,'Completed',1587131155,0),(11653,1913,16,'Completed',1587131336,0),(11654,1913,23,'Completed',1587475053,0),(11655,1902,9,'Completed',1587212285,0),(11656,1902,4,'Completed',1587212599,0),(11657,1902,7,'Completed',1587212809,0),(11658,1902,16,'Completed',1587212899,0),(11659,1902,23,'Completed',1587213572,0),(11660,1902,13,'Completed',1587213828,0),(11661,1902,3,'Completed',1587214008,0),(11662,1902,25,'Completed',1587214653,0),(11663,1902,5,'Completed',1587214765,0),(11664,1902,10,'Completed',1587214995,0),(11665,1902,14,'Completed',1587215334,0),(11666,1902,11,'Completed',1587215407,0),(11667,1902,24,'Completed',1587215522,0),(11668,1913,13,'Completed',1587234131,0),(11669,1913,3,'Completed',1587234626,0),(11670,1913,25,'Completed',1587475443,0),(11671,1913,5,'Completed',1587475664,0),(11672,1913,10,'Completed',1587252900,0),(11682,1910,13,'Completed',1587402977,0),(11683,1910,3,'Completed',1587403809,0),(11684,1910,25,'Completed',1587404397,0),(11685,1910,5,'Completed',1587404929,0),(11686,1910,10,'Completed',1587415461,0),(11687,1877,9,'Completed',1587416629,0),(11688,1877,4,'Completed',1587416721,0),(11689,1877,7,'Completed',1587416802,0),(11690,1877,16,'Completed',1587416880,0),(11691,1877,23,'Completed',1587417064,0),(11692,1877,13,'Completed',1587417175,0),(11693,1877,3,'Completed',1587417259,0),(11694,1877,25,'Completed',1587417326,0),(11695,1877,5,'Completed',1587417413,0),(11696,1877,10,'Completed',1587417509,0),(11697,1877,14,'Completed',1587417582,0),(11698,1877,11,'Completed',1587417628,0),(11699,1877,24,'Completed',1587417706,0),(11700,1910,14,'Completed',1587415857,0),(11701,1910,11,'Completed',1587485689,0),(11702,1678,9,'Completed',1587428015,0),(11703,1678,24,'Completed',1587428962,0),(11704,1678,4,'Completed',1587430500,0),(11705,1913,14,'Completed',1587475787,0),(11706,1913,14,'Completed',1587475787,0),(11707,1913,11,'Completed',1587468913,0),(11708,1913,24,'Completed',1587469085,0),(11715,1910,24,'Completed',1587486011,0),(11718,1887,9,'Completed',1587584059,0),(11719,1887,4,'Completed',1587584501,0),(11720,1887,7,'Completed',1587593955,0),(11721,1887,16,'Completed',1587594179,0),(11722,1887,23,'Completed',1587595670,0),(11723,1887,13,'Completed',1587596591,0),(11724,1887,3,'Completed',1587599038,0),(11725,1887,25,'Completed',1587604401,0),(11726,1887,5,'Completed',1587604666,0),(11727,1887,10,'Completed',1587604871,0),(11728,1887,14,'Completed',1587605077,0),(11729,1887,11,'Completed',1587605495,0),(11730,1887,24,'Completed',1587605999,0),(11731,1678,7,'Completed',1587650115,0),(11732,1678,16,'Completed',1587650371,0),(11733,1678,11,'Completed',1587650669,0),(11734,1678,25,'Completed',1587651143,0),(11735,1678,14,'Completed',1587651451,0),(11736,1678,3,'Completed',1587651770,0),(11737,1678,10,'Completed',1587663276,0),(11738,1678,13,'Completed',1587664865,0),(11739,1678,5,'Completed',1587665189,0),(11740,1678,23,'Completed',1587664220,0),(11746,1886,5,'Completed',1587994345,0),(11747,1886,10,'Completed',1587996782,0),(11748,1886,14,'Completed',1587998362,0),(11749,1886,11,'Completed',1588192663,0),(11750,1917,9,'Completed',1588059531,0),(11751,1917,4,'Completed',1588060363,0),(11752,1917,7,'Completed',1588061308,0),(11753,1917,16,'Completed',1588061528,0),(11754,1917,23,'Completed',1588063324,0),(11755,1917,13,'Completed',1588064352,0),(11756,1917,3,'Completed',1588065067,0),(11757,1917,25,'Completed',1588066048,0),(11758,1917,5,'Completed',1588139445,0),(11759,1917,10,'Completed',1588140253,0),(11760,1917,14,'Completed',1588141169,0),(11761,1917,11,'Completed',1588141364,0),(11762,1917,24,'Completed',1588141952,0),(11763,1886,24,'Completed',1588193097,0),(11764,1879,9,'Completed',1588296883,0),(11765,1879,4,'Completed',1588297122,0),(11766,1879,7,'Completed',1588297256,0),(11767,1879,16,'Completed',1588297490,0),(11768,1879,23,'Completed',1588297770,0),(11769,1879,13,'Completed',1588298029,0),(11770,1879,3,'Completed',1588298314,0),(11771,1879,25,'Completed',1588298610,0),(11772,1879,5,'Completed',1588298818,0),(11773,1879,10,'Completed',1588299022,0),(11774,1879,14,'Completed',1588299145,0),(11775,1879,11,'Completed',1588299255,0),(11776,1879,24,'Completed',1588299492,0),(11777,1893,7,'Completed',1588310876,0),(11778,1893,16,'Completed',1588311650,0),(11779,1893,23,'Completed',1588313169,0),(11780,1893,13,'Completed',1589299434,0),(11781,1919,9,'Completed',1588391256,0),(11782,1919,4,'Completed',1588391352,0),(11783,1919,7,'Completed',1588391413,0),(11784,1919,16,'Completed',1588391468,0),(11785,1919,23,'Completed',1588391607,0),(11786,1919,13,'Completed',1588391704,0),(11787,1919,3,'Completed',1588391782,0),(11788,1919,25,'Completed',1588391877,0),(11789,1919,5,'Completed',1588391934,0),(11790,1919,10,'Completed',1588391991,0),(11791,1919,14,'Completed',1588392080,0),(11792,1919,11,'Completed',1588392125,0),(11793,1919,24,'Completed',1588392219,0),(11794,1926,9,'Completed',1588652818,0),(11795,1926,4,'Completed',1588653085,0),(11796,1926,7,'Completed',1588653164,0),(11797,1926,16,'Completed',1588653246,0),(11798,1926,23,'Completed',1588653392,0),(11799,1926,13,'Completed',1588653523,0),(11800,1926,3,'Completed',1588653661,0),(11801,1926,25,'Completed',1588653766,0),(11802,1926,5,'Completed',1588653850,0),(11803,1926,10,'Completed',1588653947,0),(11804,1926,14,'Completed',1588654025,0),(11805,1926,11,'Completed',1588654091,0),(11806,1926,24,'Completed',1588654171,0),(11833,1713,3,'Completed',1588963002,0),(11834,1931,9,'Completed',1589229460,0),(11835,1931,4,'Completed',1589289712,0),(11836,1931,7,'Completed',1589295622,0),(11837,1931,16,'Completed',1589297032,0),(11838,1931,23,'Completed',1589302660,0),(11839,1893,3,'Completed',1589299703,0),(11840,1893,25,'Completed',1589299768,0),(11841,1893,5,'Completed',1589299828,0),(11842,1893,10,'Completed',1589299905,0),(11843,1893,14,'Completed',1589299944,0),(11844,1893,11,'Completed',1589299985,0),(11845,1893,24,'Completed',1589300095,0),(11846,1931,13,'Completed',1589313149,0),(11847,1931,3,'Completed',1589316391,0),(11848,1931,25,'Completed',1589898122,0),(11849,1934,9,'Completed',1589383167,0),(11850,1934,4,'Completed',1589383607,0),(11851,1934,7,'Completed',1589383856,0),(11852,1934,16,'Completed',1589384243,0),(11853,1934,23,'Completed',1589384866,0),(11854,1934,13,'Completed',1589390005,0),(11855,1934,3,'Completed',1589460912,0),(11856,1934,25,'Completed',1589461089,0),(11857,1934,5,'Completed',1589461239,0),(11858,1934,10,'Completed',1589463569,0),(11859,1934,14,'Completed',1589463693,0),(11860,1934,11,'Completed',1589463828,0),(11861,1934,24,'Completed',1589463943,0),(11875,1938,9,'Completed',1589571183,0),(11876,1938,4,'Completed',1589576229,0),(11877,1931,5,'Completed',1589903827,0),(11878,1931,10,'Completed',1589904824,0),(11879,1931,14,'Completed',1590690084,0),(11880,1888,9,'Completed',1589996233,0),(11881,1888,4,'Completed',1589996446,0),(11882,1888,7,'Completed',1589997550,0),(11883,1888,16,'Completed',1589998710,0),(11884,1888,23,'Completed',1589999043,0),(11885,1888,13,'Completed',1589999240,0),(11886,1888,3,'Completed',1589999362,0),(11887,1888,25,'Completed',1589999605,0),(11888,1888,5,'Completed',1589999786,0),(11889,1888,10,'Completed',1589999927,0),(11890,1888,14,'Completed',1590000022,0),(11891,1888,11,'Completed',1590000147,0),(11892,1888,24,'Completed',1590000298,0),(11893,1937,9,'Completed',1590589847,0),(11894,1945,9,'Completed',1590524006,0),(11895,1945,4,'Completed',1590525791,0),(11896,1945,7,'Completed',1590527133,0),(11897,1945,16,'Completed',1590527591,0),(11898,1945,23,'Completed',1590529235,0),(11899,1945,13,'Completed',1590529723,0),(11900,1945,25,'Completed',1590608095,0),(11901,1937,4,'Completed',1590700512,0),(11902,1937,23,'Completed',1590699504,0),(11903,1937,5,'Completed',1590605669,0),(11904,1937,25,'Completed',1590769393,0),(11905,1937,11,'Completed',1590615158,0),(11906,1945,3,'Completed',1590609380,0),(11907,1945,5,'Completed',1590697067,0),(11908,1899,9,'Completed',1590673190,0),(11909,1899,4,'Completed',1590673914,0),(11910,1899,7,'Completed',1590674364,0),(11911,1899,16,'Completed',1590674853,0),(11912,1899,23,'Completed',1590677205,0),(11913,1937,7,'Completed',1590771364,0),(11914,1937,16,'Completed',1590767448,0),(11915,1937,13,'Completed',1590701990,0),(11916,1937,3,'Completed',1590679097,0),(11917,1937,10,'Completed',1590766363,0),(11918,1899,13,'Completed',1590678875,0),(11919,1937,14,'Completed',1590764848,0),(11920,1937,24,'Completed',1590770876,0),(11921,1931,11,'Completed',1590690678,0),(11922,1931,24,'Completed',1591114283,0),(11923,1899,3,'Completed',1590694009,0),(11924,1899,25,'Completed',1590696674,0),(11925,1899,5,'Completed',1590697339,0),(11926,1945,10,'Completed',1590697579,0),(11927,1945,14,'Completed',1590697764,0),(11928,1899,11,'Completed',1590698193,0),(11929,1945,11,'Completed',1590697922,0),(11930,1945,24,'Completed',1590698530,0),(11931,1899,10,'Completed',1590698919,0),(11932,1899,14,'Completed',1590700239,0),(11933,1899,24,'Completed',1590702409,0),(11934,1955,9,'Completed',1591213605,0),(11935,1955,4,'Completed',1591215770,0),(11936,1955,7,'Completed',1591216056,0),(11937,1955,16,'Completed',1591216469,0),(11938,1955,23,'Completed',1591300564,0),(11939,1955,13,'Completed',1591299279,0),(11940,1955,3,'Completed',1591300092,0),(11941,1949,9,'Completed',1591304992,0),(11942,1949,4,'Completed',1591306472,0),(11943,1949,7,'Completed',1591308785,0),(11944,1949,7,'Completed',1591308785,0),(11945,1949,16,'Completed',1591309456,0),(11946,1949,23,'Completed',1591316139,0),(11947,1949,13,'Completed',1591316621,0),(11948,1949,3,'Completed',1591317037,0),(11949,1949,25,'Completed',1591317208,0),(11950,1949,5,'Completed',1591317391,0),(11951,1949,10,'Completed',1591317564,0),(11952,1949,14,'Completed',1591317783,0),(11953,1949,11,'Completed',1591317836,0),(11954,1949,24,'Completed',1591318336,0),(11955,1955,25,'Completed',1591300301,0),(11956,1955,5,'Completed',1591367832,0),(11957,1955,10,'Completed',1591368471,0),(11958,1955,14,'Completed',1591368746,0),(11959,1955,11,'Completed',1591374965,0),(11960,1955,24,'Completed',1591374790,0),(11961,1936,9,'Completed',1591823427,0),(11962,1936,4,'Completed',1591830639,0),(11963,1936,7,'Completed',1591831181,0),(11964,1936,16,'Completed',1591831708,0),(11965,1936,23,'Completed',1591833030,0),(11966,1936,13,'Completed',1591834473,0),(11967,1936,25,'Completed',1591835559,0),(11968,1965,9,'Completed',1591882901,0),(11969,1965,4,'Completed',1591883250,0),(11970,1965,7,'Completed',1591883795,0),(11971,1965,16,'Completed',1591883996,0),(11972,1965,23,'Completed',1591884621,0),(11973,1965,13,'Completed',1591884943,0),(11974,1965,3,'Completed',1591886023,0),(11975,1965,25,'Completed',1591886965,0),(11976,1965,5,'Completed',1591887163,0),(11977,1965,10,'Completed',1591887418,0),(11978,1965,14,'Completed',1591887578,0),(11979,1965,11,'Completed',1591887728,0),(11980,1965,24,'Completed',1591888596,0),(11981,1930,9,'Completed',1591985810,0),(11982,1943,9,'Completed',1596722673,0),(11983,1936,3,'Completed',1591985057,0),(11984,1943,4,'Completed',1591985708,0),(11985,1943,4,'Completed',1591985708,0),(11986,1943,7,'Completed',1591986962,0),(11987,1943,16,'Completed',1597326861,0),(11988,1943,23,'Completed',1597425750,0),(11989,1943,13,'In Progress',NULL,0),(11990,1943,3,'Completed',1591984775,0),(11991,1943,25,'Completed',1597418244,0),(11992,1943,5,'Completed',1591986425,0),(11993,1943,10,'Completed',1597413978,0),(11994,1943,14,'Completed',1597327309,0),(11995,1943,11,'Completed',1597327151,0),(11996,1943,24,'Completed',1597327028,0),(11997,1933,9,'Completed',1591984755,0),(11998,1933,4,'Completed',1591985070,0),(11999,1936,5,'Completed',1591988024,0),(12000,1933,7,'Completed',1591985502,0),(12001,1933,16,'Completed',1591985878,0),(12002,1933,14,'Completed',1591986297,0),(12003,1930,4,'Completed',1592081921,0),(12004,1933,10,'Completed',1591987104,0),(12005,1933,24,'Completed',1591987470,0),(12006,1966,9,'Completed',1591993646,0),(12007,1966,4,'Completed',1591994501,0),(12008,1966,7,'Completed',1591995000,0),(12009,1966,16,'Completed',1592228980,0),(12010,1936,10,'Completed',1592002238,0),(12011,1936,11,'Completed',1592012536,0),(12012,1936,14,'Completed',1592013417,0),(12013,1936,24,'Completed',1592014115,0),(12014,1930,7,'Completed',1592110434,0),(12015,1930,16,'Completed',1592689079,0),(12016,1930,16,'Completed',1592689079,0),(12017,1930,23,'Completed',1592185525,0),(12018,1930,13,'Completed',1592189043,0),(12019,1930,25,'Completed',1592529229,0),(12020,1966,23,'Completed',1592230068,0),(12021,1966,13,'Completed',1592231666,0),(12022,1966,3,'Completed',1592232781,0),(12023,1966,25,'Completed',1592427261,0),(12024,1966,5,'Completed',1592423609,0),(12025,1966,10,'Completed',1592424176,0),(12026,1966,14,'Completed',1592425504,0),(12027,1966,11,'Completed',1592425828,0),(12028,1966,24,'Completed',1592426784,0),(12029,1930,5,'Completed',1592534668,0),(12030,1938,7,'Completed',1592532064,0),(12031,1938,16,'Completed',1592532401,0),(12032,1938,23,'Completed',1592533150,0),(12033,1930,10,'Completed',1592639595,0),(12034,1959,9,'Completed',1592582805,0),(12035,1959,4,'Completed',1592583258,0),(12036,1959,7,'Completed',1592583698,0),(12037,1959,24,'Completed',1592584100,0),(12038,1959,16,'Completed',1592584624,0),(12039,1959,23,'Completed',1592585646,0),(12040,1959,13,'Completed',1592586419,0),(12041,1959,3,'Completed',1592586608,0),(12042,1938,13,'Completed',1592587138,0),(12043,1959,25,'Completed',1592586929,0),(12044,1959,5,'Completed',1592587386,0),(12045,1959,10,'Completed',1592587585,0),(12046,1959,14,'Completed',1592587752,0),(12047,1959,11,'Completed',1592587851,0),(12048,1944,9,'Completed',1592715490,0),(12049,1938,3,'Completed',1592632509,0),(12050,1938,25,'Completed',1592632855,0),(12051,1938,5,'Completed',1592633222,0),(12052,1938,10,'Completed',1592633514,0),(12053,1938,14,'Completed',1592633654,0),(12054,1938,11,'Completed',1592633899,0),(12055,1938,24,'Completed',1592634196,0),(12056,1930,3,'Completed',1592641908,0),(12057,1930,14,'Completed',1592680811,0),(12058,1930,11,'Completed',1592681721,0),(12059,1930,24,'Completed',1592687756,0),(12060,1944,4,'Completed',1592715702,0),(12061,1944,7,'Completed',1592715845,0),(12062,1944,16,'Completed',1592715989,0),(12063,1944,23,'Completed',1592716449,0),(12064,1944,13,'Completed',1592717145,0),(12065,1944,3,'Completed',1592717474,0),(12066,1944,25,'Completed',1592718042,0),(12067,1944,5,'Completed',1592718421,0),(12068,1944,10,'Completed',1592718794,0),(12069,1944,14,'Completed',1592719071,0),(12070,1944,11,'Completed',1592719240,0),(12071,1944,24,'Completed',1592719616,0),(12077,1969,9,'Completed',1593020617,0),(12078,1969,4,'Completed',1593021649,0),(12079,1969,7,'Completed',1593102856,0),(12080,1969,16,'Completed',1593104444,0),(12081,1969,23,'Completed',1593106889,0),(12082,1969,13,'Completed',1593108116,0),(12083,1964,9,'Completed',1593180139,0),(12084,1964,4,'Completed',1593180437,0),(12085,1933,23,'Completed',1595433284,0),(12086,1964,7,'Completed',1593180600,0),(12087,1964,16,'Completed',1593180700,0),(12088,1964,23,'Completed',1593180950,0),(12089,1964,13,'Completed',1593181089,0),(12090,1964,3,'Completed',1593181229,0),(12091,1964,25,'Completed',1593181377,0),(12092,1964,5,'Completed',1593181498,0),(12093,1964,10,'Completed',1593181588,0),(12094,1964,14,'Completed',1593181656,0),(12095,1964,11,'Completed',1593181719,0),(12096,1964,24,'Completed',1593182028,0),(12097,1977,11,'In Progress',NULL,0),(12098,1980,9,'Completed',1593189293,0),(12099,1980,4,'Completed',1593703276,0),(12100,1980,7,'Completed',1593630882,0),(12101,1980,16,'Completed',1593455486,0),(12102,1980,23,'Completed',1593461978,0),(12103,1980,13,'Completed',1593547600,0),(12104,1980,3,'Completed',1593622731,0),(12105,1980,25,'Completed',1593539854,0),(12106,1980,5,'Completed',1593707426,0),(12107,1980,10,'Completed',1593626639,0),(12108,1980,14,'Completed',1593700045,0),(12109,1980,11,'Completed',1593701638,0),(12110,1980,24,'Completed',1593706999,0),(12111,886,4,'Completed',1593265747,0),(12112,886,9,'Completed',1593285890,0),(12113,1947,9,'Completed',1593612578,0),(12114,1947,4,'Completed',1593612860,0),(12115,1935,9,'Completed',1593616245,0),(12116,1935,4,'Completed',1593616960,0),(12117,1935,7,'Completed',1593617341,0),(12118,1935,16,'Completed',1593635985,0),(12119,1935,23,'Completed',1593618352,0),(12120,1935,13,'Completed',1593637636,0),(12121,1935,3,'Completed',1593638562,0),(12122,1935,25,'Completed',1594296772,0),(12123,1935,5,'Completed',1594297993,0),(12124,1935,10,'Completed',1594299164,0),(12125,1935,14,'Completed',1594299895,0),(12126,1935,11,'Completed',1594300755,0),(12127,1935,24,'Completed',1594301486,0),(12128,1946,9,'Completed',1593712919,0),(12129,1933,13,'Completed',1593634434,0),(12130,1933,3,'Completed',1593634729,0),(12131,1933,25,'Completed',1593635426,0),(12132,1933,5,'Completed',1593635764,0),(12133,1933,11,'Completed',1593635935,0),(12134,1921,7,'Completed',1593636580,0),(12135,1921,3,'Completed',1593636694,0),(12136,1921,16,'Completed',1593636806,0),(12137,1921,9,'Completed',1593636885,0),(12138,1921,4,'Completed',1593636997,0),(12139,1921,23,'Completed',1593637156,0),(12140,1921,13,'Completed',1593637292,0),(12141,1921,25,'Completed',1593637397,0),(12142,1921,5,'Completed',1593637500,0),(12143,1921,10,'Completed',1593637597,0),(12144,1921,14,'Completed',1593637667,0),(12145,1921,11,'Completed',1593637739,0),(12146,1921,24,'Completed',1593637849,0),(12147,1974,9,'Completed',1593708356,0),(12148,1974,4,'Completed',1593708626,0),(12149,1974,7,'Completed',1593708706,0),(12150,1974,16,'Completed',1593708770,0),(12151,1974,23,'Completed',1593708904,0),(12152,1974,13,'Completed',1593709183,0),(12153,1974,3,'Completed',1593709772,0),(12154,1974,25,'Completed',1593712107,0),(12155,1974,5,'Completed',1593712472,0),(12156,1974,10,'Completed',1593712664,0),(12157,1974,14,'Completed',1593713030,0),(12158,1974,11,'Completed',1593713138,0),(12159,1974,24,'Completed',1593713294,0),(12160,1946,4,'Completed',1593714229,0),(12161,1946,7,'Completed',1593715329,0),(12162,1946,16,'Completed',1593716097,0),(12163,1946,23,'Completed',1594864549,0),(12164,1946,13,'Completed',1594864112,0),(12165,1967,9,'Completed',1594124528,0),(12166,1967,4,'Completed',1594157352,0),(12167,1967,7,'Completed',1594159219,0),(12168,1967,16,'Completed',1594160707,0),(12169,1967,23,'Completed',1594643317,0),(12170,1988,9,'Completed',1594223029,0),(12171,1988,4,'Completed',1594223178,0),(12172,1988,7,'Completed',1594223266,0),(12173,1988,16,'Completed',1594223440,0),(12174,1988,23,'Completed',1594223557,0),(12175,1988,13,'Completed',1594223689,0),(12176,1988,3,'Completed',1594223824,0),(12177,1988,25,'Completed',1594223907,0),(12178,1988,5,'Completed',1594223984,0),(12179,1988,10,'Completed',1594224205,0),(12180,1988,14,'Completed',1594224294,0),(12181,1988,11,'Completed',1594224665,0),(12182,1988,24,'Completed',1594223386,0),(12183,1923,9,'Completed',1594230797,0),(12184,1923,4,'Completed',1594231202,0),(12185,1923,11,'Completed',1594231877,0),(12186,1990,9,'Completed',1595513220,0),(12187,1923,7,'Completed',1594232063,0),(12188,1923,24,'Completed',1594233064,0),(12189,1923,16,'Completed',1594233302,0),(12190,1923,23,'Completed',1594233645,0),(12191,1923,13,'Completed',1594233831,0),(12192,1923,3,'Completed',1594233987,0),(12193,1923,25,'Completed',1594234256,0),(12194,1923,5,'Completed',1594234429,0),(12195,1923,10,'Completed',1594234530,0),(12196,1923,14,'Completed',1594234612,0),(12197,1950,9,'Completed',1594237257,0),(12198,1950,4,'Completed',1594237453,0),(12199,1950,7,'Completed',1594237653,0),(12200,1950,7,'Completed',1594237653,0),(12201,1950,16,'Completed',1594237764,0),(12202,1950,23,'Completed',1594238206,0),(12203,1950,13,'Completed',1594238549,0),(12204,1950,3,'Completed',1594238791,0),(12205,1950,25,'Completed',1594239186,0),(12206,1950,5,'Completed',1594239327,0),(12207,1950,10,'Completed',1594239454,0),(12208,1950,14,'Completed',1594239582,0),(12209,1950,11,'Completed',1594239662,0),(12210,1950,24,'Completed',1594239757,0),(12211,1967,13,'Completed',1594643666,0),(12212,1891,9,'Completed',1594412870,0),(12213,1891,4,'Completed',1594412982,0),(12214,1891,7,'Completed',1594413050,0),(12215,1891,16,'Completed',1594413134,0),(12216,1891,23,'Completed',1594413254,0),(12217,1891,13,'Completed',1594413365,0),(12218,1891,3,'Completed',1594413471,0),(12219,1891,25,'Completed',1594413565,0),(12220,1891,5,'Completed',1594413681,0),(12221,1891,10,'Completed',1594413914,0),(12222,1891,14,'Completed',1594414004,0),(12223,1891,11,'Completed',1594414067,0),(12224,1891,24,'Completed',1594414152,0),(12225,1989,9,'Completed',1594421703,0),(12226,1989,4,'Completed',1594421971,0),(12227,1989,7,'Completed',1594422172,0),(12228,1948,16,'Completed',1594422251,0),(12229,1948,7,'Completed',1594422376,0),(12230,1948,4,'Completed',1594422551,0),(12231,1989,16,'Completed',1594422519,0),(12232,1989,16,'Completed',1594422519,0),(12233,1975,23,'Completed',1594422871,0),(12234,1975,25,'Completed',1594423053,0),(12235,1989,23,'Completed',1594423233,0),(12236,1975,11,'Completed',1594423168,0),(12237,1975,3,'Completed',1594423384,0),(12238,1989,13,'Completed',1594423418,0),(12239,1989,13,'Completed',1594423418,0),(12240,1975,4,'Completed',1594423515,0),(12241,1975,7,'Completed',1594423615,0),(12242,1975,16,'Completed',1594423699,0),(12243,1975,9,'Completed',1594423794,0),(12244,1989,3,'Completed',1594424063,0),(12245,1989,25,'Completed',1594424195,0),(12246,1975,13,'Completed',1594423969,0),(12247,1975,10,'Completed',1594424104,0),(12248,1975,14,'Completed',1594424189,0),(12249,1975,24,'Completed',1594424467,0),(12250,1989,5,'Completed',1594424363,0),(12251,1989,10,'Completed',1594424480,0),(12252,1975,5,'Completed',1594424584,0),(12253,1989,14,'Completed',1594424603,0),(12254,1989,11,'Completed',1594424684,0),(12255,1989,24,'Completed',1594424905,0),(12256,1948,9,'Completed',1594430733,0),(12257,1948,23,'Completed',1595433214,0),(12258,1948,13,'Completed',1595433651,0),(12259,1967,3,'Completed',1594644078,0),(12260,1967,25,'Completed',1594645246,0),(12261,1967,5,'Completed',1594645531,0),(12262,1967,10,'Completed',1594645951,0),(12263,1967,14,'Completed',1594646187,0),(12264,1967,11,'Completed',1594646412,0),(12265,1967,24,'Completed',1594647212,0),(12266,1996,9,'Completed',1594829208,0),(12267,1996,4,'Completed',1594829319,0),(12268,1996,7,'Completed',1594829532,0),(12269,1996,16,'Completed',1594829595,0),(12270,1996,23,'Completed',1594829707,0),(12271,1996,13,'Completed',1594829816,0),(12272,1996,3,'Completed',1594830080,0),(12273,1996,25,'Completed',1594831316,0),(12274,1996,5,'Completed',1594831712,0),(12275,1996,10,'Completed',1594832100,0),(12276,1996,14,'Completed',1594832174,0),(12277,1996,11,'Completed',1594832249,0),(12278,1996,24,'Completed',1594832363,0),(12279,1946,3,'Completed',1594864959,0),(12280,1946,25,'Completed',1594903849,0),(12281,1946,5,'Completed',1594904020,0),(12282,1946,10,'Completed',1594904222,0),(12283,1946,14,'Completed',1594904414,0),(12284,1946,11,'Completed',1594904551,0),(12285,1946,24,'Completed',1594904754,0),(12286,1983,9,'Completed',1594917292,0),(12287,1983,4,'Completed',1594917563,0),(12288,1983,7,'Completed',1594917918,0),(12289,1983,16,'Completed',1594918123,0),(12290,1983,23,'Completed',1595012192,0),(12291,1983,13,'Completed',1595012550,0),(12292,1983,3,'Completed',1595012856,0),(12293,1983,25,'Completed',1595340745,0),(12294,1983,5,'Completed',1595340953,0),(12295,1983,10,'Completed',1595341112,0),(12296,1983,14,'Completed',1595341215,0),(12297,1983,11,'Completed',1595341299,0),(12298,1983,24,'Completed',1595341461,0),(12299,1735,4,'Completed',1595354084,0),(12300,1735,5,'In Progress',NULL,0),(12301,1956,9,'Completed',1596640477,0),(12302,1948,3,'Completed',1595446860,0),(12303,1948,25,'Completed',1595446339,0),(12304,1995,10,'Completed',1595443081,0),(12305,1995,14,'Completed',1595443187,0),(12306,1995,11,'Completed',1595443370,0),(12307,1995,5,'Completed',1595443621,0),(12308,1995,25,'Completed',1595445163,0),(12309,1995,7,'Completed',1595445285,0),(12310,1995,16,'Completed',1595445402,0),(12311,1995,13,'Completed',1595445553,0),(12312,1995,9,'Completed',1595445666,0),(12313,1995,4,'Completed',1595445757,0),(12314,1995,23,'Completed',1595445890,0),(12315,1995,3,'Completed',1595446058,0),(12316,1995,24,'Completed',1595446284,0),(12317,1948,5,'Completed',1595459607,0),(12318,1948,10,'Completed',1595459762,0),(12319,1948,14,'Completed',1595460004,0),(12320,1948,11,'Completed',1595460197,0),(12321,1948,24,'Completed',1595461166,0),(12322,1994,9,'Completed',1595478552,0),(12323,1994,23,'Completed',1595613586,0),(12324,1990,4,'Completed',1595513437,0),(12325,1990,23,'Completed',1595513561,0),(12326,1990,3,'Completed',1595513668,0),(12327,1990,24,'Completed',1595513789,0),(12328,1990,10,'Completed',1595513877,0),(12329,1990,14,'Completed',1595513954,0),(12330,1990,11,'Completed',1595514042,0),(12331,1990,5,'Completed',1595514133,0),(12332,1990,25,'Completed',1595514235,0),(12333,1990,7,'Completed',1595514342,0),(12334,1990,16,'Completed',1595514404,0),(12335,1990,13,'Completed',1595514510,0),(12336,1848,10,'Completed',1595536566,0),(12337,1848,14,'Completed',1595536731,0),(12338,1848,11,'Completed',1595536859,0),(12339,1848,5,'Completed',1595538113,0),(12340,1848,25,'Completed',1595538458,0),(12341,1848,7,'Completed',1595538679,0),(12342,1848,16,'Completed',1595538779,0),(12343,1848,13,'Completed',1595539197,0),(12344,1848,9,'Completed',1595539360,0),(12345,1848,4,'Completed',1595539586,0),(12346,1848,23,'Completed',1595539811,0),(12347,1848,3,'Completed',1595540148,0),(12348,1848,24,'Completed',1595540699,0),(12349,1994,4,'Completed',1595614022,0),(12350,1994,7,'Completed',1595614399,0),(12351,1994,25,'Completed',1595615189,0),(12352,1994,16,'Completed',1596079405,0),(12353,1994,13,'Completed',1596075887,0),(12354,1994,3,'Completed',1596076581,0),(12355,1994,5,'Completed',1596077434,0),(12356,1994,10,'Completed',1596077926,0),(12357,1994,14,'Completed',1596078468,0),(12358,1994,24,'Completed',1596078852,0),(12359,1994,11,'Completed',1596079148,0),(12360,2010,9,'Completed',1596155428,0),(12361,2010,4,'Completed',1596155967,0),(12362,2010,7,'Completed',1596156255,0),(12363,2010,16,'Completed',1596156645,0),(12364,2010,23,'Completed',1596157349,0),(12365,2010,13,'Completed',1596157802,0),(12366,2010,3,'Completed',1597080639,0),(12367,2016,9,'Completed',1596497268,0),(12368,2016,4,'Completed',1596498037,0),(12369,2016,7,'Completed',1596498376,0),(12370,2016,16,'Completed',1596498642,0),(12371,2016,23,'Completed',1596499991,0),(12372,2016,13,'Completed',1596500449,0),(12373,2004,9,'Completed',1596507188,0),(12374,2004,4,'Completed',1596510418,0),(12375,2004,7,'Completed',1596511050,0),(12376,2004,16,'Completed',1596511411,0),(12377,2004,23,'Completed',1596512315,0),(12378,2004,13,'Completed',1596514181,0),(12379,2004,3,'Completed',1596514976,0),(12380,2004,25,'Completed',1596515434,0),(12381,2004,5,'Completed',1596515729,0),(12382,2004,10,'Completed',1596516295,0),(12383,2004,14,'Completed',1596516503,0),(12384,2004,11,'Completed',1596516797,0),(12385,2004,24,'Completed',1596517658,0),(12386,2016,3,'Completed',1596579886,0),(12387,2016,25,'Completed',1596583586,0),(12388,2016,5,'Completed',1596584423,0),(12389,2016,10,'Completed',1596585047,0),(12390,2016,24,'Completed',1596585866,0),(12391,2016,14,'Completed',1596587146,0),(12392,2016,11,'Completed',1596587621,0),(12393,2017,9,'Completed',1596590820,0),(12394,2017,4,'Completed',1596590921,0),(12395,2017,7,'Completed',1596590983,0),(12396,2017,16,'Completed',1596591030,0),(12397,2017,23,'Completed',1596591228,0),(12398,2017,13,'Completed',1596591331,0),(12399,2017,3,'Completed',1596591476,0),(12400,2017,25,'Completed',1596591552,0),(12401,2017,5,'Completed',1596591630,0),(12402,2017,10,'Completed',1596591707,0),(12403,2017,14,'Completed',1596591758,0),(12404,2017,11,'Completed',1596591812,0),(12405,2017,24,'Completed',1596591937,0),(12406,2013,9,'Completed',1596612780,0),(12407,2013,4,'Completed',1596613269,0),(12408,2013,7,'Completed',1596613708,0),(12409,2013,16,'Completed',1596614020,0),(12410,1984,9,'Completed',1596638523,0),(12411,1956,4,'Completed',1596640865,0),(12412,1956,7,'Completed',1596642434,0),(12413,1956,16,'Completed',1596642588,0),(12414,1956,23,'Completed',1596642957,0),(12415,1956,13,'Completed',1596643273,0),(12416,1956,3,'Completed',1596643459,0),(12417,2019,9,'Completed',1596643774,0),(12418,1956,25,'Completed',1596643611,0),(12419,1956,5,'Completed',1596643759,0),(12420,1956,10,'Completed',1596643875,0),(12421,2019,4,'Completed',1596644877,0),(12422,1956,14,'Completed',1596644677,0),(12423,2019,10,'Completed',1596644022,0),(12424,2019,14,'Completed',1596644124,0),(12425,2019,11,'Completed',1596644214,0),(12426,2019,5,'Completed',1596644349,0),(12427,2019,25,'Completed',1596644484,0),(12428,2019,7,'Completed',1596644566,0),(12429,2019,16,'Completed',1596644629,0),(12430,2019,13,'Completed',1596644788,0),(12431,1956,11,'Completed',1596644819,0),(12432,1956,24,'Completed',1596645105,0),(12433,2019,23,'Completed',1596645048,0),(12434,2019,3,'Completed',1596645207,0),(12435,2019,24,'Completed',1596645467,0),(12436,1969,3,'Completed',1596729945,0),(12437,1969,25,'Completed',1596731478,0),(12438,1969,5,'Completed',1596732223,0),(12439,1969,24,'Completed',1596733642,0),(12440,1969,11,'Completed',1596734128,0),(12441,1969,10,'Completed',1596734576,0),(12442,1969,14,'Completed',1596734841,0),(12443,2013,23,'Completed',1596777893,0),(12444,2013,13,'Completed',1596778476,0),(12445,2013,3,'Completed',1596779010,0),(12446,2013,25,'Completed',1596779859,0),(12447,2013,5,'Completed',1596780105,0),(12448,2013,10,'Completed',1596782032,0),(12449,2013,14,'Completed',1596782420,0),(12450,2013,11,'Completed',1596783064,0),(12451,2013,24,'Completed',1596783860,0),(12452,2010,25,'Completed',1597081140,0),(12453,2010,5,'Completed',1597081383,0),(12454,2010,10,'Completed',1597081687,0),(12455,2010,14,'Completed',1597081912,0),(12456,2010,11,'Completed',1597082034,0),(12457,2010,24,'Completed',1597082248,0),(12458,2015,9,'Completed',1597084015,0),(12459,2015,9,'In Progress',NULL,0),(12460,2015,4,'Completed',1597084191,0),(12461,2015,4,'In Progress',NULL,0),(12462,2015,7,'Completed',1597084306,0),(12463,2015,7,'In Progress',NULL,0),(12464,2015,16,'Completed',1597084415,0),(12465,2015,16,'In Progress',NULL,0),(12466,2015,23,'Completed',1597084898,0),(12467,2015,23,'In Progress',NULL,0),(12468,2015,13,'Completed',1597085078,0),(12469,2015,13,'In Progress',NULL,0),(12470,2015,3,'Completed',1597085232,0),(12471,2015,3,'In Progress',NULL,0),(12472,2015,25,'Completed',1597085394,0),(12473,2015,25,'In Progress',NULL,0),(12474,2015,5,'Completed',1597085527,0),(12475,2015,5,'In Progress',NULL,0),(12476,2015,10,'Completed',1597085654,0),(12477,2015,10,'In Progress',NULL,0),(12478,2015,14,'Completed',1597085750,0),(12479,2015,14,'In Progress',NULL,0),(12480,2015,11,'Completed',1597085849,0),(12481,2015,11,'In Progress',NULL,0),(12482,2015,24,'Completed',1597086038,0),(12483,2015,24,'In Progress',NULL,0),(12484,1993,9,'Completed',1597253108,0),(12485,1993,4,'Completed',1597253302,0),(12486,1993,7,'Completed',1597254986,0),(12487,1993,16,'Completed',1597255113,0),(12488,1993,23,'Completed',1597255606,0),(12489,1993,13,'Completed',1597256902,0),(12490,1993,3,'Completed',1597328293,0),(12491,1993,25,'Completed',1597328634,0),(12492,1993,5,'Completed',1597329559,0),(12493,1993,10,'Completed',1597329759,0),(12494,1993,14,'Completed',1597329965,0),(12495,1993,11,'Completed',1597330065,0),(12496,1993,24,'Completed',1597330211,0),(12497,2006,9,'Completed',1597247591,0),(12498,2006,9,'Completed',1597247591,0),(12499,2006,4,'Completed',1597248520,0),(12500,2005,9,'Completed',1597263601,0),(12501,2005,4,'Completed',1597265475,0),(12502,2005,7,'Completed',1597267163,0),(12503,1986,9,'Completed',1597288179,0),(12504,1986,9,'In Progress',NULL,0),(12505,1986,4,'Completed',1597288496,0),(12506,1986,7,'Completed',1597288881,0),(12507,1986,7,'In Progress',NULL,0),(12508,1986,16,'Completed',1597289243,0),(12509,1986,16,'In Progress',NULL,0),(12510,1986,23,'Completed',1597289987,0),(12511,1986,13,'Completed',1597290325,0),(12512,1986,13,'In Progress',NULL,0),(12513,1986,3,'Completed',1597290778,0),(12514,1986,3,'In Progress',NULL,0),(12515,1986,25,'Completed',1597372996,0),(12516,1986,5,'Completed',1597291798,0),(12517,1986,5,'In Progress',NULL,0),(12518,1986,10,'Completed',1597292103,0),(12519,1986,14,'Completed',1597292320,0),(12520,1986,14,'In Progress',NULL,0),(12521,1986,11,'Completed',1597292434,0),(12522,1986,11,'In Progress',NULL,0),(12523,1986,24,'Completed',1597292607,0),(12524,1986,24,'In Progress',NULL,0),(12525,2005,16,'Completed',1597300529,0),(12526,2005,23,'Completed',1597302460,0),(12527,2005,13,'Completed',1597336954,0),(12528,2005,13,'Completed',1597336954,0),(12529,2005,3,'Completed',1597340675,0),(12530,2005,25,'Completed',1597341705,0),(12531,2005,5,'Completed',1597343126,0),(12532,2005,10,'Completed',1597344594,0),(12533,2005,14,'Completed',1597389065,0),(12534,2005,11,'Completed',1597389609,0),(12535,2005,24,'Completed',1597390346,0),(12536,1976,9,'Completed',1597443123,0),(12537,2024,9,'Completed',1597439239,0),(12538,2024,4,'Completed',1597439436,0),(12539,2024,7,'Completed',1597439539,0),(12540,2024,16,'Completed',1597439636,0),(12541,2024,23,'Completed',1597439963,0),(12542,2024,13,'Completed',1597440129,0),(12543,2024,3,'Completed',1597440399,0),(12544,2024,25,'Completed',1597440568,0),(12545,2024,5,'Completed',1597440877,0),(12546,2024,10,'Completed',1597441119,0),(12547,2024,14,'Completed',1597441179,0),(12548,2024,11,'Completed',1597441354,0),(12549,2024,24,'Completed',1597441476,0),(12550,1976,4,'Completed',1597444239,0),(12551,1976,7,'Completed',1597444446,0),(12552,1976,16,'Completed',1597444960,0),(12553,1976,23,'Completed',1597446794,0),(12554,1976,3,'Completed',1597447466,0),(12555,1976,13,'Completed',1597448410,0),(12556,1976,25,'Completed',1597449308,0),(12557,1976,5,'Completed',1597452399,0),(12558,1976,10,'Completed',1597452706,0),(12559,1976,14,'Completed',1597452836,0),(12560,1976,11,'Completed',1597452950,0),(12561,1976,24,'Completed',1597453092,0);

--
-- Current Database: `aapd_school`
--

CREATE DATABASE /*!32312 IF NOT EXISTS*/ `aapd_school` /*!40100 DEFAULT CHARACTER SET latin1 */;

USE `aapd_school`;

--
-- Table structure for table `course`
--

CREATE TABLE `course` (
  `id` int(11) unsigned NOT NULL AUTO_INCREMENT,
  `name` varchar(60) CHARACTER SET utf8 NOT NULL,
  `short_description` text CHARACTER SET utf8,
  `description` text CHARACTER SET utf8,
  `passing_percentage` int(11) DEFAULT NULL,
  `cost` varchar(60) CHARACTER SET utf8 DEFAULT NULL,
  `instruction_methods` text CHARACTER SET utf8,
  `evaluation_method` text CHARACTER SET utf8,
  `study_guide` varchar(60) CHARACTER SET utf8 DEFAULT NULL,
  `study_guide_2` varchar(60) CHARACTER SET utf8 DEFAULT NULL,
  `case_study` varchar(60) CHARACTER SET utf8 DEFAULT NULL,
  `powerpoint` varchar(60) CHARACTER SET utf8 DEFAULT NULL,
  `powerpoint_2` varchar(60) CHARACTER SET utf8 DEFAULT NULL,
  `syllabus` varchar(60) CHARACTER SET utf8 DEFAULT NULL,
  `video` text CHARACTER SET utf8,
  `ceu_credit` int(11) unsigned DEFAULT '0',
  `promo_code` varchar(60) DEFAULT NULL,
  PRIMARY KEY (`id`)
) ENGINE=InnoDB AUTO_INCREMENT=10 DEFAULT CHARSET=latin1;

--
-- Dumping data for table `course`
--

INSERT INTO `course` VALUES (3,'HIV / AIDS','HIV is an acronym for human immunodeficiency virus and it is the disease that often leads to AIDS. Continuing Education Course (2 CEUs)','<p style=\"margin: 0px; padding: 0px; font-size: 12px; color: rgb(68, 68, 68); line-height: 18px; font-family: helvetica, arial, sans-serif;\">This class provides information on HIV and AIDS- related illnesses. Materials will be presented on the symptoms, causes, pathophysiology, diagnosis, transmission and prevention, treatment, epidemiology, prognosis, and history of HIV and AIDS.</p>',NULL,'0','Online Only',NULL,'Online-HIVAIDS-021815.pdf',NULL,NULL,NULL,NULL,NULL,NULL,2,''),(4,'Aggression Management','The effective handling of aggression is one of the most demanding aspects of working in Behavioral Health. It is an area in which the ability to manage self and assertively communicate with others is essential. This course will explore identifying, preventing and managing aggressive behavior through the use of verbal de-escalation interventions. ','<strong>Course Overview and Objectives</strong><br><br>The effective handling of aggression is one of the most demanding aspects of working in Behavioral Health. It is an area in which the ability to manage self and assertively communicate with others is essential. This course will explore identifying, preventing and managing aggressive behavior through the use of verbal de-escalation interventions. <br><br>Upon successful completion of this course the learner will be able to: <br><br><ol><li>Define “Aggression” and “Verbal De-escalation\" <br></li><li>Identify warning signs for aggressive behavior. <br></li><li>Give examples of verbal\r\nde-escalation techniques to use in a crisis situation\r\n   </li></ol>',NULL,'0','Online Only',NULL,'online-aggression-management-021815.pdf',NULL,NULL,NULL,NULL,NULL,NULL,2,''),(5,'Infection Control','Healthcare workers are required to participate in an annual training on infection prevention and control. 1 CEU','<p>Healthcare workers are required to participate in an annual training on infection prevention and control. At the end of this study guide participants will be able to:</p>\r\n<ul>\r\n<li>Understand modes of transmission of bacteria and infections</li><li>Understand universal precautions</li><li>Practice proper hand washing techniques</li>\r\n<li>Take action to prevention of the spread of disease in your workplace</li>\r\n</ul>\r\n\r\n\r\n\r\n',NULL,'0','Online Only',NULL,'Online-InfectionControl-021815.pdf',NULL,NULL,NULL,NULL,NULL,NULL,1,''),(7,'HIPAA','Confidentiality is one of the most basic rights that our clients have. All healthcare workers are legally and morally bound to protect the confidentiality of others.','<p style=\"margin: 0px; font-size: 12px; font-family: Helvetica;\">Confidentiality is one of the most basic rights that our clients have. All healthcare workers are legally and morally bound to protect the confidentiality of others.</p><p style=\"margin: 0px; font-size: 12px; font-family: Helvetica;\"><br></p>\r\n<p style=\"margin: 0px; font-size: 12px; font-family: Helvetica;\">This course is designed to:</p><p style=\"margin: 0px; font-size: 12px; font-family: Helvetica;\"></p><ol><li>Give you an overview of The Health Insurance Portability and Accountability Act of 1996 (HIPAA).</li><li>Familiarize you with any major changes that have been implemented with the new 2013 Omnibus Rule Changes.</li><li>Help you recognize the serious consequences if you fail to comply with HIPAA.</li></ol><p></p>\r\n\r\n',NULL,'0','Online',NULL,'Online-HIPAA-021815.pdf',NULL,NULL,NULL,NULL,NULL,NULL,1,''),(8,'The American’s With Disability Act','The Americans with Disabilities Act (ADA), which was signed into law on July 26, 1990, is the nation’s first comprehensive civil rights law addressing the needs of people with disabilities, prohibiting discrimination in employment, public services, public accommodations, and telecommunications. The ADA assures equality of opportunity, full participation, independent living, and economic self-sufficiency to persons with disabilities.','The Americans with Disabilities Act (ADA), which was signed into law on July 26, 1990, is the nation’s first comprehensive civil rights law addressing the needs of people with disabilities, prohibiting discrimination in employment, public services, public accommodations, and telecommunications. The ADA assures equality of opportunity, full participation, independent living, and economic self-sufficiency to persons with disabilities.',NULL,'','Online',NULL,'ADAonlinefinal.pdf',NULL,NULL,NULL,NULL,NULL,NULL,1,''),(9,'Incident Reporting / Abuse Reporting','In accordance with Florida Statute (FS) 397.419 (2) (f) and Chapter 65D-30 of the Florida Administrative Code (F.A.C.) public or private substance abuse service providers, licensed by The Department of Children and Families, must create and maintain an internal quality improvement program which includes policies and procedures for Incident Reporting.','<p style=\"font-style: normal; margin: 0px; font-size: 11.5px; font-family: Helvetica;\">In accordance with Florida Statute (FS) 397.419 (2) (f) and Chapter 65D-30 of the Florida Administrative Code (F.A.C.) public or private substance abuse service providers, licensed by The Department of Children and Families, must create and maintain an internal quality improvement program which includes policies and procedures for Incident Reporting.</p><p style=\"font-style: normal; margin: 0px; font-size: 11.5px; font-family: Helvetica;\"><br></p>\r\n<p style=\"font-style: normal; margin: 0px; font-size: 11.5px; font-family: Helvetica;\">Chapter 65D-30 FAC states:</p><p style=\"font-style: normal; margin: 0px; font-size: 11.5px; font-family: Helvetica;\"><br></p>\r\n<p style=\"margin: 0px; font-size: 11.5px; font-family: Helvetica;\"><span style=\"font-style: italic;\">“Incident Reporting Pursuant to paragraph 397.419(2)(f), F.S. is required of all providers and&nbsp;<span style=\"font-size: 11.5px;\">shall be conducted in accordance with Children and Families Operating Procedure 215-6.”</span></span></p>\r\n<p style=\"font-style: normal; margin: 0px; font-size: 11.5px; font-family: Helvetica;\"><br></p><p style=\"font-style: normal; margin: 0px; font-size: 11.5px; font-family: Helvetica;\">Florida Statute 397.419 (2) (f) requires incident reporting policies and procedures be created and:</p>\r\n<p style=\"font-style: normal; margin: 0px; font-size: 11.5px; font-family: Helvetica;\"><br></p><p style=\"margin: 0px; font-size: 11.5px; font-family: Helvetica;\"><span style=\"font-style: italic;\">“…include verification of corrective action, provision for reporting to the department within&nbsp;<span style=\"font-size: 11.5px;\">a time period prescribed by rule, documentation that incident reporting is the affirmative duty&nbsp;</span><span style=\"font-size: 11.5px;\">of all staff, and a provision that specifies that a person who files an incident report may not be&nbsp;</span><span style=\"font-size: 11.5px;\">subjected to any civil action by virtue of that incident report.”</span></span></p>',NULL,'','Online',NULL,'incidentreporting.pdf','APPENDIX_CFOP 215-6, Incident Reporting and Analysis System.',NULL,NULL,NULL,NULL,NULL,1,'');

--
-- Table structure for table `course_category`
--

CREATE TABLE `course_category` (
  `id` int(11) unsigned NOT NULL AUTO_INCREMENT,
  `name` varchar(60) CHARACTER SET utf8 NOT NULL,
  PRIMARY KEY (`id`)
) ENGINE=InnoDB AUTO_INCREMENT=8 DEFAULT CHARSET=latin1;

--
-- Dumping data for table `course_category`
--

INSERT INTO `course_category` VALUES (1,'Continuing Education'),(2,'Personal Development'),(3,'Communication'),(4,'Management & Leadership'),(5,'Marketing'),(6,'Organizational Efficiency'),(7,'Certified Behavioral Health Technician (CBHT)');

--
-- Table structure for table `course_has_category`
--

CREATE TABLE `course_has_category` (
  `id` int(11) unsigned NOT NULL AUTO_INCREMENT,
  `course_id` int(11) unsigned NOT NULL,
  `course_category_id` int(11) unsigned NOT NULL,
  `course_offering_id` int(11) unsigned NOT NULL,
  PRIMARY KEY (`id`),
  KEY `course_id` (`course_id`),
  KEY `course_offering_id` (`course_offering_id`),
  KEY `course_category_id` (`course_category_id`),
  CONSTRAINT `course_has_category_ibfk_3` FOREIGN KEY (`course_offering_id`) REFERENCES `offerings` (`id`) ON DELETE NO ACTION ON UPDATE NO ACTION,
  CONSTRAINT `course_has_category_ibfk_5` FOREIGN KEY (`course_id`) REFERENCES `course` (`id`) ON DELETE CASCADE ON UPDATE NO ACTION,
  CONSTRAINT `course_has_category_ibfk_6` FOREIGN KEY (`course_category_id`) REFERENCES `course_category` (`id`) ON DELETE CASCADE ON UPDATE NO ACTION
) ENGINE=InnoDB AUTO_INCREMENT=19 DEFAULT CHARSET=latin1;

--
-- Dumping data for table `course_has_category`
--

INSERT INTO `course_has_category` VALUES (9,4,1,1),(12,3,1,1),(13,5,1,1),(16,7,1,1),(17,8,1,1),(18,9,1,1);

--
-- Table structure for table `evaluation`
--

CREATE TABLE `evaluation` (
  `id` int(11) unsigned NOT NULL AUTO_INCREMENT,
  `course_id` int(11) DEFAULT NULL,
  `date` int(11) NOT NULL,
  `student_name` varchar(60) DEFAULT NULL,
  `question_1` text,
  `question_2` text,
  `question_3` text,
  `question_4` text,
  `question_5` text,
  `rating` int(11) NOT NULL,
  PRIMARY KEY (`id`)
) ENGINE=InnoDB AUTO_INCREMENT=17 DEFAULT CHARSET=utf8;

--
-- Dumping data for table `evaluation`
--

INSERT INTO `evaluation` VALUES (13,4,1424551831,'','','','','','',5),(14,5,1424821796,'Jason Starnes','','','','','',4),(15,3,1425659194,'lee Phillips','Review of material','all the statistics  Important but too much','','fair ','mental health issues ',3),(16,7,1426019470,'lee phillips','','','','','',3);

--
-- Table structure for table `exam_results`
--

CREATE TABLE `exam_results` (
  `id` int(11) unsigned NOT NULL AUTO_INCREMENT,
  `user_id` int(11) unsigned NOT NULL,
  `course_id` int(11) unsigned NOT NULL,
  `grade` float NOT NULL,
  PRIMARY KEY (`id`),
  KEY `user_id` (`user_id`),
  KEY `course_id` (`course_id`),
  CONSTRAINT `exam_results_ibfk_1` FOREIGN KEY (`user_id`) REFERENCES `user` (`id`) ON DELETE CASCADE ON UPDATE NO ACTION,
  CONSTRAINT `exam_results_ibfk_3` FOREIGN KEY (`course_id`) REFERENCES `course` (`id`) ON DELETE CASCADE ON UPDATE NO ACTION
) ENGINE=InnoDB AUTO_INCREMENT=307 DEFAULT CHARSET=utf8;

--
-- Dumping data for table `exam_results`
--

INSERT INTO `exam_results` VALUES (248,12,3,85),(249,12,3,85),(250,12,3,85),(251,12,5,67),(252,110,7,88),(253,112,3,90),(254,112,3,90),(255,112,4,87),(256,112,5,87),(257,112,7,100),(258,112,7,100),(259,112,8,90),(260,112,8,90),(261,112,8,90),(262,113,4,100),(263,113,5,67),(264,113,3,100),(265,113,5,80),(266,113,8,90),(267,113,7,90),(268,114,3,95),(269,114,5,87),(270,114,7,90),(271,115,3,95),(272,115,5,87),(273,115,7,90),(274,115,8,100),(275,115,9,89),(276,114,8,100),(277,114,9,89),(278,116,4,87),(279,116,3,85),(280,116,5,60),(281,116,5,73),(282,116,7,80),(283,116,8,100),(284,116,9,67),(285,116,9,89),(286,117,5,87),(287,117,3,90),(288,117,9,89),(289,117,8,100),(290,117,7,100),(291,117,4,87),(292,113,9,89),(293,112,9,44),(294,112,9,89),(295,119,3,90),(296,119,5,87),(297,120,3,90),(298,120,5,53),(299,120,5,87),(300,120,7,90),(301,120,8,70),(302,120,9,22),(303,120,9,78),(304,119,7,80),(305,119,8,100),(306,119,9,100);

--
-- Table structure for table `materials`
--

CREATE TABLE `materials` (
  `id` int(11) NOT NULL AUTO_INCREMENT,
  `course_id` int(11) unsigned NOT NULL,
  `name` varchar(60) NOT NULL,
  `filename` varchar(60) NOT NULL,
  PRIMARY KEY (`id`),
  KEY `course_id` (`course_id`),
  CONSTRAINT `materials_ibfk_1` FOREIGN KEY (`course_id`) REFERENCES `course` (`id`) ON DELETE CASCADE ON UPDATE NO ACTION
) ENGINE=InnoDB DEFAULT CHARSET=utf8;

--
-- Dumping data for table `materials`
--


--
-- Table structure for table `offering_has_category`
--

CREATE TABLE `offering_has_category` (
  `offering_id` int(11) unsigned NOT NULL,
  `course_category_id` int(11) unsigned NOT NULL,
  KEY `offering_id` (`offering_id`),
  KEY `course_id` (`course_category_id`),
  CONSTRAINT `offering_has_category_ibfk_1` FOREIGN KEY (`offering_id`) REFERENCES `offerings` (`id`) ON DELETE CASCADE ON UPDATE NO ACTION,
  CONSTRAINT `offering_has_category_ibfk_2` FOREIGN KEY (`course_category_id`) REFERENCES `course_category` (`id`) ON DELETE CASCADE ON UPDATE NO ACTION
) ENGINE=InnoDB DEFAULT CHARSET=utf8;

--
-- Dumping data for table `offering_has_category`
--

INSERT INTO `offering_has_category` VALUES (1,1),(1,2),(1,3),(1,4),(1,5);

--
-- Table structure for table `offerings`
--

CREATE TABLE `offerings` (
  `id` int(11) unsigned NOT NULL AUTO_INCREMENT,
  `name` varchar(60) NOT NULL DEFAULT '',
  PRIMARY KEY (`id`)
) ENGINE=InnoDB AUTO_INCREMENT=2 DEFAULT CHARSET=utf8;

--
-- Dumping data for table `offerings`
--

INSERT INTO `offerings` VALUES (1,'Professional Development');

--
-- Table structure for table `option`
--

CREATE TABLE `option` (
  `id` int(11) NOT NULL AUTO_INCREMENT,
  `question_id` int(11) NOT NULL,
  `content` text NOT NULL,
  `correct` int(11) DEFAULT NULL,
  PRIMARY KEY (`id`),
  KEY `question_id` (`question_id`),
  CONSTRAINT `option_ibfk_1` FOREIGN KEY (`question_id`) REFERENCES `question` (`id`) ON DELETE CASCADE ON UPDATE NO ACTION
) ENGINE=InnoDB AUTO_INCREMENT=829 DEFAULT CHARSET=utf8;

--
-- Dumping data for table `option`
--

INSERT INTO `option` VALUES (4,6,'1 in 2',NULL),(5,6,'1 in 5',NULL),(6,6,'1 in 3',NULL),(7,6,'1 in 4',NULL),(8,7,'An effective vaccine is now available to prevent the disease.',NULL),(9,7,'HIV testing is not only free but compulsory for everyone over age 18.',NULL),(10,7,'People believe that antiretroviral drugs have solved the HIV problem.',NULL),(11,7,'The number of new infections is continuing to decline.',NULL),(12,8,'Free HIV testing of all patients over age 13.',NULL),(13,8,'Developing a vaccine to prevent HIV infection.',NULL),(14,8,'Reducing the rate of new infections.',NULL),(15,8,'Compulsory HIV testing of all patients in emergency departments.',NULL),(16,9,'Black/African Americans.',NULL),(17,9,'Seniors.',NULL),(18,9,'Hispanics.',NULL),(19,9,'Native Americans.',NULL),(20,10,'Women and children, seniors, and transgender persons',NULL),(21,10,'Men who have sex with men, women who have sex with women, prisoners',NULL),(22,10,'Men who have sex with men, injecting-drug users, and men who have sex with men and also use injection drugs',NULL),(23,10,'Women who have sex with women, homeless people, and seniors',NULL),(24,11,'Adopt compulsory hand-washing policies for staff and inmates.',NULL),(25,11,'Provide inmates with condoms and access to bleach for cleaning injection equipment.',NULL),(26,11,'Increase the number of correctional officers who monitor inmate activity.',NULL),(27,11,'Enroll inmates in HIV vaccine clinical trials.',NULL),(28,12,'When they enter prison.',NULL),(29,12,'Within 60 days prior to release.',NULL),(30,12,'Within 30 days prior to release.',NULL),(31,12,'Never; it is not required by law.',NULL),(32,13,'Healthcare workers are more focused on mental health issues in seniors.',NULL),(33,13,'Seniors avoid answering questions about sexual activity.',NULL),(34,13,'Seniors believe they are immune to HIV/AIDS.',NULL),(35,13,'Symptoms of AIDS such as fatigue and weight loss mimic those of normal aging.',NULL),(36,14,'Saliva and cervical secretions',NULL),(37,14,'Saliva, tears, serous fluid, and vaginal secretions',NULL),(38,14,'Blood, semen, breast milk, and vaginal and cervical secretions',NULL),(39,14,'Blood, semen, and urine',NULL),(40,15,'Blood collected for transfusion',NULL),(41,15,'Used needles and syringes',NULL),(42,15,'Casual contact with an infected patient',NULL),(43,15,'A public toilet seat',NULL),(44,16,'Increases the risk of HIV transmission.',NULL),(45,16,'Reduces the risk of HIV transmission.',NULL),(46,16,'Makes no difference in the risk of HIV transmission.',NULL),(47,16,'Increases the risk of pregnancy in women.',NULL),(48,17,'Syphilis',NULL),(49,17,'Hepatitis B (HBV)',NULL),(50,17,'Chlamydia',NULL),(51,17,'Tuberculosis (TB)',NULL),(52,18,'Relatively simple if the patient has health insurance.',NULL),(53,18,'A complex, multi-drug process that takes at least 6 months.',NULL),(54,18,'Usually not successful in African American patients.',NULL),(55,18,'Successful in most patients.',NULL),(56,19,'Unnecessary in HIV patient situations.',NULL),(57,19,'Warranted only if a patient has been diagnosed with TB.',NULL),(58,19,'Effective only if properly fitted and appropriately worn in all areas where risk of exposure is high.',NULL),(59,19,'Primarily used with patients who are coinfected with hepatitis.',NULL),(60,20,'Brain tumors from syphilis.',NULL),(61,20,'Liver disease from chronic hepatitis C.',NULL),(62,20,'Heart disease from antiretroviral drugs.',NULL),(63,20,'Stroke related to antiretroviral drugs.',NULL),(295,53,'True',NULL),(296,53,'False',1),(299,55,'True',NULL),(300,55,'False',1),(325,60,'True',1),(326,60,'False',NULL),(327,62,'True',1),(328,62,'False',NULL),(329,63,'Defensive level, anxiety level, acting out, tension reduction',NULL),(330,63,'Tension inducing, anxiety level, defensive level, acting out',NULL),(331,63,'Anxiety level, defensive level, acting out, tension reduction',1),(332,63,'Acting out, anxiety level, defensive level, tension reduction',NULL),(333,64,'True',1),(334,64,'False',NULL),(339,82,'Clenched fists',NULL),(340,82,'Pacing',NULL),(341,82,'Rapid breathing',NULL),(342,82,'Withdrawn behavior',NULL),(343,82,'All of the Above',1),(344,83,'The person is under the influence of a substance',NULL),(345,83,'The person has a history of psychiatric illness',NULL),(346,83,'The person is facing a high level of stress',NULL),(347,83,'All of the Above',1),(348,83,'A and B',NULL),(409,58,'Using a calm voice and acronyms or jargon',NULL),(410,58,'Giving the person your full attention',NULL),(411,58,'Paraphrasing what the person is saying',NULL),(412,58,'Validating the person’s feelings about the situation',NULL),(413,58,'All of the above',NULL),(414,58,'B, C, and D',1),(415,59,'Speak slowly clearly and gently',NULL),(416,59,'Walk fast away from client to avoid an altercation',NULL),(417,59,'Appear confident and display calmness',NULL),(418,59,'Show you are listening',NULL),(419,59,'A, C, and D',1),(420,59,'A and B',NULL),(421,61,'Don’t use jargon',NULL),(422,61,'Avoid demeaning language',NULL),(423,61,'Find someone that speaks that person’s language',NULL),(424,61,'A and B',NULL),(425,61,'All of the above',1),(449,54,'True',1),(450,54,'False',NULL),(451,57,'Telling the patient what he/she is feeling.',NULL),(452,57,'Summarize what the patient stated and repeat back to verify accuracy ',1),(453,57,'Make client aware of the incongruities from their statement',NULL),(454,57,'None of the above',NULL),(455,65,'Acting out',NULL),(456,65,'Tension Reduction',NULL),(457,65,'Anxiety Level',NULL),(458,65,'Defensive Level',1),(459,85,'True',1),(460,85,'False',NULL),(461,87,'Correct Answer',1),(462,87,'Incorrect',NULL),(463,26,'True',1),(464,26,'False',NULL),(465,27,'False',1),(466,27,'True',NULL),(467,28,'True',1),(468,28,'False',NULL),(469,29,'False',1),(470,29,'True',NULL),(471,30,'True',1),(472,30,'False',NULL),(473,31,'True',NULL),(474,31,'False',1),(475,32,'True',1),(476,32,'False',NULL),(477,33,'True',1),(478,33,'False',NULL),(479,34,'True',1),(480,34,'False',NULL),(481,35,'Abstinence',NULL),(482,35,'Monogamous Relationship with partners not infected with HIV/AIDS',NULL),(483,35,'Protected Sex',NULL),(484,35,'Sterile needles',NULL),(485,35,'All of the above',1),(486,36,'a)	1 in 2',NULL),(487,36,'b)	1 in 6',1),(488,36,'c)	1 in 3',NULL),(489,36,'d)	1 in 4',NULL),(490,37,'Black/African Americans',1),(491,37,'Seniors',NULL),(492,37,'Hispanics',NULL),(493,37,'Native Americans',NULL),(498,38,'Women and children, seniors, and transgender persons',NULL),(499,38,'Men who have sex with men, women who have sex with women, prisoners',NULL),(500,38,'Men who have sex with men, injecting-drug users, and men who have sex with men and also use injection drugs',1),(501,38,'Women who have sex with women, homeless people, and seniors',NULL),(506,39,'Saliva and cervical secretions',NULL),(507,39,'Saliva, tears, serous fluid, and vaginal secretions',NULL),(508,39,'Blood, semen, breast milk, and vaginal and cervical secretions',1),(509,39,'Blood, semen, and urine',NULL),(510,40,'Blood collected for transfusion',NULL),(511,40,'Used needles and syringes',1),(512,40,'Casual contact with an infected patient',NULL),(513,40,'A public toilet seat',NULL),(514,41,'Are entitled to know their child\'s HIV test results without their child\'s consent.',NULL),(515,41,'May not be informed directly or indirectly of their child\'s HIV test results without the child\'s consent.',1),(516,41,'May be informed indirectly of their child\'s HIV test results when sent a bill for said testing.',NULL),(517,41,'Must give consent for their child to be tested for HIV.',NULL),(519,47,'Bona fide medical emergencies',NULL),(520,47,'Court order',NULL),(521,47,'All of the above',1),(522,48,'Sudden shift in mood or behavior',NULL),(523,48,'Skin rash',NULL),(524,48,'Muscle weakness',NULL),(525,48,'Confusion',NULL),(526,48,'a, c, and d ',1),(527,49,'Medical personnel involved with the diagnosis or treatment of the person tested; ',NULL),(528,49,'Licensed medical professionals who regularly participate as part of an interdisciplinary team ',NULL),(529,49,'Staff that handle body fluids ',NULL),(530,49,'Personnel involved in utilization review, risk management or peer review activities; ',NULL),(531,49,'Financial staff who compile or review medical records as part of routine billing activities',NULL),(532,49,'All of the above',1),(533,42,'Be tested for HIV at their initial prenatal visit and at 28-32 weeks.',1),(534,42,'Be tested for HCV at the first prenatal visit.',NULL),(535,42,'Not be offered HIV testing on an opt-out basis (right to refuse).',NULL),(536,42,'Request to be tested for HIV',NULL),(537,67,'A source',NULL),(538,67,'A mode of transmission',NULL),(539,67,'A host',NULL),(540,67,'All of the above',1),(541,68,'Every healthcare worker plays a vital role ',NULL),(542,68,'Staff education is an important aspect',NULL),(543,68,'Utilizes measures used to minimize the risk of transmission',NULL),(544,68,'All of the above',1),(545,69,'Droplets are generated by coughs, sneezes, talking',NULL),(546,69,'Droplet transmission is the most frequent mode of transmission in the healthcare setting',1),(547,69,'You can become infected when they land in eyes, mouth or nose',NULL),(548,69,'They can transmit infection when propelled a short distance and land on a surface',NULL),(549,70,'HIV',NULL),(550,70,'Hepatitis B',NULL),(551,70,'Tuberculosis',1),(552,70,'Herpes',NULL),(553,71,'From mosquitos or insect bites',1),(554,71,'From blood or body fluids',NULL),(555,71,'From food or water',NULL),(556,71,'From coughs and sneezes ',NULL),(557,72,'Wear a fit-tested NIOSH-approved N95',1),(558,72,'Wear a surgical mask',NULL),(559,72,'Take 15 minute hot shower after exposure',NULL),(560,72,'Wash your hands with soap and water for 10 minutes',NULL),(561,73,'Direct contact',NULL),(562,73,'Indirect contact',NULL),(563,73,'Respiratory transmission',NULL),(564,73,'Vector-born transmission',NULL),(565,73,'All of the above',1),(566,74,'Gloves, gowns, respirators',NULL),(567,74,'Face masks, goggles, face shields',NULL),(568,74,'Shoes and socks',NULL),(569,74,'A and B',1),(570,74,'A and C',NULL),(571,75,'Wear protective gloves',NULL),(572,75,'Run away from spill in order to not get contaminated ',NULL),(573,75,'Use a 1:100 or 1:10 bleach based dilution to decontaminate surfaces ',NULL),(574,75,'A and B',NULL),(575,75,'A and C',1),(576,81,'Sweat',1),(577,81,'Saliva',NULL),(578,81,'Blood',NULL),(579,81,'None of the above',NULL),(580,78,'30 seconds',NULL),(581,78,'15 seconds',NULL),(582,78,'At least for 20 seconds',1),(583,78,'60 seconds',NULL),(584,79,'Viruses',NULL),(585,79,'Parasites',NULL),(586,79,'Bacteria',NULL),(587,79,'Fungus',NULL),(588,79,'All of the above',1),(589,80,'Air',NULL),(590,80,'Water',NULL),(591,80,'Bodily fluids',NULL),(592,80,'A and B',1),(593,80,'A and C',NULL),(594,88,'Airborne',NULL),(595,88,'Droplet',NULL),(596,88,'Contact',1),(597,88,'A and B',NULL),(598,89,'Airborne Precautions',NULL),(599,89,'Contact Precautions',NULL),(600,89,'Standard Precautions',1),(601,89,'Droplet Precautions',NULL),(602,90,'True',NULL),(603,90,'False',1),(604,91,'Where clinical professionals, in this case in the addiction industry, have multiple relationship roles with their clients',1),(605,91,'An unaviodable part of doing business in the addiction treatment industry',NULL),(606,91,'A multiple role relationship that is generally suitable for the therapist-client relationship',NULL),(607,91,'All of the above',NULL),(608,92,'To give authorization for treatment center employees to use private information',NULL),(609,92,'To secure a person\'s private financial information',NULL),(610,92,'To define the the proper use of an individual\'s health records',1),(611,92,'To punish addiction treatment centers that misuse personal information',NULL),(612,93,'Health Information Portability Protection Act',NULL),(613,93,'Health Insurance Portability and Accountability Act',1),(614,93,'Human Interest Protection  Act',NULL),(615,93,'None of the above',NULL),(616,94,'True',NULL),(617,94,'False',1),(618,95,'A fraudulent accounting scheme',NULL),(619,95,'The requirement for an arrested person to be brought into court or before a judge',1),(620,95,'The legal definition of self-inflicted bodily harm',NULL),(621,95,'None of the above',NULL),(622,96,'The clinician is the professional',NULL),(623,96,'Proper boundaries cannot be defined therefore this is a moot point',NULL),(624,96,'The client may not understand proper boundaries and may not be able to defend themselves against violations',NULL),(625,96,'The counselor must report to their supervisor',NULL),(626,96,'A and C',1),(627,96,'A and D',NULL),(628,97,'True',1),(629,97,'False',NULL),(630,98,'Quid Pro Quo',NULL),(631,98,'Professional Business',NULL),(632,98,'Dual Relationship',1),(633,98,'None of the Above',NULL),(634,99,'On a need to know basis within the facility',NULL),(635,99,'Medical emergencies',NULL),(636,99,'When parents ask',NULL),(637,99,'Client information can never be disclosed without written consent',NULL),(638,99,'B and C',NULL),(639,99,'A and B',1),(640,100,'Crossed Legs',NULL),(641,100,'Standing Tall',NULL),(642,100,'Slouching',NULL),(643,100,'Red face',NULL),(644,100,'B and D',1),(645,100,'A and B',NULL),(646,101,'True',NULL),(647,101,'False',1),(648,102,'Stress and history of violence',1),(649,102,'Stress and a long marriage',NULL),(650,102,'A long marriage and a high degree of social interaction',NULL),(651,102,'A high degree of social interaction and a history of violence',NULL),(652,103,'Perception and prejudice',NULL),(653,103,'Noise',NULL),(654,103,'Language',NULL),(655,103,'All of the above',1),(656,104,'Common depression',NULL),(657,104,'bipolar disorder doesn\'t fall under the DSMIV-TR purview',NULL),(658,104,'Mood changes that last for 48 hours or less',NULL),(659,104,'Significant mood changes that last for weeks or months',1),(660,105,'True',NULL),(661,105,'False',1),(662,106,'Use',NULL),(663,106,'Abuse',1),(664,106,'Misuse',NULL),(665,106,'Addiction',NULL),(666,107,'A good idea to use as proof',NULL),(667,107,'Not a problem if the copies are lost',NULL),(668,107,'A bad idea unless needed for an important purpose.',1),(669,107,'Something that should never be done',NULL),(670,108,'True',NULL),(671,108,'False',1),(674,110,'True',NULL),(675,110,'False',1),(676,111,'True',NULL),(677,111,'False',1),(678,112,'True',1),(679,112,'False',NULL),(680,113,'True',NULL),(681,113,'False',1),(682,109,'True',1),(683,109,'False',NULL),(684,114,'It eliminates the possibility of infection',NULL),(685,114,'It helps determine the exposure risk of staff members',1),(686,114,'A and B',NULL),(687,114,'None of the above',NULL),(688,115,'Common cold, Pinkeye, Flu',1),(689,115,'Common cold, Flu, HIV',NULL),(690,115,'HIV, Common cold, Pinkeye, Flu',NULL),(691,115,'AIDS, Pinkeye, Flu',NULL),(692,116,'Health Information Property Accountability Association',NULL),(693,116,'Human Insurance Process Accumulation Act',NULL),(694,116,'Health Insurance Portability and Accountability Act',1),(695,117,'Electronic Medical Record ',NULL),(696,117,'Security ',NULL),(697,117,'HITECH',1),(698,117,'HHS',NULL),(699,118,'Medical record number',NULL),(700,118,'Telephone number',NULL),(701,118,'Fax number',NULL),(702,118,'Social security number',NULL),(703,118,'All of the above',1),(704,118,'a, b, d',NULL),(705,119,'True',NULL),(706,119,'False',1),(707,120,'Disciplinary action',NULL),(708,120,'Loss of access privileges',NULL),(709,120,'Fines and penalties',NULL),(710,120,'Imprisonment',NULL),(711,120,'All of the above',1),(712,121,'Yes, if he is an employee and you know him.',NULL),(713,121,'Yes, if your manager says that it’s okay.',NULL),(714,121,'No, sharing log-in IDs and passwords is a security violation.',1),(715,121,'a and b',NULL),(716,122,'I am only expected to complete the minimum requirements of my job.',NULL),(717,122,' A workforce member\'s access to PHI is limited to only what is needed to perform his/her responsibilities.',NULL),(718,122,'Requests for and disclosures of PHI are limited to what is needed to perform the task.',NULL),(719,122,'A medical center is no longer allowed to provide information about patients to the media under any circumstances.',NULL),(720,122,'b and c',1),(725,124,'Yes',NULL),(726,124,'No',1),(734,126,'Yes for example I may need to  communicate client information to my boss for shift change.',NULL),(735,126,'No, because the intended users phone could be lost or stolen and exposed to a third party.',1),(744,125,'Yes.  They can be used interchangeably.',NULL),(745,125,'No. Consents are used to get the patient\'s permission to use or disclose health information for treatment, payment or business operations. Authorizations are used to obtain permission to disclose PHI for activities outside the realm of treatment, payment or business operations.',1),(746,127,'State and local governments',NULL),(747,127,'Private employers',NULL),(748,127,'Employment agencies',NULL),(749,127,'Labor organizations',NULL),(750,127,'All of the above',1),(751,128,'No means of transportation',NULL),(752,128,'A criminal history',NULL),(753,128,'A physical or mental impairment that substantially limits one or more life activities',1),(754,128,'None of the above',NULL),(755,128,'All of the above',NULL),(756,129,'Sexual preference',NULL),(757,129,'Kleptomania',NULL),(758,129,'Illegal Drug use',NULL),(759,129,'All of the above',1),(764,131,'Changing a training manual',NULL),(765,131,'Letting employee sleep during work hours',NULL),(766,131,'Providing an interpreter',NULL),(767,131,'A and C',1),(768,130,'True',1),(769,130,'False',NULL),(770,132,'True',1),(771,132,'False',NULL),(772,133,'True',NULL),(773,133,'False',1),(774,134,'True',1),(775,134,'False',NULL),(776,135,'True',NULL),(777,135,'False',1),(778,136,'Walking',NULL),(779,136,'Breathing',NULL),(780,136,'Eating',NULL),(781,136,'Major bodily functions',NULL),(782,136,'All of the above',1),(783,137,'FS 387.219 (1)',NULL),(784,137,'FS 456.222 (4)',NULL),(785,137,'FS 397.419 (2)',1),(786,137,'FS 298.419 (1)',NULL),(787,138,'Organizations',NULL),(788,138,'FS 456.222 (4)',NULL),(789,138,'Supervisors',NULL),(790,138,'Risk Managers',NULL),(791,138,'All Staff',1),(792,139,'Verification of corrective action',NULL),(793,139,'Results of Root Cause Analyses',NULL),(794,139,'Provision for reporting to the Department',NULL),(795,139,'a and b',NULL),(796,139,'a and c',1),(797,140,'True',NULL),(798,140,'False',1),(799,141,'Any area of the Incident Report Form not requiring a response specific to the incident must be marked as “N/A” (Not applicable).',NULL),(800,141,'Incident Report Forms are always included in the client’s medical records on file. ',1),(801,141,'All staff members of a service provider are required to document all unusual events that occur to either a patient and/or staff member on an Incident Report Form ',NULL),(802,141,'Incident Report Forms are confidential reports ',NULL),(803,142,'Promptly report a critical incidence within 6 hours',NULL),(804,142,'Promptly report a critical incident within 24 hours',NULL),(805,142,'Promptly report a critical incident within one business day',1),(806,142,'None of the above',NULL),(807,143,'The Critical Incident Reporting System (CIRS)',NULL),(808,143,'The Critical Incident Analyses System (CIAS)',NULL),(809,143,'The Incident Analysis and Reporting System (IRAS)',NULL),(810,143,'The Incident Reporting and Analysis System (IRAS). ',1),(818,144,'True',NULL),(819,144,'False',1),(825,145,'Promptly report a critical incidence within 6 hours',NULL),(826,145,'Promptly report a critical incident within 24 hours',NULL),(827,145,'Promptly report a critical incident within one business day',1),(828,145,'None of the above',NULL);

--
-- Table structure for table `question`
--

CREATE TABLE `question` (
  `id` int(11) NOT NULL AUTO_INCREMENT,
  `content` text NOT NULL,
  `course_id` int(11) NOT NULL,
  `correct_answer_id` int(11) DEFAULT NULL,
  `order` int(11) DEFAULT NULL,
  PRIMARY KEY (`id`)
) ENGINE=InnoDB AUTO_INCREMENT=146 DEFAULT CHARSET=utf8;

--
-- Dumping data for table `question`
--

INSERT INTO `question` VALUES (6,'According to CDC estimates, what proportion of people in the United States who are infected with HIV are unaware of their infection?',1,5,NULL),(7,'Americans have become complacent about HIV/AIDS because:',1,8,NULL),(8,'The 2010 National AIDS Strategy has three overarching goals, one of which is:',1,12,NULL),(9,'The Florida population hardest hit by HIV/AIDS is:',1,18,NULL),(10,'Which risk groups account for 75 percent of new HIV/AIDS infections?',1,22,NULL),(11,'Higher than average rates of AIDS and other STDs among correctional populations could be reduced by following the World Health Organization recommendation to:',1,24,NULL),(12,'Florida state law requires HIV testing of inmates:',1,28,NULL),(13,'Health professionals may fail to recognize the signs of HIV/AIDS infection in seniors because:',1,32,NULL),(14,'Which body fluids have been proven to transmit HIV infection?',1,36,NULL),(15,'Which of the following would most likely transmit an HIV infection?',1,40,NULL),(16,'Coinfection with STDs such as syphilis, gonorrhea, and genital warts:',1,44,NULL),(17,'The most common and most deadly coinfection for HIV-positive individuals is:',1,48,NULL),(18,'Treatment of HIV/TB coinfected patients is:',1,52,NULL),(19,'Respiratory protection equipment for healthcare workers is:',1,56,NULL),(20,'One of the leading causes of death among HIV-infected people is:',1,60,NULL),(26,'More than 1 million people in the U.S. are living with HIV. ',3,463,NULL),(27,'AIDS and HIV are the same',3,465,NULL),(28,'You can’t always tell by appearance if someone has HIV. ',3,467,NULL),(29,'Medications can cure HIV/AIDS.',3,469,NULL),(30,'All 50 states have people living with AIDS.',3,471,NULL),(31,'HIV is transmitted through casual contact such as sharing utensils. ',3,474,NULL),(32,'Abstinence is the only 100% effective method of not acquiring HIV/AIDS               ',3,475,NULL),(33,'Health care workers should assume that the blood and other body fluids               from all patients are potentially infectious.    \r\n               ',3,477,NULL),(34,'The results of HIV antibody tests are confidential and may not be publicly disclosed except with the resident’s written permission or as otherwise provided in Chapter 384, Florida Statues.\r\n',3,479,NULL),(35,'Way to protect yourself from HIV/AIDS include: \r\n',3,485,NULL),(36,'According to CDC estimates, what proportions of people in the United States who are infected with HIV are unaware of their infection?\r\n',3,487,NULL),(37,'The Florida population hardest hit by HIV/AIDS is:',3,490,NULL),(38,'Which risk groups account for 75 percent of new HIV/AIDS infections?',3,500,NULL),(39,'Which body fluids have been proven to transmit HIV infection?',3,508,NULL),(40,'Which of the following would most likely transmit an HIV infection?',3,511,NULL),(41,'Under Florida law, parents of a child under 18:',3,515,NULL),(42,'Florida law mandates that all pregnant women:',3,533,NULL),(47,'A provider may test without consent in which of the following:',3,521,NULL),(48,'Symptoms of AIDS Dementia Complex (ADC) include:',3,526,NULL),(49,'Need to know is outlined in section 64D-.003 F.A.C. and includes but is not limited to:',3,532,NULL),(53,'Staring a client down is a sign of being in charge and can help calm an aggressive person.',4,296,NULL),(54,'The amount of space required to allow someone to feel comfortable can depend on gender, mood, familiarity, or culture. ',4,449,NULL),(55,'Apologizing to an angry client simply validates their anger and perpetuates a stressful situation.',4,300,NULL),(57,'To paraphrase means?',4,452,NULL),(58,'Active listening involves:',4,414,NULL),(59,'How should staff act when faced with an aggressive person?',4,419,NULL),(60,'Assertive Communication is based on balance and mutual respect.',4,325,NULL),(61,'What can you do when you detect a language barrier between you and a client?',4,425,NULL),(62,'Power struggles are an example of a communication barrier.',4,327,NULL),(63,'What 4 stages of crisis management were discussed and listed in the correct occurrence?',4,331,NULL),(64,'You should avoid power struggles by offering a person choices.',4,333,NULL),(65,'During which stage of crisis management would the client challenge you, push buttons and not respond to your words?',4,458,NULL),(67,'The transmission of infectious agents requires?',5,540,NULL),(68,'What is true about infection prevention and control?',5,544,NULL),(69,'Which statement is NOT true about Droplet transmission?',5,546,NULL),(70,'Which of the following is NOT an example of a Bloodborne Pathogen?',5,551,NULL),(71,'When does Vector-borne transmission occur?',5,553,NULL),(72,'To protect yourself from airborne diseases, you should?',5,557,NULL),(73,' Bloodborne pathogens can be spread through',5,565,NULL),(74,'What is considered Personal Protective Equipment?',5,569,NULL),(75,'When cleaning a spill:',5,575,NULL),(78,'How long should you wash your hands for with soap and water?',5,582,NULL),(79,'Infectious diseases are caused by',5,588,NULL),(80,'Infectious diseases are transmitted most quickly through:',5,592,NULL),(81,'What is the body fluid NOT considered infectious?',5,576,NULL),(82,'Which of the following are signs of aggression?',4,343,NULL),(83,'What is/are possible risk factors to aggression?',4,347,NULL),(85,'Verbal de-escalation is the communication skills we use during a potentially dangerous, or threatening, situation in an attempt to prevent a person from causing harm to us, themselves or others. ',4,459,NULL),(87,'Test',10,461,NULL),(88,'The most frequent mode of infection transmission in the healthcare setting is',5,596,NULL),(89,'Precautions recommended by CDC for the care of all patients is known as:',5,600,NULL),(90,'A counselor and client can enter into a personal relationship after five years has elapsed.',6,603,NULL),(91,'What is a “Dual Relationship”?',6,604,NULL),(92,'Explain the purpose of HIPAA guidelines.',6,610,NULL),(93,'What does the acronym HIPAA stand for?',6,613,NULL),(94,'Counselors who are physically attracted to clients are only trying to fulfill an unmet need in their personal life.',6,617,NULL),(95,'What is the Right of Habeas Corpus?',6,619,NULL),(96,'Give two reason why maintaining proper boundaries is the responsibility of the staff.',6,626,NULL),(97,'Anger is a choice in a range of available behaviors',6,628,NULL),(98,'Your client owns a mechanic shop and offers to repair your car for free out of appreciation for your help.  This is an example of what type of relationship?',6,632,NULL),(99,'Give two instances when client confidential information can be disclosed without their consent.',6,639,NULL),(100,'Name 2 signs of Aggression',6,644,NULL),(101,'Staring a client down is a sign of being in charge and can help to calm an aggressive person',6,647,NULL),(102,'Name 2 Risk Factors to Aggression',6,648,NULL),(103,'Which of the following can inhibit communication?',6,655,NULL),(104,'How does DSMIV-TR characterize bipolar disorder?',6,659,NULL),(105,'Apologizing to an angry client simply validates their anger and perpetuates a stressful situation',6,661,NULL),(106,'Stage 3 of susbtance dependence is',6,663,NULL),(107,'Copying confidential information is:',6,668,NULL),(108,'Behavioral Healthcare facilities are able, by law to bill insurance companies without actual written consent from client',6,671,NULL),(109,'With written permission behavioral healthcare facilities can share information with parents and spouses',6,682,NULL),(110,'After a client has been discharged from treatment for five years it is no longer necessary to have written permission to discuss information',6,675,NULL),(111,'Oral information is not protected by HIPAA guidelines',6,677,NULL),(112,'There is a fine for healthcare facilities that violate HIPAA guidelines',6,678,NULL),(113,'It is permissible to discuss specifics of cases in 12 step meetings because the meetings are confidential',6,681,NULL),(114,'Why is infection control important?',6,685,NULL),(115,'What illnesses are spread through contact? ',6,688,NULL),(116,'What does HIPAA stand for?',7,694,NULL),(117,'The __________ Act widens the scope of privacy and security protections under HIPAA for electronic protected health information (ePHI).',7,697,NULL),(118,'What is an example/examples of PHI (Protected Health Information?',7,703,NULL),(119,'It is ok to discuss a patient with my spouse of he/she won’t tell anyone.',7,706,NULL),(120,'What can happen to a person who knowingly violates patient privacy for personal gain or malicious harm?',7,711,NULL),(121,'If someone forgets his log-in ID, can I let him use mine?',7,714,NULL),(122,'What does \"minimum necessary\" mean?',7,720,NULL),(124,'Are members of your organization who are not involved in a patient\'s care allowed to review the patient\'s chart out of curiosity?',7,726,NULL),(125,'Are Consents and Authorizations the same?',7,745,NULL),(126,'Is text messaging is a secure way to transmit patient information within your facility.',7,735,NULL),(127,'Who must comply with the ADA?',8,750,NULL),(128,'According to the ADA, a person with a disability has:',8,753,NULL),(129,'What is a condition not covered by the ADA?',8,759,NULL),(130,'Under the ADA, an employer is required to make a reasonable accommodation to the known disability of a qualified applicant or employee if it does not impose “undue hardship”?',8,768,NULL),(131,'What is an example of a “reasonable accommodation”?',8,767,NULL),(132,'Under Title V, ADA prohibits coercion and retaliation to anyone who has assisted, encouraged or made a charge under the Act.',8,770,NULL),(133,'The ADA requires that organizations hire the disabled.',8,773,NULL),(134,'If an employer believes that a medical condition is causing a performance or conduct problem, it may ask the employee how to solve the problem.',8,774,NULL),(135,'According to the ADA, all people with disabilities (or even all people with the same disability) will require the same accommodation.',8,777,NULL),(136,'According to the ADA, “major life activities” include',8,782,NULL),(137,'The Florida Statute (FS) requiring a licensed public or private substance abuse service provider to create an internal quality improvement program is:',9,785,NULL),(138,'Incident Reporting is the affirmative duty of',9,791,NULL),(139,'According to Chapter 65D-30 of the Florida Administrative Code, Incident Reporting must include:',9,796,NULL),(140,'If a staff member is uncertain as to whether an event should be documented and reported, an Incident Report Form should NOT be completed.',9,798,NULL),(141,'Which of the following statements is NOT true of Incident Reporting ',9,800,NULL),(142,'When entering narrative documentation on an Incident Report Form staff MUST ',9,805,NULL),(143,'DCF has created an online reporting system called:',9,810,NULL),(144,'The DCF incident reporting procedures replace exploitation reporting protocols, as required by law. ',9,819,NULL),(145,'In accordance with The Children and Families Operating Procedure 215-6 Department licensed providers MUST',9,827,NULL);

--
-- Table structure for table `response`
--

CREATE TABLE `response` (
  `id` int(11) NOT NULL AUTO_INCREMENT,
  `user_id` int(11) unsigned NOT NULL,
  `question_id` int(11) unsigned NOT NULL,
  `course_id` int(11) unsigned NOT NULL,
  `response` varchar(60) NOT NULL,
  `attempt` int(11) NOT NULL,
  `correct` int(11) DEFAULT NULL,
  PRIMARY KEY (`id`),
  KEY `user_id` (`user_id`,`question_id`,`course_id`),
  KEY `question_id` (`question_id`),
  KEY `test_id` (`course_id`),
  KEY `response` (`response`),
  CONSTRAINT `response_ibfk_2` FOREIGN KEY (`user_id`) REFERENCES `user` (`id`) ON DELETE CASCADE ON UPDATE NO ACTION,
  CONSTRAINT `response_ibfk_4` FOREIGN KEY (`course_id`) REFERENCES `course` (`id`) ON DELETE CASCADE ON UPDATE NO ACTION
) ENGINE=InnoDB AUTO_INCREMENT=776 DEFAULT CHARSET=utf8;

--
-- Dumping data for table `response`
--

INSERT INTO `response` VALUES (1,12,26,3,'463',1,1),(2,12,27,3,'465',1,1),(3,12,28,3,'467',1,1),(4,12,29,3,'469',1,1),(5,12,30,3,'471',1,1),(6,12,31,3,'474',1,1),(7,12,32,3,'475',1,1),(8,12,33,3,'477',1,1),(9,12,34,3,'479',1,1),(10,12,35,3,'485',1,1),(11,12,36,3,'488',1,NULL),(12,12,37,3,'490',1,1),(13,12,38,3,'500',1,1),(14,12,39,3,'509',1,NULL),(15,12,40,3,'510',1,NULL),(16,12,41,3,'515',1,1),(17,12,42,3,'533',1,1),(18,12,47,3,'521',1,1),(19,12,48,3,'526',1,1),(20,12,49,3,'532',1,1),(21,12,26,3,'463',2,1),(22,12,27,3,'465',2,1),(23,12,28,3,'467',2,1),(24,12,29,3,'469',2,1),(25,12,30,3,'471',2,1),(26,12,31,3,'474',2,1),(27,12,32,3,'475',2,1),(28,12,33,3,'477',2,1),(29,12,34,3,'479',2,1),(30,12,35,3,'485',2,1),(31,12,36,3,'488',2,NULL),(32,12,37,3,'490',2,1),(33,12,38,3,'500',2,1),(34,12,39,3,'509',2,NULL),(35,12,40,3,'510',2,NULL),(36,12,41,3,'515',2,1),(37,12,42,3,'533',2,1),(38,12,47,3,'521',2,1),(39,12,48,3,'526',2,1),(40,12,49,3,'532',2,1),(41,12,26,3,'463',3,1),(42,12,27,3,'465',3,1),(43,12,28,3,'467',3,1),(44,12,29,3,'469',3,1),(45,12,30,3,'471',3,1),(46,12,31,3,'474',3,1),(47,12,32,3,'475',3,1),(48,12,33,3,'477',3,1),(49,12,34,3,'479',3,1),(50,12,35,3,'485',3,1),(51,12,36,3,'488',3,NULL),(52,12,37,3,'490',3,1),(53,12,38,3,'500',3,1),(54,12,39,3,'509',3,NULL),(55,12,40,3,'510',3,NULL),(56,12,41,3,'515',3,1),(57,12,42,3,'533',3,1),(58,12,47,3,'521',3,1),(59,12,48,3,'526',3,1),(60,12,49,3,'532',3,1),(61,12,67,5,'540',1,1),(62,12,68,5,'544',1,1),(63,12,69,5,'546',1,1),(64,12,71,5,'553',1,1),(65,12,72,5,'557',1,1),(66,12,73,5,'565',1,1),(67,12,74,5,'569',1,1),(68,12,75,5,'575',1,1),(69,12,78,5,'582',1,1),(70,12,79,5,'584',1,NULL),(71,12,80,5,'593',1,NULL),(72,12,81,5,'579',1,NULL),(73,12,88,5,'594',1,NULL),(74,12,89,5,'600',1,1),(75,110,116,7,'694',1,1),(76,110,117,7,'697',1,1),(77,110,118,7,'703',1,1),(78,110,119,7,'706',1,1),(79,110,120,7,'711',1,1),(80,110,121,7,'714',1,1),(81,110,122,7,'720',1,1),(82,110,123,7,'724',1,NULL),(83,112,26,3,'463',1,1),(84,112,27,3,'466',1,NULL),(85,112,28,3,'468',1,NULL),(86,112,29,3,'469',1,1),(87,112,30,3,'471',1,1),(88,112,31,3,'474',1,1),(89,112,32,3,'475',1,1),(90,112,33,3,'477',1,1),(91,112,34,3,'479',1,1),(92,112,35,3,'485',1,1),(93,112,36,3,'487',1,1),(94,112,37,3,'490',1,1),(95,112,38,3,'500',1,1),(96,112,39,3,'508',1,1),(97,112,40,3,'511',1,1),(98,112,41,3,'515',1,1),(99,112,42,3,'533',1,1),(100,112,47,3,'521',1,1),(101,112,48,3,'526',1,1),(102,112,49,3,'532',1,1),(103,112,26,3,'463',2,1),(104,112,27,3,'466',2,NULL),(105,112,28,3,'468',2,NULL),(106,112,29,3,'469',2,1),(107,112,30,3,'471',2,1),(108,112,31,3,'474',2,1),(109,112,32,3,'475',2,1),(110,112,33,3,'477',2,1),(111,112,34,3,'479',2,1),(112,112,35,3,'485',2,1),(113,112,36,3,'487',2,1),(114,112,37,3,'490',2,1),(115,112,38,3,'500',2,1),(116,112,39,3,'508',2,1),(117,112,40,3,'511',2,1),(118,112,41,3,'515',2,1),(119,112,42,3,'533',2,1),(120,112,47,3,'521',2,1),(121,112,48,3,'526',2,1),(122,112,49,3,'532',2,1),(123,112,53,4,'296',1,1),(124,112,54,4,'449',1,1),(125,112,55,4,'299',1,NULL),(126,112,57,4,'452',1,1),(127,112,58,4,'413',1,NULL),(128,112,59,4,'419',1,1),(129,112,60,4,'325',1,1),(130,112,61,4,'425',1,1),(131,112,62,4,'327',1,1),(132,112,63,4,'331',1,1),(133,112,64,4,'333',1,1),(134,112,65,4,'458',1,1),(135,112,82,4,'343',1,1),(136,112,83,4,'347',1,1),(137,112,85,4,'459',1,1),(138,112,67,5,'540',1,1),(139,112,68,5,'544',1,1),(140,112,69,5,'546',1,1),(141,112,70,5,'551',1,1),(142,112,71,5,'553',1,1),(143,112,72,5,'557',1,1),(144,112,73,5,'565',1,1),(145,112,74,5,'569',1,1),(146,112,75,5,'575',1,1),(147,112,78,5,'582',1,1),(148,112,79,5,'588',1,1),(149,112,80,5,'593',1,NULL),(150,112,81,5,'576',1,1),(151,112,88,5,'597',1,NULL),(152,112,89,5,'600',1,1),(153,112,116,7,'694',1,1),(154,112,117,7,'697',1,1),(155,112,118,7,'703',1,1),(156,112,119,7,'706',1,1),(157,112,120,7,'711',1,1),(158,112,121,7,'714',1,1),(159,112,122,7,'720',1,1),(160,112,124,7,'726',1,1),(161,112,125,7,'745',1,1),(162,112,126,7,'735',1,1),(163,112,116,7,'694',2,1),(164,112,117,7,'697',2,1),(165,112,118,7,'703',2,1),(166,112,119,7,'706',2,1),(167,112,120,7,'711',2,1),(168,112,121,7,'714',2,1),(169,112,122,7,'720',2,1),(170,112,124,7,'726',2,1),(171,112,125,7,'745',2,1),(172,112,126,7,'735',2,1),(173,112,127,8,'750',1,1),(174,112,128,8,'753',1,1),(175,112,129,8,'759',1,1),(176,112,130,8,'768',1,1),(177,112,131,8,'767',1,1),(178,112,132,8,'770',1,1),(179,112,133,8,'773',1,1),(180,112,134,8,'774',1,1),(181,112,135,8,'776',1,NULL),(182,112,136,8,'782',1,1),(183,112,127,8,'750',2,1),(184,112,128,8,'753',2,1),(185,112,129,8,'759',2,1),(186,112,130,8,'768',2,1),(187,112,131,8,'767',2,1),(188,112,132,8,'770',2,1),(189,112,133,8,'773',2,1),(190,112,134,8,'774',2,1),(191,112,135,8,'776',2,NULL),(192,112,136,8,'782',2,1),(193,112,127,8,'750',3,1),(194,112,128,8,'753',3,1),(195,112,129,8,'759',3,1),(196,112,130,8,'768',3,1),(197,112,131,8,'767',3,1),(198,112,132,8,'770',3,1),(199,112,133,8,'773',3,1),(200,112,134,8,'774',3,1),(201,112,135,8,'776',3,NULL),(202,112,136,8,'782',3,1),(203,113,53,4,'296',1,1),(204,113,54,4,'449',1,1),(205,113,55,4,'300',1,1),(206,113,57,4,'452',1,1),(207,113,58,4,'414',1,1),(208,113,59,4,'419',1,1),(209,113,60,4,'325',1,1),(210,113,61,4,'425',1,1),(211,113,62,4,'327',1,1),(212,113,63,4,'331',1,1),(213,113,64,4,'333',1,1),(214,113,65,4,'458',1,1),(215,113,82,4,'343',1,1),(216,113,83,4,'347',1,1),(217,113,85,4,'459',1,1),(218,113,67,5,'540',1,1),(219,113,68,5,'544',1,1),(220,113,69,5,'546',1,1),(221,113,70,5,'551',1,1),(222,113,71,5,'553',1,1),(223,113,72,5,'558',1,NULL),(224,113,73,5,'561',1,NULL),(225,113,74,5,'569',1,1),(226,113,75,5,'575',1,1),(227,113,78,5,'580',1,NULL),(228,113,79,5,'588',1,1),(229,113,80,5,'593',1,NULL),(230,113,81,5,'576',1,1),(231,113,88,5,'597',1,NULL),(232,113,89,5,'600',1,1),(233,113,26,3,'463',1,1),(234,113,27,3,'465',1,1),(235,113,28,3,'467',1,1),(236,113,29,3,'469',1,1),(237,113,30,3,'471',1,1),(238,113,31,3,'474',1,1),(239,113,32,3,'475',1,1),(240,113,33,3,'477',1,1),(241,113,34,3,'479',1,1),(242,113,35,3,'485',1,1),(243,113,36,3,'487',1,1),(244,113,37,3,'490',1,1),(245,113,38,3,'500',1,1),(246,113,39,3,'508',1,1),(247,113,40,3,'511',1,1),(248,113,41,3,'515',1,1),(249,113,42,3,'533',1,1),(250,113,47,3,'521',1,1),(251,113,48,3,'526',1,1),(252,113,49,3,'532',1,1),(253,113,67,5,'540',2,1),(254,113,68,5,'544',2,1),(255,113,69,5,'546',2,1),(256,113,70,5,'551',2,1),(257,113,71,5,'553',2,1),(258,113,72,5,'557',2,1),(259,113,73,5,'565',2,1),(260,113,74,5,'569',2,1),(261,113,75,5,'574',2,NULL),(262,113,78,5,'582',2,1),(263,113,79,5,'588',2,1),(264,113,80,5,'591',2,NULL),(265,113,81,5,'576',2,1),(266,113,88,5,'594',2,NULL),(267,113,89,5,'600',2,1),(268,113,127,8,'750',1,1),(269,113,128,8,'753',1,1),(270,113,129,8,'759',1,1),(271,113,130,8,'768',1,1),(272,113,131,8,'767',1,1),(273,113,132,8,'770',1,1),(274,113,133,8,'772',1,NULL),(275,113,134,8,'774',1,1),(276,113,135,8,'777',1,1),(277,113,136,8,'782',1,1),(278,113,116,7,'694',1,1),(279,113,117,7,'695',1,NULL),(280,113,118,7,'703',1,1),(281,113,119,7,'706',1,1),(282,113,120,7,'711',1,1),(283,113,121,7,'714',1,1),(284,113,122,7,'720',1,1),(285,113,124,7,'726',1,1),(286,113,125,7,'745',1,1),(287,113,126,7,'735',1,1),(288,114,26,3,'463',1,1),(289,114,27,3,'465',1,1),(290,114,28,3,'467',1,1),(291,114,29,3,'469',1,1),(292,114,30,3,'471',1,1),(293,114,31,3,'474',1,1),(294,114,32,3,'475',1,1),(295,114,33,3,'477',1,1),(296,114,34,3,'480',1,NULL),(297,114,35,3,'485',1,1),(298,114,36,3,'487',1,1),(299,114,37,3,'490',1,1),(300,114,38,3,'500',1,1),(301,114,39,3,'508',1,1),(302,114,40,3,'511',1,1),(303,114,41,3,'515',1,1),(304,114,42,3,'533',1,1),(305,114,47,3,'521',1,1),(306,114,48,3,'526',1,1),(307,114,49,3,'532',1,1),(308,114,67,5,'540',1,1),(309,114,68,5,'544',1,1),(310,114,69,5,'546',1,1),(311,114,70,5,'552',1,NULL),(312,114,71,5,'553',1,1),(313,114,72,5,'557',1,1),(314,114,73,5,'565',1,1),(315,114,74,5,'569',1,1),(316,114,75,5,'575',1,1),(317,114,78,5,'582',1,1),(318,114,79,5,'588',1,1),(319,114,80,5,'592',1,1),(320,114,81,5,'579',1,NULL),(321,114,88,5,'596',1,1),(322,114,89,5,'600',1,1),(323,114,116,7,'694',1,1),(324,114,117,7,'695',1,NULL),(325,114,118,7,'703',1,1),(326,114,119,7,'706',1,1),(327,114,120,7,'711',1,1),(328,114,121,7,'714',1,1),(329,114,122,7,'720',1,1),(330,114,124,7,'726',1,1),(331,114,125,7,'745',1,1),(332,114,126,7,'735',1,1),(333,115,26,3,'463',1,1),(334,115,27,3,'465',1,1),(335,115,28,3,'467',1,1),(336,115,29,3,'470',1,NULL),(337,115,30,3,'471',1,1),(338,115,31,3,'474',1,1),(339,115,32,3,'475',1,1),(340,115,33,3,'477',1,1),(341,115,34,3,'479',1,1),(342,115,35,3,'485',1,1),(343,115,36,3,'487',1,1),(344,115,37,3,'490',1,1),(345,115,38,3,'500',1,1),(346,115,39,3,'508',1,1),(347,115,40,3,'511',1,1),(348,115,41,3,'515',1,1),(349,115,42,3,'533',1,1),(350,115,47,3,'521',1,1),(351,115,48,3,'526',1,1),(352,115,49,3,'532',1,1),(353,115,67,5,'540',1,1),(354,115,68,5,'544',1,1),(355,115,69,5,'546',1,1),(356,115,70,5,'552',1,NULL),(357,115,71,5,'553',1,1),(358,115,72,5,'557',1,1),(359,115,73,5,'565',1,1),(360,115,74,5,'569',1,1),(361,115,75,5,'575',1,1),(362,115,78,5,'582',1,1),(363,115,79,5,'588',1,1),(364,115,80,5,'592',1,1),(365,115,81,5,'579',1,NULL),(366,115,88,5,'596',1,1),(367,115,89,5,'600',1,1),(368,115,116,7,'694',1,1),(369,115,117,7,'695',1,NULL),(370,115,118,7,'703',1,1),(371,115,119,7,'706',1,1),(372,115,120,7,'711',1,1),(373,115,121,7,'714',1,1),(374,115,122,7,'720',1,1),(375,115,124,7,'726',1,1),(376,115,125,7,'745',1,1),(377,115,126,7,'735',1,1),(378,115,127,8,'750',1,1),(379,115,128,8,'753',1,1),(380,115,129,8,'759',1,1),(381,115,130,8,'768',1,1),(382,115,131,8,'767',1,1),(383,115,132,8,'770',1,1),(384,115,133,8,'773',1,1),(385,115,134,8,'774',1,1),(386,115,135,8,'777',1,1),(387,115,136,8,'782',1,1),(388,115,137,9,'785',1,1),(389,115,138,9,'791',1,1),(390,115,139,9,'796',1,1),(391,115,140,9,'798',1,1),(392,115,141,9,'800',1,1),(393,115,142,9,'805',1,1),(394,115,143,9,'810',1,1),(395,115,144,9,'819',1,1),(396,115,145,9,'825',1,NULL),(397,114,127,8,'750',1,1),(398,114,128,8,'753',1,1),(399,114,129,8,'759',1,1),(400,114,130,8,'768',1,1),(401,114,131,8,'767',1,1),(402,114,132,8,'770',1,1),(403,114,133,8,'773',1,1),(404,114,134,8,'774',1,1),(405,114,135,8,'777',1,1),(406,114,136,8,'782',1,1),(407,114,137,9,'785',1,1),(408,114,138,9,'791',1,1),(409,114,139,9,'796',1,1),(410,114,140,9,'798',1,1),(411,114,141,9,'800',1,1),(412,114,142,9,'805',1,1),(413,114,143,9,'810',1,1),(414,114,144,9,'819',1,1),(415,114,145,9,'828',1,NULL),(416,116,53,4,'296',1,1),(417,116,54,4,'449',1,1),(418,116,55,4,'299',1,NULL),(419,116,57,4,'452',1,1),(420,116,58,4,'414',1,1),(421,116,59,4,'419',1,1),(422,116,60,4,'325',1,1),(423,116,61,4,'425',1,1),(424,116,62,4,'327',1,1),(425,116,63,4,'332',1,NULL),(426,116,64,4,'333',1,1),(427,116,65,4,'458',1,1),(428,116,82,4,'343',1,1),(429,116,83,4,'347',1,1),(430,116,85,4,'459',1,1),(431,116,26,3,'463',1,1),(432,116,27,3,'465',1,1),(433,116,28,3,'467',1,1),(434,116,29,3,'469',1,1),(435,116,30,3,'471',1,1),(436,116,31,3,'474',1,1),(437,116,32,3,'475',1,1),(438,116,33,3,'477',1,1),(439,116,34,3,'479',1,1),(440,116,35,3,'485',1,1),(441,116,36,3,'487',1,1),(442,116,37,3,'490',1,1),(443,116,38,3,'500',1,1),(444,116,39,3,'509',1,NULL),(445,116,40,3,'510',1,NULL),(446,116,41,3,'515',1,1),(447,116,42,3,'533',1,1),(448,116,47,3,'521',1,1),(449,116,48,3,'526',1,1),(450,116,49,3,'527',1,NULL),(451,116,67,5,'540',1,1),(452,116,68,5,'544',1,1),(453,116,69,5,'548',1,NULL),(454,116,70,5,'551',1,1),(455,116,71,5,'556',1,NULL),(456,116,72,5,'558',1,NULL),(457,116,73,5,'565',1,1),(458,116,74,5,'569',1,1),(459,116,75,5,'575',1,1),(460,116,78,5,'582',1,1),(461,116,79,5,'584',1,NULL),(462,116,80,5,'591',1,NULL),(463,116,81,5,'576',1,1),(464,116,88,5,'596',1,1),(465,116,89,5,'599',1,NULL),(466,116,67,5,'540',2,1),(467,116,68,5,'544',2,1),(468,116,69,5,'546',2,1),(469,116,70,5,'551',2,1),(470,116,71,5,'553',2,1),(471,116,72,5,'558',2,NULL),(472,116,73,5,'564',2,NULL),(473,116,74,5,'569',2,1),(474,116,75,5,'575',2,1),(475,116,78,5,'582',2,1),(476,116,79,5,'588',2,1),(477,116,80,5,'591',2,NULL),(478,116,81,5,'576',2,1),(479,116,88,5,'597',2,NULL),(480,116,89,5,'600',2,1),(481,116,116,7,'694',1,1),(482,116,117,7,'696',1,NULL),(483,116,118,7,'703',1,1),(484,116,119,7,'706',1,1),(485,116,120,7,'711',1,1),(486,116,121,7,'714',1,1),(487,116,122,7,'717',1,NULL),(488,116,124,7,'726',1,1),(489,116,125,7,'745',1,1),(490,116,126,7,'735',1,1),(491,116,127,8,'750',1,1),(492,116,128,8,'753',1,1),(493,116,129,8,'759',1,1),(494,116,130,8,'768',1,1),(495,116,131,8,'767',1,1),(496,116,132,8,'770',1,1),(497,116,133,8,'773',1,1),(498,116,134,8,'774',1,1),(499,116,135,8,'777',1,1),(500,116,136,8,'782',1,1),(501,116,137,9,'785',1,1),(502,116,138,9,'791',1,1),(503,116,139,9,'795',1,NULL),(504,116,140,9,'798',1,1),(505,116,141,9,'799',1,NULL),(506,116,142,9,'805',1,1),(507,116,143,9,'810',1,1),(508,116,144,9,'818',1,NULL),(509,116,145,9,'827',1,1),(510,116,137,9,'785',2,1),(511,116,138,9,'791',2,1),(512,116,139,9,'795',2,NULL),(513,116,140,9,'798',2,1),(514,116,141,9,'800',2,1),(515,116,142,9,'805',2,1),(516,116,143,9,'810',2,1),(517,116,144,9,'819',2,1),(518,116,145,9,'827',2,1),(519,117,67,5,'540',1,1),(520,117,68,5,'544',1,1),(521,117,69,5,'546',1,1),(522,117,70,5,'552',1,NULL),(523,117,71,5,'553',1,1),(524,117,72,5,'557',1,1),(525,117,73,5,'565',1,1),(526,117,74,5,'569',1,1),(527,117,75,5,'575',1,1),(528,117,78,5,'582',1,1),(529,117,79,5,'588',1,1),(530,117,80,5,'592',1,1),(531,117,81,5,'579',1,NULL),(532,117,88,5,'596',1,1),(533,117,89,5,'600',1,1),(534,117,26,3,'463',1,1),(535,117,27,3,'466',1,NULL),(536,117,28,3,'467',1,1),(537,117,29,3,'470',1,NULL),(538,117,30,3,'471',1,1),(539,117,31,3,'474',1,1),(540,117,32,3,'475',1,1),(541,117,33,3,'477',1,1),(542,117,34,3,'479',1,1),(543,117,35,3,'485',1,1),(544,117,36,3,'487',1,1),(545,117,37,3,'490',1,1),(546,117,38,3,'500',1,1),(547,117,39,3,'508',1,1),(548,117,40,3,'511',1,1),(549,117,41,3,'515',1,1),(550,117,42,3,'533',1,1),(551,117,47,3,'521',1,1),(552,117,48,3,'526',1,1),(553,117,49,3,'532',1,1),(554,117,137,9,'785',1,1),(555,117,138,9,'791',1,1),(556,117,139,9,'796',1,1),(557,117,140,9,'798',1,1),(558,117,141,9,'800',1,1),(559,117,142,9,'805',1,1),(560,117,143,9,'810',1,1),(561,117,144,9,'819',1,1),(562,117,145,9,'825',1,NULL),(563,117,127,8,'750',1,1),(564,117,128,8,'753',1,1),(565,117,129,8,'759',1,1),(566,117,130,8,'768',1,1),(567,117,131,8,'767',1,1),(568,117,132,8,'770',1,1),(569,117,133,8,'773',1,1),(570,117,134,8,'774',1,1),(571,117,135,8,'777',1,1),(572,117,136,8,'782',1,1),(573,117,116,7,'694',1,1),(574,117,117,7,'697',1,1),(575,117,118,7,'703',1,1),(576,117,119,7,'706',1,1),(577,117,120,7,'711',1,1),(578,117,121,7,'714',1,1),(579,117,122,7,'720',1,1),(580,117,124,7,'726',1,1),(581,117,125,7,'745',1,1),(582,117,126,7,'735',1,1),(583,117,53,4,'296',1,1),(584,117,54,4,'449',1,1),(585,117,55,4,'299',1,NULL),(586,117,57,4,'452',1,1),(587,117,58,4,'414',1,1),(588,117,59,4,'419',1,1),(589,117,60,4,'325',1,1),(590,117,61,4,'425',1,1),(591,117,62,4,'328',1,NULL),(592,117,63,4,'331',1,1),(593,117,64,4,'333',1,1),(594,117,65,4,'458',1,1),(595,117,82,4,'343',1,1),(596,117,83,4,'347',1,1),(597,117,85,4,'459',1,1),(598,113,137,9,'785',1,1),(599,113,138,9,'791',1,1),(600,113,139,9,'796',1,1),(601,113,140,9,'798',1,1),(602,113,141,9,'800',1,1),(603,113,142,9,'805',1,1),(604,113,143,9,'810',1,1),(605,113,144,9,'819',1,1),(606,113,145,9,'825',1,NULL),(607,112,137,9,'785',1,1),(608,112,138,9,'791',1,1),(609,112,139,9,'792',1,NULL),(610,112,140,9,'798',1,1),(611,112,141,9,'801',1,NULL),(612,112,142,9,'804',1,NULL),(613,112,143,9,'810',1,1),(614,112,144,9,'818',1,NULL),(615,112,145,9,'826',1,NULL),(616,112,137,9,'785',2,1),(617,112,138,9,'791',2,1),(618,112,139,9,'796',2,1),(619,112,140,9,'798',2,1),(620,112,141,9,'801',2,NULL),(621,112,142,9,'805',2,1),(622,112,143,9,'810',2,1),(623,112,144,9,'819',2,1),(624,112,145,9,'827',2,1),(625,119,26,3,'463',1,1),(626,119,27,3,'465',1,1),(627,119,28,3,'467',1,1),(628,119,29,3,'469',1,1),(629,119,30,3,'471',1,1),(630,119,31,3,'474',1,1),(631,119,32,3,'475',1,1),(632,119,33,3,'477',1,1),(633,119,34,3,'479',1,1),(634,119,35,3,'485',1,1),(635,119,36,3,'487',1,1),(636,119,37,3,'490',1,1),(637,119,38,3,'500',1,1),(638,119,39,3,'508',1,1),(639,119,40,3,'512',1,NULL),(640,119,41,3,'515',1,1),(641,119,42,3,'533',1,1),(642,119,47,3,'519',1,NULL),(643,119,48,3,'526',1,1),(644,119,49,3,'532',1,1),(645,119,67,5,'540',1,1),(646,119,68,5,'544',1,1),(647,119,69,5,'546',1,1),(648,119,70,5,'551',1,1),(649,119,71,5,'553',1,1),(650,119,72,5,'557',1,1),(651,119,73,5,'565',1,1),(652,119,74,5,'569',1,1),(653,119,75,5,'575',1,1),(654,119,78,5,'582',1,1),(655,119,79,5,'588',1,1),(656,119,80,5,'593',1,NULL),(657,119,81,5,'579',1,NULL),(658,119,88,5,'596',1,1),(659,119,89,5,'600',1,1),(660,120,26,3,'463',1,1),(661,120,27,3,'465',1,1),(662,120,28,3,'467',1,1),(663,120,29,3,'469',1,1),(664,120,30,3,'471',1,1),(665,120,31,3,'474',1,1),(666,120,32,3,'475',1,1),(667,120,33,3,'477',1,1),(668,120,34,3,'479',1,1),(669,120,35,3,'485',1,1),(670,120,36,3,'488',1,NULL),(671,120,37,3,'490',1,1),(672,120,38,3,'500',1,1),(673,120,39,3,'508',1,1),(674,120,40,3,'511',1,1),(675,120,41,3,'517',1,NULL),(676,120,42,3,'533',1,1),(677,120,47,3,'521',1,1),(678,120,48,3,'526',1,1),(679,120,49,3,'532',1,1),(680,120,67,5,'540',1,1),(681,120,68,5,'544',1,1),(682,120,69,5,'548',1,NULL),(683,120,70,5,'552',1,NULL),(684,120,71,5,'553',1,1),(685,120,72,5,'557',1,1),(686,120,73,5,'561',1,NULL),(687,120,74,5,'569',1,1),(688,120,75,5,'575',1,1),(689,120,78,5,'580',1,NULL),(690,120,79,5,'588',1,1),(691,120,80,5,'593',1,NULL),(692,120,81,5,'579',1,NULL),(693,120,88,5,'597',1,NULL),(694,120,89,5,'600',1,1),(695,120,67,5,'540',2,1),(696,120,68,5,'544',2,1),(697,120,69,5,'546',2,1),(698,120,70,5,'551',2,1),(699,120,71,5,'553',2,1),(700,120,72,5,'557',2,1),(701,120,73,5,'565',2,1),(702,120,74,5,'569',2,1),(703,120,75,5,'575',2,1),(704,120,78,5,'582',2,1),(705,120,80,5,'592',2,1),(706,120,81,5,'579',2,NULL),(707,120,88,5,'596',2,1),(708,120,89,5,'600',2,1),(709,120,116,7,'694',1,1),(710,120,117,7,'695',1,NULL),(711,120,118,7,'703',1,1),(712,120,119,7,'706',1,1),(713,120,120,7,'711',1,1),(714,120,121,7,'714',1,1),(715,120,122,7,'720',1,1),(716,120,124,7,'726',1,1),(717,120,125,7,'745',1,1),(718,120,126,7,'735',1,1),(719,120,127,8,'750',1,1),(720,120,128,8,'753',1,1),(721,120,129,8,'759',1,1),(722,120,130,8,'768',1,1),(723,120,131,8,'766',1,NULL),(724,120,132,8,'770',1,1),(725,120,133,8,'772',1,NULL),(726,120,134,8,'774',1,1),(727,120,135,8,'776',1,NULL),(728,120,136,8,'782',1,1),(729,120,137,9,'784',1,NULL),(730,120,138,9,'791',1,1),(731,120,139,9,'795',1,NULL),(732,120,140,9,'798',1,1),(733,120,141,9,'802',1,NULL),(734,120,142,9,'806',1,NULL),(735,120,143,9,'809',1,NULL),(736,120,144,9,'818',1,NULL),(737,120,145,9,'825',1,NULL),(738,120,137,9,'785',2,1),(739,120,138,9,'791',2,1),(740,120,139,9,'796',2,1),(741,120,140,9,'798',2,1),(742,120,141,9,'800',2,1),(743,120,142,9,'805',2,1),(744,120,143,9,'810',2,1),(745,120,144,9,'818',2,NULL),(746,120,145,9,'825',2,NULL),(747,119,116,7,'694',1,1),(748,119,117,7,'698',1,NULL),(749,119,118,7,'703',1,1),(750,119,119,7,'706',1,1),(751,119,120,7,'711',1,1),(752,119,121,7,'714',1,1),(753,119,122,7,'718',1,NULL),(754,119,124,7,'726',1,1),(755,119,125,7,'745',1,1),(756,119,126,7,'735',1,1),(757,119,127,8,'750',1,1),(758,119,128,8,'753',1,1),(759,119,129,8,'759',1,1),(760,119,130,8,'768',1,1),(761,119,131,8,'767',1,1),(762,119,132,8,'770',1,1),(763,119,133,8,'773',1,1),(764,119,134,8,'774',1,1),(765,119,135,8,'777',1,1),(766,119,136,8,'782',1,1),(767,119,137,9,'785',1,1),(768,119,138,9,'791',1,1),(769,119,139,9,'796',1,1),(770,119,140,9,'798',1,1),(771,119,141,9,'800',1,1),(772,119,142,9,'805',1,1),(773,119,143,9,'810',1,1),(774,119,144,9,'819',1,1),(775,119,145,9,'827',1,1);

--
-- Table structure for table `settings`
--

CREATE TABLE `settings` (
  `id` int(11) unsigned NOT NULL AUTO_INCREMENT,
  `access_code` varchar(60) DEFAULT NULL,
  `staff_type_select` varchar(60) DEFAULT NULL,
  `footer_column_1` blob,
  `footer_column_2` blob,
  `payment_activated` int(11) DEFAULT '0',
  PRIMARY KEY (`id`)
) ENGINE=InnoDB AUTO_INCREMENT=2 DEFAULT CHARSET=utf8;

--
-- Dumping data for table `settings`
--

INSERT INTO `settings` VALUES (1,'HarborH2015',NULL,'6555 NW 9th Avenue, Suite 210<br>\nFt. Lauderdale, FL 33309<br>\nPhone: (877) 944-4235<br>\nFax: (954) 771-2098','',0);

--
-- Table structure for table `user`
--

CREATE TABLE `user` (
  `id` int(11) unsigned NOT NULL AUTO_INCREMENT,
  `fname` varchar(60) CHARACTER SET utf8 NOT NULL,
  `lname` varchar(60) CHARACTER SET utf8 NOT NULL,
  `email` varchar(60) CHARACTER SET utf8 NOT NULL,
  `pass` char(64) CHARACTER SET utf8 NOT NULL DEFAULT '',
  `birthdate_day` int(11) NOT NULL,
  `birthdate_month` int(11) NOT NULL,
  `birthdate_year` int(11) NOT NULL,
  `join_date` timestamp NOT NULL DEFAULT CURRENT_TIMESTAMP,
  `confirmation_code` int(11) DEFAULT NULL,
  `confirmed` int(1) NOT NULL DEFAULT '1',
  `CEU_count` int(11) DEFAULT NULL,
  `access_level` int(11) DEFAULT '0',
  `staff_type` varchar(60) CHARACTER SET utf8 DEFAULT NULL,
  PRIMARY KEY (`id`)
) ENGINE=InnoDB AUTO_INCREMENT=121 DEFAULT CHARSET=latin1;

--
-- Dumping data for table `user`
--

INSERT INTO `user` VALUES (10,'John','Sheppard','jcshep@gmail.com','78bfd17437cb85e2d2acb28c01717fe5f8b13d1fd54fe9fc974934403d79a205',2,2,1941,'2014-03-04 20:52:18',46863347,1,0,1,NULL),(12,'mary','Curtis','marytcurtis@comcast.net','fe2e757802f5cff053eb5307ea69e65203bfff78e82b9144d47600008902a547',26,10,1960,'2014-03-10 15:33:21',82939153,1,12,1,NULL),(110,'Cornell','Peters','fortriscorp@gmail.com','fe2e757802f5cff053eb5307ea69e65203bfff78e82b9144d47600008902a547',2,6,1982,'2015-02-18 19:54:58',30182285,1,1,1,NULL),(111,'mary','curtis','maryc@destinationhope.net','fe2e757802f5cff053eb5307ea69e65203bfff78e82b9144d47600008902a547',26,10,1960,'2015-02-19 02:30:17',34042837,1,0,0,NULL),(112,'Jonathan','Fox','johnnyharborrecovery@gmail.com','a339c6718ecd45790d7f49e1a17bc1949d67183d2d6a57a33e75bcaedc1556a2',19,6,1991,'2015-02-20 17:41:48',24568741,1,13,0,NULL),(113,'Heather','Demorris ','Demorris.heather@me.com','c83b10911ea025f13b15a24703129636710b98758dcbb8d3487dc66b2d6aace5',29,6,1990,'2015-02-20 19:30:48',93004651,1,8,0,NULL),(114,'warren','howie','theharborhouse@gmail.com','5ca8833cde91b18d82f90c8b9a0b5f8f2c003bc3514707a2088df18880270feb',1,11,1972,'2015-02-23 20:15:05',83092461,1,6,0,NULL),(115,'amy','bloom','amyharborwomen@gmail.com','dc0bb5cd21cf28ee7ca9d7cf1ec17a2479f2363cb67c5d9631f0cae448482b8d',15,6,1992,'2015-02-24 17:55:32',33756972,1,6,0,NULL),(116,'William','Foley','foley_william@rocketmail.com','8530b89a4b8ab1598874c6f2294a35e17fc047b6bab1a9d4723b91bb41fe2704',8,8,1988,'2015-02-24 21:57:17',86341211,1,8,0,NULL),(117,'Jason','Starnes','Jasonstarnes29@gmail.com','119a18a54e0137f0f24e4b33d033f7421345a3f96f21e4449682365685f6592d',6,1,1983,'2015-02-24 23:44:17',44639060,1,8,0,NULL),(118,'lee','phillips','thenursesguild@bellsouth.net','42b3dd7aa586f4491905263b6fbc7d999f361d1c5fcaf14a7bfd75546d4dec95',8,2,1955,'2015-03-04 19:13:11',97110775,1,0,0,NULL),(119,'lee','phillips','lphillips2955@gmail.com','42b3dd7aa586f4491905263b6fbc7d999f361d1c5fcaf14a7bfd75546d4dec95',8,2,1955,'2015-03-05 21:23:14',79906295,1,6,0,NULL),(120,'Mirriam','Esposito','mwesposito@gmail.com','47fb2b574c97b391c62eb25b74612eb65766b6cd51131e5482c1ae387d92b99a',0,8,1965,'2015-03-10 18:12:07',21060359,1,6,0,NULL);

--
-- Table structure for table `user_course_access`
--

CREATE TABLE `user_course_access` (
  `id` int(11) unsigned NOT NULL AUTO_INCREMENT,
  `user_id` int(11) unsigned NOT NULL,
  `course_id` int(11) unsigned NOT NULL,
  `status` varchar(60) CHARACTER SET utf8mb4 DEFAULT NULL,
  `time_completed` int(11) unsigned DEFAULT NULL,
  `evaluated` int(11) DEFAULT '0',
  PRIMARY KEY (`id`),
  KEY `user_id` (`user_id`),
  KEY `course_id` (`course_id`),
  CONSTRAINT `user_course_access_ibfk_1` FOREIGN KEY (`user_id`) REFERENCES `user` (`id`) ON DELETE CASCADE ON UPDATE NO ACTION,
  CONSTRAINT `user_course_access_ibfk_3` FOREIGN KEY (`course_id`) REFERENCES `course` (`id`) ON DELETE CASCADE ON UPDATE NO ACTION
) ENGINE=InnoDB AUTO_INCREMENT=235 DEFAULT CHARSET=utf8;

--
-- Dumping data for table `user_course_access`
--

INSERT INTO `user_course_access` VALUES (179,10,3,'In Progress',NULL,0),(180,12,3,'Completed',1424356863,0),(181,12,3,'Completed',1424356863,0),(182,110,3,'In Progress',NULL,0),(183,110,4,'In Progress',NULL,0),(184,12,5,'In Progress',NULL,0),(185,12,7,'In Progress',NULL,0),(186,110,7,'Completed',1424366271,0),(187,12,4,'In Progress',NULL,0),(188,112,3,'Completed',1424458224,0),(189,112,4,'Completed',1424459439,0),(190,112,5,'Completed',1424460464,0),(191,112,7,'Completed',1424461104,0),(192,113,3,'Completed',1424552919,0),(193,113,5,'Completed',1424553406,0),(194,113,7,'Completed',1424553999,0),(195,112,8,'Completed',1424464164,0),(196,12,8,'In Progress',NULL,0),(197,12,8,'In Progress',NULL,0),(198,113,4,'Completed',1424551773,1),(199,113,8,'Completed',1424553565,0),(200,114,3,'Completed',1424798416,0),(201,110,9,'In Progress',NULL,0),(202,114,5,'Completed',1424799681,0),(203,114,7,'Completed',1424800390,0),(204,115,3,'Completed',1424800634,0),(205,115,5,'Completed',1424800736,0),(206,115,7,'Completed',1424800982,0),(207,115,8,'Completed',1424801873,0),(208,115,9,'Completed',1424803325,0),(209,114,8,'Completed',1424803758,0),(210,114,9,'Completed',1424803872,0),(211,116,4,'Completed',1424815562,0),(212,116,3,'Completed',1424816146,0),(213,116,5,'Completed',1424816797,0),(214,116,7,'Completed',1424817285,0),(215,116,8,'Completed',1424817589,0),(216,116,9,'Completed',1424818218,0),(217,117,4,'Completed',1424822765,0),(218,117,5,'Completed',1424821730,1),(219,117,3,'Completed',1424821909,0),(220,117,9,'Completed',1424822010,0),(221,117,8,'Completed',1424822103,0),(222,117,7,'Completed',1424822174,0),(223,113,9,'Completed',1424876561,0),(224,112,9,'Completed',1424918645,0),(225,119,3,'Completed',1425659065,1),(226,119,5,'Completed',1425933695,0),(227,120,3,'Completed',1426011450,0),(228,120,5,'Completed',1426012066,0),(229,120,7,'Completed',1426012296,0),(230,120,8,'Completed',1426012529,0),(231,120,9,'Completed',1426013146,0),(232,119,7,'Completed',1426019413,1),(233,119,8,'Completed',1426019901,0),(234,119,9,'Completed',1426020562,0);

--
-- Current Database: `achieve_school`
--

CREATE DATABASE /*!32312 IF NOT EXISTS*/ `achieve_school` /*!40100 DEFAULT CHARACTER SET latin1 */;

USE `achieve_school`;

--
-- Table structure for table `course`
--

CREATE TABLE `course` (
  `id` int(11) unsigned NOT NULL AUTO_INCREMENT,
  `name` varchar(60) CHARACTER SET utf8 NOT NULL,
  `short_description` text CHARACTER SET utf8,
  `description` text CHARACTER SET utf8,
  `passing_percentage` int(11) DEFAULT NULL,
  `cost` varchar(60) CHARACTER SET utf8 DEFAULT NULL,
  `instruction_methods` text CHARACTER SET utf8,
  `evaluation_method` text CHARACTER SET utf8,
  `study_guide` varchar(60) CHARACTER SET utf8 DEFAULT NULL,
  `study_guide_2` varchar(60) CHARACTER SET utf8 DEFAULT NULL,
  `case_study` varchar(60) CHARACTER SET utf8 DEFAULT NULL,
  `powerpoint` varchar(60) CHARACTER SET utf8 DEFAULT NULL,
  `powerpoint_2` varchar(60) CHARACTER SET utf8 DEFAULT NULL,
  `syllabus` varchar(60) CHARACTER SET utf8 DEFAULT NULL,
  `video` text CHARACTER SET utf8,
  `ceu_credit` int(11) unsigned DEFAULT '0',
  `promo_code` varchar(60) DEFAULT NULL,
  `frequency_required` int(11) DEFAULT NULL,
  `staff_requirement` int(11) DEFAULT NULL,
  `required_within_time` int(11) DEFAULT NULL,
  `in_person` int(11) DEFAULT '0',
  PRIMARY KEY (`id`)
) ENGINE=InnoDB AUTO_INCREMENT=28 DEFAULT CHARSET=latin1;

--
-- Dumping data for table `course`
--

INSERT INTO `course` VALUES (3,'HIV / AIDS','<p>HIV is an acronym for human immunodeficiency virus and it is the disease that often leads to AIDS. Continuing Education Course (2 CEUs)</p>','<p style=\"margin: 0px; padding: 0px; font-size: 12px; color: rgb(68, 68, 68); line-height: 18px; font-family: helvetica, arial, sans-serif;\">This class provides information on HIV and AIDS- related illnesses. Materials will be presented on the symptoms, causes, pathophysiology, diagnosis, transmission and prevention, treatment, epidemiology, prognosis, and history of HIV and AIDS.</p>',80,'0','Online Only',NULL,'Online-HIVAIDS-021815.pdf',NULL,NULL,NULL,NULL,NULL,NULL,2,'',730,NULL,30,0),(4,'Aggression Management','<p>The effective handling of aggression is one of the most demanding aspects of working in Behavioral Health. It is an area in which the ability to manage self and assertively communicate with others is essential. This course will explore identifying, preventing and managing aggressive behavior through the use of verbal de-escalation interventions.</p>','<p><strong>Course Overview and Objectives</strong><br><br>The effective handling of aggression is one of the most demanding aspects of working in Behavioral Health. It is an area in which the ability to manage self and assertively communicate with others is essential. This course will explore identifying, preventing and managing aggressive behavior through the use of verbal de-escalation interventions. <br><br>Upon successful completion of this course the learner will be able to: </p><ol><li>Define “Aggression” and “Verbal De-escalation\" </li><li>Identify warning signs for aggressive behavior. </li><li>Give examples of verbal\r\nde-escalation techniques to use in a crisis situation\r\n   </li></ol>',80,'0','Online Only',NULL,'online-aggression-management-021815.pdf',NULL,NULL,NULL,NULL,NULL,NULL,2,'',365,NULL,180,0),(5,'Infection Control','<p>Healthcare workers are required to participate in an annual training on infection prevention and control. 1 CEU</p>','<p>Healthcare workers are required to participate in an annual training on infection prevention and control. At the end of this study guide participants will be able to:</p><ul><li>Understand modes of transmission of bacteria and infections</li><li>Understand universal precautions</li><li>Practice proper hand washing techniques</li><li>Take action to prevention of the spread of disease in your workplace</li></ul>',80,'0','Online Only',NULL,'Online-InfectionControl-021815.pdf',NULL,NULL,NULL,NULL,NULL,NULL,1,'',365,NULL,90,0),(7,'Confidentiality / HIPAA','<p>Confidentiality is one of the most basic rights that our clients have. All healthcare workers are legally and morally bound to protect the confidentiality of others.</p>','<p>Confidentiality is one of the most basic rights that our clients have. All healthcare workers are legally and morally bound to protect the confidentiality of others.</p><p>This course is designed to:</p><ol><li><span  style=\"font-size: 10pt;\">Give you an overview of The Health Insurance Portability and Accountability Act of 1996 </span><span  style=\"font-size: 10pt;\">(HIPAA).</span></li><li><span  style=\"font-size: 10pt;\">Familiarize you with any major changes that have been implemented with the new 2013 </span><span  style=\"font-size: 10pt;\">Omnibus Rule Changes.</span></li><li><span  style=\"font-size: 10pt;\">Help you recognize the serious consequences if you fail to comply with HIPAA.</span></li></ol>',80,'','Online',NULL,'HIPAA-2016.pdf',NULL,NULL,NULL,NULL,NULL,NULL,2,'',365,NULL,90,0),(8,'Incident Reporting Requirements','<p>All public or private substance abuse service providers, licensed by The Department of Children and Families (DCF) must create and maintain policies and procedures for Incident Reporting.</p>','<p>All public or private substance abuse service providers, licensed by The Department of Children and Families (DCF) must create and maintain policies and procedures for Incident Reporting. This course details the internal procedure for completing and filing an incident report form for an unusual event, as well as, the procedure for reporting a critical incident to the DCF and Joint Commission.</p>',80,'0','Online',NULL,'INCIDENTREPORTING_destinationhope.pdf',NULL,NULL,NULL,NULL,NULL,NULL,1,'',365,NULL,90,0),(9,'Abuse Reporting & Affirmative Duties','<p>Every individual in Florida has a responsibility to report suspected abuse or neglect. In addition, Florida Law specifies professionals in certain occupations as required to report abuse or neglect. This course will take you through the legal requirements in Florida regarding abuse reporting and affirmative duties.</p>','<p>Everyone in Florida is a mandated reporter but some people are professionally mandated reporters. Every person has a responsibility to report suspected abuse or neglect. In addition, Florida Law specifies professionals in certain occupations as required to do so. These professionals are mandated to make a report if they have reasonable  cause to suspect abuse, neglect or exploitation is of a child or a vulnerable adult. Providers of substance abuse services shall adhere to the statutory requirements for reporting abuse, neglect, and deaths of children under Chapter 39, F.S., and of adults under Section 415.1034 and paragraph 397.501(7)(c), F.S.</p>',80,'0','Online',NULL,'finalcurrentchapter 415.pdf',NULL,NULL,NULL,NULL,NULL,NULL,1,'',730,NULL,90,0),(10,'Sexual Harassment','<p>After completing this self-study session, you will be able to: Define sexual harassment, Identify the types of sexual harassment and Identify behaviors that may be interpreted as sexual harassment.</p>','<p>After completing this self-study session, you will be able to:</p><ul><li>Define sexual harassment.</li><li>Identify the types of sexual harassment.</li><li>Identify behaviors that may be interpreted as sexual harassment.</li></ul>',80,'0','Online',NULL,'finalsexualharassment.pdf',NULL,NULL,NULL,NULL,NULL,NULL,2,'',730,NULL,90,0),(11,'The Americans With Disabilities Act','<p>The Americans with Disabilities Act (ADA), which was signed into law on July 26, 1990, is the\r\nnation’s first comprehensive civil rights law addressing the needs of people with disabilities,\r\nprohibiting discrimination in employment, public services, public accommodations, and\r\ntelecommunications.</p>','<p>The Americans with Disabilities Act (ADA), which was signed into law on July 26, 1990, is the nation’s first comprehensive civil rights law addressing the needs of people with disabilities, prohibiting discrimination in employment, public services, public accommodations, and telecommunications. The ADA assures equality of opportunity, full participation, independent living, and economic self-sufficiency to persons with disabilities.</p>',80,'0','Online',NULL,'fADAonline.pdf',NULL,NULL,NULL,NULL,NULL,NULL,1,'',365,NULL,90,0),(12,'CPR','','',80,'','',NULL,NULL,NULL,NULL,NULL,NULL,NULL,NULL,4,'',730,NULL,180,1),(13,'Ethical Conduct','','',80,'','',NULL,NULL,NULL,NULL,NULL,NULL,NULL,NULL,2,'',365,NULL,90,0),(16,'Cultural Diversity / Cultural Competence','','',80,'','',NULL,NULL,NULL,NULL,NULL,NULL,NULL,NULL,2,'',365,NULL,90,0),(19,'Sexual Abuse and Trauma','','',80,'','',NULL,NULL,NULL,NULL,NULL,NULL,NULL,NULL,2,'',730,NULL,180,1),(20,'Relapse Prevention / Addiction Education','','',80,'','',NULL,NULL,NULL,NULL,NULL,NULL,NULL,NULL,1,'',365,NULL,180,1),(21,'Medication Management','','',80,'','',NULL,NULL,NULL,NULL,NULL,NULL,NULL,NULL,0,'',180,NULL,30,1),(22,'New Employee Orientation','<p>The following study guide has been prepared to orient\r\nyou to various policies and guidelines to Destination Hope, Inc.  Please review this and complete the\r\npost-study test at the end of the packet.</p><p><strong></strong></p>','<p>This following study guide has been prepared to orient\r\nyou to various policies and guidelines to Destination Hope, Inc.  Please review this and complete the\r\npost-study test at the end of the packet.</p>',80,'0','Online',NULL,'New Employee Orientation Packet V1.docx',NULL,NULL,NULL,NULL,NULL,NULL,0,'',NULL,NULL,30,0),(23,'Domestic Violence','<p>This course is designed to assist the behavioral healthcare worker in understanding domestic violence and the mandates that involve behavioral healthcare workers. In addition to defining domestic violence, this course will review the effects of domestic violence, the cycle of violence, associated risk factors, safety planning, confidentiality and the legalities of domestic violence.</p>','<p>This course is designed to assist the behavioral healthcare worker in understanding domestic violence and the mandates that involve behavioral healthcare workers. In addition to defining domestic violence, this course will review the effects of domestic violence, the cycle of violence, associated risk factors, safety planning, confidentiality and the legalities of domestic violence. </p><p>Upon completion of this course the participant will: </p><ul><li><span  style=\"font-size: 10pt;\">Be able to define domestic violence.</span></li><li><span  style=\"font-size: 10pt;\">Be able to discuss the statistics related to domestic violence.</span></li><li><span  style=\"font-size: 10pt;\">Develop an understanding of the impact and consequences of domestic violence on the\r\nvictim from a health, psychological, and emotional perspective.</span></li><li><span  style=\"font-size: 10pt;\">Be able to assess, counsel and formulate safety plans for clients at risk of domestic violence\r\nor who are currently in a violence relationship. </span></li><li><span  style=\"font-size: 10pt;\">Be able to identify national and local domestic violence resources.</span></li></ul>',80,'0','Online Only',NULL,'finaldomesticviolence.pdf',NULL,NULL,NULL,NULL,NULL,NULL,1,'',365,NULL,180,0),(24,'Understanding Co-occurring Disorders','<p>Prevalence rates show that individuals with co-occurring disorders are common in both the substance abuse and mental health treatment systems. This course will provide participants with an understanding of the concept and term: co-occurring disorders. Participants will become familiar with the assessment, symptoms, and treatment of co-occurring disorders, and will be provided with an example of a special population that exists within the realm of co-occurring disorders.</p>','<p>Prevalence rates show that individuals with co-occurring disorders are common in both the substance abuse and mental health treatment systems. This course will provide participants with an understanding of the concept and term: co-occurring disorders. Participants will become familiar with the assessment, symptoms, and treatment of co-occurring disorders, and will be provided with an example of a special population that exists within the realm of co-occurring disorders.  </p><p>On completion of this course, participants will be able to identify/demonstrate familiarity with: </p><ol><li><span  style=\"font-size: 10pt;\">The definition and terms related to co-occurring disorders. </span></li><li><span  style=\"font-size: 10pt;\">The assessment of co-occurring disorders and common symptoms. </span></li><li><span  style=\"font-size: 10pt;\">The relationship between substance abuse and mental health concerns. </span></li><li><span  style=\"font-size: 10pt;\">The symptoms of specific co-occurring disorders. </span></li><li><span  style=\"font-size: 10pt;\">Available treatments for clients with co-occurring disorders. </span></li><li><span  style=\"font-size: 10pt;\">A special population example and co-occurring disorders.</span></li></ol>',80,'','Online',NULL,'Co-Occuring Disorders.pdf',NULL,NULL,NULL,NULL,NULL,NULL,2,'',365,NULL,180,0),(25,'Distaster Preparedness','<p>An\r\neffective organizational safety program cannot exist without optimal reporting\r\nof medical/health errors and occurrences. </p>','<p>An\r\neffective organizational safety program cannot exist without optimal reporting\r\nof medical/health errors and occurrences. Therefore, it is the intent of\r\nDestination Hope, Inc. to adopt a non-punitive approach in its management of\r\nerrors and occurrences. All personnel are requiredto report suspected and\r\nidentified medical/health care errors, and should do so without the fear of\r\nreprisal in relationship to their employment. \r\nThis organization supports the concept that errors occur due to a\r\nbreakdown in systems and processes, and will focus on improving systems and\r\nprocesses, rather than disciplining those responsible for errors and\r\noccurrences. A focus will be placed on remedial actions and individual development\r\nto assist rather than punish staff members.</p>',80,'0','',NULL,'Disaster Preparedness.docx',NULL,NULL,NULL,NULL,NULL,NULL,0,'',365,NULL,90,0),(26,'FLU SHOT','<p>We will keep track of which employees took the FLU shot.</p>','',NULL,'','',NULL,NULL,NULL,NULL,NULL,NULL,NULL,NULL,0,'',365,NULL,14,1),(27,'Relapse Prevention','<p>Relapse Prevention</p>','',80,'','',NULL,'Relapse Prevention.docx',NULL,NULL,NULL,NULL,NULL,NULL,1,'',365,NULL,180,0);

--
-- Table structure for table `course_category`
--

CREATE TABLE `course_category` (
  `id` int(11) unsigned NOT NULL AUTO_INCREMENT,
  `name` varchar(60) CHARACTER SET utf8 NOT NULL,
  PRIMARY KEY (`id`)
) ENGINE=InnoDB AUTO_INCREMENT=4 DEFAULT CHARSET=latin1;

--
-- Dumping data for table `course_category`
--

INSERT INTO `course_category` VALUES (1,'Admin'),(2,'Direct Care'),(3,'BHT');

--
-- Table structure for table `course_has_category`
--

CREATE TABLE `course_has_category` (
  `id` int(11) unsigned NOT NULL AUTO_INCREMENT,
  `course_id` int(11) unsigned NOT NULL,
  `course_category_id` int(11) unsigned NOT NULL,
  `course_offering_id` int(11) unsigned NOT NULL,
  PRIMARY KEY (`id`),
  KEY `course_id` (`course_id`),
  KEY `course_offering_id` (`course_offering_id`),
  KEY `course_category_id` (`course_category_id`),
  CONSTRAINT `course_has_category_ibfk_3` FOREIGN KEY (`course_offering_id`) REFERENCES `offerings` (`id`) ON DELETE NO ACTION ON UPDATE NO ACTION,
  CONSTRAINT `course_has_category_ibfk_5` FOREIGN KEY (`course_id`) REFERENCES `course` (`id`) ON DELETE CASCADE ON UPDATE NO ACTION,
  CONSTRAINT `course_has_category_ibfk_6` FOREIGN KEY (`course_category_id`) REFERENCES `course_category` (`id`) ON DELETE CASCADE ON UPDATE NO ACTION
) ENGINE=InnoDB AUTO_INCREMENT=78 DEFAULT CHARSET=latin1;

--
-- Dumping data for table `course_has_category`
--

INSERT INTO `course_has_category` VALUES (12,3,1,1),(13,5,1,1),(16,7,1,1),(17,8,1,1),(18,9,1,1),(19,10,1,1),(20,11,1,1),(21,12,2,1),(22,13,1,1),(25,16,1,1),(28,19,2,1),(29,20,2,1),(30,4,2,1),(32,3,2,1),(33,3,3,1),(35,4,3,1),(36,5,2,1),(37,5,3,1),(38,13,2,1),(39,13,3,1),(40,10,2,1),(41,10,3,1),(42,9,2,1),(43,9,3,1),(44,11,2,1),(45,11,3,1),(48,8,2,1),(49,8,3,1),(50,7,2,1),(51,7,3,1),(54,16,2,1),(55,16,3,1),(58,19,3,1),(59,20,3,1),(60,21,3,1),(61,22,1,1),(62,22,2,1),(63,22,3,1),(64,24,2,1),(65,24,3,1),(66,23,2,1),(67,23,3,1),(68,25,1,1),(69,25,2,1),(70,25,3,1),(71,26,1,1),(72,26,2,1),(73,26,3,1),(75,12,3,1),(76,27,2,1),(77,27,3,1);

--
-- Table structure for table `evaluation`
--

CREATE TABLE `evaluation` (
  `id` int(11) unsigned NOT NULL AUTO_INCREMENT,
  `course_id` int(11) DEFAULT NULL,
  `date` int(11) NOT NULL,
  `student_name` varchar(60) DEFAULT NULL,
  `question_1` text,
  `question_2` text,
  `question_3` text,
  `question_4` text,
  `question_5` text,
  `rating` int(11) NOT NULL,
  PRIMARY KEY (`id`)
) ENGINE=InnoDB AUTO_INCREMENT=13 DEFAULT CHARSET=utf8;

--
-- Dumping data for table `evaluation`
--

INSERT INTO `evaluation` VALUES (9,2,1414693949,'','','','','','',3),(10,2,1414693963,'','','','','','',3),(11,2,1414694058,'','','','','','',5),(12,1,1414698803,'','','','','','',3);

--
-- Table structure for table `exam_results`
--

CREATE TABLE `exam_results` (
  `id` int(11) unsigned NOT NULL AUTO_INCREMENT,
  `user_id` int(11) unsigned NOT NULL,
  `course_id` int(11) unsigned NOT NULL,
  `grade` float NOT NULL,
  PRIMARY KEY (`id`),
  KEY `user_id` (`user_id`),
  KEY `course_id` (`course_id`),
  CONSTRAINT `exam_results_ibfk_1` FOREIGN KEY (`user_id`) REFERENCES `user` (`id`) ON DELETE CASCADE ON UPDATE NO ACTION,
  CONSTRAINT `exam_results_ibfk_3` FOREIGN KEY (`course_id`) REFERENCES `course` (`id`) ON DELETE CASCADE ON UPDATE NO ACTION
) ENGINE=InnoDB AUTO_INCREMENT=2479 DEFAULT CHARSET=utf8;

--
-- Dumping data for table `exam_results`
--

INSERT INTO `exam_results` VALUES (50,14,4,0),(51,14,4,0),(52,10,4,60),(54,14,4,69),(55,14,4,75),(57,14,4,94),(60,12,5,77),(61,12,4,87),(62,12,3,5),(98,10,3,15),(99,10,3,100),(114,12,5,93),(115,12,5,93),(120,12,3,85),(254,12,8,87),(255,12,9,80),(256,12,9,80),(257,12,10,93),(258,12,10,93),(259,12,10,93),(260,12,11,90),(827,14,3,85),(1224,14,5,100),(2476,12,4,87),(2477,12,5,67),(2478,12,5,87);

--
-- Table structure for table `materials`
--

CREATE TABLE `materials` (
  `id` int(11) NOT NULL AUTO_INCREMENT,
  `course_id` int(11) unsigned NOT NULL,
  `name` varchar(60) NOT NULL,
  `filename` varchar(60) NOT NULL,
  PRIMARY KEY (`id`),
  KEY `course_id` (`course_id`),
  CONSTRAINT `materials_ibfk_1` FOREIGN KEY (`course_id`) REFERENCES `course` (`id`) ON DELETE CASCADE ON UPDATE NO ACTION
) ENGINE=InnoDB DEFAULT CHARSET=utf8;

--
-- Dumping data for table `materials`
--


--
-- Table structure for table `offering_has_category`
--

CREATE TABLE `offering_has_category` (
  `offering_id` int(11) unsigned NOT NULL,
  `course_category_id` int(11) unsigned NOT NULL,
  KEY `offering_id` (`offering_id`),
  KEY `course_id` (`course_category_id`),
  CONSTRAINT `offering_has_category_ibfk_1` FOREIGN KEY (`offering_id`) REFERENCES `offerings` (`id`) ON DELETE CASCADE ON UPDATE NO ACTION,
  CONSTRAINT `offering_has_category_ibfk_2` FOREIGN KEY (`course_category_id`) REFERENCES `course_category` (`id`) ON DELETE CASCADE ON UPDATE NO ACTION
) ENGINE=InnoDB DEFAULT CHARSET=utf8;

--
-- Dumping data for table `offering_has_category`
--

INSERT INTO `offering_has_category` VALUES (1,1),(1,2),(1,3);

--
-- Table structure for table `offerings`
--

CREATE TABLE `offerings` (
  `id` int(11) unsigned NOT NULL AUTO_INCREMENT,
  `name` varchar(60) NOT NULL DEFAULT '',
  PRIMARY KEY (`id`)
) ENGINE=InnoDB AUTO_INCREMENT=2 DEFAULT CHARSET=utf8;

--
-- Dumping data for table `offerings`
--

INSERT INTO `offerings` VALUES (1,'Compliance Training');

--
-- Table structure for table `option`
--

CREATE TABLE `option` (
  `id` int(11) NOT NULL AUTO_INCREMENT,
  `question_id` int(11) NOT NULL,
  `content` text NOT NULL,
  `correct` int(11) DEFAULT NULL,
  PRIMARY KEY (`id`),
  KEY `question_id` (`question_id`),
  CONSTRAINT `option_ibfk_1` FOREIGN KEY (`question_id`) REFERENCES `question` (`id`) ON DELETE CASCADE ON UPDATE NO ACTION
) ENGINE=InnoDB AUTO_INCREMENT=1792 DEFAULT CHARSET=utf8;

--
-- Dumping data for table `option`
--

INSERT INTO `option` VALUES (4,6,'1 in 2',NULL),(5,6,'1 in 5',NULL),(6,6,'1 in 3',NULL),(7,6,'1 in 4',NULL),(8,7,'An effective vaccine is now available to prevent the disease.',NULL),(9,7,'HIV testing is not only free but compulsory for everyone over age 18.',NULL),(10,7,'People believe that antiretroviral drugs have solved the HIV problem.',NULL),(11,7,'The number of new infections is continuing to decline.',NULL),(12,8,'Free HIV testing of all patients over age 13.',NULL),(13,8,'Developing a vaccine to prevent HIV infection.',NULL),(14,8,'Reducing the rate of new infections.',NULL),(15,8,'Compulsory HIV testing of all patients in emergency departments.',NULL),(16,9,'Black/African Americans.',NULL),(17,9,'Seniors.',NULL),(18,9,'Hispanics.',NULL),(19,9,'Native Americans.',NULL),(20,10,'Women and children, seniors, and transgender persons',NULL),(21,10,'Men who have sex with men, women who have sex with women, prisoners',NULL),(22,10,'Men who have sex with men, injecting-drug users, and men who have sex with men and also use injection drugs',NULL),(23,10,'Women who have sex with women, homeless people, and seniors',NULL),(24,11,'Adopt compulsory hand-washing policies for staff and inmates.',NULL),(25,11,'Provide inmates with condoms and access to bleach for cleaning injection equipment.',NULL),(26,11,'Increase the number of correctional officers who monitor inmate activity.',NULL),(27,11,'Enroll inmates in HIV vaccine clinical trials.',NULL),(28,12,'When they enter prison.',NULL),(29,12,'Within 60 days prior to release.',NULL),(30,12,'Within 30 days prior to release.',NULL),(31,12,'Never; it is not required by law.',NULL),(32,13,'Healthcare workers are more focused on mental health issues in seniors.',NULL),(33,13,'Seniors avoid answering questions about sexual activity.',NULL),(34,13,'Seniors believe they are immune to HIV/AIDS.',NULL),(35,13,'Symptoms of AIDS such as fatigue and weight loss mimic those of normal aging.',NULL),(36,14,'Saliva and cervical secretions',NULL),(37,14,'Saliva, tears, serous fluid, and vaginal secretions',NULL),(38,14,'Blood, semen, breast milk, and vaginal and cervical secretions',NULL),(39,14,'Blood, semen, and urine',NULL),(40,15,'Blood collected for transfusion',NULL),(41,15,'Used needles and syringes',NULL),(42,15,'Casual contact with an infected patient',NULL),(43,15,'A public toilet seat',NULL),(44,16,'Increases the risk of HIV transmission.',NULL),(45,16,'Reduces the risk of HIV transmission.',NULL),(46,16,'Makes no difference in the risk of HIV transmission.',NULL),(47,16,'Increases the risk of pregnancy in women.',NULL),(48,17,'Syphilis',NULL),(49,17,'Hepatitis B (HBV)',NULL),(50,17,'Chlamydia',NULL),(51,17,'Tuberculosis (TB)',NULL),(52,18,'Relatively simple if the patient has health insurance.',NULL),(53,18,'A complex, multi-drug process that takes at least 6 months.',NULL),(54,18,'Usually not successful in African American patients.',NULL),(55,18,'Successful in most patients.',NULL),(56,19,'Unnecessary in HIV patient situations.',NULL),(57,19,'Warranted only if a patient has been diagnosed with TB.',NULL),(58,19,'Effective only if properly fitted and appropriately worn in all areas where risk of exposure is high.',NULL),(59,19,'Primarily used with patients who are coinfected with hepatitis.',NULL),(60,20,'Brain tumors from syphilis.',NULL),(61,20,'Liver disease from chronic hepatitis C.',NULL),(62,20,'Heart disease from antiretroviral drugs.',NULL),(63,20,'Stroke related to antiretroviral drugs.',NULL),(295,53,'True',NULL),(296,53,'False',1),(299,55,'True',NULL),(300,55,'False',1),(325,60,'True',1),(326,60,'False',NULL),(327,62,'True',1),(328,62,'False',NULL),(329,63,'Defensive level, anxiety level, acting out, tension reduction',NULL),(330,63,'Tension inducing, anxiety level, defensive level, acting out',NULL),(331,63,'Anxiety level, defensive level, acting out, tension reduction',1),(332,63,'Acting out, anxiety level, defensive level, tension reduction',NULL),(333,64,'True',1),(334,64,'False',NULL),(339,82,'Clenched fists',NULL),(340,82,'Pacing',NULL),(341,82,'Rapid breathing',NULL),(342,82,'Withdrawn behavior',NULL),(343,82,'All of the Above',1),(344,83,'The person is under the influence of a substance',NULL),(345,83,'The person has a history of psychiatric illness',NULL),(346,83,'The person is facing a high level of stress',NULL),(347,83,'All of the Above',1),(348,83,'A and B',NULL),(409,58,'Using a calm voice and acronyms or jargon',NULL),(410,58,'Giving the person your full attention',NULL),(411,58,'Paraphrasing what the person is saying',NULL),(412,58,'Validating the person’s feelings about the situation',NULL),(413,58,'All of the above',NULL),(414,58,'B, C, and D',1),(415,59,'Speak slowly clearly and gently',NULL),(416,59,'Walk fast away from client to avoid an altercation',NULL),(417,59,'Appear confident and display calmness',NULL),(418,59,'Show you are listening',NULL),(419,59,'A, C, and D',1),(420,59,'A and B',NULL),(421,61,'Don’t use jargon',NULL),(422,61,'Avoid demeaning language',NULL),(423,61,'Find someone that speaks that person’s language',NULL),(424,61,'A and B',NULL),(425,61,'All of the above',1),(449,54,'True',1),(450,54,'False',NULL),(451,57,'Telling the patient what he/she is feeling.',NULL),(452,57,'Summarize what the patient stated and repeat back to verify accuracy ',1),(453,57,'Make client aware of the incongruities from their statement',NULL),(454,57,'None of the above',NULL),(455,65,'Acting out',NULL),(456,65,'Tension Reduction',NULL),(457,65,'Anxiety Level',NULL),(458,65,'Defensive Level',1),(459,85,'True',1),(460,85,'False',NULL),(465,27,'False',1),(466,27,'True',NULL),(467,28,'True',1),(468,28,'False',NULL),(469,29,'False',1),(470,29,'True',NULL),(471,30,'True',1),(472,30,'False',NULL),(473,31,'True',NULL),(474,31,'False',1),(475,32,'True',1),(476,32,'False',NULL),(477,33,'True',1),(478,33,'False',NULL),(479,34,'True',1),(480,34,'False',NULL),(481,35,'Abstinence',NULL),(482,35,'Monogamous Relationship with partners not infected with HIV/AIDS',NULL),(483,35,'Protected Sex',NULL),(484,35,'Sterile needles',NULL),(485,35,'All of the above',1),(490,37,'Black/African Americans',1),(491,37,'Seniors',NULL),(492,37,'Hispanics',NULL),(493,37,'Native Americans',NULL),(498,38,'Women and children, seniors, and transgender persons',NULL),(499,38,'Men who have sex with men, women who have sex with women, prisoners',NULL),(500,38,'Men who have sex with men, injecting-drug users, and men who have sex with men and also use injection drugs',1),(501,38,'Women who have sex with women, homeless people, and seniors',NULL),(506,39,'Saliva and cervical secretions',NULL),(507,39,'Saliva, tears, serous fluid, and vaginal secretions',NULL),(508,39,'Blood, semen, breast milk, and vaginal and cervical secretions',1),(509,39,'Blood, semen, and urine',NULL),(510,40,'Blood collected for transfusion',NULL),(511,40,'Used needles and syringes',1),(512,40,'Casual contact with an infected patient',NULL),(513,40,'A public toilet seat',NULL),(514,41,'Are entitled to know their child\'s HIV test results without their child\'s consent.',NULL),(515,41,'May not be informed directly or indirectly of their child\'s HIV test results without the child\'s consent.',1),(516,41,'May be informed indirectly of their child\'s HIV test results when sent a bill for said testing.',NULL),(517,41,'Must give consent for their child to be tested for HIV.',NULL),(519,47,'Bona fide medical emergencies',NULL),(520,47,'Court order',NULL),(521,47,'All of the above',1),(527,49,'Medical personnel involved with the diagnosis or treatment of the person tested; ',NULL),(528,49,'Licensed medical professionals who regularly participate as part of an interdisciplinary team ',NULL),(529,49,'Staff that handle body fluids ',NULL),(530,49,'Personnel involved in utilization review, risk management or peer review activities; ',NULL),(531,49,'Financial staff who compile or review medical records as part of routine billing activities',NULL),(532,49,'All of the above',1),(533,42,'Be tested for HIV at their initial prenatal visit and at 28-32 weeks.',1),(534,42,'Be tested for HCV at the first prenatal visit.',NULL),(535,42,'Not be offered HIV testing on an opt-out basis (right to refuse).',NULL),(536,42,'Request to be tested for HIV',NULL),(537,67,'A source',NULL),(538,67,'A mode of transmission',NULL),(539,67,'A host',NULL),(540,67,'All of the above',1),(541,68,'Every healthcare worker plays a vital role ',NULL),(542,68,'Staff education is an important aspect',NULL),(543,68,'Utilizes measures used to minimize the risk of transmission',NULL),(544,68,'All of the above',1),(545,69,'Droplets are generated by coughs, sneezes, talking',NULL),(546,69,'Droplet transmission is the most frequent mode of transmission in the healthcare setting',1),(547,69,'You can become infected when they land in eyes, mouth or nose',NULL),(548,69,'They can transmit infection when propelled a short distance and land on a surface',NULL),(549,70,'HIV',NULL),(550,70,'Hepatitis B',NULL),(551,70,'Tuberculosis',1),(552,70,'Herpes',NULL),(553,71,'From mosquitos or insect bites',1),(554,71,'From blood or body fluids',NULL),(555,71,'From food or water',NULL),(556,71,'From coughs and sneezes ',NULL),(557,72,'Wear a fit-tested NIOSH-approved N95',1),(558,72,'Wear a surgical mask',NULL),(559,72,'Take 15 minute hot shower after exposure',NULL),(560,72,'Wash your hands with soap and water for 10 minutes',NULL),(561,73,'Direct contact',NULL),(562,73,'Indirect contact',NULL),(563,73,'Respiratory transmission',NULL),(564,73,'Vector-born transmission',NULL),(565,73,'All of the above',1),(576,81,'Sweat',1),(577,81,'Saliva',NULL),(578,81,'Blood',NULL),(579,81,'None of the above',NULL),(580,78,'30 seconds',NULL),(581,78,'15 seconds',NULL),(582,78,'At least for 20 seconds',1),(583,78,'60 seconds',NULL),(598,89,'Airborne Precautions',NULL),(599,89,'Contact Precautions',NULL),(600,89,'Standard Precautions',1),(601,89,'Droplet Precautions',NULL),(602,90,'True',NULL),(603,90,'False',1),(604,91,'Where clinical professionals, in this case in the addiction industry, have multiple relationship roles with their clients',1),(605,91,'An unaviodable part of doing business in the addiction treatment industry',NULL),(606,91,'A multiple role relationship that is generally suitable for the therapist-client relationship',NULL),(607,91,'All of the above',NULL),(608,92,'To give authorization for treatment center employees to use private information',NULL),(609,92,'To secure a person\'s private financial information',NULL),(610,92,'To define the the proper use of an individual\'s health records',1),(611,92,'To punish addiction treatment centers that misuse personal information',NULL),(612,93,'Health Information Portability Protection Act',NULL),(613,93,'Health Insurance Portability and Accountability Act',1),(614,93,'Human Interest Protection  Act',NULL),(615,93,'None of the above',NULL),(616,94,'True',NULL),(617,94,'False',1),(618,95,'A fraudulent accounting scheme',NULL),(619,95,'The requirement for an arrested person to be brought into court or before a judge',1),(620,95,'The legal definition of self-inflicted bodily harm',NULL),(621,95,'None of the above',NULL),(622,96,'The clinician is the professional',NULL),(623,96,'Proper boundaries cannot be defined therefore this is a moot point',NULL),(624,96,'The client may not understand proper boundaries and may not be able to defend themselves against violations',NULL),(625,96,'The counselor must report to their supervisor',NULL),(626,96,'A and C',1),(627,96,'A and D',NULL),(628,97,'True',1),(629,97,'False',NULL),(630,98,'Quid Pro Quo',NULL),(631,98,'Professional Business',NULL),(632,98,'Dual Relationship',1),(633,98,'None of the Above',NULL),(634,99,'On a need to know basis within the facility',NULL),(635,99,'Medical emergencies',NULL),(636,99,'When parents ask',NULL),(637,99,'Client information can never be disclosed without written consent',NULL),(638,99,'B and C',NULL),(639,99,'A and B',1),(640,100,'Crossed Legs',NULL),(641,100,'Standing Tall',NULL),(642,100,'Slouching',NULL),(643,100,'Red face',NULL),(644,100,'B and D',1),(645,100,'A and B',NULL),(646,101,'True',NULL),(647,101,'False',1),(648,102,'Stress and history of violence',1),(649,102,'Stress and a long marriage',NULL),(650,102,'A long marriage and a high degree of social interaction',NULL),(651,102,'A high degree of social interaction and a history of violence',NULL),(652,103,'Perception and prejudice',NULL),(653,103,'Noise',NULL),(654,103,'Language',NULL),(655,103,'All of the above',1),(656,104,'Common depression',NULL),(657,104,'bipolar disorder doesn\'t fall under the DSMIV-TR purview',NULL),(658,104,'Mood changes that last for 48 hours or less',NULL),(659,104,'Significant mood changes that last for weeks or months',1),(660,105,'True',NULL),(661,105,'False',1),(662,106,'Use',NULL),(663,106,'Abuse',1),(664,106,'Misuse',NULL),(665,106,'Addiction',NULL),(666,107,'A good idea to use as proof',NULL),(667,107,'Not a problem if the copies are lost',NULL),(668,107,'A bad idea unless needed for an important purpose.',1),(669,107,'Something that should never be done',NULL),(670,108,'True',NULL),(671,108,'False',1),(674,110,'True',NULL),(675,110,'False',1),(676,111,'True',NULL),(677,111,'False',1),(678,112,'True',1),(679,112,'False',NULL),(680,113,'True',NULL),(681,113,'False',1),(682,109,'True',1),(683,109,'False',NULL),(684,114,'It eliminates the possibility of infection',NULL),(685,114,'It helps determine the exposure risk of staff members',1),(686,114,'A and B',NULL),(687,114,'None of the above',NULL),(688,115,'Common cold, Pinkeye, Flu',1),(689,115,'Common cold, Flu, HIV',NULL),(690,115,'HIV, Common cold, Pinkeye, Flu',NULL),(691,115,'AIDS, Pinkeye, Flu',NULL),(692,116,'FS 387.219 (1)',NULL),(693,116,'FS 456.222 (4)',NULL),(694,116,'FS 397.419 (2)',1),(695,116,'FS 298.419 (1)',NULL),(696,117,'Organizations',NULL),(697,117,'Supervisors',NULL),(698,117,'Risk Managers',NULL),(699,117,'All Staff',1),(700,118,'Verification of corrective action',NULL),(701,118,'Results of Root Cause Analyses',NULL),(702,118,'Provision for reporting to the Department',NULL),(703,118,'a and b',NULL),(704,118,'a and c',1),(705,119,'As soon as possible and no later than 48 hours',NULL),(706,119,'As soon as possible and no later than 72 hours',NULL),(707,119,'As soon as possible and no later than 24 hours',1),(708,119,'As soon as possible',NULL),(709,120,'Collaborate for accuracy of events witnessed',NULL),(710,120,'Both sign the Incident Report Form',NULL),(711,120,'Each file a separate Incident Report Form',1),(712,120,'Jointly prepare one Incident Report Form',NULL),(713,121,'True',NULL),(714,121,'False',1),(715,122,'Complete one Incident Report listing all clients involved in the incident',NULL),(716,122,'Complete a separate Incident Report for each client involved',1),(717,122,'Have client’s Primary Therapist complete an incident report',NULL),(718,122,'None of the above',NULL),(719,123,'Any area of the Incident Report Form not requiring a response specific to the incident must be marked as “N/A” (Not applicable).',NULL),(720,123,'A copy of the IRF is always included in the client’s medical records on file. ',1),(721,123,'All staff members of a service provider are required to document all unusual events that occur to either a patient and/or staff member on an Incident Report Form ',NULL),(722,123,'Incident Report Forms are confidential reports ',NULL),(723,124,'Enter concise subjective statements of fact',NULL),(724,124,'Express their own opinion of the occurrence',NULL),(725,124,'Enter concise objective statements of fact',1),(726,124,'a and b',NULL),(727,125,'Promptly report a critical incidence within 6 hours',NULL),(728,125,'Promptly report a critical incident within 24 hours',NULL),(729,125,'Promptly report a critical incident within one business day',1),(730,125,'None of the above',NULL),(731,126,'The Critical Incident Reporting System (CIRS)',NULL),(732,126,'The Critical Incident Analyses System (CIAS)',NULL),(733,126,'The Incident Analysis and Reporting System (IRAS)',NULL),(734,126,'The Incident Reporting and Analysis System (IRAS)',1),(735,127,'All Substance Abuse Providers licensed by the DCF',NULL),(736,127,'Managing Entities',NULL),(737,127,'State  mental health treatment facilities  ',NULL),(738,127,'A and B',1),(739,127,'A and C',NULL),(740,128,'True',1),(741,128,'False',NULL),(742,129,'1994',NULL),(743,129,'1998',NULL),(744,129,'1996',1),(745,129,'1997',NULL),(746,130,'True',NULL),(747,130,'False',1),(748,131,'To report it to your supervisor',NULL),(749,131,'To report it only if you believe it is an emergency',NULL),(750,131,'To report it to the Florida Abuse Hotline of Children and Families',1),(751,131,'You are only required to report it to the person’s insurance company',NULL),(752,132,'Abandonment',NULL),(753,132,'Abuse',NULL),(754,132,'Exploitation',NULL),(755,132,'Neglect',1),(760,134,'They are ashamed ',NULL),(761,134,'They feel no one will believe them',NULL),(762,134,'They are afraid someone may retaliate if they report them',NULL),(763,134,'All of the above',1),(764,135,'True',1),(765,135,'False',NULL),(768,137,'Unauthorized taking of personal assets',NULL),(769,137,'Sale of the vulnerable adults home without their authorization',NULL),(770,137,'Caregiver failing to provide appropriate food to vulnerable adult',NULL),(771,137,'A and B',1),(772,137,'B and C',NULL),(777,139,'Section 415.1034',NULL),(778,139,'Chapter 40, F.S.',NULL),(779,139,'Chapter 39, F.S.',1),(780,139,'Section 48 F.S.',NULL),(781,140,'800-222-2873',NULL),(782,140,'800-962-2873',1),(783,140,'800-914-0004',NULL),(784,140,'800-453-5145',NULL),(785,141,'Welcomed, physical in nature, and occur in or impact the workplace',NULL),(786,141,'Unwelcome, sexual in nature, and occur in or impact the workplace.',1),(787,141,'Unwelcome, sexual in nature and occur in the workplace',NULL),(788,141,'Unwelcome, physical in nature and occur in the workplace',NULL),(789,142,'Making derogatory or sexually explicit comments',NULL),(790,142,'Displaying sexually suggestive posters',NULL),(791,142,'Making unwanted physical contact',NULL),(792,142,'All of the above',1),(793,143,'Rewards or threats in the areas of hiring/firing, promotion, and performance review',1),(794,143,'Behavior that makes the workplace uncomfortable ',NULL),(795,143,'Unwelcome suggestive, sexually explicit or obscene letters, notes, emails or invitations.',NULL),(796,143,'Sexually explicit offensive comments',NULL),(797,144,'Express yourself verbally',NULL),(798,144,'Tell the harasser the behavior is making you uncomfortable',NULL),(799,144,'Express yourself non verbally',NULL),(800,144,'If you are afraid of retaliation say nothing and go straight to HR',NULL),(801,144,'All of the above',1),(802,145,'Disagrees with employers that discriminate based on sex, gender, race, religion or any other protected class.',NULL),(803,145,'Files a discrimination charge',NULL),(804,145,'Offers testimony or partakes in an investigation or court proceeding',NULL),(805,145,'All of the above',1),(810,148,'True',1),(811,148,'False',NULL),(812,149,'True',1),(813,149,'False',NULL),(814,150,'True',1),(815,150,'False',NULL),(816,151,'True',NULL),(817,151,'False',1),(818,152,'True',NULL),(819,152,'False',1),(820,154,'Yes',1),(821,154,'No',NULL),(822,155,'Yes',NULL),(823,155,'No',1),(824,156,'Yes',1),(825,156,'No',NULL),(826,136,'True',NULL),(827,136,'False',1),(828,138,'Exploitation',NULL),(829,138,'Abuse',1),(830,138,'Neglect',NULL),(831,138,'All of the above',NULL),(832,157,'State and local governments',NULL),(833,157,'Private employers',NULL),(834,157,'Employment agencies',NULL),(835,157,'Labor organizations',NULL),(836,157,'All of the above',1),(837,158,'No means of transportation',NULL),(838,158,'A criminal history',NULL),(839,158,'A physical or mental impairment that substantially limits one or more life activities',1),(840,158,'None of the above',NULL),(841,158,'All of the above',NULL),(842,159,'Sexual preference',NULL),(843,159,'Kleptomania',NULL),(844,159,'Illegal Drug use',NULL),(845,159,'All of the above',1),(846,160,'True',1),(847,160,'False',NULL),(848,161,'Changing a training manual',NULL),(849,161,'Letting employee sleep during work hours',NULL),(850,161,'Providing an interpreter',NULL),(851,161,'A and C',1),(852,162,'True',1),(853,162,'False',NULL),(854,163,'True',NULL),(855,163,'False',1),(856,164,'True',1),(857,164,'False',NULL),(858,165,'True',NULL),(859,165,'False',1),(860,166,'Walking',NULL),(861,166,'Breathing',NULL),(862,166,'Eating',NULL),(863,166,'Major bodily functions',NULL),(864,166,'All of the above',1),(865,146,'True',1),(866,146,'False',NULL),(867,147,'True',1),(868,147,'False',NULL),(869,133,'Law enforcement officer',NULL),(870,133,'Nurse in an assisted living facility',NULL),(871,133,'School teacher',NULL),(872,133,'All of the above',1),(876,169,'ZXZX',1),(1037,170,'A public health problem, impacting large numbers of the population',1),(1038,170,'A family problem, best dealt with within the family ',NULL),(1039,170,'A reportable crime in Florida regardless of whether or not a weapon was used in the abuse',NULL),(1040,170,'All of the above',NULL),(1041,171,'Stalking, psychological violence; neglect and physical violence',NULL),(1042,171,'Physical violence, sexual violence; stalking; and emotional violence',NULL),(1043,171,'Physical violence; sexual violence; threats of physical and sexual violence; emotional and psychological violence',1),(1044,171,'None of the above',NULL),(1045,172,'Witnessing or experiencing violence as a child',NULL),(1046,172,'Economic security',1),(1047,172,'Weak community sanctions against Domestic Violence such as police being unwilling to intervene',NULL),(1048,172,'Dominance and control by one partner in the relationship',NULL),(1049,173,'Low self-esteem, low income and drug and alcohol abuse',NULL),(1050,173,'Individual, societal, relational and community',1),(1051,173,'Anger, passivity, Anti-social personality traits and Borderline personality traits',NULL),(1052,173,'All of the above',NULL),(1053,174,'Verbal abuse',NULL),(1054,174,'Physical acting out',NULL),(1055,174,'Difficulty getting along with others',1),(1056,174,'All of the above',NULL),(1057,175,'Forcing sexual acts',NULL),(1058,175,'Isolating the victim',NULL),(1059,175,'The abuser threatening suicide',NULL),(1060,175,'All of the above',1),(1061,176,'Drug or alcohol abuse',NULL),(1062,176,'Intense jealousy',NULL),(1063,176,'Welcoming of others into relationship',1),(1064,176,'Will not allow a break-up of the relationship',NULL),(1065,177,'Emotional insecurity and depression',1),(1066,177,'Belief in the bonds of marriage and monogamy',NULL),(1067,177,'Maturity and self-reliance',NULL),(1068,177,'Strong ego and many friends',NULL),(1069,178,'Withhold money',NULL),(1070,178,'Intimidate',NULL),(1071,178,'Use children to deliver messages',NULL),(1072,178,'All of the above',1),(1073,179,'Signs of a victim',NULL),(1074,179,'Parts of the cycle of violence',1),(1075,179,'Signs of an abuser',NULL),(1076,179,'Signs of marital conflict',NULL),(1077,180,'911—If you are in immediate danger',NULL),(1078,180,'The National Domestic Violence Hotline at 1-800-799-SAFE (7233)',NULL),(1079,180,'The National Sexual Assault Hotline at 1-800-656-4673',NULL),(1080,180,'All of the above',1),(1081,181,'9.2% to 30.5%',1),(1082,181,'15%',NULL),(1083,181,'24.3%',NULL),(1084,181,'14.8%',NULL),(1085,182,'Emotional discomfort',NULL),(1086,182,'Blaming the victim',1),(1087,182,'Cultural barriers',NULL),(1088,182,'Uncooperative behavior by the victim',NULL),(1089,183,'Accurate documentation and safe guarding evidence',1),(1090,183,'Staying disconnected',NULL),(1091,183,'Demand the criminal justice system get involved',NULL),(1092,183,'All of the above',NULL),(1093,184,'Intervening directly with the abuser',NULL),(1094,184,'Acknowledging client barriers for seeking help',1),(1095,184,'Filing police reports on behalf of the victim',NULL),(1096,184,'None of the above',NULL),(1097,185,'Helping victim create a safety plan',NULL),(1098,185,'Give advice whether to leave or stay in abusive relationship',1),(1099,185,'Validate victims experience',NULL),(1100,185,'Respect confidentiality of victim',NULL),(1101,186,'800-799-7233',NULL),(1102,186,'800-500-1119',1),(1103,186,'800-656-4673',NULL),(1104,186,'800-656-6767',NULL),(1105,187,'Increasing safety at home',NULL),(1106,187,'Planning for emotional support',NULL),(1107,187,'Immediate and long term safety',NULL),(1108,187,'All of the above',1),(1109,188,'That physicians, nurses and employees or hospitals, clinics, nursing homes and sanitariums must report treating any person sustaining a gunshot wound, or life threatening injury indicating an act of violence.',1),(1110,188,'That physicians, nurses and employees or hospitals, clinics, nursing homes and sanitariums must report treating any person sustaining a broken arm, leg etc.',NULL),(1111,188,'That physicians, nurses and employees or hospitals, clinics, nursing homes and sanitariums must report treating any person sustaining a fall',NULL),(1112,188,'None of the above',NULL),(1113,189,'That the assessment was conducted and no Domestic Violence signs were indicated',NULL),(1114,189,'That the assessment was conducted and the worker did not get an answer about DV from the patient',NULL),(1115,189,'That the assessment was conducted and that the patient did not disclose abuse',1),(1116,189,'None of the above',NULL),(1161,566,'a. The presence of two or more disorders at the same time',1),(1162,566,'b. The presence of at least 2 mental health disorders',NULL),(1163,566,'c. The presence of at least 2 substance related disorders',NULL),(1164,566,'d. None of the above',NULL),(1165,567,'a. Schizophrenia and Depression ',NULL),(1166,567,'b. Bipolar Disorder and Anxiety Disorder',1),(1167,567,'c. Depression and Fibromyalgia',NULL),(1168,567,'d. Bipolar Disorder and Chronic Fatigue',NULL),(1169,568,'a. Alcohol and drugs can increase underlying risk for mental disorders.',NULL),(1170,568,'b. Alcohol or drugs are often used to self-medicate symptoms of depression or anxiety.',NULL),(1171,568,'c. Psychiatric problems do not get worse by using drugs or alcohol.',1),(1172,568,'d. Alcohol and drug abuse can make symptoms of a mental health problem worse.',NULL),(1173,569,'a. Lying about one’s addiction',NULL),(1174,569,'b. Denial frequently occurs in mental disorders',NULL),(1175,569,'c. If the problem is not acknowledged, it doesn\'t exist.',NULL),(1176,569,'d. All of the above',1),(1177,570,'a. Feeling restless or jumpy',NULL),(1178,570,'b. Trouble concentrating',NULL),(1179,570,'c. Decreased need for sleep',NULL),(1180,570,'d. A and B',1),(1181,571,'a. Sequential model of treatment',NULL),(1182,571,'b. Parallel model of treatment',NULL),(1183,571,'c. Integrated model of treatment',1),(1184,571,'d. All of the above',NULL),(1189,575,'a. Depression?',NULL),(1190,575,'b. Bipolar Disorder?',NULL),(1191,575,'c. Obsessive Compulsive Disorder?',1),(1192,575,'d. Social Anxiety Disorder? ',NULL),(1193,576,'a. Obsessive Compulsive Disorder?',NULL),(1194,576,'b. Anxiety Disorder?',NULL),(1195,576,'c. Mania phase in Bipolar Disorder?',1),(1196,576,'d. Depression?',NULL),(1197,577,'True',1),(1198,577,'False',NULL),(1199,578,'True',1),(1200,578,'False',NULL),(1201,579,'True',1),(1202,579,'False',NULL),(1203,580,'True',1),(1204,580,'False',NULL),(1205,36,'a)	1 in 2',NULL),(1206,36,'b)	1 in 7',1),(1207,36,'c)	1 in 3',NULL),(1208,36,'d)	1 in 4',NULL),(1209,581,'Discussing client issues only in private areas',NULL),(1210,581,'Requiring written authorization before releasing information',NULL),(1211,581,'Not utilizing client last names in public areas or medical record file covers',NULL),(1212,581,'All of the above',1),(1213,582,'Health Information Property Accountability Association',NULL),(1214,582,'Human Insurance Process Accumulation Act',NULL),(1215,582,'Health Insurance Portability and Accountability Act',1),(1216,583,'Security',NULL),(1217,583,'Privacy',1),(1218,583,'Confidentiality',NULL),(1219,584,'Electronic Medical Record ',NULL),(1220,584,'Security ',NULL),(1221,584,'HITECH',1),(1222,584,'HHS',NULL),(1223,585,'Medical record number',NULL),(1224,585,'Telephone number',NULL),(1225,585,'Fax number',NULL),(1226,585,'Social security number',NULL),(1227,585,'All of the above',1),(1228,585,'A, B and D',NULL),(1229,586,'Disciplinary action',NULL),(1230,586,'Loss of access privileges',NULL),(1231,586,'Fines and penalties',NULL),(1232,586,'Imprisonment',NULL),(1233,586,'All of the above',1),(1234,587,'Yes',NULL),(1235,587,'No',1),(1236,588,'Yes, if he is an employee and you know him.',NULL),(1237,588,'Yes, if your manager says that it’s okay.',NULL),(1238,588,'No, sharing log-in IDs and passwords is a security violation.',1),(1239,588,'A and B',NULL),(1240,589,'I am only expected to complete the minimum requirements of my job.',NULL),(1241,589,' Requests for and disclosures of PHI are limited to what is needed to perform the task.',1),(1242,589,'A medical center is no longer allowed to provide information about patients to the media under any circumstances',NULL),(1243,589,'A and B',NULL),(1244,590,'Yes.  They can be used interchangeably.',NULL),(1245,590,'No.  Consents are used to get the patient\'s permission to use or disclose health information for       treatment, payment or business operations. Authorizations are used to obtain permission to disclose    PHI for activities outside the realm of treatment, payment or business operations.',1),(1246,591,'True',1),(1247,591,'False',NULL),(1248,592,'True',1),(1249,592,'False',NULL),(1250,593,'True',NULL),(1251,593,'False',1),(1252,594,'Management of Safe Devices and Systems.',NULL),(1253,594,'Maintenance and Storage of Devices and Systems.',NULL),(1254,594,'Material Safety Data Sheets.',1),(1255,594,'Management, Storage and Distribution of Substances.',NULL),(1256,595,'True',1),(1257,595,'False',NULL),(1258,596,'Tornado',NULL),(1259,596,'Medical',NULL),(1260,596,'Bomb',1),(1261,596,'Patient Emergency',NULL),(1262,597,'Code Hot',NULL),(1263,597,'Code Red',1),(1264,597,'Code Fire',NULL),(1265,597,'Patient Emergency',NULL),(1266,598,'Code Yellow',NULL),(1267,598,'Code Grey',1),(1268,598,'Code Purple',NULL),(1269,598,'Code Pink',NULL),(1274,600,'Read, Act, Collect, Evacuate',NULL),(1275,600,'Read, Ask, Confine, Extinguish',NULL),(1276,600,'Rescue/Remove from danger, Alert/Alarm, Confine/Contain, Extinguish/Evacuate',1),(1281,602,'True',1),(1282,602,'False',NULL),(1283,603,'True',1),(1284,603,'False',NULL),(1285,604,'True',1),(1286,604,'False',NULL),(1291,605,'Code Red',NULL),(1292,605,'Code Purple',NULL),(1293,605,'Code White',1),(1294,605,'Code Green',NULL),(1299,607,'Outside lighting',NULL),(1300,607,'Alarm system',NULL),(1301,607,'Employee picture ID badges',NULL),(1302,607,'All of the above',1),(1303,608,'True',1),(1304,608,'False',NULL),(1305,609,'True',NULL),(1306,609,'False',1),(1307,610,'The beliefs customs, arts, etc., of a particular society, group, place or time.',NULL),(1308,610,'A way of thinking, behaving, or working that exists in a place or organization.',NULL),(1309,610,'A particular society that has its own beliefs or ways of life.',NULL),(1310,610,'All of the above',1),(1311,611,'True',NULL),(1312,611,'False',1),(1313,612,'True',1),(1314,612,'False',NULL),(1315,613,'Spirituality and religion are not the same',NULL),(1316,613,'Spirituality/Religion is not part of every ethnic group',1),(1317,613,'Religion is an organized system of belief in a higher power',NULL),(1318,613,'Spirituality/religion is the belief individuals have about themselves, their connections with others and their relationship with a higher power.',NULL),(1319,614,'True',1),(1320,614,'False',NULL),(1325,616,'Cultural Incapacity',NULL),(1326,616,'Cultural Destructiveness',NULL),(1327,616,'Cultural Blindness',1),(1328,616,'Cultural Pre-competence',NULL),(1329,617,'Acceptance of ethnic differences between people',NULL),(1330,617,'A willingness to work with clients of a different ethnic background',NULL),(1331,617,'Avoid jokes that offend',NULL),(1332,617,'Understand that diversity within cultures is as important as diversity between cultures.',NULL),(1333,617,'All of the above',1),(1334,618,'Practitioners are aware of their own values and biases',NULL),(1335,618,'Enables organizations and staff to work effectively in cross-cultural situations',NULL),(1336,618,'Builds trust in a relationship',NULL),(1337,618,'All of the above',1),(1338,572,'a. Abusing alcohol and/or other drugs',NULL),(1339,572,'b. A complex interplay of genetics, the environment, and other outside factors. ',1),(1340,572,'c. The environment',NULL),(1341,572,'d. Genetics',NULL),(1346,573,'Behaviors to prevent weight gain such as self-induced vomiting',NULL),(1347,573,'Frequent episodes of consuming very large amounts of food ',1),(1348,573,'Intense fear of weight gain',NULL),(1349,573,'All of the above',NULL),(1350,574,'Restricting food intake',NULL),(1351,574,'Frequent episodes of consuming very large amount of food followed by behaviors to prevent weight gain, such as self-induced vomiting.',1),(1352,574,'Extreme loss of weight',NULL),(1353,574,'All of the above',NULL),(1358,620,'Is our moral but not legal obligation',NULL),(1359,620,'Is our legal and moral obligation',1),(1360,620,'Is neither our legal nor moral obligation',NULL),(1361,620,'Is our legal but not moral obligation',NULL),(1362,620,'All of the above',NULL),(1363,621,'Keep functions separate based on location',NULL),(1364,621,'Understand your role as a counselor',NULL),(1365,621,'By having an honest conversation with the client about your relationship',NULL),(1366,621,'Stay wary of possible confidentiality breaches',NULL),(1367,621,'All of the above',1),(1368,622,'A counselor\'s beliefs',NULL),(1369,622,'A counselor\'s moral compass',NULL),(1370,622,'A counselor\'s experience',NULL),(1371,622,'A counselor\'s values',NULL),(1372,622,'A counselor\'s daily routine',1),(1373,623,'Basic requiring no knowledge of law and precedent',NULL),(1374,623,'Generally easy and apply to every client',NULL),(1375,623,'Nuanced making them often very difficult',1),(1376,623,'Cut and dried when following the law',NULL),(1377,623,'All of the above',NULL),(1378,624,'The counselor cannot make up their mind',NULL),(1379,624,'Counselors have more than one client',NULL),(1380,624,'Counselors have more than one relationship with the client',1),(1381,624,'The counselor is empathetic towards a client',NULL),(1382,624,'All of the above',NULL),(1383,625,'Are set by the client',NULL),(1384,625,'Don’t generally apply to counselors',NULL),(1385,625,'Were more important in the past',NULL),(1386,625,'Are an important part of counseling',1),(1387,625,'All of the above',NULL),(1388,626,'May require a counselor to sign an agreement to uphold certain standards.',NULL),(1389,626,'Are important',NULL),(1390,626,'Require counselor training, in most states',NULL),(1391,626,'Are generally self-regulated by the industry',NULL),(1392,626,'All of the above',1),(1393,627,'Are not worth understanding.',NULL),(1394,627,'Mean that a counselor must be able to make ethical decisions on the fly.',1),(1395,627,'Are unavoidable but largely irrelevant.',NULL),(1396,627,'Don\'t exist - there are standard responses to every problem.',NULL),(1397,627,'All of the above',NULL),(1398,628,'Confidentiality',1),(1399,628,'Issuance of a Certificate of Financial Responsibility',NULL),(1400,628,'Oral records only',NULL),(1401,628,'Current clients only',NULL),(1402,628,'All of the above',NULL),(1405,630,'Should be encouraged',NULL),(1406,630,'Can increase the risk of exploitation or misinterpretation',1),(1407,630,'Is rarely a problem',NULL),(1408,630,'Can keep the client-counselor relationship more interesting',NULL),(1409,630,'All of the above',NULL),(1410,631,'Is administered by the counselor with minimal client input.',NULL),(1411,631,'Not a part of professional ethics.',NULL),(1412,631,'Helpful in allowing the client to understand the direction of their treatment.',1),(1413,631,'Just about signing paperwork',NULL),(1414,631,'All of the above',NULL),(1415,632,'Should never be done',NULL),(1416,632,'Should be done with every client',NULL),(1417,632,'Should be done when counselor has strong belief client will benefit',1),(1418,632,'Should be done when the client asks a personal questions',NULL),(1419,632,'All of the above',NULL),(1430,635,'May make clinical mistakes',NULL),(1431,635,'May begin to burn out',NULL),(1432,635,'May exploit the client',NULL),(1433,635,'All of the above',1),(1434,636,'Counselor and hair stylist',NULL),(1435,636,'Counselor to your best friends brother',NULL),(1436,636,'Counselor and supervisor',NULL),(1437,636,'Counselor and 12-step sponsor',NULL),(1438,636,'All of the above',1),(1439,637,'Areas a professional counselor is interested in working in',NULL),(1440,637,'All areas of clinical practice',NULL),(1441,637,'Actions that a member of the profession is trained and authorized to perform',1),(1442,637,'Clinical practice in areas where the counselor can receive clinical supervision',NULL),(1443,637,'None of the above',NULL),(1444,638,'Clinical, moral, legal',NULL),(1445,638,'Legal, moral, ethical',1),(1446,638,'Ethical, moral, clinical',NULL),(1447,638,'Ethical, legal, clinical',NULL),(1448,638,'None of the above',NULL),(1449,639,'True',1),(1450,639,'False',NULL),(1451,640,'Submission to the conduct, either implicitly or explicitly, is made as a condition of term of employment.',NULL),(1452,640,'Unwelcome sexual behavior that is not directed at the employee personally, but is part of his or her work environment.',1),(1453,640,'Requests for sexual favors',NULL),(1454,641,'True',1),(1455,641,'False',NULL),(1456,642,'Get in their face to make sure they understand you point clearly.',NULL),(1457,642,'Use the \"buddy\" system anytime you think that your personal safety may be at stake Take Precautions - Defuse the Situation',NULL),(1458,642,'Report all threats to your supervisor',NULL),(1459,642,'B and C',1),(1460,642,'All of the above',NULL),(1467,645,'True',NULL),(1468,645,'False',1),(1469,644,'True',1),(1470,644,'False',NULL),(1471,646,'True',1),(1472,646,'False',NULL),(1473,647,'True',1),(1474,647,'False',NULL),(1475,648,'True',1),(1476,648,'False',NULL),(1477,649,'Self- disclosure',NULL),(1478,649,'Giving or receiving significant gifts',NULL),(1479,649,'Becoming friends',NULL),(1480,649,'Physical Contact',NULL),(1481,649,'All of the above',1),(1492,650,'An injury resulting from a fall',NULL),(1493,650,'A break in procedure',NULL),(1494,650,'Suicide attempt or gesture',NULL),(1495,650,'All of the above',1),(1496,651,'True',1),(1497,651,'False',NULL),(1498,652,'True',1),(1499,652,'False',NULL),(1500,653,'Risk Manager',NULL),(1501,653,'Any Employee',1),(1502,653,'Clinical Director',NULL),(1503,654,'Yes',NULL),(1504,654,'No',1),(1507,655,'True',1),(1508,655,'False',NULL),(1509,656,'True',1),(1510,656,'False',NULL),(1511,657,'True',1),(1512,657,'False',NULL),(1513,658,'Discussing client issues only in private areas',NULL),(1514,658,'Requiring written authorization before releasing information',NULL),(1515,658,'Not utilizing client last names in public areas or medical record file covers',NULL),(1516,658,'All of the above.',1),(1517,659,'Health Information Property Accountability Association',NULL),(1518,659,'Human Insurance Process Accumulation Act',NULL),(1519,659,'Health Insurance Portability and Accountability Act',1),(1520,660,'Security',NULL),(1521,660,'Privacy',1),(1522,660,'Confidentiality',NULL),(1523,661,'Electronic Medical Record ',NULL),(1524,661,'Security ',NULL),(1525,661,'HITECH',1),(1526,661,'HHS',NULL),(1527,662,'Medical record number',NULL),(1528,662,'Telephone number',NULL),(1529,662,'Fax number',NULL),(1530,662,'Social security number',NULL),(1531,662,'All of the above',1),(1532,662,'a, b, d',NULL),(1533,663,'Disciplinary action',NULL),(1534,663,'Loss of access privileges',NULL),(1535,663,'Fines and penalties',NULL),(1536,663,'Imprisonment',NULL),(1537,663,'All of the above',1),(1538,664,'Yes',NULL),(1539,664,'No',1),(1540,665,'Yes, if he is an employee and you know him.',NULL),(1541,665,'Yes, if your manager says that it’s okay.',NULL),(1542,665,'No, sharing log-in IDs and passwords is a security violation.',1),(1543,665,'a and b',NULL),(1544,666,'I am only expected to complete the minimum requirements of my job.',NULL),(1545,666,' A workforce member\'s access to PHI is limited to only what is needed to perform his/her responsibilities.',NULL),(1546,666,'Requests for and disclosures of PHI are limited to what is needed to perform the task.',NULL),(1547,666,'A medical center is no longer allowed to provide information about patients to the media under any circumstances.',NULL),(1548,666,'b and c',1),(1549,667,'Yes.  They can be used interchangeably.',NULL),(1550,667,'No.  Consents are used to get the patient\'s permission to use or disclose health information for     treatment, payment or business operations. Authorizations are used to obtain permission to disclose PHI for activities outside the realm of treatment, payment or business operations.',1),(1551,668,'True',1),(1552,668,'False',NULL),(1553,669,'True',1),(1554,669,'False',NULL),(1555,670,'True',1),(1556,670,'False',NULL),(1557,671,'True',NULL),(1558,671,'False',1),(1561,673,'True',1),(1562,673,'False',NULL),(1563,674,'Management of Safe Devices and Systems.',NULL),(1564,674,'Maintenance and Storage of Devices and Systems.',NULL),(1565,674,'Material Safety Data Sheets.',1),(1566,674,'Management, Storage and Distribution of Substances.',NULL),(1567,675,'Tornado',NULL),(1568,675,'Medical',NULL),(1569,675,'Bomb',1),(1570,675,'Patient Emergency',NULL),(1571,676,'Code Hot',NULL),(1572,676,'Code Red',1),(1573,676,'Code Fire',NULL),(1574,677,'Code Yellow',NULL),(1575,677,'Code Grey',1),(1576,677,'Code Purple',NULL),(1577,677,'Code Pink',NULL),(1582,679,'Read, Act, Collect, Evacuate',NULL),(1583,679,'Read, Ask, Confine, Extinguish',NULL),(1584,679,'Rescue/Remove from danger, Alert/Alarm, Confine/Contain, Extinguish/Evacuate',1),(1585,680,'True',1),(1586,680,'False',NULL),(1591,682,'During a Fire Marshall\'s inspection.',NULL),(1592,682,'During a Code Blue.',NULL),(1593,682,'During times of renovation or construction if fire safety is significantly compromised.',1),(1594,683,'True',1),(1595,683,'False',NULL),(1596,684,'True',1),(1597,684,'False',NULL),(1598,685,'True',1),(1599,685,'False',NULL),(1608,688,'Outside lighting',NULL),(1609,688,'Alarm system',NULL),(1610,688,'Employee picture ID badges',NULL),(1611,688,'All of the above.',1),(1612,689,'True',1),(1613,689,'False',NULL),(1614,690,'True',NULL),(1615,690,'False',1),(1616,691,'Gloves',1),(1617,691,'Mask Goggles',NULL),(1618,691,'Gowns',NULL),(1619,691,'All of the above.',NULL),(1620,692,'Call your supervisor.',NULL),(1621,692,'Call 911',NULL),(1622,692,'Put on gloves, wipe up spill (utilize Spill Kit) then disinfect with an EPA           registered disinfectant and/or a 1:10 sodium hypochlorite (bleach) solution.       ',1),(1623,693,'True',1),(1624,693,'False',NULL),(1625,694,'True',1),(1626,694,'False',NULL),(1627,695,'True',1),(1628,695,'False',NULL),(1629,696,'True',1),(1630,696,'False',NULL),(1631,697,'True',NULL),(1632,697,'False',1),(1633,698,'True',NULL),(1634,698,'False',1),(1637,700,'True',1),(1638,700,'False',NULL),(1639,701,'True',1),(1640,701,'False',NULL),(1641,606,'Ben Brafman',NULL),(1642,606,'Rob Cole',NULL),(1643,606,'Andrew Merker',1),(1644,606,'Scott Smith',NULL),(1647,26,'True',1),(1648,26,'False',NULL),(1649,48,'a) Sudden shift in mood or behavior',NULL),(1650,48,'b) Skin rash',NULL),(1651,48,'c) Muscle weakness',NULL),(1652,48,'d) Confusion',NULL),(1653,48,'a, c, and d ',1),(1659,88,'a) Airborne',NULL),(1660,88,'b) Droplet',NULL),(1661,88,'c) Contact',1),(1662,88,'A and B',NULL),(1668,79,'a) Viruses',NULL),(1669,79,'b) Parasites',NULL),(1670,79,'c) Bacteria',NULL),(1671,79,'d) Fungus',NULL),(1672,79,'All of the above',1),(1673,75,'a) Wear protective gloves',NULL),(1674,75,'b) Run away from spill in order to not get contaminated ',NULL),(1675,75,'c) Use a 1:100 or 1:10 bleach based dilution to decontaminate surfaces ',NULL),(1676,75,'d) A and B',NULL),(1677,75,'e) A and C',1),(1678,80,'a) Air',NULL),(1679,80,'b) Water',NULL),(1680,80,'c) Bodily fluids',NULL),(1681,80,'d) A and B',1),(1682,80,'e) A and C',NULL),(1683,74,'a) Gloves, gowns, respirators',NULL),(1684,74,'b) Face masks, goggles, face shields',NULL),(1685,74,'c) Shoes and socks',NULL),(1686,74,'d) A and B',1),(1687,74,'e) A and C',NULL),(1688,599,'True',NULL),(1689,599,'False',1),(1694,619,'Losing your job',NULL),(1695,619,'Prison time',NULL),(1696,619,'Legal issues',NULL),(1697,619,'All of the above',1),(1698,629,'True',NULL),(1699,629,'False',1),(1700,601,'Only A',NULL),(1701,601,'Only A and B',NULL),(1702,601,'Only B',NULL),(1703,601,'A, B and C',1),(1708,681,'Type A extinguisher',NULL),(1709,681,'Type A and B extinguisher',NULL),(1710,681,'Type B extinguisher',NULL),(1711,681,'Type A, B and C extinguisher',1),(1712,678,'True',NULL),(1713,678,'False',1),(1714,615,'a) Native Americans',NULL),(1715,615,'b) Asian',NULL),(1716,615,'c) Indian',NULL),(1717,615,'A and B',1),(1718,672,'True',1),(1719,672,'False',NULL),(1720,686,'Code Red',NULL),(1721,686,'Code Purple',NULL),(1722,686,'Code White',1),(1723,686,'Code Green',NULL),(1724,699,'Casual contact or contact with toilet seats, doorknobs, etc.',NULL),(1725,699,'Exposure to blood/body fluids by percutaneous exposure (needlesticks) and/or mucous membrane (mouth or eye) exposures.',1),(1726,687,'Ben Brafman',NULL),(1727,687,'Harvey Glotzer',NULL),(1728,687,'Andrew Merker',1),(1729,687,'Scott Smith',NULL),(1730,643,'True',1),(1731,643,'False',NULL),(1737,702,'Physical relapse',NULL),(1738,702,'Emotional relapse',NULL),(1739,702,'Mental relapse',NULL),(1740,702,'A & B',NULL),(1741,702,'All of the above',1),(1742,704,'Lying',NULL),(1743,704,'Fantasizing about using',NULL),(1744,704,'Mood swings',1),(1745,704,'Hanging out with old using friends',NULL),(1750,706,'Preparation',NULL),(1751,706,'Action',NULL),(1752,706,'Maintenance',1),(1753,706,'Contemplation',NULL),(1754,707,'True',NULL),(1755,707,'False',1),(1756,707,'Maintenance',NULL),(1757,708,'True',1),(1758,708,'False',NULL),(1759,708,'Maintenance',NULL),(1760,709,'Involvement of parents in their children’s lives',NULL),(1761,709,'Clear rules of conduct are consistently enforced within the family',NULL),(1762,709,'Strong and positive family bonds',NULL),(1763,709,'All of the above',1),(1766,710,'True',NULL),(1767,710,'False',1),(1768,711,'Parental monitoring of children’s activities and peers',NULL),(1769,711,'Home environments where parents abuse substances or suffer mental illness',NULL),(1770,711,'Poor social coping skills',NULL),(1771,711,'Failure in school performance',NULL),(1772,711,'A & C',NULL),(1773,711,'B, C, & D',1),(1774,705,'Precontemplation',NULL),(1775,705,'Comtemplation',1),(1776,705,'Preparation',NULL),(1777,705,'Action',NULL),(1778,712,'Precontemplation',NULL),(1779,712,'Comtemplation',NULL),(1780,712,'Preparation',1),(1781,712,'Action',NULL),(1782,633,'A client placing feelings about others from their lives onto the counselor',NULL),(1783,633,'A client focusing on their feelings for the counselor',NULL),(1784,633,'A client transferring their feelings with the feelings of the counselor',NULL),(1785,633,'A client falling in love with the counselor',NULL),(1786,633,'All of the above',1),(1787,634,'A counselor sharing their personal feelings with their client',NULL),(1788,634,'A counselor experiencing an emotional connection beyond what is acceptable in the client-counselor relationship.',1),(1789,634,'A client focusing on their feelings for the counselor',NULL),(1790,634,'A counselor having a dual relationship with their client',NULL),(1791,634,'A client placing feelings about others from their lives onto the counselor',NULL);

--
