--
-- Host: localhost    Database: 
-- ------------------------------------------------------


--
-- Current Database: `aa_school`
--

CREATE DATABASE /*!32312 IF NOT EXISTS*/ `aa_school` /*!40100 DEFAULT CHARACTER SET utf8 */;

USE `aa_school`;

--
-- Table structure for table `course`
--

CREATE TABLE `course` (
  `id` int(11) unsigned NOT NULL AUTO_INCREMENT,
  `name` varchar(60) CHARACTER SET utf8 NOT NULL,
  `short_description` text CHARACTER SET utf8,
  `description` text CHARACTER SET utf8,
  `passing_percentage` int(11) DEFAULT NULL,
  `cost` varchar(60) CHARACTER SET utf8 DEFAULT NULL,
  `instruction_methods` text CHARACTER SET utf8,
  `evaluation_method` text CHARACTER SET utf8,
  `study_guide` varchar(60) CHARACTER SET utf8 DEFAULT NULL,
  `study_guide_2` varchar(60) CHARACTER SET utf8 DEFAULT NULL,
  `case_study` varchar(60) CHARACTER SET utf8 DEFAULT NULL,
  `powerpoint` varchar(60) CHARACTER SET utf8 DEFAULT NULL,
  `powerpoint_2` varchar(60) CHARACTER SET utf8 DEFAULT NULL,
  `syllabus` varchar(60) CHARACTER SET utf8 DEFAULT NULL,
  `video` text CHARACTER SET utf8,
  `ceu_credit` int(11) unsigned DEFAULT '0',
  `promo_code` varchar(60) DEFAULT NULL,
  PRIMARY KEY (`id`)
) ENGINE=InnoDB AUTO_INCREMENT=21 DEFAULT CHARSET=latin1;

--
-- Dumping data for table `course`
--

INSERT INTO `course` VALUES (3,'HIV / AIDS','HIV is an acronym for human immunodeficiency virus and it is the disease that often leads to AIDS. Continuing Education Course (2 CEUs)','<p style=\"margin: 0px; padding: 0px; font-size: 12px; color: rgb(68, 68, 68); line-height: 18px; font-family: helvetica, arial, sans-serif;\">This class provides information on HIV and AIDS- related illnesses. Materials will be presented on the symptoms, causes, pathophysiology, diagnosis, transmission and prevention, treatment, epidemiology, prognosis, and history of HIV and AIDS.</p>',NULL,'20','Online Only',NULL,'Online-HIVAIDS-021815.pdf',NULL,NULL,NULL,NULL,NULL,NULL,2,''),(4,'Aggression Management','The effective handling of aggression is one of the most demanding aspects of working in Behavioral Health. It is an area in which the ability to manage self and assertively communicate with others is essential. This course will explore identifying, preventing and managing aggressive behavior through the use of verbal de-escalation interventions. ','<strong>Course Overview and Objectives</strong><br><br>The effective handling of aggression is one of the most demanding aspects of working in Behavioral Health. It is an area in which the ability to manage self and assertively communicate with others is essential. This course will explore identifying, preventing and managing aggressive behavior through the use of verbal de-escalation interventions. <br><br>Upon successful completion of this course the learner will be able to: <br><br><ol><li>Define “Aggression” and “Verbal De-escalation\" <br></li><li>Identify warning signs for aggressive behavior. <br></li><li>Give examples of verbal\r\nde-escalation techniques to use in a crisis situation\r\n   </li></ol>',NULL,'20.00','Online Only',NULL,'online-aggression-management-021815.pdf',NULL,NULL,NULL,NULL,NULL,NULL,2,''),(5,'Infection Control','Healthcare workers are required to participate in an annual training on infection prevention and control. 1 CEU','<p>Healthcare workers are required to participate in an annual training on infection prevention and control. At the end of this study guide participants will be able to:</p>\r\n<ul>\r\n<li>Understand modes of transmission of bacteria and infections</li><li>Understand universal precautions</li><li>Practice proper hand washing techniques</li>\r\n<li>Take action to prevention of the spread of disease in your workplace</li>\r\n</ul>\r\n\r\n\r\n\r\n',NULL,'20.00','Online Only',NULL,'Online-InfectionControl-021815.pdf',NULL,NULL,NULL,NULL,NULL,NULL,1,''),(11,'AP002: Treatment Planning','This course will provide the knowledge and skills for the preparation, implementation, and continual update of the addiction treatment plan.','<p>This course is part of the required \r\ncurriculum for the Certified Addiction Professional (CAP) and Certified \r\nAddiction Counselor (CAC). It can also be used for continuing education \r\ncredit.</p><p>This course will provide the knowledge and skills for the \r\npreparation, implementation, and continual update of the addiction \r\ntreatment plan. Each section of this 30 hour course will be guided by \r\nthe Florida Certification Board (FCB) adopted National Standards for \r\nSubstance Abuse Treatment Planning and Continued Assessment and \r\nTreatment Planning indicated in the Center for Substance Abuse \r\nTreatment/Substance Abuse and Mental Health Services Administration \r\n(CSAT/SAMHSA) Technical Assistance Publication (TAP) 21, <span style=\"text-decoration: underline;\" data-mce-style=\"text-decoration: underline;\">Addiction Counseling Competencies: The Knowledge, Skills, and Attitudes of Professional Practice</span>.</p><p>Credits - 30 Hours</p>',NULL,'220.00','Online',NULL,'AP002TP-RK-Overview.pdf',NULL,'Case-Study.pdf','Treatment-Planning-Presentation.pptx',NULL,'Treatment-Planning-Syllabus-RK.pdf',NULL,30,'tpfree'),(12,'AP003: Case Management and Referral','This course will provide a concise definition and professional skills for best practice of case management (service coordination) specific to the treatment of addiction.','<p>This course will provide a concise definition and professional skills\r\n for best practice of case management (service coordination) specific to\r\n the treatment of addiction. Each section of this 15 hour course will be\r\n guided by the Florida Certification Board (FCB) adopted National \r\nStandards for Substance Abuse Case Management including: Service \r\nCoordination, Consultation, and Referrals indicated in the Center for \r\nSubstance Abuse Treatment/Substance Abuse and Mental Health Services \r\nAdministration (CSAT/SAMHSA) Technical Assistance Publication (TAP) 21, <span style=\"text-decoration: underline;\" data-mce-style=\"text-decoration: underline;\">Addiction Counseling Competencies: The Knowledge, Skills, and Attitudes of Professional Practice</span>, pages 43-54.</p>',NULL,'155.00','Online',NULL,'Case-Mgmt-StudyGuide.pdf',NULL,NULL,'Case-Management-Presentation.pptx',NULL,NULL,NULL,15,'cmfree'),(14,'AP001: Clinical Evaluation','This course will provide a comprehensive introduction to the treatment of addiction. Terms and concepts related to historical context, theory, research and practice will be reviewed.','<p>This course will provide a comprehensive introduction to the \r\ntreatment of addiction. Terms and concepts related to historical \r\ncontext, theory, research and practice will be reviewed. This class will\r\n discuss and explore Bio-psychosocial assessments admission assessments.\r\n The sections of this 35 hour class will guided by the Florida \r\nCertification Board.</p>',NULL,'235.00','online',NULL,'Clinical-Evaluation-RK-Part1.pdf','Clinical-Evaluation-RK-Part2.pdf','Clinical Evlauation Case Study.pdf','Clinical-Eval-presentation.pps',NULL,'AP001-CE - RK Clinical Evaluation Syllabus.pdf',NULL,35,'cefree'),(15,'AP004: Counseling','This course will provide a thorough description of the process of addiction counseling (individual, group & family), the qualities of a professional addiction counselor, therapeutic interventions, multicultural sensitive counseling practices and more. This course will give explicit examples of therapeutic techniques and interventions as well as the theoretical perspective they come from. Lastly, but most importantly (as in other courses as well), this course will explain and guide the counselor in how to establish the therapeutic alliance – the foundation from which therapy/counseling works. ','This course will provide a\r\nthorough description of the process of addiction counseling (individual, group\r\n&amp; family), the qualities of a professional addiction counselor, therapeutic\r\ninterventions, multicultural sensitive counseling practices and more. This\r\ncourse will give explicit examples of therapeutic techniques and interventions\r\nas well as the theoretical perspective they come from. Lastly, but most\r\nimportantly (as in other courses as well), this course will explain and guide\r\nthe counselor in how to establish the therapeutic alliance – the foundation\r\nfrom which therapy/counseling works.',NULL,'275','',NULL,'RK-Counseling-Outline.pdf',NULL,NULL,'AP004CO-Types-Groups.ppsx','AP004CO-SOC-Model.ppsx','RK-Counseling-Syllabus.pdf',NULL,50,''),(16,'AP006: Documentation','This course will provide the information necessary to enable counselors to document a complete client treatment episode from initial phone screening to discharge utilizing legal, ethical and clinical practice standards.','This course will provide the information necessary to enable counselors to document a complete client treatment episode from initial phone screening to discharge utilizinglegal, ethical and clinical practice standards.&nbsp;<div><br></div><div>&nbsp;Course Objectives:<o:p></o:p><p></p><ul><li><span style=\"font-size: 10pt;\">Student will understand the purpose of documentation.&nbsp;</span></li><li><span style=\"font-size: 10pt;\">Student will learn the benefits of clinical documentation.&nbsp;</span></li><li><span style=\"font-size: 10pt;\">Student will learn the documentation process and requirements for the client’s assessment.&nbsp;</span></li><li><span style=\"font-size: 10pt;\">Student will learn the documentation process and requirements for writing an Integrated Summary.&nbsp;</span></li><li><span style=\"font-size: 10pt;\">Student will learn the documentation process and requirements for the client’s treatment plan.&nbsp;</span></li><li><span style=\"font-size: 10pt;\">Student will learn the documentation process and requirements for progress notes.&nbsp;</span></li><li><span style=\"font-size: 10pt;\">Student will learn the documentation process and requirements for group and family sessions.&nbsp;</span></li><li><span style=\"font-size: 10pt;\">Student will learn the documentation process and requirements for client discharge.&nbsp;</span></li><li><span style=\"font-size: 10pt;\">Student will learn the legal standards set for documentation, release of information and maintenance of client records.</span></li></ul></div>',NULL,'200','',NULL,'Documentation-Outline.pdf',NULL,NULL,'Documentation-Integrated-Summary.pptx','Documentation-Progress-Notes.pptx','Documentation-Syllabus.pdf',NULL,20,''),(17,'AAP008: Understanding Addiction','This course will provide a comprehensive introduction to the treatment of addiction. Terms and concepts related to historical context, theory, research, and practice will be reviewed. Each section of this 40 hour course will be guided by the Florida Certification Board (FCB) adopted National Standards for Substance Abuse Treatment indicated in the Center for Substance Abuse Treatment/Substance Abuse and Mental Health Services Administration (CSAT/SAMHSA) Technical Assistance Publication (TAP) 21, Addiction Counseling Competencies: The Knowledge, Skills, and Attitudes of Professional Practice, pages 13-20. Group exercises, case examples, and film will provide opportunities for class discussion and integration of knowledge into skills in the development of a helping attitude in the treatment of addiction.','<span style=\"font-family: Verdana, Arial, Helvetica, sans-serif; font-size: 11px; background-color: rgb(255, 255, 255);\">This course will provide a comprehensive introduction to the treatment of addiction. Terms and concepts related to historical context, theory, research, and practice will be reviewed. Each section of this 40 hour course will be guided by the Florida Certification Board (FCB) adopted National Standards for Substance Abuse Treatment indicated in the Center for Substance Abuse Treatment/Substance Abuse and Mental Health Services Administration (CSAT/SAMHSA) Technical Assistance Publication (TAP) 21, Addiction Counseling Competencies: The Knowledge, Skills, and Attitudes of Professional Practice, pages 13-20. Group exercises, case examples, and film will provide opportunities for class discussion and integration of knowledge into skills in the development of a helping attitude in the treatment of addiction.</span>',NULL,'235.00','online',NULL,'Understanding-Addiction-Outline.pdf',NULL,NULL,'AP008 - RK Understanding  Addiction - Your brain on drugs.pp',NULL,'Understanding-Addiction-Syllabus.pdf',NULL,40,''),(18,'AAP005: Client, Family and Community Education','This course will provide a thorough description of the many and varied processes of how, why and where professional addiction counselors provide addiction education through prevention, intervention, treatment and recovery services to clients, families, significant others and community groups.','This course will provide a thorough description of the many and varied processes of how, why and where professional addiction counselors provide addiction education through prevention, intervention, treatment and recovery services to clients, families, significant others and community groups.\r\n\r\nCourse Goals:\r\n<ol>\r\n<li>Student will be able to provide culturally competent education, prevention, intervention, treatment and recovery services to clients, families and community groups.</li>\r\n<li>Student will be able to identify and modify educational materials to meet the needs of varied groups.</li>\r\n<li>Student will be able to identify and describe risk and protective factors as they relate to individual, community, school and family settings.</li>\r\n<li>Student will be able to recognize the influence of risk and protective factors on the development of substance abuse.</li>\r\n<li>Student will be able to develop and implement prevention and treatment programs that are sensitive to the roles of culture, ethnicity, gender, sexual orientation and age.</li>\r\n<li>Students will be able to identify warning signs and symptoms of substance abuse and developing substance abuse.</li>\r\n<li>&nbsp;Students will have knowledge of and be able to utilize the DSM 5 in diagnosing substance related disorders.</li>\r\n<li>Students will be to identify the impact of addiction on families and significant others.</li>\r\n<li>Students will be able to recognize the family roles in an addicted family.</li>\r\n<li>Students will be able to educate individuals on the importance of including families, significant others and communities in their recovery process.</li>\r\n<li>Students will be able to identify the continuum of care and resources available to individuals, families and significant others.</li>\r\n<li>Students will be able to define the basic principles and purposes of prevention, intervention, treatment and recovery services.</li>\r\n<li>Students will be able to define, recognize and education individuals,&nbsp; families and significant others on the role of risky behaviors and their relationship to substance abuse, HIV/AIDS, Hepatitis C and other sexually transmitted diseases.&nbsp;</li>\r\n<li>Students will be able to educate clients and community members about disease transmission and prevention.</li>\r\n<li>Students will understand the importance of life skills to the prevention and treatment of substance use disorders.</li>\r\n<li>Students will be able to facilitate the practice and acquisition of life skills.</li>\r\n</ol>',NULL,'155.00','Online',NULL,'Client-Family-Outline.pdf',NULL,NULL,'AP005CFCE - RK Client, Family, and Community Education.pptx',NULL,'Client-Family-Syllabus.pdf',NULL,15,''),(19,'AAP007: Ethical and Professional Responsibilities','This course will cover the ethical and professional mandates of the addiction counselor as they pertain to: Ethical standards of conduct, client confidentiality, client records confidentiality, professional clinical practices, boundaries, assessing crisis, and the importance of continuing professional development.','\r\n\r\n\r\n\r\n\r\n<!--[if gte mso 9]><xml>\r\n <o:DocumentProperties>\r\n  <o:Revision>0</o:Revision>\r\n  <o:TotalTime>0</o:TotalTime>\r\n  <o:Pages>1</o:Pages>\r\n  <o:Words>47</o:Words>\r\n  <o:Characters>269</o:Characters>\r\n  <o:Company>Fortris Corporation</o:Company>\r\n  <o:Lines>2</o:Lines>\r\n  <o:Paragraphs>1</o:Paragraphs>\r\n  <o:CharactersWithSpaces>315</o:CharactersWithSpaces>\r\n  <o:Version>14.0</o:Version>\r\n </o:DocumentProperties>\r\n <o:OfficeDocumentSettings>\r\n  <o:AllowPNG></o:AllowPNG>\r\n </o:OfficeDocumentSettings>\r\n</xml><![endif]-->\r\n\r\n<!--[if gte mso 9]><xml>\r\n <w:WordDocument>\r\n  <w:View>Normal</w:View>\r\n  <w:Zoom>0</w:Zoom>\r\n  <w:TrackMoves></w:TrackMoves>\r\n  <w:TrackFormatting></w:TrackFormatting>\r\n  <w:PunctuationKerning></w:PunctuationKerning>\r\n  <w:ValidateAgainstSchemas></w:ValidateAgainstSchemas>\r\n  <w:SaveIfXMLInvalid>false</w:SaveIfXMLInvalid>\r\n  <w:IgnoreMixedContent>false</w:IgnoreMixedContent>\r\n  <w:AlwaysShowPlaceholderText>false</w:AlwaysShowPlaceholderText>\r\n  <w:DoNotPromoteQF></w:DoNotPromoteQF>\r\n  <w:LidThemeOther>EN-US</w:LidThemeOther>\r\n  <w:LidThemeAsian>JA</w:LidThemeAsian>\r\n  <w:LidThemeComplexScript>X-NONE</w:LidThemeComplexScript>\r\n  <w:Compatibility>\r\n   <w:BreakWrappedTables></w:BreakWrappedTables>\r\n   <w:SnapToGridInCell></w:SnapToGridInCell>\r\n   <w:WrapTextWithPunct></w:WrapTextWithPunct>\r\n   <w:UseAsianBreakRules></w:UseAsianBreakRules>\r\n   <w:DontGrowAutofit></w:DontGrowAutofit>\r\n   <w:SplitPgBreakAndParaMark></w:SplitPgBreakAndParaMark>\r\n   <w:EnableOpenTypeKerning></w:EnableOpenTypeKerning>\r\n   <w:DontFlipMirrorIndents></w:DontFlipMirrorIndents>\r\n   <w:OverrideTableStyleHps></w:OverrideTableStyleHps>\r\n  </w:Compatibility>\r\n  <m:mathPr>\r\n   <m:mathFont m:val=\"Cambria Math\"></m:mathFont>\r\n   <m:brkBin m:val=\"before\"></m:brkBin>\r\n   <m:brkBinSub m:val=\"&#45;-\"></m:brkBinSub>\r\n   <m:smallFrac m:val=\"off\"></m:smallFrac>\r\n   <m:dispDef></m:dispDef>\r\n   <m:lMargin m:val=\"0\"></m:lMargin>\r\n   <m:rMargin m:val=\"0\"></m:rMargin>\r\n   <m:defJc m:val=\"centerGroup\"></m:defJc>\r\n   <m:wrapIndent m:val=\"1440\"></m:wrapIndent>\r\n   <m:intLim m:val=\"subSup\"></m:intLim>\r\n   <m:naryLim m:val=\"undOvr\"></m:naryLim>\r\n  </m:mathPr></w:WordDocument>\r\n</xml><![endif]--><!--[if gte mso 9]><xml>\r\n <w:LatentStyles DefLockedState=\"false\" DefUnhideWhenUsed=\"true\"\r\n  DefSemiHidden=\"true\" DefQFormat=\"false\" DefPriority=\"99\"\r\n  LatentStyleCount=\"276\">\r\n  <w:LsdException Locked=\"false\" Priority=\"0\" SemiHidden=\"false\"\r\n   UnhideWhenUsed=\"false\" QFormat=\"true\" Name=\"Normal\"></w:LsdException>\r\n  <w:LsdException Locked=\"false\" Priority=\"9\" SemiHidden=\"false\"\r\n   UnhideWhenUsed=\"false\" QFormat=\"true\" Name=\"heading 1\"></w:LsdException>\r\n  <w:LsdException Locked=\"false\" Priority=\"9\" QFormat=\"true\" Name=\"heading 2\"></w:LsdException>\r\n  <w:LsdException Locked=\"false\" Priority=\"9\" QFormat=\"true\" Name=\"heading 3\"></w:LsdException>\r\n  <w:LsdException Locked=\"false\" Priority=\"9\" QFormat=\"true\" Name=\"heading 4\"></w:LsdException>\r\n  <w:LsdException Locked=\"false\" Priority=\"9\" QFormat=\"true\" Name=\"heading 5\"></w:LsdException>\r\n  <w:LsdException Locked=\"false\" Priority=\"9\" QFormat=\"true\" Name=\"heading 6\"></w:LsdException>\r\n  <w:LsdException Locked=\"false\" Priority=\"9\" QFormat=\"true\" Name=\"heading 7\"></w:LsdException>\r\n  <w:LsdException Locked=\"false\" Priority=\"9\" QFormat=\"true\" Name=\"heading 8\"></w:LsdException>\r\n  <w:LsdException Locked=\"false\" Priority=\"9\" QFormat=\"true\" Name=\"heading 9\"></w:LsdException>\r\n  <w:LsdException Locked=\"false\" Priority=\"39\" Name=\"toc 1\"></w:LsdException>\r\n  <w:LsdException Locked=\"false\" Priority=\"39\" Name=\"toc 2\"></w:LsdException>\r\n  <w:LsdException Locked=\"false\" Priority=\"39\" Name=\"toc 3\"></w:LsdException>\r\n  <w:LsdException Locked=\"false\" Priority=\"39\" Name=\"toc 4\"></w:LsdException>\r\n  <w:LsdException Locked=\"false\" Priority=\"39\" Name=\"toc 5\"></w:LsdException>\r\n  <w:LsdException Locked=\"false\" Priority=\"39\" Name=\"toc 6\"></w:LsdException>\r\n  <w:LsdException Locked=\"false\" Priority=\"39\" Name=\"toc 7\"></w:LsdException>\r\n  <w:LsdException Locked=\"false\" Priority=\"39\" Name=\"toc 8\"></w:LsdException>\r\n  <w:LsdException Locked=\"false\" Priority=\"39\" Name=\"toc 9\"></w:LsdException>\r\n  <w:LsdException Locked=\"false\" Priority=\"35\" QFormat=\"true\" Name=\"caption\"></w:LsdException>\r\n  <w:LsdException Locked=\"false\" Priority=\"10\" SemiHidden=\"false\"\r\n   UnhideWhenUsed=\"false\" QFormat=\"true\" Name=\"Title\"></w:LsdException>\r\n  <w:LsdException Locked=\"false\" Priority=\"1\" Name=\"Default Paragraph Font\"></w:LsdException>\r\n  <w:LsdException Locked=\"false\" Priority=\"11\" SemiHidden=\"false\"\r\n   UnhideWhenUsed=\"false\" QFormat=\"true\" Name=\"Subtitle\"></w:LsdException>\r\n  <w:LsdException Locked=\"false\" Priority=\"22\" SemiHidden=\"false\"\r\n   UnhideWhenUsed=\"false\" QFormat=\"true\" Name=\"Strong\"></w:LsdException>\r\n  <w:LsdException Locked=\"false\" Priority=\"20\" SemiHidden=\"false\"\r\n   UnhideWhenUsed=\"false\" QFormat=\"true\" Name=\"Emphasis\"></w:LsdException>\r\n  <w:LsdException Locked=\"false\" Priority=\"59\" SemiHidden=\"false\"\r\n   UnhideWhenUsed=\"false\" Name=\"Table Grid\"></w:LsdException>\r\n  <w:LsdException Locked=\"false\" UnhideWhenUsed=\"false\" Name=\"Placeholder Text\"></w:LsdException>\r\n  <w:LsdException Locked=\"false\" Priority=\"1\" SemiHidden=\"false\"\r\n   UnhideWhenUsed=\"false\" QFormat=\"true\" Name=\"No Spacing\"></w:LsdException>\r\n  <w:LsdException Locked=\"false\" Priority=\"60\" SemiHidden=\"false\"\r\n   UnhideWhenUsed=\"false\" Name=\"Light Shading\"></w:LsdException>\r\n  <w:LsdException Locked=\"false\" Priority=\"61\" SemiHidden=\"false\"\r\n   UnhideWhenUsed=\"false\" Name=\"Light List\"></w:LsdException>\r\n  <w:LsdException Locked=\"false\" Priority=\"62\" SemiHidden=\"false\"\r\n   UnhideWhenUsed=\"false\" Name=\"Light Grid\"></w:LsdException>\r\n  <w:LsdException Locked=\"false\" Priority=\"63\" SemiHidden=\"false\"\r\n   UnhideWhenUsed=\"false\" Name=\"Medium Shading 1\"></w:LsdException>\r\n  <w:LsdException Locked=\"false\" Priority=\"64\" SemiHidden=\"false\"\r\n   UnhideWhenUsed=\"false\" Name=\"Medium Shading 2\"></w:LsdException>\r\n  <w:LsdException Locked=\"false\" Priority=\"65\" SemiHidden=\"false\"\r\n   UnhideWhenUsed=\"false\" Name=\"Medium List 1\"></w:LsdException>\r\n  <w:LsdException Locked=\"false\" Priority=\"66\" SemiHidden=\"false\"\r\n   UnhideWhenUsed=\"false\" Name=\"Medium List 2\"></w:LsdException>\r\n  <w:LsdException Locked=\"false\" Priority=\"67\" SemiHidden=\"false\"\r\n   UnhideWhenUsed=\"false\" Name=\"Medium Grid 1\"></w:LsdException>\r\n  <w:LsdException Locked=\"false\" Priority=\"68\" SemiHidden=\"false\"\r\n   UnhideWhenUsed=\"false\" Name=\"Medium Grid 2\"></w:LsdException>\r\n  <w:LsdException Locked=\"false\" Priority=\"69\" SemiHidden=\"false\"\r\n   UnhideWhenUsed=\"false\" Name=\"Medium Grid 3\"></w:LsdException>\r\n  <w:LsdException Locked=\"false\" Priority=\"70\" SemiHidden=\"false\"\r\n   UnhideWhenUsed=\"false\" Name=\"Dark List\"></w:LsdException>\r\n  <w:LsdException Locked=\"false\" Priority=\"71\" SemiHidden=\"false\"\r\n   UnhideWhenUsed=\"false\" Name=\"Colorful Shading\"></w:LsdException>\r\n  <w:LsdException Locked=\"false\" Priority=\"72\" SemiHidden=\"false\"\r\n   UnhideWhenUsed=\"false\" Name=\"Colorful List\"></w:LsdException>\r\n  <w:LsdException Locked=\"false\" Priority=\"73\" SemiHidden=\"false\"\r\n   UnhideWhenUsed=\"false\" Name=\"Colorful Grid\"></w:LsdException>\r\n  <w:LsdException Locked=\"false\" Priority=\"60\" SemiHidden=\"false\"\r\n   UnhideWhenUsed=\"false\" Name=\"Light Shading Accent 1\"></w:LsdException>\r\n  <w:LsdException Locked=\"false\" Priority=\"61\" SemiHidden=\"false\"\r\n   UnhideWhenUsed=\"false\" Name=\"Light List Accent 1\"></w:LsdException>\r\n  <w:LsdException Locked=\"false\" Priority=\"62\" SemiHidden=\"false\"\r\n   UnhideWhenUsed=\"false\" Name=\"Light Grid Accent 1\"></w:LsdException>\r\n  <w:LsdException Locked=\"false\" Priority=\"63\" SemiHidden=\"false\"\r\n   UnhideWhenUsed=\"false\" Name=\"Medium Shading 1 Accent 1\"></w:LsdException>\r\n  <w:LsdException Locked=\"false\" Priority=\"64\" SemiHidden=\"false\"\r\n   UnhideWhenUsed=\"false\" Name=\"Medium Shading 2 Accent 1\"></w:LsdException>\r\n  <w:LsdException Locked=\"false\" Priority=\"65\" SemiHidden=\"false\"\r\n   UnhideWhenUsed=\"false\" Name=\"Medium List 1 Accent 1\"></w:LsdException>\r\n  <w:LsdException Locked=\"false\" UnhideWhenUsed=\"false\" Name=\"Revision\"></w:LsdException>\r\n  <w:LsdException Locked=\"false\" Priority=\"34\" SemiHidden=\"false\"\r\n   UnhideWhenUsed=\"false\" QFormat=\"true\" Name=\"List Paragraph\"></w:LsdException>\r\n  <w:LsdException Locked=\"false\" Priority=\"29\" SemiHidden=\"false\"\r\n   UnhideWhenUsed=\"false\" QFormat=\"true\" Name=\"Quote\"></w:LsdException>\r\n  <w:LsdException Locked=\"false\" Priority=\"30\" SemiHidden=\"false\"\r\n   UnhideWhenUsed=\"false\" QFormat=\"true\" Name=\"Intense Quote\"></w:LsdException>\r\n  <w:LsdException Locked=\"false\" Priority=\"66\" SemiHidden=\"false\"\r\n   UnhideWhenUsed=\"false\" Name=\"Medium List 2 Accent 1\"></w:LsdException>\r\n  <w:LsdException Locked=\"false\" Priority=\"67\" SemiHidden=\"false\"\r\n   UnhideWhenUsed=\"false\" Name=\"Medium Grid 1 Accent 1\"></w:LsdException>\r\n  <w:LsdException Locked=\"false\" Priority=\"68\" SemiHidden=\"false\"\r\n   UnhideWhenUsed=\"false\" Name=\"Medium Grid 2 Accent 1\"></w:LsdException>\r\n  <w:LsdException Locked=\"false\" Priority=\"69\" SemiHidden=\"false\"\r\n   UnhideWhenUsed=\"false\" Name=\"Medium Grid 3 Accent 1\"></w:LsdException>\r\n  <w:LsdException Locked=\"false\" Priority=\"70\" SemiHidden=\"false\"\r\n   UnhideWhenUsed=\"false\" Name=\"Dark List Accent 1\"></w:LsdException>\r\n  <w:LsdException Locked=\"false\" Priority=\"71\" SemiHidden=\"false\"\r\n   UnhideWhenUsed=\"false\" Name=\"Colorful Shading Accent 1\"></w:LsdException>\r\n  <w:LsdException Locked=\"false\" Priority=\"72\" SemiHidden=\"false\"\r\n   UnhideWhenUsed=\"false\" Name=\"Colorful List Accent 1\"></w:LsdException>\r\n  <w:LsdException Locked=\"false\" Priority=\"73\" SemiHidden=\"false\"\r\n   UnhideWhenUsed=\"false\" Name=\"Colorful Grid Accent 1\"></w:LsdException>\r\n  <w:LsdException Locked=\"false\" Priority=\"60\" SemiHidden=\"false\"\r\n   UnhideWhenUsed=\"false\" Name=\"Light Shading Accent 2\"></w:LsdException>\r\n  <w:LsdException Locked=\"false\" Priority=\"61\" SemiHidden=\"false\"\r\n   UnhideWhenUsed=\"false\" Name=\"Light List Accent 2\"></w:LsdException>\r\n  <w:LsdException Locked=\"false\" Priority=\"62\" SemiHidden=\"false\"\r\n   UnhideWhenUsed=\"false\" Name=\"Light Grid Accent 2\"></w:LsdException>\r\n  <w:LsdException Locked=\"false\" Priority=\"63\" SemiHidden=\"false\"\r\n   UnhideWhenUsed=\"false\" Name=\"Medium Shading 1 Accent 2\"></w:LsdException>\r\n  <w:LsdException Locked=\"false\" Priority=\"64\" SemiHidden=\"false\"\r\n   UnhideWhenUsed=\"false\" Name=\"Medium Shading 2 Accent 2\"></w:LsdException>\r\n  <w:LsdException Locked=\"false\" Priority=\"65\" SemiHidden=\"false\"\r\n   UnhideWhenUsed=\"false\" Name=\"Medium List 1 Accent 2\"></w:LsdException>\r\n  <w:LsdException Locked=\"false\" Priority=\"66\" SemiHidden=\"false\"\r\n   UnhideWhenUsed=\"false\" Name=\"Medium List 2 Accent 2\"></w:LsdException>\r\n  <w:LsdException Locked=\"false\" Priority=\"67\" SemiHidden=\"false\"\r\n   UnhideWhenUsed=\"false\" Name=\"Medium Grid 1 Accent 2\"></w:LsdException>\r\n  <w:LsdException Locked=\"false\" Priority=\"68\" SemiHidden=\"false\"\r\n   UnhideWhenUsed=\"false\" Name=\"Medium Grid 2 Accent 2\"></w:LsdException>\r\n  <w:LsdException Locked=\"false\" Priority=\"69\" SemiHidden=\"false\"\r\n   UnhideWhenUsed=\"false\" Name=\"Medium Grid 3 Accent 2\"></w:LsdException>\r\n  <w:LsdException Locked=\"false\" Priority=\"70\" SemiHidden=\"false\"\r\n   UnhideWhenUsed=\"false\" Name=\"Dark List Accent 2\"></w:LsdException>\r\n  <w:LsdException Locked=\"false\" Priority=\"71\" SemiHidden=\"false\"\r\n   UnhideWhenUsed=\"false\" Name=\"Colorful Shading Accent 2\"></w:LsdException>\r\n  <w:LsdException Locked=\"false\" Priority=\"72\" SemiHidden=\"false\"\r\n   UnhideWhenUsed=\"false\" Name=\"Colorful List Accent 2\"></w:LsdException>\r\n  <w:LsdException Locked=\"false\" Priority=\"73\" SemiHidden=\"false\"\r\n   UnhideWhenUsed=\"false\" Name=\"Colorful Grid Accent 2\"></w:LsdException>\r\n  <w:LsdException Locked=\"false\" Priority=\"60\" SemiHidden=\"false\"\r\n   UnhideWhenUsed=\"false\" Name=\"Light Shading Accent 3\"></w:LsdException>\r\n  <w:LsdException Locked=\"false\" Priority=\"61\" SemiHidden=\"false\"\r\n   UnhideWhenUsed=\"false\" Name=\"Light List Accent 3\"></w:LsdException>\r\n  <w:LsdException Locked=\"false\" Priority=\"62\" SemiHidden=\"false\"\r\n   UnhideWhenUsed=\"false\" Name=\"Light Grid Accent 3\"></w:LsdException>\r\n  <w:LsdException Locked=\"false\" Priority=\"63\" SemiHidden=\"false\"\r\n   UnhideWhenUsed=\"false\" Name=\"Medium Shading 1 Accent 3\"></w:LsdException>\r\n  <w:LsdException Locked=\"false\" Priority=\"64\" SemiHidden=\"false\"\r\n   UnhideWhenUsed=\"false\" Name=\"Medium Shading 2 Accent 3\"></w:LsdException>\r\n  <w:LsdException Locked=\"false\" Priority=\"65\" SemiHidden=\"false\"\r\n   UnhideWhenUsed=\"false\" Name=\"Medium List 1 Accent 3\"></w:LsdException>\r\n  <w:LsdException Locked=\"false\" Priority=\"66\" SemiHidden=\"false\"\r\n   UnhideWhenUsed=\"false\" Name=\"Medium List 2 Accent 3\"></w:LsdException>\r\n  <w:LsdException Locked=\"false\" Priority=\"67\" SemiHidden=\"false\"\r\n   UnhideWhenUsed=\"false\" Name=\"Medium Grid 1 Accent 3\"></w:LsdException>\r\n  <w:LsdException Locked=\"false\" Priority=\"68\" SemiHidden=\"false\"\r\n   UnhideWhenUsed=\"false\" Name=\"Medium Grid 2 Accent 3\"></w:LsdException>\r\n  <w:LsdException Locked=\"false\" Priority=\"69\" SemiHidden=\"false\"\r\n   UnhideWhenUsed=\"false\" Name=\"Medium Grid 3 Accent 3\"></w:LsdException>\r\n  <w:LsdException Locked=\"false\" Priority=\"70\" SemiHidden=\"false\"\r\n   UnhideWhenUsed=\"false\" Name=\"Dark List Accent 3\"></w:LsdException>\r\n  <w:LsdException Locked=\"false\" Priority=\"71\" SemiHidden=\"false\"\r\n   UnhideWhenUsed=\"false\" Name=\"Colorful Shading Accent 3\"></w:LsdException>\r\n  <w:LsdException Locked=\"false\" Priority=\"72\" SemiHidden=\"false\"\r\n   UnhideWhenUsed=\"false\" Name=\"Colorful List Accent 3\"></w:LsdException>\r\n  <w:LsdException Locked=\"false\" Priority=\"73\" SemiHidden=\"false\"\r\n   UnhideWhenUsed=\"false\" Name=\"Colorful Grid Accent 3\"></w:LsdException>\r\n  <w:LsdException Locked=\"false\" Priority=\"60\" SemiHidden=\"false\"\r\n   UnhideWhenUsed=\"false\" Name=\"Light Shading Accent 4\"></w:LsdException>\r\n  <w:LsdException Locked=\"false\" Priority=\"61\" SemiHidden=\"false\"\r\n   UnhideWhenUsed=\"false\" Name=\"Light List Accent 4\"></w:LsdException>\r\n  <w:LsdException Locked=\"false\" Priority=\"62\" SemiHidden=\"false\"\r\n   UnhideWhenUsed=\"false\" Name=\"Light Grid Accent 4\"></w:LsdException>\r\n  <w:LsdException Locked=\"false\" Priority=\"63\" SemiHidden=\"false\"\r\n   UnhideWhenUsed=\"false\" Name=\"Medium Shading 1 Accent 4\"></w:LsdException>\r\n  <w:LsdException Locked=\"false\" Priority=\"64\" SemiHidden=\"false\"\r\n   UnhideWhenUsed=\"false\" Name=\"Medium Shading 2 Accent 4\"></w:LsdException>\r\n  <w:LsdException Locked=\"false\" Priority=\"65\" SemiHidden=\"false\"\r\n   UnhideWhenUsed=\"false\" Name=\"Medium List 1 Accent 4\"></w:LsdException>\r\n  <w:LsdException Locked=\"false\" Priority=\"66\" SemiHidden=\"false\"\r\n   UnhideWhenUsed=\"false\" Name=\"Medium List 2 Accent 4\"></w:LsdException>\r\n  <w:LsdException Locked=\"false\" Priority=\"67\" SemiHidden=\"false\"\r\n   UnhideWhenUsed=\"false\" Name=\"Medium Grid 1 Accent 4\"></w:LsdException>\r\n  <w:LsdException Locked=\"false\" Priority=\"68\" SemiHidden=\"false\"\r\n   UnhideWhenUsed=\"false\" Name=\"Medium Grid 2 Accent 4\"></w:LsdException>\r\n  <w:LsdException Locked=\"false\" Priority=\"69\" SemiHidden=\"false\"\r\n   UnhideWhenUsed=\"false\" Name=\"Medium Grid 3 Accent 4\"></w:LsdException>\r\n  <w:LsdException Locked=\"false\" Priority=\"70\" SemiHidden=\"false\"\r\n   UnhideWhenUsed=\"false\" Name=\"Dark List Accent 4\"></w:LsdException>\r\n  <w:LsdException Locked=\"false\" Priority=\"71\" SemiHidden=\"false\"\r\n   UnhideWhenUsed=\"false\" Name=\"Colorful Shading Accent 4\"></w:LsdException>\r\n  <w:LsdException Locked=\"false\" Priority=\"72\" SemiHidden=\"false\"\r\n   UnhideWhenUsed=\"false\" Name=\"Colorful List Accent 4\"></w:LsdException>\r\n  <w:LsdException Locked=\"false\" Priority=\"73\" SemiHidden=\"false\"\r\n   UnhideWhenUsed=\"false\" Name=\"Colorful Grid Accent 4\"></w:LsdException>\r\n  <w:LsdException Locked=\"false\" Priority=\"60\" SemiHidden=\"false\"\r\n   UnhideWhenUsed=\"false\" Name=\"Light Shading Accent 5\"></w:LsdException>\r\n  <w:LsdException Locked=\"false\" Priority=\"61\" SemiHidden=\"false\"\r\n   UnhideWhenUsed=\"false\" Name=\"Light List Accent 5\"></w:LsdException>\r\n  <w:LsdException Locked=\"false\" Priority=\"62\" SemiHidden=\"false\"\r\n   UnhideWhenUsed=\"false\" Name=\"Light Grid Accent 5\"></w:LsdException>\r\n  <w:LsdException Locked=\"false\" Priority=\"63\" SemiHidden=\"false\"\r\n   UnhideWhenUsed=\"false\" Name=\"Medium Shading 1 Accent 5\"></w:LsdException>\r\n  <w:LsdException Locked=\"false\" Priority=\"64\" SemiHidden=\"false\"\r\n   UnhideWhenUsed=\"false\" Name=\"Medium Shading 2 Accent 5\"></w:LsdException>\r\n  <w:LsdException Locked=\"false\" Priority=\"65\" SemiHidden=\"false\"\r\n   UnhideWhenUsed=\"false\" Name=\"Medium List 1 Accent 5\"></w:LsdException>\r\n  <w:LsdException Locked=\"false\" Priority=\"66\" SemiHidden=\"false\"\r\n   UnhideWhenUsed=\"false\" Name=\"Medium List 2 Accent 5\"></w:LsdException>\r\n  <w:LsdException Locked=\"false\" Priority=\"67\" SemiHidden=\"false\"\r\n   UnhideWhenUsed=\"false\" Name=\"Medium Grid 1 Accent 5\"></w:LsdException>\r\n  <w:LsdException Locked=\"false\" Priority=\"68\" SemiHidden=\"false\"\r\n   UnhideWhenUsed=\"false\" Name=\"Medium Grid 2 Accent 5\"></w:LsdException>\r\n  <w:LsdException Locked=\"false\" Priority=\"69\" SemiHidden=\"false\"\r\n   UnhideWhenUsed=\"false\" Name=\"Medium Grid 3 Accent 5\"></w:LsdException>\r\n  <w:LsdException Locked=\"false\" Priority=\"70\" SemiHidden=\"false\"\r\n   UnhideWhenUsed=\"false\" Name=\"Dark List Accent 5\"></w:LsdException>\r\n  <w:LsdException Locked=\"false\" Priority=\"71\" SemiHidden=\"false\"\r\n   UnhideWhenUsed=\"false\" Name=\"Colorful Shading Accent 5\"></w:LsdException>\r\n  <w:LsdException Locked=\"false\" Priority=\"72\" SemiHidden=\"false\"\r\n   UnhideWhenUsed=\"false\" Name=\"Colorful List Accent 5\"></w:LsdException>\r\n  <w:LsdException Locked=\"false\" Priority=\"73\" SemiHidden=\"false\"\r\n   UnhideWhenUsed=\"false\" Name=\"Colorful Grid Accent 5\"></w:LsdException>\r\n  <w:LsdException Locked=\"false\" Priority=\"60\" SemiHidden=\"false\"\r\n   UnhideWhenUsed=\"false\" Name=\"Light Shading Accent 6\"></w:LsdException>\r\n  <w:LsdException Locked=\"false\" Priority=\"61\" SemiHidden=\"false\"\r\n   UnhideWhenUsed=\"false\" Name=\"Light List Accent 6\"></w:LsdException>\r\n  <w:LsdException Locked=\"false\" Priority=\"62\" SemiHidden=\"false\"\r\n   UnhideWhenUsed=\"false\" Name=\"Light Grid Accent 6\"></w:LsdException>\r\n  <w:LsdException Locked=\"false\" Priority=\"63\" SemiHidden=\"false\"\r\n   UnhideWhenUsed=\"false\" Name=\"Medium Shading 1 Accent 6\"></w:LsdException>\r\n  <w:LsdException Locked=\"false\" Priority=\"64\" SemiHidden=\"false\"\r\n   UnhideWhenUsed=\"false\" Name=\"Medium Shading 2 Accent 6\"></w:LsdException>\r\n  <w:LsdException Locked=\"false\" Priority=\"65\" SemiHidden=\"false\"\r\n   UnhideWhenUsed=\"false\" Name=\"Medium List 1 Accent 6\"></w:LsdException>\r\n  <w:LsdException Locked=\"false\" Priority=\"66\" SemiHidden=\"false\"\r\n   UnhideWhenUsed=\"false\" Name=\"Medium List 2 Accent 6\"></w:LsdException>\r\n  <w:LsdException Locked=\"false\" Priority=\"67\" SemiHidden=\"false\"\r\n   UnhideWhenUsed=\"false\" Name=\"Medium Grid 1 Accent 6\"></w:LsdException>\r\n  <w:LsdException Locked=\"false\" Priority=\"68\" SemiHidden=\"false\"\r\n   UnhideWhenUsed=\"false\" Name=\"Medium Grid 2 Accent 6\"></w:LsdException>\r\n  <w:LsdException Locked=\"false\" Priority=\"69\" SemiHidden=\"false\"\r\n   UnhideWhenUsed=\"false\" Name=\"Medium Grid 3 Accent 6\"></w:LsdException>\r\n  <w:LsdException Locked=\"false\" Priority=\"70\" SemiHidden=\"false\"\r\n   UnhideWhenUsed=\"false\" Name=\"Dark List Accent 6\"></w:LsdException>\r\n  <w:LsdException Locked=\"false\" Priority=\"71\" SemiHidden=\"false\"\r\n   UnhideWhenUsed=\"false\" Name=\"Colorful Shading Accent 6\"></w:LsdException>\r\n  <w:LsdException Locked=\"false\" Priority=\"72\" SemiHidden=\"false\"\r\n   UnhideWhenUsed=\"false\" Name=\"Colorful List Accent 6\"></w:LsdException>\r\n  <w:LsdException Locked=\"false\" Priority=\"73\" SemiHidden=\"false\"\r\n   UnhideWhenUsed=\"false\" Name=\"Colorful Grid Accent 6\"></w:LsdException>\r\n  <w:LsdException Locked=\"false\" Priority=\"19\" SemiHidden=\"false\"\r\n   UnhideWhenUsed=\"false\" QFormat=\"true\" Name=\"Subtle Emphasis\"></w:LsdException>\r\n  <w:LsdException Locked=\"false\" Priority=\"21\" SemiHidden=\"false\"\r\n   UnhideWhenUsed=\"false\" QFormat=\"true\" Name=\"Intense Emphasis\"></w:LsdException>\r\n  <w:LsdException Locked=\"false\" Priority=\"31\" SemiHidden=\"false\"\r\n   UnhideWhenUsed=\"false\" QFormat=\"true\" Name=\"Subtle Reference\"></w:LsdException>\r\n  <w:LsdException Locked=\"false\" Priority=\"32\" SemiHidden=\"false\"\r\n   UnhideWhenUsed=\"false\" QFormat=\"true\" Name=\"Intense Reference\"></w:LsdException>\r\n  <w:LsdException Locked=\"false\" Priority=\"33\" SemiHidden=\"false\"\r\n   UnhideWhenUsed=\"false\" QFormat=\"true\" Name=\"Book Title\"></w:LsdException>\r\n  <w:LsdException Locked=\"false\" Priority=\"37\" Name=\"Bibliography\"></w:LsdException>\r\n  <w:LsdException Locked=\"false\" Priority=\"39\" QFormat=\"true\" Name=\"TOC Heading\"></w:LsdException>\r\n </w:LatentStyles>\r\n</xml><![endif]-->\r\n\r\n<!--[if gte mso 10]>\r\n<style>\r\n /* Style Definitions */\r\ntable.MsoNormalTable\r\n	{mso-style-name:\"Table Normal\";\r\n	mso-tstyle-rowband-size:0;\r\n	mso-tstyle-colband-size:0;\r\n	mso-style-noshow:yes;\r\n	mso-style-priority:99;\r\n	mso-style-parent:\"\";\r\n	mso-padding-alt:0in 5.4pt 0in 5.4pt;\r\n	mso-para-margin-top:0in;\r\n	mso-para-margin-right:0in;\r\n	mso-para-margin-bottom:8.0pt;\r\n	mso-para-margin-left:0in;\r\n	line-height:107%;\r\n	mso-pagination:widow-orphan;\r\n	font-size:11.0pt;\r\n	font-family:Calibri;\r\n	mso-ascii-font-family:Calibri;\r\n	mso-ascii-theme-font:minor-latin;\r\n	mso-hansi-font-family:Calibri;\r\n	mso-hansi-theme-font:minor-latin;}\r\n</style>\r\n<![endif]-->\r\n\r\n\r\n\r\n<!--StartFragment--><span style=\"font-size: 12pt; line-height: 107%; font-family: Calibri;\">This course will cover the\r\nethical and professional mandates of the addiction counselor as they pertain\r\nto: Ethical standards of conduct, client confidentiality, client records confidentiality,\r\nprofessional clinical practices, boundaries, assessing crisis, and the\r\nimportance of continuing professional development.</span><!--EndFragment-->',NULL,'220.00','Online',NULL,'RK-Ethical-Professional-Outline.pdf',NULL,NULL,'Prof & Ethical Resp.pps','Confidentiality.pps','RK-Ethical-Professional-Syllabus.pdf',NULL,30,''),(20,'HIPPA','Confidentiality is one of the most basic rights that our clients have. All healthcare workers are legally and morally bound to protect the confidentiality of others.','<div>Confidentiality is one of the most basic rights that our clients have. All healthcare workers are legally and morally bound to protect the confidentiality of others.</div><div><br></div><div>This course is designed to:</div><div><br></div><div><ol><li><span style=\"font-size: 10pt;\">Give you an overview of The Health Insurance Portability and Accountability Act of 1996&nbsp;</span><span style=\"font-size: 10pt;\">(HIPAA).</span></li><li><span style=\"font-size: 10pt;\">Familiarize you with any major changes that have been implemented with the new 2013&nbsp;</span><span style=\"font-size: 10pt;\">Omnibus Rule Changes.</span></li><li><span style=\"font-size: 10pt;\">Help you recognize the serious consequences if you fail to comply with HIPAA.</span></li></ol></div>',NULL,'20','',NULL,'Online-HIPAA-021815.pdf',NULL,NULL,NULL,NULL,NULL,NULL,2,'');

--
-- Table structure for table `course_category`
--

CREATE TABLE `course_category` (
  `id` int(11) unsigned NOT NULL AUTO_INCREMENT,
  `name` varchar(60) CHARACTER SET utf8 NOT NULL,
  PRIMARY KEY (`id`)
) ENGINE=InnoDB AUTO_INCREMENT=8 DEFAULT CHARSET=latin1;

--
-- Dumping data for table `course_category`
--

INSERT INTO `course_category` VALUES (1,'Continuing Education'),(2,'Personal Development'),(3,'Communication'),(4,'Management & Leadership'),(5,'Marketing'),(6,'Organizational Efficiency'),(7,'Certified Addiction Professional');

--
-- Table structure for table `course_has_category`
--

CREATE TABLE `course_has_category` (
  `id` int(11) unsigned NOT NULL AUTO_INCREMENT,
  `course_id` int(11) unsigned NOT NULL,
  `course_category_id` int(11) unsigned NOT NULL,
  `course_offering_id` int(11) unsigned NOT NULL,
  PRIMARY KEY (`id`),
  KEY `course_id` (`course_id`),
  KEY `course_offering_id` (`course_offering_id`),
  KEY `course_category_id` (`course_category_id`),
  CONSTRAINT `course_has_category_ibfk_3` FOREIGN KEY (`course_offering_id`) REFERENCES `offerings` (`id`) ON DELETE NO ACTION ON UPDATE NO ACTION,
  CONSTRAINT `course_has_category_ibfk_5` FOREIGN KEY (`course_id`) REFERENCES `course` (`id`) ON DELETE CASCADE ON UPDATE NO ACTION,
  CONSTRAINT `course_has_category_ibfk_6` FOREIGN KEY (`course_category_id`) REFERENCES `course_category` (`id`) ON DELETE CASCADE ON UPDATE NO ACTION
) ENGINE=InnoDB AUTO_INCREMENT=27 DEFAULT CHARSET=latin1;

--
-- Dumping data for table `course_has_category`
--

INSERT INTO `course_has_category` VALUES (9,4,1,1),(12,3,1,1),(13,5,1,1),(18,12,7,2),(19,11,7,2),(20,14,7,2),(21,15,7,2),(22,16,7,2),(23,17,7,2),(24,18,7,2),(25,19,7,2),(26,20,1,1);

--
-- Table structure for table `evaluation`
--

CREATE TABLE `evaluation` (
  `id` int(11) unsigned NOT NULL AUTO_INCREMENT,
  `course_id` int(11) DEFAULT NULL,
  `date` int(11) NOT NULL,
  `student_name` varchar(60) DEFAULT NULL,
  `question_1` text,
  `question_2` text,
  `question_3` text,
  `question_4` text,
  `question_5` text,
  `rating` int(11) NOT NULL,
  PRIMARY KEY (`id`)
) ENGINE=InnoDB AUTO_INCREMENT=13 DEFAULT CHARSET=utf8;

--
-- Dumping data for table `evaluation`
--

INSERT INTO `evaluation` VALUES (9,2,1414693949,'','','','','','',3),(10,2,1414693963,'','','','','','',3),(11,2,1414694058,'','','','','','',5),(12,1,1414698803,'','','','','','',3);

--
-- Table structure for table `exam_results`
--

CREATE TABLE `exam_results` (
  `id` int(11) unsigned NOT NULL AUTO_INCREMENT,
  `user_id` int(11) unsigned NOT NULL,
  `course_id` int(11) unsigned NOT NULL,
  `grade` float NOT NULL,
  PRIMARY KEY (`id`),
  KEY `user_id` (`user_id`),
  KEY `course_id` (`course_id`),
  CONSTRAINT `exam_results_ibfk_1` FOREIGN KEY (`user_id`) REFERENCES `user` (`id`) ON DELETE CASCADE ON UPDATE NO ACTION,
  CONSTRAINT `exam_results_ibfk_3` FOREIGN KEY (`course_id`) REFERENCES `course` (`id`) ON DELETE CASCADE ON UPDATE NO ACTION
) ENGINE=InnoDB AUTO_INCREMENT=124 DEFAULT CHARSET=utf8;

--
-- Dumping data for table `exam_results`
--

INSERT INTO `exam_results` VALUES (50,14,4,0),(51,14,4,0),(52,10,4,60),(54,14,4,69),(55,14,4,75),(57,14,4,94),(60,12,5,77),(61,12,4,87),(62,12,3,5),(63,15,4,100),(64,15,4,100),(65,18,4,87),(66,19,4,93),(67,20,4,87),(68,21,4,87),(69,22,4,80),(70,23,4,100),(71,25,4,93),(72,27,4,87),(73,27,3,15),(74,27,3,10),(75,27,3,10),(76,27,3,10),(77,28,4,80),(78,28,4,80),(79,26,4,100),(80,30,4,93),(81,30,4,93),(82,30,4,93),(83,30,4,93),(84,30,4,93),(85,30,4,93),(86,30,4,93),(87,30,4,93),(88,30,4,93),(89,30,4,93),(90,30,4,93),(91,30,4,93),(92,30,4,93),(93,32,4,93),(94,31,4,80),(95,33,4,93),(96,34,4,87),(97,29,4,93),(98,10,3,15),(99,10,3,100),(100,35,4,100),(101,36,4,93),(102,37,4,80),(103,24,4,87),(104,38,4,80),(105,39,4,93),(106,40,4,87),(107,41,4,93),(108,42,4,53),(109,42,4,93),(110,44,4,80),(111,44,4,80),(112,45,4,100),(113,46,4,100),(114,12,5,93),(115,12,5,93),(116,14,11,95),(121,14,11,95),(122,14,14,98),(123,14,12,97);

--
-- Table structure for table `materials`
--

CREATE TABLE `materials` (
  `id` int(11) NOT NULL AUTO_INCREMENT,
  `course_id` int(11) unsigned NOT NULL,
  `name` varchar(60) NOT NULL,
  `filename` varchar(60) NOT NULL,
  PRIMARY KEY (`id`),
  KEY `course_id` (`course_id`),
  CONSTRAINT `materials_ibfk_1` FOREIGN KEY (`course_id`) REFERENCES `course` (`id`) ON DELETE CASCADE ON UPDATE NO ACTION
) ENGINE=InnoDB DEFAULT CHARSET=utf8;

--
-- Dumping data for table `materials`
--


--
-- Table structure for table `offering_has_category`
--

CREATE TABLE `offering_has_category` (
  `offering_id` int(11) unsigned NOT NULL,
  `course_category_id` int(11) unsigned NOT NULL,
  KEY `offering_id` (`offering_id`),
  KEY `course_id` (`course_category_id`),
  CONSTRAINT `offering_has_category_ibfk_1` FOREIGN KEY (`offering_id`) REFERENCES `offerings` (`id`) ON DELETE CASCADE ON UPDATE NO ACTION,
  CONSTRAINT `offering_has_category_ibfk_2` FOREIGN KEY (`course_category_id`) REFERENCES `course_category` (`id`) ON DELETE CASCADE ON UPDATE NO ACTION
) ENGINE=InnoDB DEFAULT CHARSET=utf8;

--
-- Dumping data for table `offering_has_category`
--

INSERT INTO `offering_has_category` VALUES (1,1),(1,2),(1,3),(1,4),(1,5),(2,7);

--
-- Table structure for table `offerings`
--

CREATE TABLE `offerings` (
  `id` int(11) unsigned NOT NULL AUTO_INCREMENT,
  `name` varchar(60) NOT NULL DEFAULT '',
  PRIMARY KEY (`id`)
) ENGINE=InnoDB AUTO_INCREMENT=3 DEFAULT CHARSET=utf8;

--
-- Dumping data for table `offerings`
--

INSERT INTO `offerings` VALUES (1,'Professional Development'),(2,'Certification Courses');

--
-- Table structure for table `option`
--

CREATE TABLE `option` (
  `id` int(11) NOT NULL AUTO_INCREMENT,
  `question_id` int(11) NOT NULL,
  `content` text NOT NULL,
  `correct` int(11) DEFAULT NULL,
  PRIMARY KEY (`id`),
  KEY `question_id` (`question_id`),
  CONSTRAINT `option_ibfk_1` FOREIGN KEY (`question_id`) REFERENCES `question` (`id`) ON DELETE CASCADE ON UPDATE NO ACTION
) ENGINE=InnoDB AUTO_INCREMENT=2006 DEFAULT CHARSET=utf8;

--
-- Dumping data for table `option`
--

INSERT INTO `option` VALUES (4,6,'1 in 2',NULL),(5,6,'1 in 5',NULL),(6,6,'1 in 3',NULL),(7,6,'1 in 4',NULL),(8,7,'An effective vaccine is now available to prevent the disease.',NULL),(9,7,'HIV testing is not only free but compulsory for everyone over age 18.',NULL),(10,7,'People believe that antiretroviral drugs have solved the HIV problem.',NULL),(11,7,'The number of new infections is continuing to decline.',NULL),(12,8,'Free HIV testing of all patients over age 13.',NULL),(13,8,'Developing a vaccine to prevent HIV infection.',NULL),(14,8,'Reducing the rate of new infections.',NULL),(15,8,'Compulsory HIV testing of all patients in emergency departments.',NULL),(16,9,'Black/African Americans.',NULL),(17,9,'Seniors.',NULL),(18,9,'Hispanics.',NULL),(19,9,'Native Americans.',NULL),(20,10,'Women and children, seniors, and transgender persons',NULL),(21,10,'Men who have sex with men, women who have sex with women, prisoners',NULL),(22,10,'Men who have sex with men, injecting-drug users, and men who have sex with men and also use injection drugs',NULL),(23,10,'Women who have sex with women, homeless people, and seniors',NULL),(24,11,'Adopt compulsory hand-washing policies for staff and inmates.',NULL),(25,11,'Provide inmates with condoms and access to bleach for cleaning injection equipment.',NULL),(26,11,'Increase the number of correctional officers who monitor inmate activity.',NULL),(27,11,'Enroll inmates in HIV vaccine clinical trials.',NULL),(28,12,'When they enter prison.',NULL),(29,12,'Within 60 days prior to release.',NULL),(30,12,'Within 30 days prior to release.',NULL),(31,12,'Never; it is not required by law.',NULL),(32,13,'Healthcare workers are more focused on mental health issues in seniors.',NULL),(33,13,'Seniors avoid answering questions about sexual activity.',NULL),(34,13,'Seniors believe they are immune to HIV/AIDS.',NULL),(35,13,'Symptoms of AIDS such as fatigue and weight loss mimic those of normal aging.',NULL),(36,14,'Saliva and cervical secretions',NULL),(37,14,'Saliva, tears, serous fluid, and vaginal secretions',NULL),(38,14,'Blood, semen, breast milk, and vaginal and cervical secretions',NULL),(39,14,'Blood, semen, and urine',NULL),(40,15,'Blood collected for transfusion',NULL),(41,15,'Used needles and syringes',NULL),(42,15,'Casual contact with an infected patient',NULL),(43,15,'A public toilet seat',NULL),(44,16,'Increases the risk of HIV transmission.',NULL),(45,16,'Reduces the risk of HIV transmission.',NULL),(46,16,'Makes no difference in the risk of HIV transmission.',NULL),(47,16,'Increases the risk of pregnancy in women.',NULL),(48,17,'Syphilis',NULL),(49,17,'Hepatitis B (HBV)',NULL),(50,17,'Chlamydia',NULL),(51,17,'Tuberculosis (TB)',NULL),(52,18,'Relatively simple if the patient has health insurance.',NULL),(53,18,'A complex, multi-drug process that takes at least 6 months.',NULL),(54,18,'Usually not successful in African American patients.',NULL),(55,18,'Successful in most patients.',NULL),(56,19,'Unnecessary in HIV patient situations.',NULL),(57,19,'Warranted only if a patient has been diagnosed with TB.',NULL),(58,19,'Effective only if properly fitted and appropriately worn in all areas where risk of exposure is high.',NULL),(59,19,'Primarily used with patients who are coinfected with hepatitis.',NULL),(60,20,'Brain tumors from syphilis.',NULL),(61,20,'Liver disease from chronic hepatitis C.',NULL),(62,20,'Heart disease from antiretroviral drugs.',NULL),(63,20,'Stroke related to antiretroviral drugs.',NULL),(295,53,'True',NULL),(296,53,'False',1),(299,55,'True',NULL),(300,55,'False',1),(325,60,'True',1),(326,60,'False',NULL),(327,62,'True',1),(328,62,'False',NULL),(329,63,'Defensive level, anxiety level, acting out, tension reduction',NULL),(330,63,'Tension inducing, anxiety level, defensive level, acting out',NULL),(331,63,'Anxiety level, defensive level, acting out, tension reduction',1),(332,63,'Acting out, anxiety level, defensive level, tension reduction',NULL),(333,64,'True',1),(334,64,'False',NULL),(339,82,'Clenched fists',NULL),(340,82,'Pacing',NULL),(341,82,'Rapid breathing',NULL),(342,82,'Withdrawn behavior',NULL),(343,82,'All of the Above',1),(344,83,'The person is under the influence of a substance',NULL),(345,83,'The person has a history of psychiatric illness',NULL),(346,83,'The person is facing a high level of stress',NULL),(347,83,'All of the Above',1),(348,83,'A and B',NULL),(409,58,'Using a calm voice and acronyms or jargon',NULL),(410,58,'Giving the person your full attention',NULL),(411,58,'Paraphrasing what the person is saying',NULL),(412,58,'Validating the person’s feelings about the situation',NULL),(413,58,'All of the above',NULL),(414,58,'B, C, and D',1),(415,59,'Speak slowly clearly and gently',NULL),(416,59,'Walk fast away from client to avoid an altercation',NULL),(417,59,'Appear confident and display calmness',NULL),(418,59,'Show you are listening',NULL),(419,59,'A, C, and D',1),(420,59,'A and B',NULL),(421,61,'Don’t use jargon',NULL),(422,61,'Avoid demeaning language',NULL),(423,61,'Find someone that speaks that person’s language',NULL),(424,61,'A and B',NULL),(425,61,'All of the above',1),(447,86,'correct',1),(448,86,'incorrect',NULL),(449,54,'True',1),(450,54,'False',NULL),(451,57,'Telling the patient what he/she is feeling.',NULL),(452,57,'Summarize what the patient stated and repeat back to verify accuracy ',1),(453,57,'Make client aware of the incongruities from their statement',NULL),(454,57,'None of the above',NULL),(455,65,'Acting out',NULL),(456,65,'Tension Reduction',NULL),(457,65,'Anxiety Level',NULL),(458,65,'Defensive Level',1),(459,85,'True',1),(460,85,'False',NULL),(461,87,'Correct Answer',1),(462,87,'Incorrect',NULL),(463,26,'True',1),(464,26,'False',NULL),(465,27,'False',1),(466,27,'True',NULL),(467,28,'True',1),(468,28,'False',NULL),(469,29,'False',1),(470,29,'True',NULL),(471,30,'True',1),(472,30,'False',NULL),(473,31,'True',NULL),(474,31,'False',1),(475,32,'True',1),(476,32,'False',NULL),(477,33,'True',1),(478,33,'False',NULL),(479,34,'True',1),(480,34,'False',NULL),(481,35,'Abstinence',NULL),(482,35,'Monogamous Relationship with partners not infected with HIV/AIDS',NULL),(483,35,'Protected Sex',NULL),(484,35,'Sterile needles',NULL),(485,35,'All of the above',1),(486,36,'a)	1 in 2',NULL),(487,36,'b)	1 in 6',1),(488,36,'c)	1 in 3',NULL),(489,36,'d)	1 in 4',NULL),(490,37,'Black/African Americans',1),(491,37,'Seniors',NULL),(492,37,'Hispanics',NULL),(493,37,'Native Americans',NULL),(498,38,'Women and children, seniors, and transgender persons',NULL),(499,38,'Men who have sex with men, women who have sex with women, prisoners',NULL),(500,38,'Men who have sex with men, injecting-drug users, and men who have sex with men and also use injection drugs',1),(501,38,'Women who have sex with women, homeless people, and seniors',NULL),(506,39,'Saliva and cervical secretions',NULL),(507,39,'Saliva, tears, serous fluid, and vaginal secretions',NULL),(508,39,'Blood, semen, breast milk, and vaginal and cervical secretions',1),(509,39,'Blood, semen, and urine',NULL),(510,40,'Blood collected for transfusion',NULL),(511,40,'Used needles and syringes',1),(512,40,'Casual contact with an infected patient',NULL),(513,40,'A public toilet seat',NULL),(514,41,'Are entitled to know their child\'s HIV test results without their child\'s consent.',NULL),(515,41,'May not be informed directly or indirectly of their child\'s HIV test results without the child\'s consent.',1),(516,41,'May be informed indirectly of their child\'s HIV test results when sent a bill for said testing.',NULL),(517,41,'Must give consent for their child to be tested for HIV.',NULL),(519,47,'Bona fide medical emergencies',NULL),(520,47,'Court order',NULL),(521,47,'All of the above',1),(522,48,'Sudden shift in mood or behavior',NULL),(523,48,'Skin rash',NULL),(524,48,'Muscle weakness',NULL),(525,48,'Confusion',NULL),(526,48,'a, c, and d ',1),(527,49,'Medical personnel involved with the diagnosis or treatment of the person tested; ',NULL),(528,49,'Licensed medical professionals who regularly participate as part of an interdisciplinary team ',NULL),(529,49,'Staff that handle body fluids ',NULL),(530,49,'Personnel involved in utilization review, risk management or peer review activities; ',NULL),(531,49,'Financial staff who compile or review medical records as part of routine billing activities',NULL),(532,49,'All of the above',1),(533,42,'Be tested for HIV at their initial prenatal visit and at 28-32 weeks.',1),(534,42,'Be tested for HCV at the first prenatal visit.',NULL),(535,42,'Not be offered HIV testing on an opt-out basis (right to refuse).',NULL),(536,42,'Request to be tested for HIV',NULL),(537,67,'A source',NULL),(538,67,'A mode of transmission',NULL),(539,67,'A host',NULL),(540,67,'All of the above',1),(541,68,'Every healthcare worker plays a vital role ',NULL),(542,68,'Staff education is an important aspect',NULL),(543,68,'Utilizes measures used to minimize the risk of transmission',NULL),(544,68,'All of the above',1),(545,69,'Droplets are generated by coughs, sneezes, talking',NULL),(546,69,'Droplet transmission is the most frequent mode of transmission in the healthcare setting',1),(547,69,'You can become infected when they land in eyes, mouth or nose',NULL),(548,69,'They can transmit infection when propelled a short distance and land on a surface',NULL),(549,70,'HIV',NULL),(550,70,'Hepatitis B',NULL),(551,70,'Tuberculosis',1),(552,70,'Herpes',NULL),(553,71,'From mosquitos or insect bites',1),(554,71,'From blood or body fluids',NULL),(555,71,'From food or water',NULL),(556,71,'From coughs and sneezes ',NULL),(557,72,'Wear a fit-tested NIOSH-approved N95',1),(558,72,'Wear a surgical mask',NULL),(559,72,'Take 15 minute hot shower after exposure',NULL),(560,72,'Wash your hands with soap and water for 10 minutes',NULL),(561,73,'Direct contact',NULL),(562,73,'Indirect contact',NULL),(563,73,'Respiratory transmission',NULL),(564,73,'Vector-born transmission',NULL),(565,73,'All of the above',1),(566,74,'Gloves, gowns, respirators',NULL),(567,74,'Face masks, goggles, face shields',NULL),(568,74,'Shoes and socks',NULL),(569,74,'A and B',1),(570,74,'A and C',NULL),(571,75,'Wear protective gloves',NULL),(572,75,'Run away from spill in order to not get contaminated ',NULL),(573,75,'Use a 1:100 or 1:10 bleach based dilution to decontaminate surfaces ',NULL),(574,75,'A and B',NULL),(575,75,'A and C',1),(576,81,'Sweat',1),(577,81,'Saliva',NULL),(578,81,'Blood',NULL),(579,81,'None of the above',NULL),(580,78,'30 seconds',NULL),(581,78,'15 seconds',NULL),(582,78,'At least for 20 seconds',1),(583,78,'60 seconds',NULL),(584,79,'Viruses',NULL),(585,79,'Parasites',NULL),(586,79,'Bacteria',NULL),(587,79,'Fungus',NULL),(588,79,'All of the above',1),(589,80,'Air',NULL),(590,80,'Water',NULL),(591,80,'Bodily fluids',NULL),(592,80,'A and B',1),(593,80,'A and C',NULL),(594,88,'Airborne',NULL),(595,88,'Droplet',NULL),(596,88,'Contact',1),(597,88,'A and B',NULL),(598,89,'Airborne Precautions',NULL),(599,89,'Contact Precautions',NULL),(600,89,'Standard Precautions',1),(601,89,'Droplet Precautions',NULL),(602,90,'Can apply to addictive disorders as well as to mental health disorders, including gambling.',1),(603,90,'Requires extensive training to understand.',NULL),(604,90,'Provides a linear model of stages that are fixed and static.',NULL),(605,90,'Recommends that only motivated people should receive treatment.',NULL),(606,91,'Match treatment to the client’s readiness to change.',1),(607,91,'Ensure residential care is not wastefully utilized.',NULL),(608,91,'Avoid confrontational approaches that alienate the client.',NULL),(609,91,'Individualize the referral and treatment plan.',NULL),(610,91,'All of the above.',NULL),(611,92,'Is unnecessary as their judgment is so poor.',NULL),(612,92,'Is as important as assessing what the client needs.',1),(613,92,'Gives a false impression that they should have choice about treatments',NULL),(614,92,'Leads to disrespect of the clinician’s authority and expertise.',NULL),(615,92,'Usually reveals unrealistic goals that should be ignored.',NULL),(616,93,'Vague to protect confidentiality.',NULL),(617,93,'General to allow flexibility in lengths-of-stay.',NULL),(618,93,'Preprinted to improve consistency.',NULL),(619,93,'Highly technical to demonstrate professionalism',NULL),(620,93,'Assessment-based to improve individualization.',1),(621,94,'Standardized and generic to allow speedy documentation.',NULL),(622,94,'Comprehensive and wordy enough to show professionalism.',NULL),(623,94,'Exclusively patient quotes so as to demonstrate individualization.',NULL),(624,94,'Brief and behavioral to allow measurable outcome.',1),(625,95,'screening.',NULL),(626,95,'orientation.',NULL),(627,95,'the assessment.',1),(628,95,'intake.',NULL),(639,96,'The initial treatment plan should be based on assessment of the needs as revealed during the intake',1),(640,96,'The treatment plan is to be developed before the treatment plan can be developed',NULL),(641,96,'The client must be motivated for treatment before the treatment plan can be developed',NULL),(642,96,'All group members give input into formulating the treatment plan',NULL),(643,96,'The counselor must develop the treatment plan without any feedback from the client',NULL),(644,97,'focus on what the client says',1),(645,97,'follow clinical textbooks',NULL),(646,97,'consider feedback from other clients',NULL),(647,97,'rely on information from the source of referral',NULL),(648,97,'use their own intuition',NULL),(653,99,'O.A.R.S',NULL),(654,99,'F.R.A.M.E.S',NULL),(655,99,'M.A.T.R.S',1),(656,99,'None of the above',NULL),(657,98,'NOT just a written plan on paper',NULL),(658,98,'Most important with the most complex clients',NULL),(659,98,'Should represent a shared vision',NULL),(660,98,'All of the above',1),(661,100,'History of drug & alcohol issues',NULL),(662,100,'Current presenting issues',1),(663,100,'Family’s view of the client’s issues',NULL),(664,100,'Legal history',NULL),(665,101,'relevant to the client & incremental',1),(666,101,'reflective of the agency & counselor goals',NULL),(667,101,'preformatted & brief',NULL),(668,101,'focused on long term goals & discharge',NULL),(673,103,'Reflects client stage of change',NULL),(674,103,'Individualized for each client',NULL),(675,103,'Reflects client’s pathology',1),(676,103,'Client determined',NULL),(677,104,'An abstract client issue',NULL),(678,104,'A brief clinical statement of a client issue',1),(679,104,'A vague client issue',NULL),(680,104,'A brief statement of client’s goals',NULL),(681,105,'Diagnostically focused',1),(682,105,'Flexible and changing',NULL),(683,105,'Individualized',NULL),(684,105,'Collaborative',NULL),(685,106,'The therapist’s interventions',NULL),(686,106,'What is going to be done, when and by whom',NULL),(687,106,'Client problems within the six ASAM dimensions',NULL),(688,106,'How long a client’s particular problem has existed',1),(689,107,'Specific, intelligible to client and expressed in behavioral terms',1),(690,107,'Direct, abstinence driven, group focused',NULL),(691,107,'Fixed, long term, program directed',NULL),(692,107,'Counselor determined, abstinence driven, measurable',NULL),(693,108,'Gathering information',NULL),(694,108,'Data analysis',NULL),(695,108,'Prescribing anti-psychotic medication',1),(696,108,'Treatment plan development',NULL),(697,109,'Screening',NULL),(698,109,'Orientation',NULL),(699,109,'The assessment',1),(700,109,'Intake',NULL),(701,110,'A well-developed outline for the discharge summary.',NULL),(702,110,'More than one goal established by the counselor',NULL),(703,110,'Clear expectations, specific goals, and methods of achievement',NULL),(704,110,'A detailed explanation of goals and objectives',1),(705,111,'Admit the client no matter what their outlook or needs – they need treatment. Period.',NULL),(706,111,'Understand their level of motivation for each problem being addressed',1),(707,111,'Remove the family from all discussions',NULL),(708,111,'Offer worst-case scenarios to see their reactions',NULL),(709,112,'Reviewing documentation in progress notes.',1),(710,112,'Referring the client to a professional outside your agency for an objective review',NULL),(711,112,'Consulting with the client\'s significant others.',NULL),(712,112,'Asking the client to write a personal evaluation of his/her own progress.',NULL),(713,113,'Defer to your boss to break the bad news',NULL),(714,113,'Use realistic terms and simple, lay language',1),(715,113,'Paint a rosy and optimistic picture of the situation',NULL),(716,113,'Be as clinical as possible',NULL),(721,115,'Offer emotional support',NULL),(722,115,'Contact emergency personnel',NULL),(723,115,'Identify alternative courses of action',NULL),(724,115,'Assess the degree of risk',1),(725,116,'Draw up a new contract with the client',NULL),(726,116,'Talk to the client about possible denial',NULL),(727,116,'Discuss these concerns with the client and make necessary changes in treatment plan  goals.',1),(728,116,'Create new goals and objectives, and suggest alternate forms of therapy   ',NULL),(729,117,'Only parents and siblings should participate in treatment.',NULL),(730,117,'They should be involved in all aspects of intervention and treatment.',1),(731,117,'There is no place for family – treatment is strictly for the individual.',NULL),(732,117,'They are likely the underlying problem and should be removed from the process.',NULL),(733,118,'The counselor is not listening and doesn’t care',NULL),(734,118,'They don’t have a voice in the treatment planning process',NULL),(735,118,'It’s safe to express their uncertainty about whether they have a problem or not',1),(736,118,'The counselor is judging them',NULL),(737,119,'Match the client’s own perception of the situation',NULL),(738,119,'Provides a motivational (personal) reason to address the situation',NULL),(739,119,'Lays out a framework of tasks and actions that are understandable and reasonable to the client.',NULL),(740,119,'All of the above',1),(741,120,'The client will remain abstinent from all drugs and alcohol',1),(742,120,'The client will develop a positive self-image.',NULL),(743,120,'The client will develop a program of recovery that matches a sober lifestyle',NULL),(744,120,'The client will learn healthy communication skills',NULL),(745,121,'Measurable, Attainable, Treatment, Realistic, Specific',NULL),(746,121,'Measurable, Active, Treatment, Realistic, Specific',NULL),(747,121,'Measurable, Attainable, Treatment, Realistic, Substance Related',NULL),(748,121,'Measurable, Attainable, Time-limited, Realistic, Specific',1),(749,122,'Client level of functioning or impairment',NULL),(750,122,'Evidence-based practice counselor will use for each objective listed',NULL),(751,122,'Time frame agreed upon for each objective listed',NULL),(752,122,'All of the above',1),(753,122,'None of the above',NULL),(754,123,'Prioritize pressing needs by addressing the client’s pressing problems',1),(755,123,'Keep them short and only address what the counselor sees as appropriate',NULL),(756,123,'Use the client’s stated weaknesses',NULL),(757,123,'Keep the goals firm and static as originally stated, no straying from established goals',NULL),(763,125,'I can picture how quitting substance use would improve my self-esteem but I can’t imagine ever shooting up again.',NULL),(764,125,'I don’t see how my substance use warrants concern.',1),(765,125,'I am feeling good about setting a quit date, but I am wondering if I have the courage to follow through.',NULL),(766,125,'Staying clean for the past few weeks really makes me feel good, but part of me wants to celebrate by getting loaded.',NULL),(767,125,'These recent months of abstinence have made me feel that I’m progressing toward recovery, but I’m still wondering whether abstinence is really necessary. ',NULL),(768,124,'Salient, incremental and meaningful',NULL),(769,124,'Able to increase desired behaviors',NULL),(770,124,'Open-ended and focused on client weaknesses',NULL),(771,124,'Specific and behavior focused',NULL),(772,124,'All of the above except C',1),(773,126,'I can picture how quitting substance use would improve my self-esteem but I can’t imagine ever shooting up again.',NULL),(774,126,'I don’t see how my substance use warrants concern.',NULL),(775,126,'I am feeling good about setting a quit date, but I am wondering if I have the courage to follow through.',NULL),(776,126,'Staying clean for the past few weeks really makes me feel good, but part of me wants to celebrate by getting loaded.',NULL),(777,126,'These recent months of abstinence have made me feel that I’m progressing toward recovery, but I’m still wondering whether abstinence is really necessary. ',1),(778,127,'I can picture how quitting substance use would improve my self-esteem but I can’t imagine ever shooting up again.',NULL),(779,127,'I don’t see how my substance use warrants concern.',NULL),(780,127,'I am feeling good about setting a quit date, but I am wondering if I have the courage to follow through.',1),(781,127,'Staying clean for the past few weeks really makes me feel good, but part of me wants to celebrate by getting loaded.',NULL),(782,127,'These recent months of abstinence have made me feel that I’m progressing toward recovery, but I’m still wondering whether abstinence is really necessary. ',NULL),(783,128,'I can picture how quitting substance use would improve my self-esteem but I can’t imagine ever shooting up again.',1),(784,128,'I don’t see how my substance use warrants concern.',NULL),(785,128,'I am feeling good about setting a quit date, but I am wondering if I have the courage to follow through.',NULL),(786,128,'Staying clean for the past few weeks really makes me feel good, but part of me wants to celebrate by getting loaded.',NULL),(787,128,'These recent months of abstinence have made me feel that I’m progressing toward recovery, but I’m still wondering whether abstinence is really necessary. ',NULL),(788,129,'I can picture how quitting substance use would improve my self-esteem but I can’t imagine ever shooting up again.',NULL),(789,129,'I don’t see how my substance use warrants concern.',NULL),(790,129,'I am feeling good about setting a quit date, but I am wondering if I have the courage to follow through.',NULL),(791,129,'Staying clean for the past few weeks really makes me feel good, but part of me wants to celebrate by getting loaded.',1),(792,129,'These recent months of abstinence have made me feel that I’m progressing toward recovery, but I’m still wondering whether abstinence is really necessary. ',NULL),(793,130,'Confront and challenge',NULL),(794,130,'Present consequences to client to inject a  reality check',NULL),(795,130,'Roll with it',1),(796,130,'Shut client down and decide client is not ready to begin recovery',NULL),(797,131,'In the counselor’s journal',NULL),(798,131,'In the client’s chart',1),(799,131,'In the daily log',NULL),(800,131,'In the outcome record',NULL),(801,132,'Understanding and validation',NULL),(802,132,'Mildly confrontational and in recovery themselves',NULL),(803,132,'Active listening and empathy',NULL),(804,132,'Tolerance and patience',NULL),(805,132,'All of the above except B',1),(806,133,'Medical diagnosis',1),(807,133,'Continued Care',NULL),(808,133,'Discharge Planning',NULL),(809,133,'Notating changes client treatment / recovery status',NULL),(816,135,'Assessment information and progress notes reflecting the treatment plan.',1),(817,135,'Assessment information and client’s admission of drug use.',NULL),(818,135,'Progress notes and program guidelines',NULL),(819,135,'Progress notes and release of information',NULL),(820,134,'Goal & objective number',NULL),(821,134,'How client is doing in treatment',NULL),(822,134,'Changes in goals or objectives and explanation why',NULL),(823,134,'Successful completion of goals & objectives',NULL),(824,134,'The participation of others in client’s treatment',NULL),(825,134,'All of the above',1),(826,136,'After bio-psychosocial is completed',NULL),(827,136,'After intake is completed',NULL),(828,136,'During the treatment plan session',NULL),(829,136,'During the assessment interview',1),(834,138,'TTM is a dynamic process that affect a client’s readiness for change',1),(835,138,'TTM is focused more on pre-existing client characteristics',NULL),(836,138,'TTM is focused on a more family approach',NULL),(837,138,'TTM  is a client behavior based process',NULL),(838,139,'Pre-contemplation',NULL),(839,139,'Contemplation',1),(840,139,'Preparation',NULL),(841,139,'Action ',NULL),(842,139,'Maintenance',NULL),(843,140,'Pre-contemplation',NULL),(844,140,'Contemplation',NULL),(845,140,'Preparation',NULL),(846,140,'Action ',1),(847,140,'Maintenance',NULL),(848,141,'Pre-contemplation',1),(849,141,'Contemplation',NULL),(850,141,'Preparation',NULL),(851,141,'Action ',NULL),(852,141,'Maintenance',NULL),(853,142,'True',NULL),(854,142,'False',1),(855,143,'True',NULL),(856,143,'False',1),(857,144,'True',1),(858,144,'False',NULL),(859,145,'True',NULL),(860,145,'False',1),(861,146,'True',1),(862,146,'False',NULL),(863,147,'True',NULL),(864,147,'False',1),(865,148,'True',1),(866,148,'False',NULL),(867,149,'True',1),(868,149,'False',NULL),(869,102,'a specific client determined goal',NULL),(870,102,'a concrete vision the client holds',NULL),(871,102,'a concrete client outcome measure',NULL),(872,102,'a specific skill that the patient must acquire to achieve a goal',1),(873,114,'Evaluation of a client’s suitability for life in the outside world after treatment',NULL),(874,114,'To check for cocaine in the bloodstream',NULL),(875,114,'To diagnose and report infectious diseases',NULL),(876,114,'To ensure eligibility and appropriateness for a level of care.',1),(877,137,'To guide the beginning days/weeks of treatment',1),(878,137,'To establish behavioral contracts',NULL),(879,137,'To establish level of care',NULL),(880,137,'To weed out clients not serious about treatment',NULL),(881,150,'Correct',1),(882,150,'False',NULL),(883,151,'Co-dependency',NULL),(884,151,'Substance Dependence',1),(885,151,'Relationship Issues',NULL),(886,151,'Prone to Relapse',NULL),(899,161,'Fact Only',NULL),(900,161,'Objective Criteria',NULL),(901,161,'Subjective Criteria',1),(902,161,'None – Diagnoses can only be made by medical professionals',NULL),(903,162,'Self-disclosure',NULL),(904,162,'Screening',1),(905,162,'Assessment',NULL),(906,162,'Delving into the root causes of addiction',NULL),(907,163,'Clarification of any information that may be confusing the client',NULL),(908,163,'Asking for insurance information',NULL),(909,163,'Using a warm tone when speaking to the client',NULL),(910,163,'Appropriate self-disclosure',NULL),(911,163,'A, C and D only',1),(912,163,'All of the Above',NULL),(913,164,'Complete a mental status exam.',NULL),(914,164,'Engage the client\'s family in treatment.',NULL),(915,164,'Develop a treatment plan.',NULL),(916,164,'Establish rapport with the client.',1),(917,165,'Diagnostic',NULL),(918,165,'Eligibility',1),(919,165,'Establishing a rapport',NULL),(920,165,'Screening information',NULL),(921,166,'Develop a treatment plan.',NULL),(922,166,'Have the client sign appropriate documents.',NULL),(923,166,'Determine one\'s appropriateness and eligibility for admission.',1),(924,166,'Identify the client\'s strengths and weaknesses.',NULL),(925,167,'Collecting samples to determine of the client is HIV positive',NULL),(926,167,'Making sure family members are notified of the client’s decision',NULL),(927,167,'Complete admission forms which will help formulate the treatment plan',1),(928,167,'Ensuring that proper transportation to and from referrals has been secured',NULL),(929,168,'Introducing the client to others in the program',NULL),(930,168,'Discussing the negative effects of drugs',NULL),(931,168,'Offering a facility tour to family and friends',NULL),(932,168,'Discussing program goals and general program features',1),(933,169,'Remain in denial about his/her addiction.',NULL),(934,169,'Have incorrect information and unanswered questions about the program.',1),(935,169,'Need to be referred to an outside agency.',NULL),(936,169,'Need additional education about addiction.',NULL),(937,170,'The first step in the admissions process',NULL),(938,170,'Comprised of various information sources including interviews, personal records and tests',1),(939,170,'Focused on very specific pieces of information to use in treatment',NULL),(940,170,'The best way to introduce client rights information to the client',NULL),(941,171,'Screening',NULL),(942,171,'Assessment',NULL),(943,171,'Orientation',1),(944,171,'Group therapy sessions',NULL),(945,172,'A client\'s fears and denial.',NULL),(946,172,'Confidentiality',NULL),(947,172,'Information gathering.',NULL),(948,172,'Treatment planning.',1),(949,173,'Denial of the problem',NULL),(950,173,'Enablers including friends and family',NULL),(951,173,'The presence of other counselors',1),(952,173,'Blackouts or repression of behaviors and activities',NULL),(953,174,'Identifying the client\'s problems and needs, strengths and weaknesses',1),(954,174,'Explaining the rules of the program',NULL),(955,174,'Having the client sign Release of Information forms',NULL),(956,174,'Confronting the client\'s denial',NULL),(957,175,'Bogus as all people have roughly the same needs in treatment',NULL),(958,175,'Important because of cultural and/or gender differences',1),(959,175,'Difficult to treat because of their family relationships',NULL),(960,175,'More likely to be referred to another level of care',NULL),(961,176,'3',NULL),(962,176,'5',1),(963,176,'9',NULL),(964,176,'1',NULL),(981,179,'Appropriate interventions',1),(982,179,'Detox',NULL),(983,179,'Understanding the science of addiction',NULL),(984,179,'Collection of monies due',NULL),(985,180,'Denial, surrender, and acceptance.',NULL),(986,180,'Self-hatred, anger, and guilt.',NULL),(987,180,'Remorse, self-hatred, and shame.',1),(988,180,'Shame, euphoric recall, and relapse.',NULL),(989,181,'Recognizing a deviation from normal physical responses',NULL),(990,181,'Ruling out non-drug related issues',NULL),(991,181,'Diagnosing which combination of drugs is causing the deviation from normal',NULL),(992,181,'All of the above',1),(993,182,'A licensed physician should conduct a physical examination of the client.',NULL),(994,182,'The client should complete psychological tests to be used in the evaluation.',NULL),(995,182,'The counselor should conduct an initial family therapy session in order to address problems caused by the client\'s use.',NULL),(996,182,'The counselor should provide the client with an overview describing the goal, objectives, rules, and obligations of the program.',1),(997,183,'Intake',1),(998,183,'Orientation',NULL),(999,183,'Case review',NULL),(1000,183,'Psychosocial Assessment',NULL),(1001,184,'Blood analysis',1),(1002,184,'Biopsy',NULL),(1003,184,'Reflex analysis',NULL),(1004,184,'DNA testing',NULL),(1005,185,'Skilled staff to administer',NULL),(1006,185,'No motivation on the part of the client',NULL),(1007,185,'Motivation on the part of the client',1),(1008,185,'Nothing; they have not been used in over 2 decades',NULL),(1009,186,'Assessment',NULL),(1010,186,'Intake',NULL),(1011,186,'Orientation',1),(1012,186,'Referral',NULL),(1013,187,'Self-disclosure',NULL),(1014,187,'Releasing information',NULL),(1015,187,'Protecting confidentiality',NULL),(1016,187,'Obtaining informed consent for treatment',1),(1017,188,'Not the counselor’s responsibility',NULL),(1018,188,'Intended to identify problems that need to be dealt with',1),(1019,188,'Rarely able to treat an addicted individual',NULL),(1020,188,'Separate from any referral activity',NULL),(1021,189,'Rarely apply to a treatment center',NULL),(1022,189,'Must be reviewed for accuracy and pertinence',1),(1023,189,'Are only offered in English',NULL),(1024,189,'Are cheap and usually ineffective',NULL),(1025,190,'Evaluating referral outcomes are not a part of clinical evaluation',NULL),(1026,190,'Evaluations only apply to medical referrals',NULL),(1027,190,'Evaluations are generally inaccurate because the referred to center will manipulate results',NULL),(1028,190,'Evaluations should include whether or not a referral completed the task as promised',1),(1029,191,'Advanced medical testing such as CT scans and chest X-rays to look for damage',1),(1030,191,'Group counseling only to begin with, then individual counseling',NULL),(1031,191,'Routine wellness testing including primary care and preventative care',NULL),(1032,191,'As little as possible until the patient has reached two weeks from admission',NULL),(1037,193,'There were no physical complications and the client was motivated',1),(1038,193,'The client was court-ordered and had the ability to pay for services',NULL),(1039,193,'The client was intelligent and highly motivated',NULL),(1040,193,'The client lived close by and was gainfully employed',NULL),(1041,194,'The client was assigned a primary counselor',NULL),(1042,194,'An initial assessment was completed',NULL),(1043,194,'The client was admitted to the program',NULL),(1044,194,'The client signed all required consent forms',1),(1045,195,'The client admitting all of his legal problems were alcohol related',NULL),(1046,195,'The client\'s denial of use of prescription medication',NULL),(1047,195,'The client\'s report of increased use of alcohol and occasional memory loss',1),(1048,195,'The client\'s conviction for his second DUI offense',NULL),(1049,196,'The client was provided an estimate of the cost of his treatment',1),(1050,196,'The client\' rights were explained to him',NULL),(1051,196,'The client was provided a copy of the programs goals and objectives',NULL),(1052,196,'The client was provided information about schedule times for meetings.',NULL),(1053,197,'Cognitive impairment, mental health issues, no insurance',NULL),(1054,197,'Mental Health issues, no insurance, denial',1),(1055,197,'Denial, cognitive impairment, mental health issues',NULL),(1056,197,'Blackouts, poor memory, prior treatment',NULL),(1057,198,'Respect, empathy, willingness to confront client denial',NULL),(1058,198,'Respect, empathy, recognition of personal value judgments',1),(1059,198,'Respect, detachment,  acceptance of non-readiness of stage of change',NULL),(1060,198,'Empathy, willingness to confront client denial, acceptance of non-readiness of stage of change',NULL),(1061,199,'Crisis states requires 911 to be called for a client, risk potential requires client to monitored',NULL),(1062,199,'Crisis states  indicates an act of self-harm by the client, risk potential in clients indicates a potential for self-harm',NULL),(1063,199,'Crisis  state is identified as an acute reaction(s) by a client requiring immediate assistance, risk potential  identifies areas In a client’s life that unstable',1),(1064,199,'Crisis states can affect areas in a client’s life like – legal, relationships, job and risk potential can affect how the counselor feels about the client',NULL),(1065,200,'Psychopharmacology and psychiatric treatment',NULL),(1066,200,'Determining level of care placement and stage of readiness for treatment',1),(1067,200,'Aftercare treatment and confronting denial',NULL),(1068,200,'Identifying risk potential and becoming friendly with the client they are assessing',NULL),(1069,201,'Clients who have psychosocial issues and medical issue.',NULL),(1070,201,'Client who have family issues and substance misuse  issues',NULL),(1071,201,'Clients who have legal issues and substance misuse issues',NULL),(1072,201,'Clients who have substance misuse issues and mental health issues',1),(1073,202,'Inform client that there is a single best treatment for co-occurring disorders',NULL),(1074,202,'Act like they know about a mental health issues when they don’t so they can re-assure the client',NULL),(1075,202,'Become familiar with the specific role that your program or setting plays in delivering services related to COD in the wider context of the system of care.',1),(1076,202,'Remain detached from client during the assessment process in order to obtain unbiased information.',NULL),(1077,203,'Minimal, low, severe',1),(1078,203,'Moderate, extreme, none',NULL),(1079,203,'History of suicide, no history of suicide, threatening suicide',NULL),(1080,203,'Acute, non-threatening, crisis',NULL),(1081,204,'Whether the substance abuse (or mental health) client being screened show signs of a possible mental health (or substance abuse) problem.',1),(1082,204,'What kind of problem the person might have.',NULL),(1083,204,'How serious a client’s problems might be.',NULL),(1084,204,'Whether the client need psychiatric medication.',NULL),(1085,205,'The ASI',NULL),(1086,205,'The Beck Depression Inventory ',NULL),(1087,205,'Personality Assessment Inventory (PAI)',NULL),(1088,205,'There is no one best tool',1),(1089,206,'Medication management, individual session and family sessions',NULL),(1090,206,'Integrated case management, outpatient substance abuse treatment and psychotropic medication management',NULL),(1091,206,'12-step support groups, anti-depressants, family sessions',NULL),(1092,206,'All of the above',1),(1093,207,'Identify and Obtain collateral information (with the correct ROI) from family members and pertinent other',NULL),(1094,207,'Invite family members to join assessment process to make sure the client is telling the truth.',NULL),(1095,207,'Conduct a safety screening',NULL),(1096,207,'Both A & C',1),(1097,208,'The counselor being able to ask anything during the assessment.',NULL),(1098,208,'The client being able to enter any level of care they are requesting.',NULL),(1099,208,'Formal recognition by a service system that individuals with COD may enter a range of community service sites.',1),(1100,208,'None of the above',NULL),(1101,209,'The counselor asking the client questions that only relate to that client.',NULL),(1102,209,'The counselor not focusing on forms but finding out what the client wants based on their own perceptions.',1),(1103,209,'The counselor focusing on one client at a time.',NULL),(1104,209,'The counselor keeping the client focused on the assessment questions.',NULL),(1105,210,'Promoting safety and gentleness during the assessment interview.',1),(1106,210,'Asking the details of a client’s trauma.',NULL),(1107,210,'Showing no reaction if a client provides information of a significant trauma.',NULL),(1108,210,'Cutting the client off if they try to give details of a significant trauma.',NULL),(1109,211,'Level of care/placement for treatment.',NULL),(1110,211,'Level of client’s current risk.',NULL),(1111,211,'Whether the client is COD.',NULL),(1112,211,'The severity of the mental and substance use disorders.',1),(1113,212,'Each disorder has a specific intervention matched to problem.',1),(1114,212,'Whether the client is taking psychotropic medication.',NULL),(1115,212,'Client’s mental health symptoms before their substance use issues',NULL),(1116,212,'Client’s substance use issues before their mental health issues.',NULL),(1117,213,'To determine whether a client meets criteria for substance abuse treatment.',NULL),(1118,213,'To determine whether a client needs detoxification.',1),(1119,213,'To determine whether a client meets DSM criteria for a substance use diagnosis.',NULL),(1120,213,'To determine whether a client needs a psychiatric evaluation.',NULL),(1121,214,'Potential for suicide',NULL),(1122,214,'Potential for seizures',1),(1123,214,'Potential for chronic mental health issues',NULL),(1124,214,'Potential for cognitive issues',NULL),(1125,215,'Partial Hospitalization and Medically Managed Inpatient',1),(1126,215,'Partial Hospitalization and Intensive Outpatient',NULL),(1127,215,'Medically Managed Inpatient and Intensive Outpatient',NULL),(1128,215,'Intensive Outpatient and Low-Intensity Residential ',NULL),(1129,216,'Level of care placement decisions',NULL),(1130,216,'Link assessment to need for and focus of treatment',NULL),(1131,216,'Clinical outcomes: impact of treatment',NULL),(1132,216,'Provide diagnosis',1),(1133,217,'The ASAM provides criteria for insurance company approval and the LOCUS doesn’t.',NULL),(1134,217,'The ASAM provides placement criteria for primary substance use and the LOCUS provides placement criteria for primary or co-occurring mental health issues.',1),(1135,217,'The ASAM provides criteria for substance diagnosis and the LOCUS provides criteria for mental health diagnosis.',NULL),(1136,217,'The ASAM provides criteria for substance abuse treatment placement and the LOCUS provides criteria for co-occurring diagnosis.',NULL),(1137,218,'Anyone working in the mental health field.',NULL),(1138,218,'Qualified Health Professionals only.',NULL),(1139,218,'Licensed Professionals, Registered Interns and Certified Addiction Professionals',1),(1140,218,'Master level counselors.',NULL),(1141,219,'Will complete both the ASAM & the LOCUS/CALOCUS.',1),(1142,219,'Will refer the client to a mental health agency for assessment.',NULL),(1143,219,'Will only ask questions related to the client’s substance use history and defer questions on client’s mental health for a psychiatric evaluation.',NULL),(1144,219,'Will complete only the LOCUS/CALOCUS.',NULL),(1145,220,'Guide the DSM-5 diagnosis',NULL),(1146,220,'Guide assessments and summarizing findings.',1),(1147,220,'Guide mental health assessments.',NULL),(1148,220,'None of the above.',NULL),(1149,221,'Whenever the client asks for it',1),(1150,221,'When they need care your treatment center cannot provide',NULL),(1151,221,'When they have a medical condition that needs to be treated in a medical setting.',NULL),(1152,221,'When they have family and marriage issues best addressed by a family counselor.',NULL),(1157,222,'Ignore this problem and move onto his parental issues',NULL),(1158,222,'Start to tutor him',NULL),(1159,222,'Write a resume with him and begin a job hunt',NULL),(1160,222,'Refer him to job training or a vocational school',1),(1161,223,'The center’s treatment philosophy.',NULL),(1162,223,'Personal and friendly relationships with the staff and ownership of the facility',1),(1163,223,'Past successes and failures in referrals',NULL),(1164,223,'Costs and availability of payment options',NULL),(1165,224,'There is no bad or wrong time to refer a client to another level of care',1),(1166,224,'If unsure about anything, keep trying – you’ll figure it out',NULL),(1167,224,'Once referred, privacy rights cease to be in force',NULL),(1168,224,'You should always receive a cut of the treatment cost for referring a client',NULL),(1169,225,'Only warranted when a client becomes agitated with their progress',NULL),(1170,225,'Not appropriate until after a 30 day counseling period',NULL),(1171,225,'A sign that the treatment plan process is active, fluid and healthy.',1),(1172,225,'A sign that counseling is not working.',NULL),(1173,226,'Will happen and this fact should be discussed openly with the client beforehand',NULL),(1174,226,'Doesn’t happen much any longer due to highly effective sedatives',NULL),(1175,226,'Is an inevitability, especially after only one or two trips to rehab',NULL),(1176,226,'Can be minimized by exceptional service coordination and productive referrals',1),(1177,227,'Counselor sends an HIV / AIDS client to a facility without the capability to accommodate medical issues.',NULL),(1178,227,'Client is an alcoholic and counselor refers them to NA.',NULL),(1179,227,'Client has a history of domestic violence and the counselor refers them to a family counselor that specializes in anger management.',1),(1180,227,'Client wants to find a job so the counselor refers them to a financial specialist to learn how to save money.',NULL),(1185,228,'Evaluate your facility’s ability to handle his case and refer out to detox, treatment centers and medical facilities as necessary',1),(1186,228,'HIV has a slow progression. Treat the primary substance abuse problem now and defer the medical treatment.',NULL),(1187,228,'Immediately send him to a HIV/AIDS clinic to be tested and avoid an admission to prevent the spread of the disease in your center',NULL),(1188,228,'Get him into treatment and begin treating for HIV',NULL),(1189,229,'Orienting the client with the treatment center',NULL),(1190,229,'Understanding what treatment has worked in the past',NULL),(1191,229,'The client’s ability to pay',NULL),(1192,229,'The urgency of the issue at hand',1),(1193,230,'The act of referring a patient to another facility',NULL),(1194,230,'Unrelated to case management.',NULL),(1195,230,'Creating the foundation for and addressing the needs of the treatment plan.',1),(1196,230,'None of the above.',NULL),(1197,231,'Making sure all documentation is complete and accurate.',NULL),(1198,231,'A balance and cooperation between counselor, client and referrals.',NULL),(1199,231,'Identifying improvements in the treatment and service plan.',NULL),(1200,231,'Keeping family and other enablers away from the process.',1),(1201,232,'Taking money from a referral source',NULL),(1202,232,'All are unethical',NULL),(1203,232,'Directing a client toward the referral that the counselor thinks is best.',NULL),(1204,232,'Meeting with the client at a restaurant outside of treatment to follow up on the referral.',NULL),(1205,232,'A & C',NULL),(1206,232,'A & D',1),(1207,233,'Never, there’s no need',NULL),(1208,233,'At least every six months and more often for high volume referral facilities.',1),(1209,233,'When a problem crops up, no particular schedule',NULL),(1210,233,'Once every few years.',NULL),(1211,234,'Referral to a medical professional or hospital',NULL),(1212,234,'Referral to what the counselor believes is the best insurance company for the client',1),(1213,234,'Referral to a county-level HIV/AIDS prevention and support program',NULL),(1214,234,'Referral to another treatment center',NULL),(1215,235,'Treat and Release to a Halfway House',NULL),(1216,235,'Refer, refer, refer',NULL),(1217,235,'Treat, Defer and Refer',1),(1218,235,'Refer for a nominal fee',NULL),(1219,236,'Important because a client’s participation in their own treatment plan offers a greater likelihood of successful recovery.',1),(1220,236,'Not important because family members will have to make these decisions while the client is high',NULL),(1221,236,'Important because otherwise the client will be hostile',NULL),(1222,236,'Not important because the referral will be made one way or other.',NULL),(1223,237,'Sarah is doomed to failure – if it hasn’t worked twice, it won’t work this time',NULL),(1224,237,'Counselors should notify techs that she will be a difficult client and to pay extra attention to her',NULL),(1225,237,'As a counselor, learning from strategies that did and did not work in prior treatments will increase the likelihood of a successful treatment this time around',1),(1226,237,'Sarah should be referred out to a treatment center of last resort',NULL),(1227,238,'The counselor being able to interpret and evaluate the screening and assessment',NULL),(1228,238,'Having an understanding of the community referral options available to the client',NULL),(1229,238,'Establish accurate treatment and recovery expectations with the client and involved significant others',1),(1230,238,'None of the above',NULL),(1231,239,'Strengths Perspective',NULL),(1232,239,'Generalist',NULL),(1233,239,'PACT',NULL),(1234,239,'Solution Focused',1),(1235,240,'Treatment and referrals',NULL),(1236,240,'Planning and linking',1),(1237,240,'Counseling and discharge planning',NULL),(1238,240,'Grief counseling and assessment',NULL),(1239,241,'Help in achieving self-sufficiency',NULL),(1240,241,'Enhanced access to care',NULL),(1241,241,'Drug testing',1),(1242,241,'Improved Treatment Outcomes',NULL),(1243,242,'Coaching and connecting',NULL),(1244,242,'Confronting and referring',NULL),(1245,242,'Advocating and reducing barriers',NULL),(1246,242,'Both A & C',1),(1247,243,'Nothing, both types of assessments are virtually the same',NULL),(1248,243,'Case management assessment focuses on client needs',1),(1249,243,'Case management assessment indicates what type of counseling style would be most beneficial',NULL),(1250,243,'Case management assessments are done after treatment is completed',NULL),(1251,244,'True',1),(1252,244,'False',NULL),(1253,245,'Neighbors doing chores for each other',NULL),(1254,245,'Neighbors being friendly in their immediate neighborhood',NULL),(1255,245,'Neighbor’s offering money to others',NULL),(1256,245,'Groups of people helping others in their real world struggles',1),(1257,246,'Increased crime rates',NULL),(1258,246,'Expansion of community based services',1),(1259,246,'Increased outpatient mental health facilities',NULL),(1260,246,'Expansion of mental health services',NULL),(1261,247,'Improving treatment retention and outcomes',1),(1262,247,'Improving needs assessments and treatment plans',NULL),(1263,247,'Improving counseling and discharge planning',NULL),(1264,247,'Improving diagnosing and therapy',NULL),(1265,248,'Insane asylums',NULL),(1266,248,'County work farms',1),(1267,248,'Shelters',NULL),(1268,248,'Chain gangs',NULL),(1269,249,'Decriminalize drugs',NULL),(1270,249,'Educate society that addicts are not criminals',NULL),(1271,249,'Provided substance abuse services in jails',NULL),(1272,249,'Link criminal justice with drug treatment',1),(1273,250,'Adhering to applicable laws, regulations and agency policies governing the disclosure of client-identifying data',NULL),(1274,250,'Assuring comprehensive, quality care for the client',NULL),(1275,250,'Recognizing issues that are beyond the counselor\'s base of knowledge and/or skill',NULL),(1276,250,'Demonstrating respect and non-judgmental attitudes toward clients in all contacts with community professionals and agencies.',NULL),(1277,250,'All of the Above',1),(1278,251,'Insurance Utilization Review',NULL),(1279,251,'Awareness of limitations the client and of a client service',NULL),(1280,251,'Discharge/Aftercare planning',NULL),(1281,251,'Both B & C',1),(1282,252,'Diagnosing',NULL),(1283,252,'Medicating',NULL),(1284,252,'Collaborating',1),(1285,252,'Labeling',NULL),(1286,253,'Addiction & mental health treatment combined',1),(1287,253,'Multicultural treatment',NULL),(1288,253,'Drug and alcohol treatment',NULL),(1289,253,'Addiction treatment & case management combined',NULL),(1290,254,'Brief Strength Based Case Management',1),(1291,254,'Integrated Case Management',NULL),(1292,254,'Social Work',NULL),(1293,254,'Consultation',NULL),(1294,255,'Substance abuse treatment',NULL),(1295,255,'Case management',NULL),(1296,255,'Co-Occurring treatment',NULL),(1297,255,'All of the above',1),(1298,256,'It should identify or rule out a problem',NULL),(1299,256,'The primary therapist is the best person to perform a B-P-S',NULL),(1300,256,'B-P-S is part of the orientation process ',1),(1301,256,'It is the basis for formulating a treatment plan',NULL),(1302,257,'Prior experience in individual counseling',NULL),(1303,257,'Motivation',1),(1304,257,'Prior experience in group counseling ',NULL),(1305,257,'Interpersonal problems only',NULL),(1306,258,'Demonstrating unconditional positive regard',1),(1307,258,'Use of affectionate gestures',NULL),(1308,258,'Strongly confronting the client\'s denial',NULL),(1309,258,'Frequently reassuring the client use of self disclosure',NULL),(1310,259,'summarize the inappropriateness of the client\'s feelings',NULL),(1311,259,'confront the client\'s behavior',NULL),(1312,259,'instruct the client in relaxation techniques',NULL),(1313,259,'call for assistance',1),(1314,260,'such views influence the definition of dependency.',NULL),(1315,260,'such views influence the treatment outcome.',NULL),(1316,260,'such views influence the likelihood of long-term sobriety.',NULL),(1317,260,'All of the above are true.',1),(1318,261,'Understand his/her perceptions of addiction and realize that perceptions of others may differ.',NULL),(1319,261,'Understand that external sociopolitical forces have limited influence on culturally different groups.',NULL),(1320,261,'Understand that skills, methods and goals need to be appropriate for the experience and lifestyle of the culturally different client.',NULL),(1321,261,'Both a & c.',1),(1322,262,'the counselor can then work to resolve his/her own vulnerable areas',1),(1323,262,'the counselor can then treat every client',NULL),(1324,262,'the counselor can then disclose their personal issues to clients',NULL),(1325,262,'the counselor cannot become emotionally affected by a client',NULL),(1330,264,'non-verbal behavior',1),(1331,264,'self-disclosures',NULL),(1332,264,'offering frequent reassurance',NULL),(1333,264,'direct confrontations ',NULL),(1334,264,'analytic interpretations',NULL),(1339,265,'thinks, feels, and behaves.',1),(1340,265,'learns, tries, does.',NULL),(1341,265,'acts, reacts, and changes.',NULL),(1342,265,'understands, learns, chooses.',NULL),(1343,266,'establishing topic areas to be discussed',NULL),(1344,266,'selection of group leader',NULL),(1345,266,'confronting group members\' denial',NULL),(1346,266,'statements about group ground rules and the purposes of group',1),(1347,267,'the client\'s body posture',NULL),(1348,267,'the content of the discussion',NULL),(1349,267,'the counselor\'s feelings about the client',1),(1350,267,'the client\'s information and tone of voice',NULL),(1351,267,'the themes that repeat during a session',NULL),(1352,268,'appropriate assertiveness',NULL),(1353,268,'awareness of personal needs',1),(1354,268,'a calm and patient style',NULL),(1355,268,'a sense of responsibility',NULL),(1356,269,'having realistic expectations',NULL),(1357,269,'relying heavily on clinical supervision',NULL),(1358,269,'identification of flaws in one\'s agency and supervisor',NULL),(1359,269,'over-identification with clients',1),(1360,270,'self disclosure',NULL),(1361,270,'limit setting',NULL),(1362,270,'genuineness',NULL),(1363,270,'constant reassurance ',1),(1364,271,'organizing your thoughts about the client and preparing your presentation to your supervisor',NULL),(1365,271,'assisting the client to mobilize his support network',1),(1366,271,'attend to your counter-transference issues',NULL),(1367,271,'contacting your client\'s family',NULL),(1368,272,'it caused a massive increase in the admissions to psychiatric hospitals.',NULL),(1369,272,'it increased the crime rate.',NULL),(1370,272,'it decreased the number of deaths associated with alcoholism.',1),(1371,272,'A and B are correct.',NULL),(1372,273,'little use of empathy',NULL),(1373,273,'appearing uninterested',NULL),(1374,273,'allowing the client to do all the talking',NULL),(1375,273,'failure to openly discuss each other\'s expectations',1),(1376,274,'\"What are your concerns about your health?\"',1),(1377,274,'\"Have you ever worried you might be an alcoholic?\"',NULL),(1378,274,'\"Is your health getting worse?\"',NULL),(1379,274,'\"Do others seem to be worried about you?\"',NULL),(1380,275,'Attempts to deny the problem.',NULL),(1381,275,'Attempts to eliminate the problem.',NULL),(1382,275,'Reorganization.',NULL),(1383,275,'Failure to react to the problem.',1),(1384,276,'The family cannot get well until the dependent person seeks help.',NULL),(1385,276,'The children in a dysfunctional family can be protected from the problems cause by chemical dependency.',NULL),(1386,276,'The divorce rate in dysfunctional families is highest after recovery has been initiated.',1),(1387,276,'None of the above statements are true',NULL),(1388,277,'draw up a new contract with the client.',NULL),(1389,277,'talk to the client about possible denial.',NULL),(1390,277,'create new goals and objectives, and suggest alternate forms of therapy.',NULL),(1391,277,'d. discuss these concerns with the client and make necessary changes in treatment goals',1),(1392,278,'to be alert to and understand the power relationship.',1),(1393,278,'to utilize the differential power to motivate the client.',NULL),(1394,278,'to realize the importance of this power in client interventions.',NULL),(1395,278,'d. to use differential power to get the client to try new behaviors',NULL),(1396,279,'\"This counselor is a stranger, but maybe I can learn to trust her.\"',NULL),(1397,279,'\"My counselor will direct me to do what I need to do, and everything will be OK.\"',1),(1398,279,'\"My counselor will be a resource that I can use to resolve my problems.\"',NULL),(1399,279,'\"The counselor\'s main concern and responsibility is to help me achieve my goals and objectives',NULL),(1400,280,'assess Joe\'s potential for suicide without directly asking him about suicide plans, but assess his high-risk factors.',NULL),(1401,280,'assess Joe\'s potential for suicide by asking him about his intent, and evaluating high risk factors.',1),(1402,280,'determine if Joe has a gun or other weapon.',NULL),(1403,280,'initiate involuntary hospitalization procedures.',NULL),(1404,281,'Sarah can expect her unresolved conflicts to rise to the surface because of her work in the treatment center.',1),(1405,281,'Sarah can resolve her personal pain by working professionally with addicted family units in a treatment center.',NULL),(1406,281,'Sarah may be more comfortable with her clients because she is familiar with their behavior.',NULL),(1407,281,'Sarah may have unfinished business with her parents',NULL),(1408,282,'message receivers hear \"you\" messages.',NULL),(1409,282,'message receivers do not speak.',NULL),(1410,282,'message senders use third-person pronouns.',NULL),(1411,282,'message senders use \"I\" messages.',1),(1412,283,'Contact child protective services to report this incident.',1),(1413,283,'Explain to her the limits of confidentiality regarding drug use.',NULL),(1414,283,'Admit her for treatment and arrange childcare services.',NULL),(1415,283,'Contact law enforcement to have her arrested for child abuse and neglect.',NULL),(1416,284,'The name of an attending physician, referrals made, diagnostic procedures used',NULL),(1417,284,'Information about consultations, diagnosis, treatment, prognosis, and progress',1),(1418,284,'Names of family members, emergency numbers, DSM-5 diagnosis',NULL),(1419,284,'Personal notes, insurance information, treatment notes',NULL),(1420,285,'Help the client to express feelings generated by the crisis',NULL),(1421,285,'Eliminate negative beliefs that contributed to the crisis',NULL),(1422,285,'Assign specific behavior tasks such as spending time with people',NULL),(1423,285,'Immediately refer the client to an agency to help change the situation',1),(1424,286,'Move from direct care to an administrative position.',NULL),(1425,286,'Contact a supervisor and ask for fewer work hours.',NULL),(1426,286,'Attend to health through adequate sleep, an exercise program, and proper diet.',1),(1427,286,'Add more structure to work by using a commercial time management system.',NULL),(1428,287,'terminate the client\'s treatment and seek supervision.',NULL),(1429,287,'talk openly about transference issues.',1),(1430,287,'reciprocate your true feelings, but only if you are attracted to him/her.',NULL),(1431,287,'refer the client to another professional.',NULL),(1432,288,'discussing the client\'s plans for the future.',NULL),(1433,288,'helping the client adapt.',NULL),(1434,288,'determining the problem.',1),(1435,288,'determining a solution.',NULL),(1436,289,'equilibrium.',NULL),(1437,289,'stability.',NULL),(1438,289,'homeostasis.',1),(1439,289,'accommodation',NULL),(1440,290,'interrupt the second speaker and remind him of the group rules.',NULL),(1441,290,'remind Eric that you are here to treat addiction and ask how this relates to his addiction.',NULL),(1442,290,'tell Eric that this disclosure is more appropriate for an individual session and you will meet with him later.',NULL),(1443,290,'ask questions which facilitate a group response to Eric\'s disclosure and elicit more feeling content from Eric.',1),(1444,291,'including the client\'s family members in counseling.',NULL),(1445,291,'setting mutually-established goals.',1),(1446,291,'going to 12-step meetings with the client.',NULL),(1447,291,'offering to make home visits.',NULL),(1448,292,'identify alternative courses of action.',NULL),(1449,292,'offer emotional support.',NULL),(1450,292,'contact emergency personnel.',NULL),(1451,292,'assess the degree of risk.',1),(1452,293,'the client\'s family dynamics.',NULL),(1453,293,'getting all the information that you can.',NULL),(1454,293,'what your immediate response should be.',NULL),(1455,293,'focusing questions about the present situation and the client\'s means of coping with the stress',1),(1456,294,'transfer the client to another counselor.',NULL),(1457,294,'let the relationship develop and try to work it out.',NULL),(1458,294,'challenge the client about his/her resistance to treatment.',NULL),(1459,294,'seek out supervision with a colleague or supervisor.',1),(1460,295,'provide the group members with insight into the counselor\'s background.',NULL),(1461,295,'convince group members that the counselor has more life experiences than they do.',NULL),(1462,295,'demonstrate how to react when other group members disclose personal information.',NULL),(1463,295,'facilitate the growth of the group by relating to client or group issues.',1),(1464,296,'An understanding of self-help groups',NULL),(1465,296,'An ethical code of conduct',1),(1466,296,'Certification',NULL),(1467,296,'An advanced degree',NULL),(1468,297,'use the group process to share mutual concerns.',1),(1469,297,'see the client for individual counseling outside of group.',NULL),(1470,297,'conduct one-on-one sessions in the group.',NULL),(1471,297,'not allow monopolizing by members in group.',NULL),(1472,298,'formulate and carry out realistic personal and professional goals.',1),(1473,298,'interpret the deeper meaning of problems.',NULL),(1474,298,'analyze client problems.',NULL),(1475,298,'convince clients to change',NULL),(1476,299,'getting him to gradually cut down on his drinking.',NULL),(1477,299,'encouraging him to change sponsors.',NULL),(1478,299,'referring him for additional treatment.',NULL),(1479,299,'asking him what worked before.',1),(1480,300,'Transference',1),(1481,300,'Counter-transference',NULL),(1482,300,'Reaction formation',NULL),(1483,300,'Sublimation',NULL),(1484,301,'\"What\'s the matter with you? Why didn\'t you just take care of the problem yourself?\"',NULL),(1485,301,'\"Let\'s get right to the point. You\'ve got a drinking problem\"',NULL),(1486,301,'\"Let\'s talk about each of our expectations for counseling\"',1),(1487,301,'\"Let me tell you what you need to stay sober\"',NULL),(1488,302,'defensiveness.',NULL),(1489,302,'acting out behavior.',1),(1490,302,'apathy.',NULL),(1491,302,'lack of trust.',NULL),(1492,303,'\"We\'re here to discuss your alcohol problem - I don\'t want to talk about your marriage\"',NULL),(1493,303,'\"Counseling is a very unstructured process - anything goes\"',NULL),(1494,303,'\"Our meetings will consist of four 50 minute sessions at 10 a.m. each Wednesday\"',1),(1495,303,'\"What\'s important is that I help you. I\'ll counsel you no matter what\"',NULL),(1496,304,'when the client appears to have gained all that he or she can from therapy.',NULL),(1497,304,'at the point specified in the therapeutic contract.',NULL),(1498,304,'at the onset of therapy.',1),(1499,304,'when the client brings it up',NULL),(1500,305,'stage specific motivation enhancement',1),(1501,305,'behavioral confrontation to keep clients on task.',NULL),(1502,305,'no specific therapeutic intervention, COD clients require a “free style” type atmosphere.',NULL),(1503,305,'strict 12-step interventions only combined with medication management.',NULL),(1504,306,'Reality Therapy',NULL),(1505,306,'Psychoanalytic Therapy',NULL),(1506,306,'Relapse Prevention Therapy',NULL),(1507,306,'Solution Focused Therapy',1),(1508,307,'Rational Emotive Therapy',NULL),(1509,307,'Cognitive Behavioral Therapy',NULL),(1510,307,'Psychoanalytic Therapy',1),(1511,307,'Behavioral Therapy',NULL),(1512,308,'getting close with your client',NULL),(1513,308,'creating a friendship-like relationship with your client',NULL),(1514,308,'allowing for mutual self-disclosure',NULL),(1515,308,'development of a cooperative relationship between counselor and client',1),(1516,309,'4 stages of individual counseling treatment',1),(1517,309,'the stages of change',NULL),(1518,309,'abuse, dependence, recovery',NULL),(1519,309,'denial, acceptance, grief',NULL),(1520,310,'to follow the counselor’s directives for change',NULL),(1521,310,'to be the effective agent of change',1),(1522,310,'to challenge the counselor’s directions',NULL),(1523,310,'to keep their mouth shut, listen and follow those who have had success in recovery ',NULL),(1524,311,'rules for the client',NULL),(1525,311,'lessons for the client',NULL),(1526,311,'consistency for the client',1),(1527,311,'help for the counselor',NULL),(1528,312,'Motivational Interviewing',1),(1529,312,'Solution Focused Therapy',NULL),(1530,312,'Cognitive Behavioral Therapy',NULL),(1531,312,'Motivational Enhancement Therapy',NULL),(1532,313,'Motivational Interviewing',NULL),(1533,313,'Motivational Enhancement',1),(1534,313,'Cognitive Behavioral',NULL),(1535,313,'Solution Focused',NULL),(1536,314,'Motivational Interviewing',NULL),(1537,314,'Motivational Enhancement',NULL),(1538,314,'Cognitive Behavioral',NULL),(1539,314,'Solution Focused',1),(1540,315,'over-identification with clients',NULL),(1541,315,'inability to maintain boundaries with clients',NULL),(1542,315,'lack of well-rounded personal life',NULL),(1543,315,'all of the above',1),(1544,316,'Counter-transference',NULL),(1545,316,'projection',NULL),(1546,316,'transference',1),(1547,316,'blaming others',NULL),(1548,317,'pointing out discrepancies',NULL),(1549,317,'giving honest feedback',NULL),(1550,317,'the use of questions that gently point out client avoidance',NULL),(1551,317,'all of the above',1),(1552,318,'rehearse talking about their feelings',NULL),(1553,318,'bring their feelings to the surface',1),(1554,318,'learn how to listen better',NULL),(1555,318,'work out past issues',NULL),(1556,319,'promising the client rewards',NULL),(1557,319,'keeping the clients secrets',NULL),(1558,319,'the use of therapeutic communication',1),(1559,319,'the use of a soft vocal tone',NULL),(1560,320,'inducing transference',NULL),(1561,320,'role modeling',1),(1562,320,'giving advice',NULL),(1563,320,'self-disclosure',NULL),(1564,321,'go to therapy',1),(1565,321,'disclose their issues to their clients',NULL),(1566,321,'suck it up and deal with it',NULL),(1567,321,'discuss their personal issues with colleagues ',NULL),(1568,322,'the counselor being in recovery',NULL),(1569,322,'the counselor following a 12-step ideology for all clients',NULL),(1570,322,'the counselor using the same therapeutic practice for all clients',NULL),(1571,322,'the counselor motivating readiness for change',1),(1572,323,'the power differential',1),(1573,323,'what clients want and need',NULL),(1574,323,'how to manipulate clients',NULL),(1575,323,'relapse prevention ',NULL),(1576,324,'always let their clients know',NULL),(1577,324,'never let their clients know',NULL),(1578,324,'tell their clients to guess',NULL),(1579,324,'let their clients know if this will absolutely help their move forward in treatment',1),(1580,325,'intrapersonally and interpersonally',1),(1581,325,'introverted and extroverted',NULL),(1582,325,'introspectively and perceptively',NULL),(1583,325,'concretely and abstractly',NULL),(1584,326,'stabilize the imbalance of power',1),(1585,326,'appreciate the value of the beliefs and practices of other groups',NULL),(1586,326,'avoid stereotyping',NULL),(1587,326,'all of the above',NULL),(1588,327,'vulnerabilities and beliefs',NULL),(1589,327,'expectations and values',NULL),(1590,327,'language and coping styles',NULL),(1591,327,'all of the above',1),(1592,328,'the ability to direct the client',NULL),(1593,328,'the ability to meet the client where they are ',1),(1594,328,'the ability to confront the client',NULL),(1595,328,'the ability to formulate the treatment plan',NULL),(1596,329,'aftercare and A.A./N.A. meetings',NULL),(1597,329,'skill development and reinforcement',NULL),(1598,329,'psychosocial rehabilitation and after care',1),(1599,329,'vocational counseling and after care',NULL),(1600,329,'family therapy and A.A./N.A',NULL),(1601,330,'contempt and hostility',NULL),(1602,330,'independence and self-reliance',NULL),(1603,330,'immorality and sexual acting out',NULL),(1604,330,'withdrawal and isolation',1),(1605,330,'generous and fun-loving',NULL),(1606,331,'consultation',NULL),(1607,331,'client education',1),(1608,331,'counseling',NULL),(1609,331,'crisis intervention',NULL),(1610,331,'case management',NULL),(1611,332,'Medical professionals.',NULL),(1612,332,'Drug abuse treatment professionals.',1),(1613,332,'Sexual abuse counselors.',NULL),(1614,332,'Counselors working with gay/lesbian populations.',NULL),(1615,332,'All human services counselors',NULL),(1616,333,'job skills.',NULL),(1617,333,'child care services.',1),(1618,333,'educational training.',NULL),(1619,333,'primary health care.',NULL),(1620,334,'rehabilitate offenders.',NULL),(1621,334,'use the threat of incarceration as a motivator to change.',NULL),(1622,334,'protect the health, safety, and welfare of the public.',1),(1623,334,'keep the chronic, chemically dependent person off the streets',NULL),(1624,335,'education and training.',NULL),(1625,335,'diagnosis and intervention.',NULL),(1626,335,'segregated treatment programs.',1),(1627,335,'integrated treatment programs with cultural programming.',NULL),(1628,336,'detoxification and stabilization',NULL),(1629,336,'psychological evaluation and treatment',NULL),(1630,336,'integration into a self-help recovery program',NULL),(1631,336,'a comprehensive continuum of services',1),(1632,337,'regularly attend A.A. and/or N.A. meetings.',NULL),(1633,337,'stay well-informed and aware of recent developments in the field.',1),(1634,337,'teach classes about these topics.',NULL),(1635,337,'assume that the client will ask for what he/she needs.',NULL),(1636,338,'The family cannot get well until the dependent person seeks help.',NULL),(1637,338,'The children in a dysfunctional family can be protected from the problems cause by chemical dependency.',NULL),(1638,338,'The divorce rate in dysfunctional families is highest after recovery has been initiated.',1),(1639,338,'Family problems develop in the later phases of the addiction process.',NULL),(1640,339,'the Hero.',NULL),(1641,339,'the Scapegoat.',NULL),(1642,339,'the Primary Enabler.',1),(1643,339,'the Mascot.',NULL),(1644,340,'the Hero',1),(1645,340,'the Scapegoat',NULL),(1646,340,'the Primary Enabler.',NULL),(1647,340,'the Mascot.',NULL),(1648,340,'the Lost Child.',NULL),(1649,341,'formal classes',NULL),(1650,341,'reading materials',NULL),(1651,341,'self-help group lists',NULL),(1652,341,'uncovering the client\'s feelings about his/her addiction',1),(1653,341,'films or videotapes',NULL),(1654,342,'Attempts to deny the problem.',NULL),(1655,342,'Attempts to eliminate the problem.',NULL),(1656,342,'Disorganization.',NULL),(1657,342,'Reorganization.',NULL),(1658,342,'Failure to react to the problem',1),(1659,343,'Divorce',NULL),(1660,343,'Child abuse',NULL),(1661,343,'Suicide',NULL),(1662,343,'Teen pregnancy.',NULL),(1663,343,'All of the above',1),(1664,344,'Alcohol and marijuana',NULL),(1665,344,'Marijuana and cocaine',NULL),(1666,344,'Marijuana and pain pills',1),(1667,344,'Alcohol and pain pills',NULL),(1668,344,'Alcohol and inhalants',NULL),(1669,345,'Being placed on probation',NULL),(1670,345,'Moving',1),(1671,345,'Getting a tattoo or piercing',NULL),(1672,345,'Failing a class in school',NULL),(1673,346,'Dilated pupils and smelly breath',1),(1674,346,'Shakes and hallucinations',NULL),(1675,346,'Weight loss and isolation',NULL),(1676,346,'Poor hygiene and failing grades',NULL),(1677,346,'All of the above',NULL),(1678,347,'Can’t stop using, even when you want to',NULL),(1679,347,'Keep using even though bad things have happened',NULL),(1680,347,'Needing more & more to get high',NULL),(1681,347,'None of the above',NULL),(1682,347,'All of the above',1),(1683,348,'To help understand addiction',NULL),(1684,348,'To help understand addiction symptoms',NULL),(1685,348,'To determine an addiction diagnosis',1),(1686,348,'To determine level of care',NULL),(1687,348,'None of the above',NULL),(1688,349,'Indicator of dependence or abuse',NULL),(1689,349,'Indicator of drug type',NULL),(1690,349,'Indicator of length of time of presenting symptoms',NULL),(1691,349,'Indicator of severity',1),(1692,349,'All of the above',NULL),(1693,350,'Alcohol Dependence',NULL),(1694,350,'Alcohol Misuse Disorder, moderate',NULL),(1695,350,'Alcohol Use Disorder, severe',1),(1696,350,'Alcohol Abuse, in partial remission',NULL),(1697,350,'None of the above',NULL),(1698,351,'A brief intervention ',NULL),(1699,351,'A referral process for treatment',NULL),(1700,351,'A method of screening',NULL),(1701,351,'An early intervention approach',NULL),(1702,351,'All of the above',1),(1703,352,'A research-proven method of providing treatment',1),(1704,352,'A method of treatment using evidence compiled by client history',NULL),(1705,352,'A method of collecting data for treatment',NULL),(1706,352,'A research model of collecting client information',NULL),(1707,352,'None of the above',NULL),(1708,353,'Residential',NULL),(1709,353,'Detox',1),(1710,353,'Intensive Outpatient',NULL),(1711,353,'Partial Hospitalization',NULL),(1712,353,'Outpatient',NULL),(1713,354,'A client in treatment but is still drinking or using',NULL),(1714,354,'A client with a medical complication',NULL),(1715,354,'A client demonstrating a decrease in functioning',NULL),(1716,354,'A,B & C',1),(1717,354,'None of the above',NULL),(1718,355,'A social sober support system',NULL),(1719,355,'Placing themselves in risky situations to test themselves',1),(1720,355,'Changing parts of their lives that support drinking and using',NULL),(1721,355,'Taking care of their physical and emotional issues',NULL),(1722,355,'Learn to communicate in productive ways',NULL),(1723,356,'Poverty & racism',1),(1724,356,'Faith & education',NULL),(1725,356,'Lack of education & economic comfort',NULL),(1726,356,'Child abuse and parental supervision',NULL),(1727,356,'Genetic predisposition to addiction & social competence',NULL),(1728,357,'Anti-hate laws',NULL),(1729,357,'Faith-based resources',NULL),(1730,357,'After school activities',NULL),(1731,357,'Conventional norms about drugs & alcohol',NULL),(1732,357,'All of the above',1),(1733,358,'Treatment programs with multi-level staff',NULL),(1734,358,'Incorporation of behavioral, medical and social services',NULL),(1735,358,'A treatment system that allows clients to step up or step down in levels of care',1),(1736,358,'Referring clients to aftercare services',NULL),(1737,358,'Including 12-step meetings in treatment programs',NULL),(1738,359,'Aftercare planning',NULL),(1739,359,'Treatment planning',NULL),(1740,359,'Recovery planning',NULL),(1741,359,'Continuing community care ',1),(1742,359,'None of the above',NULL),(1743,360,'Risk prevention and vocational planning',NULL),(1744,360,'Psychiatric evaluation and economic guidance',NULL),(1745,360,'Academic evaluation and test preparation',NULL),(1746,360,'Childcare and parenting classes',NULL),(1747,360,'All of the above',NULL),(1748,361,'Mental illness',NULL),(1749,361,'Low birth weight',1),(1750,361,'Developmental delays',NULL),(1751,361,'Missing limbs',NULL),(1752,361,'None of the above',NULL),(1753,362,'Alcohol',NULL),(1754,362,'Cocaine',1),(1755,362,'Pain killers',NULL),(1756,362,'Inhalants',NULL),(1757,362,'Marijuana',NULL),(1758,363,'Risk factors',NULL),(1759,363,'Protective factors',NULL),(1760,363,'Delaying age of first experimentation',NULL),(1761,363,'Early Intervention',NULL),(1762,363,'All of the above',1),(1763,364,'Practicing safe sex',NULL),(1764,364,'Safeguards that promote resiliency',1),(1765,364,'Graduating from high school',NULL),(1766,364,'Legal interventions that protect communities',NULL),(1767,364,'None of the above',NULL),(1768,365,'Outpatient',NULL),(1769,365,'Intensive Outpatient',NULL),(1770,365,'Detox',NULL),(1771,365,'Pre-treatment',1),(1772,365,'Aftercare',NULL),(1773,366,'In rehab treatment',NULL),(1774,366,'In 12-step meetings',NULL),(1775,366,'In an individual’s home',1),(1776,366,'In Intensive outpatient treatment',NULL),(1777,366,'In detox ',NULL),(1778,367,'Strategic Prevention Framework ',1),(1779,367,'Strategic Planning Framework',NULL),(1780,367,'Smart Prevention Framework',NULL),(1781,367,'Smart Planning Framework',NULL),(1782,367,'Strategy Preventing Foundation',NULL),(1783,368,'Active drugs addicts',NULL),(1784,368,'Active alcoholics',NULL),(1785,368,'Juvenile delinquents',NULL),(1786,368,'Non-dependent drug users',1),(1787,368,'All of the above',NULL),(1788,369,'To separate each family member’s identity',NULL),(1789,369,'To make each person whole',1),(1790,369,'To make each family member communicate ',NULL),(1791,369,'To separate the active addict from the codependent person',NULL),(1792,369,'To make each family member aware of their role in family system',NULL),(1798,371,'A patient-centered and directed approach',NULL),(1799,371,'Recognition of various values, beliefs and attitudes',NULL),(1800,371,'Awareness and screening for mental health issues',NULL),(1801,371,'Awareness and sensitivity of socially learned racial biases',NULL),(1802,371,'All of the above',1),(1803,372,'Listen, exercise, attitude, recommend, and negotiate',NULL),(1804,372,'Listen, explain, acknowledge, recommend, and negotiate',1),(1805,372,'Learn, explain, acknowledge, recommend, and negotiate',NULL),(1806,372,'Learn, explain, adapt, recommend, and negotiate',NULL),(1807,372,'Listen explain, adapt, recommend, and negotiate',NULL),(1813,374,'Cancer of the liver',NULL),(1814,374,'A type of Cirrhosis ',NULL),(1815,374,'An inflammation of the liver',1),(1816,374,'Infection of the liver',NULL),(1817,374,'None of the above',NULL),(1818,375,'HIV/AIDS',NULL),(1819,375,'HBV',NULL),(1820,375,'HBC',NULL),(1821,375,'Tuberculosis',NULL),(1822,375,'All of the above',1),(1823,376,'Psycho-education',1),(1824,376,'Psycho-dynamic group',NULL),(1825,376,'Individual psychotherapy',NULL),(1826,376,'Early intervention',NULL),(1827,376,'All of the above',NULL),(1828,377,'Self-care',NULL),(1829,377,'Job interview skills',NULL),(1830,377,'Money management',NULL),(1831,377,'Problem-solving skills',1),(1832,377,'Nutrition',NULL),(1833,378,'In recovery themselves',NULL),(1834,378,'Culturally competent',NULL),(1835,378,'Addiction educators',NULL),(1836,378,'All of the above',NULL),(1837,378,'B & C only',1),(1838,373,'HIV/AIDS',NULL),(1839,373,'Cancer',NULL),(1840,373,'Tuberculosis',NULL),(1841,373,'Hepatitis',NULL),(1842,373,'A and D',NULL),(1843,373,'All of the above',1),(1844,379,'narcotics and synthetic narcotics',NULL),(1845,379,'barbiturates',NULL),(1846,379,'minor tranquilizers',NULL),(1847,379,'hallucinogens',1),(1848,379,'all of the above',NULL),(1849,380,'such views influence the definition of dependency.',NULL),(1850,380,'such views influence the treatment outcome.',NULL),(1851,380,'such views influence the likelihood of long-term sobriety.',NULL),(1852,380,'All of the above are true.',1),(1853,380,'None of the above are true.',NULL),(1854,381,'withdrawing from cocaine        ',NULL),(1855,381,'mixing cocaine with heroin ',NULL),(1856,381,'sterilizing a needle prior to injection',NULL),(1857,381,'snorting cocaine',NULL),(1858,381,'smoking cocaine that has been processed',1),(1859,382,'medicines',NULL),(1860,382,'drugs',NULL),(1861,382,'psychoactive drugs',1),(1862,382,'vitamins',NULL),(1863,382,'nutrients',NULL),(1864,383,'have fun.',NULL),(1865,383,'work longer and harder.',NULL),(1866,383,'cope with stress.',NULL),(1867,383,'all of the above.',1),(1868,383,'none of the above.',NULL),(1869,384,'become increasingly aware of feelings that are now disinhibited by the drug',NULL),(1870,384,'loses touch with negative emotions',NULL),(1871,384,'is out of touch with feelings only when he/she is drinking or using',NULL),(1872,384,'is overwhelmed by an upsurge of emotions',NULL),(1873,384,'progressively loses touch with his/her emotional life',1),(1874,385,'drug use.',1),(1875,385,'drug misuse.',NULL),(1876,385,'drug abuse.',NULL),(1877,385,'drug therapy.',NULL),(1878,385,'drug dependence',NULL),(1879,386,'episodic',NULL),(1880,386,'acute',1),(1881,386,'chronic',NULL),(1882,386,'factitious',NULL),(1883,386,'responsive',NULL),(1884,387,'taking prescribed medicines under a doctors care.',NULL),(1885,387,'combining alcohol with other depressant drugs.',1),(1886,387,'using small amounts of alcohol to aid sleep.',NULL),(1887,387,'all of the above.',NULL),(1888,387,'none of the above.',NULL),(1889,388,'kill pain.',NULL),(1890,388,'depress the central nervous system.',NULL),(1891,388,'using small amounts of alcohol to aid sleep.',NULL),(1892,388,'induce sleep.',NULL),(1893,388,'all of the above.',1),(1894,388,'none of the above.',NULL),(1895,389,'periodic binges',NULL),(1896,389,'thought disorder',NULL),(1897,389,'an alcohol related arrest',NULL),(1898,389,'can\'t stop after one drink',1),(1899,389,'paranoia',NULL),(1900,389,'none of the above.',NULL),(1901,390,'alcohol',1),(1902,390,'tobacco',NULL),(1903,390,'marijuana',NULL),(1904,390,'cocaine',NULL),(1905,390,'heroin',NULL),(1906,391,'episodic',NULL),(1907,391,'acute',NULL),(1908,391,'chronic',1),(1909,391,'factitious',NULL),(1910,391,'responsive',NULL),(1911,392,'Meperidine',NULL),(1912,392,'Methadone',1),(1913,392,'Demerol',NULL),(1914,392,'Darvon',NULL),(1915,392,'None of the above',NULL),(1916,393,'Ulcers',NULL),(1917,393,'High blood pressure.',NULL),(1918,393,'Sleep disorders.',NULL),(1919,393,'All of the above are true.',1),(1920,393,'None of the above are true.',NULL),(1926,394,'growing up a child of an alcoholic',1),(1927,394,'impulsive personality',NULL),(1928,394,'one\'s gender',NULL),(1929,394,'drinking to relax',NULL),(1930,394,'deficient ego strength',NULL),(1931,395,'alcoholic hepatitis',NULL),(1932,395,'cirrhosis of the liver',1),(1933,395,'hypoglycemia',NULL),(1934,395,'Wernicke\'s Syndrome',NULL),(1935,395,'Cardiomyopathy',NULL),(1936,396,'frequent attendance at A.A. meetings',NULL),(1937,396,'over confidence in sobriety skills',1),(1938,396,'working the 12 steps too quickly',NULL),(1939,396,'increased sexual activities',NULL),(1940,396,'interpersonal difficulties',NULL),(1941,397,'adolescents who avoid use till their late teen years',NULL),(1942,397,'women who don\'t begin use till after marriage',NULL),(1943,397,'elderly people who develop chemical dependency late in life',1),(1944,397,'all of the above are true',NULL),(1945,397,'none of the above are true',NULL),(1946,398,'prostaglandin',NULL),(1947,398,'endorphin',NULL),(1948,398,'histamine',NULL),(1949,398,'dopamine',NULL),(1950,398,'norepinephrine',1),(1951,399,'substance often taken in larger amounts than the person intended',NULL),(1952,399,'marked lack of initiative, interest or energy',1),(1953,399,'frequent intoxication when expected to fulfill major role obligations',NULL),(1954,399,'one or more unsuccessful efforts to cut down substance use',NULL),(1955,400,'whether the patient has a history of sobriety during the last several years',NULL),(1956,400,'whether the patient\'s job and family are likely to give him another chance if this treatment fails',1),(1957,400,'whether the patient has family support for sobriety',NULL),(1958,400,'whether the patient has a history of failed treatment on an outpatient or inpatient basis',NULL),(1959,401,'compromising T-cell functions.',1),(1960,401,'impairing frontal cortical functions.',NULL),(1961,401,'increasing serotonin levels in the synaptic gap.',NULL),(1962,401,'decreasing cardiopulmonary functioning.',NULL),(1963,402,'Hallucinogens.',NULL),(1964,402,'CNS depressants.',NULL),(1965,402,'Opioids.',1),(1966,402,'Dextro-amphetamines.',NULL),(1967,403,'developing a therapeutic relationship for sobriety and maintenance.',NULL),(1968,403,'changing expectations regarding the effects of intervention.',NULL),(1969,403,'identifying high-risk situations and learning alternative coping skills.',1),(1970,403,'discussing aspects of evaluation and treatment.',NULL),(1971,404,'detoxification and stabilization',NULL),(1972,404,'psychological evaluation and treatment',NULL),(1973,404,'integration into a self-help recovery program',NULL),(1974,404,'a comprehensive continuum of services',1),(1975,405,'The amount consumed daily',NULL),(1976,405,'The length in years of heavy drinking or drug use',NULL),(1977,405,'The presence of withdrawal symptoms',1),(1978,405,'The frequency of memory blackouts',NULL),(1979,406,'Increased tolerance and withdrawal symptoms when abstinence is attempted',1),(1980,406,'Continued use despite experiencing problems that result from drinking',NULL),(1981,406,'Recurring incidents of driving under the influence',NULL),(1982,406,'Depression and lethargy',NULL),(1983,407,'malnutrition can occur in drinkers who eat well-balanced diets.',NULL),(1984,407,'stimulation of the brain\'s frontal lobe can occur.',1),(1985,407,'the second stage of liver deterioration can be reversed.',NULL),(1986,407,'a vitamin B6 deficiency can occur.',NULL),(1987,408,'regularly attend A.A. and/or N.A. meetings.',NULL),(1988,408,'stay well-informed and aware of recent developments in the field.',1),(1989,408,'teach classes about these topics.',NULL),(1990,408,'assume that the client will ask for what he/she needs.',NULL),(1991,409,'Desire to cut down',NULL),(1992,409,'Withdrawal',NULL),(1993,409,'Limited control',NULL),(1994,409,'Compulsive lying',1),(1995,409,'Tolerance',NULL),(1996,410,'Impaired control',NULL),(1997,410,'Risky use',NULL),(1998,410,'Legal history',1),(1999,410,'Social impairment',NULL),(2000,410,'Pharmacological criteria',NULL),(2001,411,'Cravings',NULL),(2002,411,'Excitement',NULL),(2003,411,'Depression',NULL),(2004,411,'Euphoria',1),(2005,411,'Sedation',NULL);

--
-- Table structure for table `question`
--

CREATE TABLE `question` (
  `id` int(11) NOT NULL AUTO_INCREMENT,
  `content` text NOT NULL,
  `course_id` int(11) NOT NULL,
  `correct_answer_id` int(11) DEFAULT NULL,
  `order` int(11) DEFAULT NULL,
  PRIMARY KEY (`id`)
) ENGINE=InnoDB AUTO_INCREMENT=412 DEFAULT CHARSET=utf8;

--
-- Dumping data for table `question`
--

INSERT INTO `question` VALUES (6,'According to CDC estimates, what proportion of people in the United States who are infected with HIV are unaware of their infection?',1,5,NULL),(7,'Americans have become complacent about HIV/AIDS because:',1,8,NULL),(8,'The 2010 National AIDS Strategy has three overarching goals, one of which is:',1,12,NULL),(9,'The Florida population hardest hit by HIV/AIDS is:',1,18,NULL),(10,'Which risk groups account for 75 percent of new HIV/AIDS infections?',1,22,NULL),(11,'Higher than average rates of AIDS and other STDs among correctional populations could be reduced by following the World Health Organization recommendation to:',1,24,NULL),(12,'Florida state law requires HIV testing of inmates:',1,28,NULL),(13,'Health professionals may fail to recognize the signs of HIV/AIDS infection in seniors because:',1,32,NULL),(14,'Which body fluids have been proven to transmit HIV infection?',1,36,NULL),(15,'Which of the following would most likely transmit an HIV infection?',1,40,NULL),(16,'Coinfection with STDs such as syphilis, gonorrhea, and genital warts:',1,44,NULL),(17,'The most common and most deadly coinfection for HIV-positive individuals is:',1,48,NULL),(18,'Treatment of HIV/TB coinfected patients is:',1,52,NULL),(19,'Respiratory protection equipment for healthcare workers is:',1,56,NULL),(20,'One of the leading causes of death among HIV-infected people is:',1,60,NULL),(26,'More than 1 million people in the U.S. are living with HIV. ',3,463,NULL),(27,'AIDS and HIV are the same',3,465,NULL),(28,'You can’t always tell by appearance if someone has HIV. ',3,467,NULL),(29,'Medications can cure HIV/AIDS.',3,469,NULL),(30,'All 50 states have people living with AIDS.',3,471,NULL),(31,'HIV is transmitted through casual contact such as sharing utensils. ',3,474,NULL),(32,'Abstinence is the only 100% effective method of not acquiring HIV/AIDS               ',3,475,NULL),(33,'Health care workers should assume that the blood and other body fluids               from all patients are potentially infectious.    \r\n               ',3,477,NULL),(34,'The results of HIV antibody tests are confidential and may not be publicly disclosed except with the resident’s written permission or as otherwise provided in Chapter 384, Florida Statues.\r\n',3,479,NULL),(35,'Way to protect yourself from HIV/AIDS include: \r\n',3,485,NULL),(36,'According to CDC estimates, what proportions of people in the United States who are infected with HIV are unaware of their infection?\r\n',3,487,NULL),(37,'The Florida population hardest hit by HIV/AIDS is:',3,490,NULL),(38,'Which risk groups account for 75 percent of new HIV/AIDS infections?',3,500,NULL),(39,'Which body fluids have been proven to transmit HIV infection?',3,508,NULL),(40,'Which of the following would most likely transmit an HIV infection?',3,511,NULL),(41,'Under Florida law, parents of a child under 18:',3,515,NULL),(42,'Florida law mandates that all pregnant women:',3,533,NULL),(47,'A provider may test without consent in which of the following:',3,521,NULL),(48,'Symptoms of AIDS Dementia Complex (ADC) include:',3,526,NULL),(49,'Need to know is outlined in section 64D-.003 F.A.C. and includes but is not limited to:',3,532,NULL),(53,'Staring a client down is a sign of being in charge and can help calm an aggressive person.',4,296,NULL),(54,'The amount of space required to allow someone to feel comfortable can depend on gender, mood, familiarity, or culture. ',4,449,NULL),(55,'Apologizing to an angry client simply validates their anger and perpetuates a stressful situation.',4,300,NULL),(57,'To paraphrase means?',4,452,NULL),(58,'Active listening involves:',4,414,NULL),(59,'How should staff act when faced with an aggressive person?',4,419,NULL),(60,'Assertive Communication is based on balance and mutual respect.',4,325,NULL),(61,'What can you do when you detect a language barrier between you and a client?',4,425,NULL),(62,'Power struggles are an example of a communication barrier.',4,327,NULL),(63,'What 4 stages of crisis management were discussed and listed in the correct occurrence?',4,331,NULL),(64,'You should avoid power struggles by offering a person choices.',4,333,NULL),(65,'During which stage of crisis management would the client challenge you, push buttons and not respond to your words?',4,458,NULL),(67,'The transmission of infectious agents requires?',5,540,NULL),(68,'What is true about infection prevention and control?',5,544,NULL),(69,'Which statement is NOT true about Droplet transmission?',5,546,NULL),(70,'Which of the following is NOT an example of a Bloodborne Pathogen?',5,551,NULL),(71,'When does Vector-borne transmission occur?',5,553,NULL),(72,'To protect yourself from airborne diseases, you should?',5,557,NULL),(73,' Bloodborne pathogens can be spread through',5,565,NULL),(74,'What is considered Personal Protective Equipment?',5,569,NULL),(75,'When cleaning a spill:',5,575,NULL),(78,'How long should you wash your hands for with soap and water?',5,582,NULL),(79,'Infectious diseases are caused by',5,588,NULL),(80,'Infectious diseases are transmitted most quickly through:',5,592,NULL),(81,'What is the body fluid NOT considered infectious?',5,576,NULL),(82,'Which of the following are signs of aggression?',4,343,NULL),(83,'What is/are possible risk factors to aggression?',4,347,NULL),(85,'Verbal de-escalation is the communication skills we use during a potentially dangerous, or threatening, situation in an attempt to prevent a person from causing harm to us, themselves or others. ',4,459,NULL),(86,'Test',9,447,NULL),(87,'Test',10,461,NULL),(88,'The most frequent mode of infection transmission in the healthcare setting is',5,596,NULL),(89,'Precautions recommended by CDC for the care of all patients is known as:',5,600,NULL),(90,'The Transtheoretical Model of Change:',11,602,NULL),(91,'Assessment of resistance and denial is important to:',11,606,NULL),(92,'To ask a client what goals she/he wish to work on:',11,612,NULL),(93,'Treatment plans should be:',11,620,NULL),(94,'Problem statements in treatment plans should be:',11,624,NULL),(95,'The treatment plan is developed based on information collected during:',11,627,NULL),(96,'In developing a treatment plan which of the following is true?',11,639,NULL),(97,'In formulating treatment plans, effective counselors are willing to consider feedback from colleagues, but most importantly:',11,644,NULL),(98,'What is a treatment plan, and why use one?',11,660,NULL),(99,'What is the acronym for writing strength-based, outcome driven objectives?',11,655,NULL),(100,'Treatment Plans should be based on the client’s',11,662,NULL),(101,'Some of the qualities of a well written treatment plan are:',11,665,NULL),(102,'What is an objective?',11,872,NULL),(103,'All of the following should be included when writing a treatment plan goal EXCEPT:',11,675,NULL),(104,'A treatment plan problem is defined as:',11,678,NULL),(105,'An effective Treatment Plan must be all of the following EXCEPT:',11,681,NULL),(106,'The Treatment Plan details all of the following EXCEPT:',11,688,NULL),(107,'Treatment Plan problems, goals and objectives should be:',11,689,NULL),(108,'What is not part of a comprehensive assessment?',11,695,NULL),(109,'The treatment plan is developed based on information collected during',11,699,NULL),(110,'A mutually-agreed-upon treatment plan should include:',11,704,NULL),(111,'When evaluating client readiness you must:',11,706,NULL),(112,'The measurement of progress toward treatment plan goals is best assessed by:',11,709,NULL),(113,'When explaining your assessment findings to your client the counselor should:',11,714,NULL),(114,'What is the Purpose of Screening in the treatment setting?',11,876,NULL),(115,'When a client discloses suicidal thoughts, the counselor\'s first step is to:',11,724,NULL),(116,'A client tells a counselor that she is unhappy with the way her treatment is progressing. The counselor should:',11,727,NULL),(117,'How do Family Members Fit into Assessment and Treatment Planning?',11,730,NULL),(118,'When counselors keep a neutral attitude while working with the client on their treatment plan, the client may feel like…',11,735,NULL),(119,'Using the Stages of Change in treatment planning allow for a problem, goal and objective to be created that:',11,740,NULL),(120,'All of the following are examples of specific change oriented goals EXCEPT:',11,741,NULL),(121,'The acronym M.A.T.R.S. stands for:',11,748,NULL),(122,'Treatment Plan interventions should reflect:',11,752,NULL),(123,'When establishing treatment plan goals, keep in mind to:',11,754,NULL),(124,'Well formed treatment plan goals are:',11,772,NULL),(125,'Which client statement reflects someone in the Pre-contemplation Stage?',11,764,NULL),(126,'Which client statement reflects someone in the Maintenance Stage?',11,777,NULL),(127,'Which client statement reflects someone in the Preparation Stage?',11,780,NULL),(128,'Which client statement reflects someone in the Contemplation Stage?',11,783,NULL),(129,'Which client statement reflects someone in the Action Stage?',11,791,NULL),(130,'When met with client resistance it is best practice to:',11,795,NULL),(131,'Where does the counselor keep track of the client’s progress or lack of progress with treatment plan goals & objectives?',11,798,NULL),(132,'Therapist/counselors should demonstrate what qualities during treatment planning?',11,805,NULL),(133,'The treatment plan review aides in decision making in all of the following EXCEPT:',11,806,NULL),(134,'Progress notes must include:',11,825,NULL),(135,'The initial services authorization by insurance companies is determined by:',11,816,NULL),(136,'Treatment Planning begins:',11,829,NULL),(137,'The Initial Treatment Plan is used:',11,877,NULL),(138,'The Transtheorectical Model (TTM) is different from traditional treatment planning methods in the following way:',11,834,NULL),(139,'Identify what stage of motivational readiness to change corresponds with the following client statement: “I guess this is making my life difficult, but it’s just too hard to change.” ',11,839,NULL),(140,'Identify what stage of motivational readiness to change corresponds with the following client statement: “I’ve stopped gambling now for eight months and doing well with urges to  gamble.”',11,846,NULL),(141,'Identify what stage of motivational readiness to change corresponds with the following client statement: “I don’t have a problem with anger, it’s just because I’m depressed.”',11,848,NULL),(142,'It is not the severity or functioning that determines the treatment plan, but the diagnosis, preferably in DSM terms.\r\n',11,854,NULL),(143,'If a person is ambivalent, it is best to set the treatment plan goals for them.\r\n',11,856,NULL),(144,'The counselor’s role is to work collaboratively with the client when creating the treatment plan',11,857,NULL),(145,'If a client disagrees with your assessment or treatment plan recommendations, it is best to gently remind him or her that you are the professional and they are the client.',11,860,NULL),(146,'Progress Notes too often just document attendance at a session or compliance with treatment expectations, instead of specific information on response to treatment.',11,861,NULL),(147,'Goals should be written for the client as we know what is best for their recovery.',11,864,NULL),(148,'Clients should be encouraged to express their concerns with the treatment plan.',11,865,NULL),(149,'Clients in early stages of change need relapse prevention strategies.',11,867,NULL),(150,'Test',13,881,NULL),(151,'Please answer the following question based on the Case Study you reviewed previously: When prioritizing the following client\'s problems which of the following would come first',11,884,NULL),(161,'When a counselor is making a diagnosis they must use:',14,901,NULL),(162,'The first step in establishing a rapport with a possible admission / client is:',14,904,NULL),(163,'Which of the following will help the counselor establish a rapport with the client: ',14,911,NULL),(164,'During the screening process, a critical task that the counselor has is to:',14,916,NULL),(165,'Understanding previous treatment efforts are criteria related to: ',14,918,NULL),(166,'The primary purpose of the screening process is to:',14,923,NULL),(167,'One of the primary tasks of a counselor during the intake process is: ',14,927,NULL),(168,'Orientation primarily focuses on:',14,932,NULL),(169,'If the orientation process is neglected or incomplete a client may:',14,934,NULL),(170,'The assessment is:',14,938,NULL),(171,'Providing the client with information regarding program rules, and infractions that can lead to discharge, normally occurs during the:',14,943,NULL),(172,'During the intake, a counselor can expect to address all of the following issues EXCEPT:',14,948,NULL),(173,'Common barriers to the assessment process include all of the following except',14,951,NULL),(174,'When conducting an assessment, what is the counselor\'s primary focus?',14,953,NULL),(175,'Special populations are:',14,958,NULL),(176,'How many critical elements of effective treatment exist?',14,962,NULL),(179,'One of the five stages of a comprehensive assessment is:',14,981,NULL),(180,'Despite vast personality differences, virtually all substance abusers experience:',14,987,NULL),(181,'Which of the following are the key elements in recognizing drug use and abuse?',14,992,NULL),(182,'A 42-year-old male has just completed intake admission forms and is considered appropriate and eligible for treatment. Which step should occur next?',14,996,NULL),(183,'The completion of various forms, including releases of information, financial, and consent for treatment, happens during the client\'s:',14,997,NULL),(184,'Which of the following are commonly used chemical testing methods?',14,1001,NULL),(185,'A self-administered test requires:',14,1007,NULL),(186,'The description of the client\'s rights typically occurs during the:',14,1011,NULL),(187,'Before therapy or counseling begins, clients may be given information about the treatment they will receive, as well as possible risks involved. This process is known as:',14,1016,NULL),(188,'Treatment plan development is:',14,1018,NULL),(189,'Standardized assessment instruments:',14,1022,NULL),(190,'The treatment planning process includes an evaluation of an outcome of the referral. Which of the following statements is true?',14,1028,NULL),(191,'Client interventions may include:',14,1029,NULL),(193,'Based on the case study: What are the PRIMARY factors that made the client appropriate for this level of care?\r\n',14,1037,NULL),(194,'Based on the case study: Which of the following essential tasks was NOT completed during the client\'s intake process?\r\n',14,1044,NULL),(195,'Based on the case study: Which of the following client behaviors contributed the most to the counselor\'s development of the provisional diagnosis of alcohol dependency?\r\n',14,1047,NULL),(196,'Based on the case study: Which of the following essential orientation functions were NOT performed with this client?',14,1049,NULL),(197,'What are some of the barriers to assessment?',14,1054,NULL),(198,'A counselor’s attitude during Screening, Intake and Assessment should demonstrate:',14,1058,NULL),(199,'What is the difference between crisis and risk?',14,1063,NULL),(200,'In conducting an assessment, counselors must be skilled in:',14,1066,NULL),(201,'Define co-occurring disorders:',14,1072,NULL),(202,'When assessing a client with co-occurring disorders the counselor should:',14,1075,NULL),(203,'Risk of harm may be rated according to the following criteria:',14,1077,NULL),(204,'The screening process for COD helps determine:',14,1081,NULL),(205,'What is the best assessment tool for COD?',14,1088,NULL),(206,'The ideal integrated treatment plan for client with COD includes:',14,1092,NULL),(207,'When conducting an assessment with clients that have co-occurring disorders or substance use only disorder the counselor will:',14,1096,NULL),(208,'What does “No Wrong Door” refer to?',14,1099,NULL),(209,'A person-centered assessment is:',14,1102,NULL),(210,'During the assessment, what does being Trauma Sensitive include?',14,1105,NULL),(211,'What does the Four Quadrant model determine?',14,1112,NULL),(212,'Integrated treatment plans for COD should focus on:',14,1113,NULL),(213,'What is the primary use of the ASAM criteria?',14,1118,NULL),(214,'Dimension 3 of the ASAM focuses on all of the following except:',14,1122,NULL),(215,'Which 2 levels of care provide psychiatric capability in addition to substance abuse services?',14,1125,NULL),(216,'The LOCUS provides all except the following:',14,1132,NULL),(217,'What is the main difference between the ASAM and the LOCUS?',14,1134,NULL),(218,'Who can complete the LOCUS/CALOCUS?',14,1139,NULL),(219,'When conducting an assessment with a client who has co-occurring issues, the counselor:',14,1141,NULL),(220,'The LOCI-2R is designed to:',14,1146,NULL),(221,'It is appropriate to refer a client to another facility in the following cases except?',12,1149,NULL),(222,'John laments the fact that he is unable to get a job. He believes that if he had the skills to get a good job, it would help his substance abuse problem. As a counselor you should:',12,1160,NULL),(223,'Which is not an appropriate criterion, on its own, to be used for evaluating a facility before a referral?',12,1162,NULL),(224,'Which is true about a referral?',12,1165,NULL),(225,'Changes to the Treatment Plan Are:',12,1171,NULL),(226,'Dropping out of treatment:',12,1176,NULL),(227,'Which of the following is a good example of a counselor matching client needs to a referral?',12,1179,NULL),(228,'A potential client wants treatment for a heroin addiction. He is an Injected Drug User and may have been exposed to HIV and Hepatitis. Your best course of action would be to:',12,1185,NULL),(229,'Which of the following would be the first step in understanding a client’s needs:',12,1192,NULL),(230,'Service Coordination is:',12,1195,NULL),(231,'Service Coordination is made successful by all of the below EXCEPT:',12,1200,NULL),(232,'Which of the following are considered unethical behavior on the part of an addiction counselor?',12,1206,NULL),(233,'An initial evaluation of the centers to which clients are referred is important. How often should you re-evaluate referral facilities?',12,1208,NULL),(234,'Which of the following would not be considered an appropriate referral?',12,1212,NULL),(235,'A counselor’s treatment obligations include',12,1217,NULL),(236,'A client’s understanding of why a referral is made is:',12,1219,NULL),(237,'Sarah is now in her third stint in rehab. She enters your treatment center hoping for a different outcome. Which of the following is true?',12,1225,NULL),(238,'Successful Service Coordination Involves:',12,1229,NULL),(239,'Models of Case Management include all of the following except',12,1234,NULL),(240,'Primary Functions of Case Management include:',12,1236,NULL),(241,'In substance abuse treatment, case management provides all of the following except:',12,1241,NULL),(242,'Case Management aides in a client’s recovery by:',12,1246,NULL),(243,'The primary difference between treatment assessments and case management assessments is:',12,1248,NULL),(244,'The Stages of Change guide both treatment and case management.',12,1251,NULL),(245,'The concept of “friendly neighbors” involved:',12,1256,NULL),(246,'Deinstitutionalization of persons who were in long-term psychiatric care resulted in:',12,1258,NULL),(247,' Case management enhances treatment by:',12,1261,NULL),(248,'Historically, drug addicts were sent to where to “get help”',12,1266,NULL),(249,'In 1972 TASC began to:',12,1272,NULL),(250,'Consultation with other professionals benefits clients by:',12,1277,NULL),(251,'The referral process involves knowledge of community resources and:',12,1281,NULL),(252,'Case management with people with co-occurring disorders requires:',12,1284,NULL),(253,'Integrated Services is:',12,1286,NULL),(254,'An alternative to traditional case management is:',12,1290,NULL),(255,'Referral, Service Coordination, and Consultation are all part of:',12,1297,NULL),(256,'Which of the following does not pertain to Bio-Psycho-Social (B-P-S)?',15,1300,NULL),(257,'The most important criteria for client inclusion in group counseling is:',15,1303,NULL),(258,'Which of the following is the best way to communicate concern and caring for the client?',15,1306,NULL),(259,'During a session you notice that the client is getting progressively more agitated. You suspect a potential for violence unless something is done immediately. Your best course of action would be to:',15,1313,NULL),(260,'It is important to consider the attributes that a dependent individual brings from the special population he or she identifies with because:',15,1317,NULL),(261,'Chemical dependency effects people with varied personalities, cultures and lifestyles. To be effective in counseling these diverse populations, a counselor must:',15,1321,NULL),(262,'For the counselor, \"self-knowledge is important because:',15,1322,NULL),(264,'A counselor best communicates a non-judgmental attitude by:\r\n',15,1330,NULL),(265,'When developing treatment needs for any individual, a therapist must take into account how a person ________,	________, and ________ in order to effect\r\nchange.\r\n\r\n',15,1339,NULL),(266,'Orientation to group counseling should include:\r\n\r\n',15,1346,NULL),(267,'Which of the following is usually the counselor\'s least reliable source of information about a client\'s underlying feelings?\r\n\r\n',15,1349,NULL),(268,'A prerequisite for a counselor to enjoy a successful career in this field is:\r\n\r\n',15,1353,NULL),(269,'Which of the following is a potential pitfall for new counselors?\r\n\r\n',15,1359,NULL),(270,'Which of the following is typically not a good way for the counselor to establish trust?\r\n\r\n',15,1363,NULL),(271,'You have been working with a client in crisis and have successfully stabilized his condition. Your attention should now turn to:\r\n\r\n',15,1365,NULL),(272,'Prohibition caused the following to occur:\r\n\r\n',15,1370,NULL),(273,'A frequent mistake that being counselors make with clients is:\r\n\r\n',15,1375,NULL),(274,'Client: \"I don\'t think I\'m an alcoholic. I only drink been and never in the morning. But I\'ve been warned about how it\'s affecting my health.\" An open-ended response would be:',15,1376,NULL),(275,'Which of the following is not an adjustment the family makes to the problem of chemical dependency?',15,1383,NULL),(276,'Which of the following statements about dysfunctional families is true?',15,1386,NULL),(277,'A client tells a counselor that she is unhappy with the way her treatment is progressing. The counselor should:',15,1391,NULL),(278,'A key factor for counselors to consider is that in a counseling relationship, the counselor has differential power. One of the best safeguards is:\r\n',15,1392,NULL),(279,'Clients coming in for treatment carry with them both helpful and harmful expectations. Which of the following is a harmful client expectation?\r\n',15,1397,NULL),(280,'Joe has begun counseling, but has not stopped using. He tells his counselor that he feels \"it is useless to try to stop,\" and that \"sometimes life is not worth living.\" The counselor should:',15,1401,NULL),(281,'Sarah, a counselor in a drug treatment center, grew up in an alcoholic home and still has strained relationships. Which statement BEST describes Sarah\'s situation?',15,1404,NULL),(282,'Effective communication occurs in groups when:',15,1411,NULL),(283,'A single mother with 3 young children enters tells you about her drug use that she hasn\'t been home for several days and has left the 8 year old in charge. You:',15,1412,NULL),(284,'Record keeping is an important part of the counseling process. Which of the following best reflects the type of information which should be kept in a client\'s record?',15,1417,NULL),(285,'Which of the following is NOT a commonly used technique for crisis intervention?',15,1423,NULL),(286,'Which statement BEST describes how a counselor can avoid professional burnout?',15,1426,NULL),(287,'A client says to you, \"I am getting to like you very much and I\'d like us to get a lot closer.\" You should first:',15,1429,NULL),(288,'The initial stage of crisis intervention involves:',15,1434,NULL),(289,'The tendency of the family to try and maintain balance is called:',15,1438,NULL),(290,'Eric, discloses in group that he is homosexual. Another member of the group shifts in his seat and changes the subject. The facilitator\'s MOST appropriate response would be to:',15,1443,NULL),(291,'A major method of reinforcing the therapeutic alliance and spirit of collaboration between the client and the counselor is:',15,1445,NULL),(292,'When a client discloses suicidal thoughts, the counselor\'s first step is to:',15,1451,NULL),(293,'In a crisis interview with a client, you are MOST concerned with:',15,1455,NULL),(294,'You are having difficulty with a client early on in the case. The BEST thing for you to do is:',15,1459,NULL),(295,'The therapeutic reasoning for self-disclosure in group counseling is to:',15,1463,NULL),(296,'Which of the following is MOST helpful for counselors in defining their professional roles for counseling clients?',15,1465,NULL),(297,'The BEST way of dealing with individual needs in a group is to:',15,1468,NULL),(298,'The quality of counseling is directly related to the counselor\'s ability to:',15,1472,NULL),(299,'You begin working with a drinking alcoholic who recently had eight months of sobriety. He asks how he can stay sober. You respond by:',15,1479,NULL),(300,'Which term refers to a client\'s projecting past emotional feelings and/or attitudes onto the counselor?',15,1480,NULL),(301,'Which of the following responses would be helpful in establishing a therapeutic relationship with a client?',15,1486,NULL),(302,'A frequent client reaction during the termination phase of counseling is:',15,1489,NULL),(303,'Which of the following is the BEST example of a counselor setting limits with a client?',15,1494,NULL),(304,'The process of termination should be discussed:',15,1498,NULL),(305,'When counseling clients with co-occurring disorders what are the BEST techniques to incorporate in treatment sessions?',15,1500,NULL),(306,'Substance abuse counselors need to adopt brief treatment intervention in their counseling sessions. Which of the following is an evidence-based brief treatment therapeutic intervention?',15,1507,NULL),(307,'Defense Mechanisms are highlighted in which therapeutic approach?',15,1510,NULL),(308,'An important aspect of the Therapeutic Alliance is?',15,1515,NULL),(309,'The Stage Theory of Addiction Recovery includes which of the following?',15,1516,NULL),(310,'Within individual counseling the main role of the client is?',15,1521,NULL),(311,'Having a framework for individual counseling session provides?',15,1526,NULL),(312,'Rolling with Resistance is from which therapeutic intervention',15,1528,NULL),(313,'Which therapeutic intervention is recommended for counseling with COD clients?',15,1533,NULL),(314,'Which therapeutic intervention utilizes the miracle question?',15,1539,NULL),(315,'There is a direct co-relation between counselor burn-out and',15,1543,NULL),(316,'Casting the counselor in the role of a parent is known as?',15,1546,NULL),(317,'Many believe that confrontation in counseling should be done in an aggressive punitive manner; we now know that effective confrontation requires what from the counselor?',15,1551,NULL),(318,'In utilizing Reflection of Feeling, the counselor helps the client?',15,1553,NULL),(319,'One of the ways for a counselor to achieve an atmosphere of safety and trust is through?',15,1558,NULL),(320,'One of the basic principles of counseling is?',15,1561,NULL),(321,'To ensure counselors do NOT bring their own issues to their counseling practice counselors can?',15,1564,NULL),(322,'A best practices approach to counseling involves?',15,1571,NULL),(323,'Respecting client-counselor boundaries and interactions is showing an understanding of?',15,1572,NULL),(324,'If the counselor is in recovery themselves they should?',15,1579,NULL),(325,'The counselor’s level awareness operates in what ways?',15,1580,NULL),(326,'Multicultural counseling seeks to?',15,1584,NULL),(327,'To improve outcomes with a multicultural population the counselor must be sensitive to client’s?',15,1591,NULL),(328,'Counselor characteristics found to increase client’s motivation include?',15,1593,NULL),(329,'Experts refer to three stages of effective treatment for alcohol and drug problems. The first stage consists of medical-physical interventions, the second and third stages are:',18,1598,NULL),(330,'Which words best characterize the changes that occur in an alcohol or drug abuser’s relationship with family, friends, and society as a result of the substance abuse?',18,1604,NULL),(331,'The provision of information concerning alcohol and other drug abuse and the available services and resources, is termed:',18,1607,NULL),(332,'In 1985, the issue of AIDS was targeted as a top priority for training and assistance to:',18,1612,NULL),(333,'The MOST SIGNIFICANT barrier to effective treatment for alcohol and other drug abuse for single parents is lack of:',18,1617,NULL),(334,'The focus of intervention in the criminal justice system is first to:',18,1622,NULL),(335,'In order to fill gaps in services to minority clients, communities should include all of the following EXCEPT:\r\n',18,1626,NULL),(336,' ________ promotes recovery and enables the substance\r\nabuse client to fully integrate into society as a healthy, substance-free individual.\r\n\r\n',18,1631,NULL),(337,'In order to provide clients with updated information concerning addiction and recovery, the counselor must:\r\n\r\n',18,1633,NULL),(338,'Which of the following statements about dysfunctional families is TRUE?\r\n',18,1638,NULL),(339,'In a dysfunctional family system, the traditional role which the spouse plays is referred to as:',18,1642,NULL),(340,'In a dysfunctional family system, the role which the eldest child generally plays is referred to as:',18,1644,NULL),(341,'Client education is usually provided in all of the following ways, except:',18,1652,NULL),(342,'Which of the following is not an adjustment the family makes to the problem of chemical dependency?',18,1658,NULL),(343,'Substance abuse has impact on which of the following areas:',18,1663,NULL),(344,'Most people use drugs for the first time as a teenager, as per research, which 2 drugs are the most common for first time users:',18,1666,NULL),(345,'Times of transition can increase the risk of drug addiction, especially in adolescence, which of the following demonstrate life transitional issues:',18,1670,NULL),(346,'Which of the following are physical warning signs of addiction:',18,1673,NULL),(347,'Some signs of drug dependence are:',18,1682,NULL),(348,'What is the DSM 5 used for in addiction counseling?',18,1685,NULL),(349,'What is a specifier in the DSM 5?',18,1691,NULL),(350,'The DSM 5 reflects significant changes in diagnosing substance related issues. Which of the following reflects those diagnostic changes?',18,1695,NULL),(351,'What is SBIRT?',18,1702,NULL),(352,'What is an Evidence Based Practice?',18,1703,NULL),(353,'Which of the following is NOT a type of addiction treatment modality:',18,1709,NULL),(354,'Which of the following indicate a higher level of care may be needed for a client?',18,1716,NULL),(355,'Successful recovery for a client may include all of the following EXCEPT:',18,1719,NULL),(356,'Which of the following BEST describes risk factors for substance abuse?',18,1723,NULL),(357,'Which of the following BEST describe protective factors for substance abuse?',18,1732,NULL),(358,'Continuum of care refers to which of the following?',18,1735,NULL),(359,'Referring clients to 12-step meetings, faith-based programs or case management services is known as?',18,1741,NULL),(360,'Comprehensive services may include which of the following?',18,NULL,NULL),(361,'Using cocaine while pregnant can cause:',18,1749,NULL),(362,'Research indicates adolescents who use _________ before the age of 14 are more likely to experience substance dependence in their life?',18,1754,NULL),(363,'Prevention models focus on which of the following?',18,1762,NULL),(364,'The definition of protective factors include which of the following?',18,1764,NULL),(365,'Intervention is defined as what level of care?',18,1771,NULL),(366,'Early intervention services are delivered where?',18,1775,NULL),(367,'The community process known as SPF stands for:',18,1778,NULL),(368,'The early intervention approach SBIRT targets which of the following?',18,1786,NULL),(369,'The overall goal of overcoming codependency is:',18,1789,NULL),(370,'The dependent family system may exhibit which of the following?',18,NULL,NULL),(371,'Culturally competent recovery models include which of the following?',18,1802,NULL),(372,'One model of culturally competent addiction treatment is LEARN, an acronym that stands for which of the following?',18,1804,NULL),(373,'Risky behaviors related to substance abuse are linked to which of the following?',18,1843,NULL),(374,'What is Hepatitis?',18,1815,NULL),(375,'IV drug users are susceptible to which of the following?',18,1822,NULL),(376,'Life skills are most often taught through which method?',18,1823,NULL),(377,'Which life skills are the most commonly underdeveloped?',18,1831,NULL),(378,'Professional addiction counselors are ethically responsible to be:',18,1837,NULL),(379,'Which of the following drugs is not associated with physical withdrawal?',17,1847,NULL),(380,'It is important to consider the attributes that a dependent individual brings from the special population he or she identifies with because:',17,1852,NULL),(381,'The term \"freebasing\" refers to:',17,1858,NULL),(382,'Substances which can alter the normal course of body functions, including thoughts, moods and emotions are called:',17,1861,NULL),(383,'The majority of Americans use drugs to:',17,1867,NULL),(384,'As an alcoholic\'s or addict\'s chemical use progresses, he/she:',17,1873,NULL),(385,'The use of a drug in some socially prescribed fashion is referred to as:',17,1874,NULL),(386,'Which of the following terms refers to a mental condition of relatively short duration?',17,1880,NULL),(387,'Misuse would be:',17,1885,NULL),(388,'Narcotic drugs:',17,1893,NULL),(389,'Which of the following symptoms indicates a strong need for inpatient care?',17,1898,NULL),(390,'Approximately 10 to 11 % of Americans will likely experience a serious\r\ndrug problem with:\r\n',17,1901,NULL),(391,'Which of the following terms refers to a mental condition of relatively long duration?',17,1908,NULL),(392,'A synthetic narcotic drug that is used for heroin treatment, is long lasting, and eliminates the need for a patient to take medication at home is:',17,1912,NULL),(393,'It is said that the family of a chemically dependent individual is often as sick as the dependent person. Which of the following is an example of the physical problems the family may suffer?',17,1919,NULL),(394,'Which of the following will most likely influence one\'s tendency to become an alcoholic?',17,1926,NULL),(395,'A long-term effect of alcohol consumption that is one of the top ten causes of death in America is:',17,1932,NULL),(396,'Which of the following is a sign of potential relapse?',17,1937,NULL),(397,'The term “late-onset” as it applies to chemical dependency refers to:',17,1943,NULL),(398,'The neurotransmitter associated with arousal and moods is:',17,1950,NULL),(399,'According to the DSM V, all of the following are criteria for psychoactive substance disorders EXCEPT:',17,1952,NULL),(400,'In determining whether a chemically dependent patient should be treated in an inpatient or outpatient program, all of the following should be considered EXCEPT:',17,1956,NULL),(401,'Alcohol decreases resistance to HIV infection by:',17,1959,NULL),(402,'A client is in the ER with pupils dilated; gooseflesh; lacrimation; muscle jerks; flu syndrome; vomiting; diarrhea; nervousness; yawning; and severe anxiety. You conclude client is withdrawing from:',17,1965,NULL),(403,'Relapse prevention efforts are aimed at:',17,1969,NULL),(404,'______ promotes recovery and enables the substance\r\nabuse client to fully integrate into society as a healthy, substance-free individual.\r\n',17,1974,NULL),(405,'Which of the following is the BEST indicator if an individual is physically dependent upon alcohol or another drug?\r\n',17,1977,NULL),(406,'While taking an alcohol drug history, which of the following is a good clue to alcohol addiction?',17,1979,NULL),(407,'All of the following statements about the effects of alcohol abuse on the body are true EXCEPT:',17,1984,NULL),(408,'In order to provide clients with updated information concerning addiction and recovery, the counselor must:',17,1988,NULL),(409,'The medical definition of addiction includes all of the following EXCEPT?',17,1994,NULL),(410,'According to the DSM V the symptoms associated with a substance use disorder fall into all of the major groupings listed below EXCEPT?',17,1998,NULL),(411,'Dopamine is a neurotransmitter that produces the effect of?',17,2004,NULL);

--
-- Table structure for table `response`
--

CREATE TABLE `response` (
  `id` int(11) NOT NULL AUTO_INCREMENT,
  `user_id` int(11) unsigned NOT NULL,
  `question_id` int(11) unsigned NOT NULL,
  `course_id` int(11) unsigned NOT NULL,
  `response` varchar(60) NOT NULL,
  `attempt` int(11) NOT NULL,
  `correct` int(11) DEFAULT NULL,
  PRIMARY KEY (`id`),
  KEY `user_id` (`user_id`,`question_id`,`course_id`),
  KEY `question_id` (`question_id`),
  KEY `test_id` (`course_id`),
  KEY `response` (`response`),
  CONSTRAINT `response_ibfk_2` FOREIGN KEY (`user_id`) REFERENCES `user` (`id`) ON DELETE CASCADE ON UPDATE NO ACTION,
  CONSTRAINT `response_ibfk_4` FOREIGN KEY (`course_id`) REFERENCES `course` (`id`) ON DELETE CASCADE ON UPDATE NO ACTION
) ENGINE=InnoDB AUTO_INCREMENT=1310 DEFAULT CHARSET=utf8;

--
-- Dumping data for table `response`
--

INSERT INTO `response` VALUES (158,10,53,4,'296',1,1),(159,10,54,4,'297',1,1),(160,10,55,4,'299',1,NULL),(161,10,56,4,'301',1,1),(162,10,57,4,'313',1,NULL),(163,10,58,4,'310',1,NULL),(164,10,59,4,'320',1,1),(165,10,60,4,'325',1,1),(166,10,61,4,'321',1,NULL),(167,10,62,4,'327',1,1),(168,10,63,4,'329',1,NULL),(169,10,64,4,'333',1,1),(170,10,65,4,'337',1,NULL),(171,10,82,4,'343',1,1),(172,10,83,4,'347',1,1),(241,12,53,4,'296',1,1),(242,12,54,4,'449',1,1),(243,12,55,4,'300',1,1),(244,12,57,4,'452',1,1),(245,12,58,4,'413',1,NULL),(246,12,59,4,'419',1,1),(247,12,60,4,'325',1,1),(248,12,61,4,'424',1,NULL),(249,12,62,4,'327',1,1),(250,12,63,4,'331',1,1),(251,12,64,4,'333',1,1),(252,12,65,4,'458',1,1),(253,12,82,4,'343',1,1),(254,12,83,4,'347',1,1),(255,12,85,4,'459',1,1),(256,12,26,3,'80',1,NULL),(257,12,27,3,'84',1,NULL),(258,12,28,3,'88',1,NULL),(259,12,29,3,'92',1,NULL),(260,12,31,3,'101',1,NULL),(261,12,32,3,'104',1,NULL),(262,12,33,3,'108',1,NULL),(263,12,34,3,'112',1,NULL),(264,12,35,3,'430',1,1),(265,12,36,3,'122',1,NULL),(266,12,37,3,'124',1,NULL),(267,12,38,3,'130',1,NULL),(268,12,39,3,'134',1,NULL),(269,12,40,3,'136',1,NULL),(270,12,41,3,'141',1,NULL),(271,12,47,3,'150',1,NULL),(272,12,49,3,'436',1,NULL),(273,15,53,4,'296',1,1),(274,15,54,4,'449',1,1),(275,15,55,4,'300',1,1),(276,15,57,4,'452',1,1),(277,15,58,4,'414',1,1),(278,15,59,4,'419',1,1),(279,15,60,4,'325',1,1),(280,15,61,4,'425',1,1),(281,15,62,4,'327',1,1),(282,15,63,4,'331',1,1),(283,15,64,4,'333',1,1),(284,15,65,4,'458',1,1),(285,15,82,4,'343',1,1),(286,15,83,4,'347',1,1),(287,15,85,4,'459',1,1),(288,15,53,4,'296',2,1),(289,15,54,4,'449',2,1),(290,15,55,4,'300',2,1),(291,15,57,4,'452',2,1),(292,15,58,4,'414',2,1),(293,15,59,4,'419',2,1),(294,15,60,4,'325',2,1),(295,15,61,4,'425',2,1),(296,15,62,4,'327',2,1),(297,15,63,4,'331',2,1),(298,15,64,4,'333',2,1),(299,15,65,4,'458',2,1),(300,15,82,4,'343',2,1),(301,15,83,4,'347',2,1),(302,15,85,4,'459',2,1),(303,18,53,4,'296',1,1),(304,18,54,4,'449',1,1),(305,18,55,4,'299',1,NULL),(306,18,57,4,'452',1,1),(307,18,58,4,'414',1,1),(308,18,59,4,'419',1,1),(309,18,60,4,'325',1,1),(310,18,61,4,'425',1,1),(311,18,62,4,'327',1,1),(312,18,63,4,'331',1,1),(313,18,64,4,'333',1,1),(314,18,65,4,'455',1,NULL),(315,18,82,4,'343',1,1),(316,18,83,4,'347',1,1),(317,18,85,4,'459',1,1),(318,19,53,4,'296',1,1),(319,19,54,4,'449',1,1),(320,19,55,4,'300',1,1),(321,19,57,4,'452',1,1),(322,19,58,4,'414',1,1),(323,19,59,4,'419',1,1),(324,19,60,4,'325',1,1),(325,19,61,4,'425',1,1),(326,19,62,4,'327',1,1),(327,19,63,4,'329',1,NULL),(328,19,64,4,'333',1,1),(329,19,65,4,'458',1,1),(330,19,82,4,'343',1,1),(331,19,83,4,'347',1,1),(332,19,85,4,'459',1,1),(333,20,53,4,'296',1,1),(334,20,54,4,'449',1,1),(335,20,55,4,'300',1,1),(336,20,57,4,'452',1,1),(337,20,58,4,'413',1,NULL),(338,20,59,4,'419',1,1),(339,20,60,4,'325',1,1),(340,20,61,4,'424',1,NULL),(341,20,62,4,'327',1,1),(342,20,63,4,'331',1,1),(343,20,64,4,'333',1,1),(344,20,65,4,'458',1,1),(345,20,82,4,'343',1,1),(346,20,83,4,'347',1,1),(347,20,85,4,'459',1,1),(348,21,53,4,'296',1,1),(349,21,54,4,'449',1,1),(350,21,55,4,'300',1,1),(351,21,57,4,'452',1,1),(352,21,58,4,'414',1,1),(353,21,59,4,'419',1,1),(354,21,60,4,'325',1,1),(355,21,61,4,'425',1,1),(356,21,62,4,'327',1,1),(357,21,63,4,'332',1,NULL),(358,21,64,4,'333',1,1),(359,21,65,4,'455',1,NULL),(360,21,82,4,'343',1,1),(361,21,83,4,'347',1,1),(362,21,85,4,'459',1,1),(363,22,53,4,'296',1,1),(364,22,54,4,'450',1,NULL),(365,22,55,4,'300',1,1),(366,22,57,4,'452',1,1),(367,22,58,4,'414',1,1),(368,22,59,4,'419',1,1),(369,22,60,4,'325',1,1),(370,22,61,4,'425',1,1),(371,22,62,4,'327',1,1),(372,22,63,4,'330',1,NULL),(373,22,64,4,'333',1,1),(374,22,65,4,'458',1,1),(375,22,82,4,'339',1,NULL),(376,22,83,4,'347',1,1),(377,22,85,4,'459',1,1),(378,23,53,4,'296',1,1),(379,23,54,4,'449',1,1),(380,23,55,4,'300',1,1),(381,23,57,4,'452',1,1),(382,23,58,4,'414',1,1),(383,23,59,4,'419',1,1),(384,23,60,4,'325',1,1),(385,23,61,4,'425',1,1),(386,23,62,4,'327',1,1),(387,23,63,4,'331',1,1),(388,23,64,4,'333',1,1),(389,23,65,4,'458',1,1),(390,23,82,4,'343',1,1),(391,23,83,4,'347',1,1),(392,23,85,4,'459',1,1),(393,25,53,4,'296',1,1),(394,25,54,4,'449',1,1),(395,25,55,4,'299',1,NULL),(396,25,57,4,'452',1,1),(397,25,58,4,'414',1,1),(398,25,59,4,'419',1,1),(399,25,60,4,'325',1,1),(400,25,61,4,'425',1,1),(401,25,62,4,'327',1,1),(402,25,63,4,'331',1,1),(403,25,64,4,'333',1,1),(404,25,65,4,'458',1,1),(405,25,82,4,'343',1,1),(406,25,83,4,'347',1,1),(407,25,85,4,'459',1,1),(408,27,53,4,'296',1,1),(409,27,54,4,'449',1,1),(410,27,55,4,'300',1,1),(411,27,57,4,'452',1,1),(412,27,58,4,'414',1,1),(413,27,59,4,'419',1,1),(414,27,60,4,'325',1,1),(415,27,61,4,'423',1,NULL),(416,27,62,4,'327',1,1),(417,27,63,4,'331',1,1),(418,27,64,4,'333',1,1),(419,27,65,4,'455',1,NULL),(420,27,82,4,'343',1,1),(421,27,83,4,'347',1,1),(422,27,85,4,'459',1,1),(423,27,26,3,'80',1,NULL),(424,27,27,3,'84',1,NULL),(425,27,28,3,'88',1,NULL),(426,27,29,3,'92',1,NULL),(427,27,30,3,'96',1,NULL),(428,27,31,3,'101',1,NULL),(429,27,32,3,'104',1,NULL),(430,27,33,3,'108',1,NULL),(431,27,34,3,'112',1,NULL),(432,27,35,3,'430',1,1),(433,27,36,3,'121',1,NULL),(434,27,37,3,'124',1,NULL),(435,27,38,3,'130',1,NULL),(436,27,39,3,'134',1,NULL),(437,27,40,3,'137',1,NULL),(438,27,41,3,'143',1,NULL),(439,27,47,3,'150',1,NULL),(440,27,48,3,'435',1,1),(441,27,49,3,'441',1,1),(442,27,26,3,'80',2,NULL),(443,27,27,3,'84',2,NULL),(444,27,28,3,'88',2,NULL),(445,27,29,3,'92',2,NULL),(446,27,30,3,'96',2,NULL),(447,27,31,3,'101',2,NULL),(448,27,32,3,'104',2,NULL),(449,27,33,3,'108',2,NULL),(450,27,34,3,'112',2,NULL),(451,27,35,3,'430',2,1),(452,27,36,3,'121',2,NULL),(453,27,37,3,'124',2,NULL),(454,27,38,3,'130',2,NULL),(455,27,39,3,'134',2,NULL),(456,27,40,3,'137',2,NULL),(457,27,41,3,'143',2,NULL),(458,27,47,3,'150',2,NULL),(459,27,48,3,'432',2,NULL),(460,27,49,3,'441',2,1),(461,27,26,3,'81',3,NULL),(462,27,27,3,'85',3,NULL),(463,27,28,3,'89',3,NULL),(464,27,29,3,'92',3,NULL),(465,27,30,3,'96',3,NULL),(466,27,31,3,'101',3,NULL),(467,27,32,3,'105',3,NULL),(468,27,33,3,'109',3,NULL),(469,27,34,3,'112',3,NULL),(470,27,35,3,'430',3,1),(471,27,36,3,'121',3,NULL),(472,27,37,3,'124',3,NULL),(473,27,38,3,'130',3,NULL),(474,27,39,3,'134',3,NULL),(475,27,40,3,'137',3,NULL),(476,27,41,3,'143',3,NULL),(477,27,47,3,'148',3,NULL),(478,27,48,3,'432',3,NULL),(479,27,49,3,'441',3,1),(480,27,26,3,'81',4,NULL),(481,27,27,3,'85',4,NULL),(482,27,28,3,'89',4,NULL),(483,27,29,3,'93',4,NULL),(484,27,30,3,'97',4,NULL),(485,27,31,3,'101',4,NULL),(486,27,32,3,'105',4,NULL),(487,27,33,3,'109',4,NULL),(488,27,34,3,'113',4,NULL),(489,27,35,3,'430',4,1),(490,27,36,3,'120',4,NULL),(491,27,37,3,'124',4,NULL),(492,27,38,3,'130',4,NULL),(493,27,39,3,'134',4,NULL),(494,27,40,3,'137',4,NULL),(495,27,41,3,'143',4,NULL),(496,27,47,3,'148',4,NULL),(497,27,48,3,'432',4,NULL),(498,27,49,3,'441',4,1),(499,28,53,4,'296',1,1),(500,28,54,4,'449',1,1),(501,28,55,4,'299',1,NULL),(502,28,57,4,'452',1,1),(503,28,58,4,'413',1,NULL),(504,28,59,4,'419',1,1),(505,28,60,4,'325',1,1),(506,28,61,4,'425',1,1),(507,28,62,4,'328',1,NULL),(508,28,63,4,'331',1,1),(509,28,64,4,'333',1,1),(510,28,65,4,'458',1,1),(511,28,82,4,'343',1,1),(512,28,83,4,'347',1,1),(513,28,85,4,'459',1,1),(514,28,53,4,'296',2,1),(515,28,54,4,'449',2,1),(516,28,55,4,'299',2,NULL),(517,28,57,4,'452',2,1),(518,28,58,4,'413',2,NULL),(519,28,59,4,'419',2,1),(520,28,60,4,'325',2,1),(521,28,61,4,'425',2,1),(522,28,62,4,'328',2,NULL),(523,28,63,4,'331',2,1),(524,28,64,4,'333',2,1),(525,28,65,4,'458',2,1),(526,28,82,4,'343',2,1),(527,28,83,4,'347',2,1),(528,28,85,4,'459',2,1),(529,26,53,4,'296',1,1),(530,26,54,4,'449',1,1),(531,26,55,4,'300',1,1),(532,26,57,4,'452',1,1),(533,26,58,4,'414',1,1),(534,26,59,4,'419',1,1),(535,26,60,4,'325',1,1),(536,26,61,4,'425',1,1),(537,26,62,4,'327',1,1),(538,26,63,4,'331',1,1),(539,26,64,4,'333',1,1),(540,26,65,4,'458',1,1),(541,26,82,4,'343',1,1),(542,26,83,4,'347',1,1),(543,26,85,4,'459',1,1),(544,30,53,4,'296',1,1),(545,30,54,4,'449',1,1),(546,30,55,4,'299',1,NULL),(547,30,57,4,'452',1,1),(548,30,58,4,'414',1,1),(549,30,59,4,'419',1,1),(550,30,60,4,'325',1,1),(551,30,61,4,'425',1,1),(552,30,62,4,'327',1,1),(553,30,63,4,'331',1,1),(554,30,64,4,'333',1,1),(555,30,65,4,'458',1,1),(556,30,82,4,'343',1,1),(557,30,83,4,'347',1,1),(558,30,85,4,'459',1,1),(559,30,53,4,'296',2,1),(560,30,54,4,'449',2,1),(561,30,55,4,'299',2,NULL),(562,30,57,4,'452',2,1),(563,30,58,4,'414',2,1),(564,30,59,4,'419',2,1),(565,30,60,4,'325',2,1),(566,30,61,4,'425',2,1),(567,30,62,4,'327',2,1),(568,30,63,4,'331',2,1),(569,30,64,4,'333',2,1),(570,30,65,4,'458',2,1),(571,30,82,4,'343',2,1),(572,30,83,4,'347',2,1),(573,30,85,4,'459',2,1),(574,30,53,4,'296',3,1),(575,30,54,4,'449',3,1),(576,30,55,4,'299',3,NULL),(577,30,57,4,'452',3,1),(578,30,58,4,'414',3,1),(579,30,59,4,'419',3,1),(580,30,60,4,'325',3,1),(581,30,61,4,'425',3,1),(582,30,62,4,'327',3,1),(583,30,63,4,'331',3,1),(584,30,64,4,'333',3,1),(585,30,65,4,'458',3,1),(586,30,82,4,'343',3,1),(587,30,83,4,'347',3,1),(588,30,85,4,'459',3,1),(589,30,53,4,'296',4,1),(590,30,54,4,'449',4,1),(591,30,55,4,'299',4,NULL),(592,30,57,4,'452',4,1),(593,30,58,4,'414',4,1),(594,30,59,4,'419',4,1),(595,30,60,4,'325',4,1),(596,30,61,4,'425',4,1),(597,30,62,4,'327',4,1),(598,30,63,4,'331',4,1),(599,30,64,4,'333',4,1),(600,30,65,4,'458',4,1),(601,30,82,4,'343',4,1),(602,30,83,4,'347',4,1),(603,30,85,4,'459',4,1),(604,30,53,4,'296',5,1),(605,30,54,4,'449',5,1),(606,30,55,4,'299',5,NULL),(607,30,57,4,'452',5,1),(608,30,58,4,'414',5,1),(609,30,59,4,'419',5,1),(610,30,60,4,'325',5,1),(611,30,61,4,'425',5,1),(612,30,62,4,'327',5,1),(613,30,63,4,'331',5,1),(614,30,64,4,'333',5,1),(615,30,65,4,'458',5,1),(616,30,82,4,'343',5,1),(617,30,83,4,'347',5,1),(618,30,85,4,'459',5,1),(619,30,53,4,'296',6,1),(620,30,54,4,'449',6,1),(621,30,55,4,'299',6,NULL),(622,30,57,4,'452',6,1),(623,30,58,4,'414',6,1),(624,30,59,4,'419',6,1),(625,30,60,4,'325',6,1),(626,30,61,4,'425',6,1),(627,30,62,4,'327',6,1),(628,30,63,4,'331',6,1),(629,30,64,4,'333',6,1),(630,30,65,4,'458',6,1),(631,30,82,4,'343',6,1),(632,30,83,4,'347',6,1),(633,30,85,4,'459',6,1),(634,30,53,4,'296',7,1),(635,30,54,4,'449',7,1),(636,30,55,4,'299',7,NULL),(637,30,57,4,'452',7,1),(638,30,58,4,'414',7,1),(639,30,59,4,'419',7,1),(640,30,60,4,'325',7,1),(641,30,61,4,'425',7,1),(642,30,62,4,'327',7,1),(643,30,63,4,'331',7,1),(644,30,64,4,'333',7,1),(645,30,65,4,'458',7,1),(646,30,82,4,'343',7,1),(647,30,83,4,'347',7,1),(648,30,85,4,'459',7,1),(649,30,53,4,'296',8,1),(650,30,54,4,'449',8,1),(651,30,55,4,'299',8,NULL),(652,30,57,4,'452',8,1),(653,30,58,4,'414',8,1),(654,30,59,4,'419',8,1),(655,30,60,4,'325',8,1),(656,30,61,4,'425',8,1),(657,30,62,4,'327',8,1),(658,30,63,4,'331',8,1),(659,30,64,4,'333',8,1),(660,30,65,4,'458',8,1),(661,30,82,4,'343',8,1),(662,30,83,4,'347',8,1),(663,30,85,4,'459',8,1),(664,30,53,4,'296',9,1),(665,30,54,4,'449',9,1),(666,30,55,4,'299',9,NULL),(667,30,57,4,'452',9,1),(668,30,58,4,'414',9,1),(669,30,59,4,'419',9,1),(670,30,60,4,'325',9,1),(671,30,61,4,'425',9,1),(672,30,62,4,'327',9,1),(673,30,63,4,'331',9,1),(674,30,64,4,'333',9,1),(675,30,65,4,'458',9,1),(676,30,82,4,'343',9,1),(677,30,83,4,'347',9,1),(678,30,85,4,'459',9,1),(679,30,53,4,'296',10,1),(680,30,54,4,'449',10,1),(681,30,55,4,'299',10,NULL),(682,30,57,4,'452',10,1),(683,30,58,4,'414',10,1),(684,30,59,4,'419',10,1),(685,30,60,4,'325',10,1),(686,30,61,4,'425',10,1),(687,30,62,4,'327',10,1),(688,30,63,4,'331',10,1),(689,30,64,4,'333',10,1),(690,30,65,4,'458',10,1),(691,30,82,4,'343',10,1),(692,30,83,4,'347',10,1),(693,30,85,4,'459',10,1),(694,30,53,4,'296',11,1),(695,30,54,4,'449',11,1),(696,30,55,4,'299',11,NULL),(697,30,57,4,'452',11,1),(698,30,58,4,'414',11,1),(699,30,59,4,'419',11,1),(700,30,60,4,'325',11,1),(701,30,61,4,'425',11,1),(702,30,62,4,'327',11,1),(703,30,63,4,'331',11,1),(704,30,64,4,'333',11,1),(705,30,65,4,'458',11,1),(706,30,82,4,'343',11,1),(707,30,83,4,'347',11,1),(708,30,85,4,'459',11,1),(709,30,53,4,'296',12,1),(710,30,54,4,'449',12,1),(711,30,55,4,'299',12,NULL),(712,30,57,4,'452',12,1),(713,30,58,4,'414',12,1),(714,30,59,4,'419',12,1),(715,30,60,4,'325',12,1),(716,30,61,4,'425',12,1),(717,30,62,4,'327',12,1),(718,30,63,4,'331',12,1),(719,30,64,4,'333',12,1),(720,30,65,4,'458',12,1),(721,30,82,4,'343',12,1),(722,30,83,4,'347',12,1),(723,30,85,4,'459',12,1),(724,30,53,4,'296',13,1),(725,30,54,4,'449',13,1),(726,30,55,4,'299',13,NULL),(727,30,57,4,'452',13,1),(728,30,58,4,'414',13,1),(729,30,59,4,'419',13,1),(730,30,60,4,'325',13,1),(731,30,61,4,'425',13,1),(732,30,62,4,'327',13,1),(733,30,63,4,'331',13,1),(734,30,64,4,'333',13,1),(735,30,65,4,'458',13,1),(736,30,82,4,'343',13,1),(737,30,83,4,'347',13,1),(738,30,85,4,'459',13,1),(739,32,53,4,'296',1,1),(740,32,54,4,'449',1,1),(741,32,55,4,'300',1,1),(742,32,57,4,'452',1,1),(743,32,59,4,'419',1,1),(744,32,60,4,'325',1,1),(745,32,61,4,'425',1,1),(746,32,62,4,'327',1,1),(747,32,63,4,'331',1,1),(748,32,64,4,'333',1,1),(749,32,65,4,'458',1,1),(750,32,82,4,'343',1,1),(751,32,83,4,'347',1,1),(752,32,85,4,'459',1,1),(753,31,53,4,'296',1,1),(754,31,54,4,'449',1,1),(755,31,55,4,'299',1,NULL),(756,31,57,4,'452',1,1),(757,31,58,4,'410',1,NULL),(758,31,59,4,'419',1,1),(759,31,60,4,'325',1,1),(760,31,61,4,'423',1,NULL),(761,31,62,4,'327',1,1),(762,31,63,4,'331',1,1),(763,31,64,4,'333',1,1),(764,31,65,4,'458',1,1),(765,31,82,4,'343',1,1),(766,31,83,4,'347',1,1),(767,31,85,4,'459',1,1),(768,33,53,4,'296',1,1),(769,33,54,4,'449',1,1),(770,33,55,4,'300',1,1),(771,33,57,4,'452',1,1),(772,33,58,4,'414',1,1),(773,33,59,4,'419',1,1),(774,33,60,4,'325',1,1),(775,33,61,4,'423',1,NULL),(776,33,62,4,'327',1,1),(777,33,63,4,'331',1,1),(778,33,64,4,'333',1,1),(779,33,65,4,'458',1,1),(780,33,82,4,'343',1,1),(781,33,83,4,'347',1,1),(782,33,85,4,'459',1,1),(783,34,53,4,'296',1,1),(784,34,54,4,'449',1,1),(785,34,55,4,'300',1,1),(786,34,57,4,'452',1,1),(787,34,58,4,'414',1,1),(788,34,59,4,'419',1,1),(789,34,60,4,'325',1,1),(790,34,61,4,'423',1,NULL),(791,34,62,4,'327',1,1),(792,34,63,4,'332',1,NULL),(793,34,64,4,'333',1,1),(794,34,65,4,'458',1,1),(795,34,82,4,'343',1,1),(796,34,83,4,'347',1,1),(797,34,85,4,'459',1,1),(798,29,53,4,'296',1,1),(799,29,54,4,'449',1,1),(800,29,55,4,'300',1,1),(801,29,57,4,'452',1,1),(802,29,58,4,'414',1,1),(803,29,59,4,'419',1,1),(804,29,60,4,'325',1,1),(805,29,61,4,'425',1,1),(806,29,62,4,'327',1,1),(807,29,63,4,'331',1,1),(808,29,64,4,'333',1,1),(809,29,65,4,'455',1,NULL),(810,29,82,4,'343',1,1),(811,29,83,4,'347',1,1),(812,29,85,4,'459',1,1),(813,10,26,3,'80',1,NULL),(814,10,27,3,'84',1,NULL),(815,10,28,3,'88',1,NULL),(816,10,29,3,'92',1,NULL),(817,10,30,3,'96',1,NULL),(818,10,31,3,'101',1,NULL),(819,10,32,3,'104',1,NULL),(820,10,33,3,'108',1,NULL),(821,10,34,3,'112',1,NULL),(822,10,35,3,'430',1,1),(823,10,36,3,'121',1,NULL),(824,10,37,3,'124',1,NULL),(825,10,38,3,'130',1,NULL),(826,10,39,3,'134',1,NULL),(827,10,40,3,'137',1,NULL),(828,10,41,3,'141',1,NULL),(829,10,47,3,'150',1,NULL),(830,10,48,3,'435',1,1),(831,10,49,3,'441',1,1),(832,10,26,3,'463',2,1),(833,10,27,3,'465',2,1),(834,10,28,3,'467',2,1),(835,10,29,3,'469',2,1),(836,10,30,3,'471',2,1),(837,10,31,3,'474',2,1),(838,10,32,3,'475',2,1),(839,10,33,3,'477',2,1),(840,10,34,3,'479',2,1),(841,10,35,3,'485',2,1),(842,10,36,3,'487',2,1),(843,10,37,3,'490',2,1),(844,10,38,3,'500',2,1),(845,10,39,3,'508',2,1),(846,10,40,3,'511',2,1),(847,10,41,3,'515',2,1),(848,10,42,3,'518',2,1),(849,10,47,3,'521',2,1),(850,10,48,3,'526',2,1),(851,10,49,3,'532',2,1),(852,35,53,4,'296',1,1),(853,35,54,4,'449',1,1),(854,35,55,4,'300',1,1),(855,35,57,4,'452',1,1),(856,35,58,4,'414',1,1),(857,35,59,4,'419',1,1),(858,35,60,4,'325',1,1),(859,35,61,4,'425',1,1),(860,35,62,4,'327',1,1),(861,35,63,4,'331',1,1),(862,35,64,4,'333',1,1),(863,35,65,4,'458',1,1),(864,35,82,4,'343',1,1),(865,35,83,4,'347',1,1),(866,35,85,4,'459',1,1),(867,36,53,4,'296',1,1),(868,36,54,4,'449',1,1),(869,36,55,4,'300',1,1),(870,36,57,4,'452',1,1),(871,36,58,4,'413',1,NULL),(872,36,59,4,'419',1,1),(873,36,60,4,'325',1,1),(874,36,61,4,'425',1,1),(875,36,62,4,'327',1,1),(876,36,63,4,'331',1,1),(877,36,64,4,'333',1,1),(878,36,65,4,'458',1,1),(879,36,82,4,'343',1,1),(880,36,83,4,'347',1,1),(881,36,85,4,'459',1,1),(882,37,53,4,'296',1,1),(883,37,54,4,'449',1,1),(884,37,55,4,'300',1,1),(885,37,57,4,'452',1,1),(886,37,58,4,'413',1,NULL),(887,37,59,4,'419',1,1),(888,37,60,4,'325',1,1),(889,37,61,4,'423',1,NULL),(890,37,62,4,'327',1,1),(891,37,63,4,'331',1,1),(892,37,64,4,'333',1,1),(893,37,65,4,'455',1,NULL),(894,37,82,4,'343',1,1),(895,37,83,4,'347',1,1),(896,37,85,4,'459',1,1),(897,24,53,4,'296',1,1),(898,24,54,4,'449',1,1),(899,24,55,4,'300',1,1),(900,24,57,4,'452',1,1),(901,24,58,4,'414',1,1),(902,24,59,4,'419',1,1),(903,24,60,4,'325',1,1),(904,24,61,4,'425',1,1),(905,24,62,4,'327',1,1),(906,24,63,4,'329',1,NULL),(907,24,64,4,'333',1,1),(908,24,65,4,'455',1,NULL),(909,24,82,4,'343',1,1),(910,24,83,4,'347',1,1),(911,24,85,4,'459',1,1),(912,38,53,4,'296',1,1),(913,38,54,4,'449',1,1),(914,38,55,4,'299',1,NULL),(915,38,57,4,'452',1,1),(916,38,58,4,'413',1,NULL),(917,38,59,4,'419',1,1),(918,38,60,4,'325',1,1),(919,38,61,4,'425',1,1),(920,38,62,4,'327',1,1),(921,38,63,4,'330',1,NULL),(922,38,64,4,'333',1,1),(923,38,65,4,'458',1,1),(924,38,82,4,'343',1,1),(925,38,83,4,'347',1,1),(926,38,85,4,'459',1,1),(927,39,53,4,'296',1,1),(928,39,54,4,'449',1,1),(929,39,55,4,'299',1,NULL),(930,39,57,4,'452',1,1),(931,39,58,4,'414',1,1),(932,39,59,4,'419',1,1),(933,39,60,4,'325',1,1),(934,39,61,4,'425',1,1),(935,39,62,4,'327',1,1),(936,39,63,4,'331',1,1),(937,39,64,4,'333',1,1),(938,39,65,4,'458',1,1),(939,39,82,4,'343',1,1),(940,39,83,4,'347',1,1),(941,39,85,4,'459',1,1),(942,40,53,4,'295',1,NULL),(943,40,54,4,'449',1,1),(944,40,55,4,'299',1,NULL),(945,40,57,4,'452',1,1),(946,40,58,4,'414',1,1),(947,40,59,4,'419',1,1),(948,40,60,4,'325',1,1),(949,40,61,4,'425',1,1),(950,40,62,4,'327',1,1),(951,40,63,4,'331',1,1),(952,40,64,4,'333',1,1),(953,40,65,4,'458',1,1),(954,40,82,4,'343',1,1),(955,40,83,4,'347',1,1),(956,40,85,4,'459',1,1),(957,41,53,4,'296',1,1),(958,41,54,4,'449',1,1),(959,41,55,4,'300',1,1),(960,41,57,4,'452',1,1),(961,41,58,4,'414',1,1),(962,41,59,4,'419',1,1),(963,41,60,4,'325',1,1),(964,41,61,4,'423',1,NULL),(965,41,62,4,'327',1,1),(966,41,63,4,'331',1,1),(967,41,64,4,'333',1,1),(968,41,65,4,'458',1,1),(969,41,82,4,'343',1,1),(970,41,83,4,'347',1,1),(971,41,85,4,'459',1,1),(972,42,53,4,'296',1,1),(973,42,54,4,'450',1,NULL),(974,42,55,4,'299',1,NULL),(975,42,57,4,'451',1,NULL),(976,42,58,4,'413',1,NULL),(977,42,59,4,'419',1,1),(978,42,60,4,'325',1,1),(979,42,61,4,'423',1,NULL),(980,42,62,4,'327',1,1),(981,42,63,4,'331',1,1),(982,42,64,4,'334',1,NULL),(983,42,65,4,'458',1,1),(984,42,82,4,'343',1,1),(985,42,83,4,'346',1,NULL),(986,42,85,4,'459',1,1),(987,42,53,4,'296',2,1),(988,42,54,4,'449',2,1),(989,42,55,4,'300',2,1),(990,42,57,4,'452',2,1),(991,42,58,4,'414',2,1),(992,42,59,4,'419',2,1),(993,42,60,4,'325',2,1),(994,42,61,4,'425',2,1),(995,42,62,4,'327',2,1),(996,42,63,4,'330',2,NULL),(997,42,64,4,'333',2,1),(998,42,65,4,'458',2,1),(999,42,82,4,'343',2,1),(1000,42,83,4,'347',2,1),(1001,42,85,4,'459',2,1),(1002,44,53,4,'296',1,1),(1003,44,54,4,'449',1,1),(1004,44,55,4,'300',1,1),(1005,44,57,4,'452',1,1),(1006,44,58,4,'414',1,1),(1007,44,59,4,'419',1,1),(1008,44,60,4,'325',1,1),(1009,44,61,4,'424',1,NULL),(1010,44,62,4,'328',1,NULL),(1011,44,63,4,'331',1,1),(1012,44,64,4,'333',1,1),(1013,44,65,4,'458',1,1),(1014,44,82,4,'343',1,1),(1015,44,83,4,'348',1,NULL),(1016,44,85,4,'459',1,1),(1017,44,53,4,'296',2,1),(1018,44,54,4,'449',2,1),(1019,44,55,4,'300',2,1),(1020,44,57,4,'452',2,1),(1021,44,58,4,'414',2,1),(1022,44,59,4,'419',2,1),(1023,44,60,4,'325',2,1),(1024,44,61,4,'424',2,NULL),(1025,44,62,4,'328',2,NULL),(1026,44,63,4,'331',2,1),(1027,44,64,4,'333',2,1),(1028,44,65,4,'458',2,1),(1029,44,82,4,'343',2,1),(1030,44,83,4,'348',2,NULL),(1031,44,85,4,'459',2,1),(1032,45,53,4,'296',1,1),(1033,45,54,4,'449',1,1),(1034,45,55,4,'300',1,1),(1035,45,57,4,'452',1,1),(1036,45,58,4,'414',1,1),(1037,45,59,4,'419',1,1),(1038,45,60,4,'325',1,1),(1039,45,61,4,'425',1,1),(1040,45,62,4,'327',1,1),(1041,45,63,4,'331',1,1),(1042,45,64,4,'333',1,1),(1043,45,65,4,'458',1,1),(1044,45,82,4,'343',1,1),(1045,45,83,4,'347',1,1),(1046,45,85,4,'459',1,1),(1047,46,53,4,'296',1,1),(1048,46,54,4,'449',1,1),(1049,46,55,4,'300',1,1),(1050,46,57,4,'452',1,1),(1051,46,58,4,'414',1,1),(1052,46,59,4,'419',1,1),(1053,46,60,4,'325',1,1),(1054,46,61,4,'425',1,1),(1055,46,62,4,'327',1,1),(1056,46,63,4,'331',1,1),(1057,46,64,4,'333',1,1),(1058,46,65,4,'458',1,1),(1059,46,82,4,'343',1,1),(1060,46,83,4,'347',1,1),(1061,46,85,4,'459',1,1),(1062,12,67,5,'540',2,1),(1063,12,68,5,'544',2,1),(1064,12,69,5,'547',2,NULL),(1065,12,70,5,'551',2,1),(1066,12,71,5,'553',2,1),(1067,12,72,5,'557',2,1),(1068,12,73,5,'565',2,1),(1069,12,74,5,'569',2,1),(1070,12,75,5,'575',2,1),(1071,12,78,5,'582',2,1),(1072,12,79,5,'588',2,1),(1073,12,80,5,'592',2,1),(1074,12,81,5,'576',2,1),(1075,12,88,5,'596',2,1),(1076,12,89,5,'600',2,1),(1077,12,67,5,'540',3,1),(1078,12,68,5,'544',3,1),(1079,12,69,5,'547',3,NULL),(1080,12,70,5,'551',3,1),(1081,12,71,5,'553',3,1),(1082,12,72,5,'557',3,1),(1083,12,73,5,'565',3,1),(1084,12,74,5,'569',3,1),(1085,12,75,5,'575',3,1),(1086,12,78,5,'582',3,1),(1087,12,79,5,'588',3,1),(1088,12,80,5,'592',3,1),(1089,12,81,5,'576',3,1),(1090,12,88,5,'596',3,1),(1091,12,89,5,'600',3,1),(1156,14,90,11,'602',2,1),(1157,14,91,11,'606',2,1),(1158,14,92,11,'612',2,1),(1159,14,93,11,'620',2,1),(1160,14,94,11,'624',2,1),(1161,14,95,11,'627',2,1),(1162,14,96,11,'639',2,1),(1163,14,97,11,'644',2,1),(1164,14,98,11,'660',2,1),(1165,14,99,11,'655',2,1),(1166,14,100,11,'662',2,1),(1167,14,101,11,'665',2,1),(1168,14,102,11,'872',2,1),(1169,14,103,11,'674',2,NULL),(1170,14,104,11,'678',2,1),(1171,14,105,11,'681',2,1),(1172,14,106,11,'688',2,1),(1173,14,107,11,'689',2,1),(1174,14,108,11,'695',2,1),(1175,14,109,11,'699',2,1),(1176,14,110,11,'704',2,1),(1177,14,111,11,'706',2,1),(1178,14,112,11,'709',2,1),(1179,14,113,11,'714',2,1),(1180,14,114,11,'876',2,1),(1181,14,115,11,'724',2,1),(1182,14,116,11,'727',2,1),(1183,14,117,11,'730',2,1),(1184,14,118,11,'735',2,1),(1185,14,119,11,'740',2,1),(1186,14,120,11,'741',2,1),(1187,14,121,11,'748',2,1),(1188,14,122,11,'753',2,NULL),(1189,14,123,11,'754',2,1),(1190,14,124,11,'772',2,1),(1191,14,125,11,'764',2,1),(1192,14,126,11,'777',2,1),(1193,14,127,11,'780',2,1),(1194,14,128,11,'783',2,1),(1195,14,129,11,'791',2,1),(1196,14,130,11,'795',2,1),(1197,14,131,11,'798',2,1),(1198,14,132,11,'805',2,1),(1199,14,133,11,'806',2,1),(1200,14,134,11,'825',2,1),(1201,14,135,11,'816',2,1),(1202,14,136,11,'828',2,NULL),(1203,14,137,11,'877',2,1),(1204,14,138,11,'834',2,1),(1205,14,139,11,'839',2,1),(1206,14,140,11,'846',2,1),(1207,14,141,11,'848',2,1),(1208,14,142,11,'854',2,1),(1209,14,143,11,'856',2,1),(1210,14,144,11,'857',2,1),(1211,14,145,11,'860',2,1),(1212,14,146,11,'861',2,1),(1213,14,147,11,'864',2,1),(1214,14,148,11,'865',2,1),(1215,14,149,11,'867',2,1),(1216,14,151,11,'884',2,1),(1217,14,152,11,'887',2,1),(1218,14,153,11,'893',2,1),(1219,14,154,11,'898',2,1),(1220,14,161,14,'901',1,1),(1221,14,162,14,'904',1,1),(1222,14,163,14,'911',1,1),(1223,14,164,14,'916',1,1),(1224,14,165,14,'918',1,1),(1225,14,166,14,'923',1,1),(1226,14,167,14,'927',1,1),(1227,14,168,14,'932',1,1),(1228,14,169,14,'934',1,1),(1229,14,170,14,'938',1,1),(1230,14,171,14,'943',1,1),(1231,14,172,14,'948',1,1),(1232,14,173,14,'951',1,1),(1233,14,174,14,'953',1,1),(1234,14,175,14,'958',1,1),(1235,14,176,14,'962',1,1),(1236,14,179,14,'981',1,1),(1237,14,180,14,'987',1,1),(1238,14,181,14,'992',1,1),(1239,14,182,14,'996',1,1),(1240,14,183,14,'997',1,1),(1241,14,184,14,'1001',1,1),(1242,14,185,14,'1007',1,1),(1243,14,186,14,'1011',1,1),(1244,14,187,14,'1016',1,1),(1245,14,188,14,'1018',1,1),(1246,14,189,14,'1022',1,1),(1247,14,190,14,'1028',1,1),(1248,14,191,14,'1029',1,1),(1249,14,194,14,'1044',1,1),(1250,14,195,14,'1047',1,1),(1251,14,196,14,'1049',1,1),(1252,14,197,14,'1054',1,1),(1253,14,198,14,'1058',1,1),(1254,14,199,14,'1063',1,1),(1255,14,200,14,'1066',1,1),(1256,14,201,14,'1072',1,1),(1257,14,202,14,'1075',1,1),(1258,14,203,14,'1077',1,1),(1259,14,204,14,'1081',1,1),(1260,14,205,14,'1088',1,1),(1261,14,206,14,'1092',1,1),(1262,14,207,14,'1096',1,1),(1263,14,208,14,'1099',1,1),(1264,14,209,14,'1102',1,1),(1265,14,210,14,'1105',1,1),(1266,14,211,14,'1112',1,1),(1267,14,212,14,'1113',1,1),(1268,14,213,14,'1118',1,1),(1269,14,214,14,'1122',1,1),(1270,14,215,14,'1125',1,1),(1271,14,216,14,'1132',1,1),(1272,14,217,14,'1134',1,1),(1273,14,218,14,'1139',1,1),(1274,14,219,14,'1141',1,1),(1275,14,220,14,'1146',1,1),(1276,14,221,12,'1149',1,1),(1277,14,222,12,'1160',1,1),(1278,14,223,12,'1162',1,1),(1279,14,224,12,'1165',1,1),(1280,14,225,12,'1171',1,1),(1281,14,226,12,'1176',1,1),(1282,14,227,12,'1179',1,1),(1283,14,228,12,'1185',1,1),(1284,14,229,12,'1192',1,1),(1285,14,230,12,'1195',1,1),(1286,14,231,12,'1200',1,1),(1287,14,232,12,'1206',1,1),(1288,14,233,12,'1208',1,1),(1289,14,235,12,'1217',1,1),(1290,14,236,12,'1219',1,1),(1291,14,237,12,'1225',1,1),(1292,14,238,12,'1229',1,1),(1293,14,239,12,'1234',1,1),(1294,14,240,12,'1236',1,1),(1295,14,241,12,'1241',1,1),(1296,14,242,12,'1246',1,1),(1297,14,243,12,'1248',1,1),(1298,14,244,12,'1251',1,1),(1299,14,245,12,'1256',1,1),(1300,14,246,12,'1258',1,1),(1301,14,247,12,'1261',1,1),(1302,14,248,12,'1266',1,1),(1303,14,249,12,'1272',1,1),(1304,14,250,12,'1277',1,1),(1305,14,251,12,'1281',1,1),(1306,14,252,12,'1284',1,1),(1307,14,253,12,'1286',1,1),(1308,14,254,12,'1290',1,1),(1309,14,255,12,'1297',1,1);

--
-- Table structure for table `settings`
--

CREATE TABLE `settings` (
  `id` int(11) unsigned NOT NULL AUTO_INCREMENT,
  `access_code` varchar(60) DEFAULT NULL,
  `staff_type_select` varchar(60) DEFAULT NULL,
  `footer_column_1` blob,
  `footer_column_2` blob,
  `payment_activated` int(11) unsigned NOT NULL DEFAULT '0',
  PRIMARY KEY (`id`)
) ENGINE=InnoDB AUTO_INCREMENT=2 DEFAULT CHARSET=utf8;

--
-- Dumping data for table `settings`
--

INSERT INTO `settings` VALUES (1,NULL,NULL,'<h4>South Campus</h4>\n6555 NW 9th Avenue, Suite 210<br>\nFt. Lauderdale, FL 33309<br>\nPhone: (877) 944-4235<br>\nFax: (954) 771-2098','<h4>North Campus</h4>\n4731 West Atlantic Avenue, Ste B16<br>\nDelray Beach, FL 33445<br>',1);

--
-- Table structure for table `user`
--

CREATE TABLE `user` (
  `id` int(11) unsigned NOT NULL AUTO_INCREMENT,
  `fname` varchar(60) CHARACTER SET utf8 NOT NULL,
  `lname` varchar(60) CHARACTER SET utf8 NOT NULL,
  `email` varchar(60) CHARACTER SET utf8 NOT NULL,
  `pass` char(64) CHARACTER SET utf8 NOT NULL DEFAULT '',
  `birthdate_day` int(11) NOT NULL,
  `birthdate_month` int(11) NOT NULL,
  `birthdate_year` int(11) NOT NULL,
  `join_date` timestamp NOT NULL DEFAULT CURRENT_TIMESTAMP,
  `confirmation_code` int(11) DEFAULT NULL,
  `confirmed` int(1) NOT NULL DEFAULT '1',
  `CEU_count` int(11) DEFAULT NULL,
  `access_level` int(11) DEFAULT '0',
  `staff_type` varchar(60) CHARACTER SET utf8 DEFAULT NULL,
  PRIMARY KEY (`id`)
) ENGINE=InnoDB AUTO_INCREMENT=48 DEFAULT CHARSET=latin1;

--
-- Dumping data for table `user`
--

INSERT INTO `user` VALUES (10,'John','Sheppard','jcshep@gmail.com','78bfd17437cb85e2d2acb28c01717fe5f8b13d1fd54fe9fc974934403d79a205',2,2,1941,'2014-03-04 20:52:18',46863347,1,0,1,NULL),(11,'Cornell','Peters','cjp@fortriscorp.com','02ddfa996b303cd6e1f57c9a51243e5f2b9ef3c5133959cda431d4395f39b3db',2,6,1982,'2014-03-08 02:31:35',63198034,1,0,1,NULL),(12,'mary','Curtis','marytcurtis@comcast.net','36fc8dffff1b4fa0c4de6df5483d2d358b729c2fb9f41b45c9f95f13e782f2bd',26,10,1960,'2014-03-10 15:33:21',82939153,1,4,1,NULL),(13,'CJ','Peters','info@fortriscorp.com','fe2e757802f5cff053eb5307ea69e65203bfff78e82b9144d47600008902a547',2,6,1991,'2014-08-05 22:35:19',72423850,1,0,1,NULL),(14,'Cornell','Peters','fortriscorp@gmail.com','fe2e757802f5cff053eb5307ea69e65203bfff78e82b9144d47600008902a547',2,6,1948,'2014-08-06 02:19:45',60313016,1,114,1,NULL),(15,'Bridget','Erbe','berbe@destinationhope.net','d6dffb2f5a9479890fa76200d26f57c3c877beac7b2e1f8662cfb5a44a21c02d',4,3,1983,'2014-08-29 17:17:38',54482267,1,4,0,NULL),(16,'nmn','FG','maryc@destinationhope.net','a472394adf994d65bdaa0e07a02b8715479b96aa35de4281e2a29efe8c0f0707',26,10,1960,'2014-08-29 20:20:10',23609755,1,0,0,NULL),(17,'Maura','Curtis','mary@marytcurtis.com','23f3625ad3b8ae045637690d072faf49e54f111a86ff0b4090753772770c7c36',24,6,1968,'2014-09-06 23:50:20',38805799,1,0,0,NULL),(18,'alec','sangston','asangston@destinationhope.net','66f889cb71548ab3ff58cfdb27b059837c73f8f3e4ed824cf9c02fd506a697eb',20,3,1992,'2014-09-08 15:33:37',31696418,1,2,0,NULL),(19,'meredith','futernick','mfuternick@destinationhope.net','168a457fd0db59d8361e1101c3d63cb5512dbf9759a9d57fd28501ec4186ba9d',0,4,1987,'2014-09-08 15:37:20',87480893,1,2,0,NULL),(20,'Alexa','Bucchere','abucchere@destinationhope.net','b9676355f4b1b7ecb7c57bb1ec399fb20861b180f4eaa31af8072e78276d2d60',28,4,1991,'2014-09-08 15:48:56',96411585,1,2,0,NULL),(21,'Rob','COLE','RCOLE@DESTINATIONHOPE.NET','7ef81ecc03bbb8f602d664d2210def879c612c265ea9ccd2326a275b35ac9c60',6,2,1960,'2014-09-08 16:18:11',33951404,1,2,0,NULL),(22,'Elizabeth','Austin','betha@destinationhope.net','3ad04ab05fae3fd3c22ad0e312deedd49b00d2c4a75b41e028b711c05c6dfd07',13,6,1963,'2014-09-08 16:44:37',41227855,1,2,0,NULL),(23,'Nicole','Mazzocchi','nmazzocchi@destinationhope.net','05a6b32d5b790ca0ae3e429eec907a23c0263a5732abb9dbf3f46b8c8431634c',18,8,1985,'2014-09-08 18:00:40',36720677,1,2,0,NULL),(24,'anne','weymouth','aweymouth@destinationhope.net','b9d89bd22e9adae59b033447dcf09d33d13a2d4ff664b16a30321bb03d2f8c4e',15,11,1963,'2014-09-08 18:47:13',23742131,1,2,0,NULL),(25,'Michael','Taylor','mtaylor@destinationhope.net','76254908461d415b53b0beedbbb1fc03c027f3e2ae8dc59cdf1812e988716314',9,11,1953,'2014-09-08 19:54:38',57700897,1,2,0,NULL),(26,'Bernie','Boudle','bernieb@destinationhope.net','30495d87c1ab8b87e3c64311adce42b9ea1e43b831a6944295ff71ba70876605',3,2,1953,'2014-09-10 13:12:09',75361814,1,2,0,NULL),(27,'juanita','mcghee','jmcghee@destinationhope.net','bd6e5bc0cad1082fc5445c473565aa47b063e240d761b2e880d5903d51d088bf',26,3,1961,'2014-09-10 16:36:51',22099851,1,2,0,NULL),(28,'Jennifer','Carney','jcarney@destinationhope.net','43e7a7419486408bf52ca32e1c2f99e20e872e2db052080a5e76f26d3045893f',14,12,1979,'2014-09-10 17:56:49',34534821,1,4,0,NULL),(29,'Sarah','Kostrub','skostrub@destinationhope.net','982cf51bc56822ceac6ca78008c4db13008c3e4638d6fdb445b9f6fa2cbbfb3c',28,6,1977,'2014-09-11 19:41:33',68114442,1,2,0,NULL),(30,'James','Guerin','jguerin@destinationhope.net','b5a9d35055715d9a9f93f05434022d06c463e1f2a6e179e8f620ceea9b6fec5d',16,7,1952,'2014-09-11 19:52:53',27268352,1,26,0,NULL),(31,'Jorge','Jimenez','jjimenez@destinationhope.net','71cc32881cd91658458758b5e3d24b2d9f28255f41bda993d5f4d50d3a446b98',4,5,1963,'2014-09-11 19:56:50',40977957,1,2,0,NULL),(32,'Gary ','Smith','gsmith@destinationhope.net','26abb641d5d6ce28ceb25a00740445e5dc510d08afedac73fd4b1776d9f2d00d',16,11,1978,'2014-09-11 20:08:51',31468330,1,2,0,NULL),(33,'Adrienne','Anderson','adriennea@destinationhope.net','f311138db864f1192fab4e79b2105ce141e345329ead7cbf181cde5ff08d42f1',15,6,1955,'2014-09-12 14:45:00',15669567,1,2,0,NULL),(34,'Raymond','McDaniel','rmcdaniel@destinationhope.net','9124aa5d89614f9709cf6dbc71fe2af2d9ed2907c7de5c441b021958e71772aa',1,4,1959,'2014-09-15 14:51:45',70536747,1,2,0,NULL),(35,'CJ','Wilder','cjwilder@destinationhope.net','a697ac41a164bb97c51eb86918e05b3da1b0947c6b9afa6862c9426cd93f27d0',29,5,1959,'2014-09-30 17:45:51',59748351,1,2,0,NULL),(36,'Betsi','Kreshover','Bkreshover@destinationhope.net','bcd6a326cbd2bbe8fd92684713838a4e512a377da5fa003c7e45fb60ebfc7d51',17,7,1984,'2014-10-06 14:45:29',65721729,1,2,0,NULL),(37,'Emily','Lake','elake@destinationhope.net','e1aac367a0091e85ba6cd592bea0732edb99304957c4225dbd5ae9ceaa16248e',25,2,1983,'2014-10-06 16:42:58',47696014,1,2,0,NULL),(38,'glenda','graham','glendag@destinationhope.net','0ee5e5003ed8cc011924eed2c957e67d5d3c7f0805076e6b0208464a785939ca',1,12,1958,'2014-10-06 18:34:53',82250128,1,2,0,NULL),(39,'seidy','white','swhite@destinationhope.net','05eb6274aea9dcaccaba6851cf848ccf8b7a4a7f31963158cf18ef78ce209a8f',10,3,1974,'2014-10-07 14:20:14',30626553,1,2,0,NULL),(40,'Victoria','Malinsky','malinsky.victoria@gmail.com','dbaaeca91994da5c1871d3566c703f2cc0cf8f7673320e2635f9029ab0f128b6',4,2,1988,'2014-10-07 14:47:49',20378492,1,2,0,NULL),(41,'michael','bonnet','mbonnet@destinationhope.net','f0dfb154298b8adfa326beff8f2be2bb4daf0f1e7ce35a645cfefe56dc8c3ae0',16,10,1962,'2014-10-07 16:07:24',56992685,1,2,0,NULL),(42,'Anne','Cariola','acariola@destinationhope.net','c4c7920feb937cf7c3eec9222041fd1f9b5661ba443bc882358642e3c097b3cf',6,6,1953,'2014-10-08 12:44:56',56571366,1,2,0,NULL),(43,'Carlee','Pollard','cpollard@destinationhope.net','9ec3ba5b901bad3e73b94beb705fad8c813c7f57c6f94e389b97d90519fc082b',14,9,1994,'2014-10-08 18:30:34',54109613,1,0,0,NULL),(44,'megan','card','megcard5@gmail.com','f693d3a74e19c0de627d0ce7e827231f86ff3ed09d842a7037f9ff5639330b8e',4,5,1986,'2014-10-09 16:07:38',17058697,1,4,0,NULL),(45,'Andrew','Merker','amerker@destinationhope.net','df7af691524d3241b12095bbcd350769afa02b27904ce3bf8bb704956bd7b2e5',24,2,1980,'2014-10-09 17:13:43',80184834,1,2,0,NULL),(46,'Suzette ','Brown-Griffith','sbgriffith@destinationhope.net','d43b90ab78ce5adc4d4cfa9a9ff0b76230278ba4902ce1c191f9b7206b46ba51',19,2,1976,'2014-10-09 20:13:21',96174304,1,2,0,NULL),(47,'Sheila','Price','sheila.price62@yahoo.com','e5039a9794fab3565961449388a868e7455b8cad53c177f2f5963fb3d0a0f694',11,10,1985,'2014-11-05 21:51:12',92302762,1,0,0,NULL);

--
-- Table structure for table `user_course_access`
--

CREATE TABLE `user_course_access` (
  `id` int(11) unsigned NOT NULL AUTO_INCREMENT,
  `user_id` int(11) unsigned NOT NULL,
  `course_id` int(11) unsigned NOT NULL,
  `status` varchar(60) CHARACTER SET utf8mb4 DEFAULT NULL,
  `time_completed` int(11) unsigned DEFAULT NULL,
  `evaluated` int(11) NOT NULL DEFAULT '0',
  PRIMARY KEY (`id`),
  KEY `user_id` (`user_id`),
  KEY `course_id` (`course_id`),
  CONSTRAINT `user_course_access_ibfk_1` FOREIGN KEY (`user_id`) REFERENCES `user` (`id`) ON DELETE CASCADE ON UPDATE NO ACTION,
  CONSTRAINT `user_course_access_ibfk_3` FOREIGN KEY (`course_id`) REFERENCES `course` (`id`) ON DELETE CASCADE ON UPDATE NO ACTION
) ENGINE=InnoDB AUTO_INCREMENT=75 DEFAULT CHARSET=utf8;

--
-- Dumping data for table `user_course_access`
--

INSERT INTO `user_course_access` VALUES (11,10,4,'In Progress',NULL,0),(17,15,4,'Completed',1410179472,0),(28,12,4,'Completed',1410046986,0),(29,12,4,'In Progress',NULL,0),(30,12,3,'In Progress',NULL,0),(31,17,4,'In Progress',NULL,0),(32,17,4,'In Progress',NULL,0),(33,17,3,'In Progress',NULL,0),(34,17,5,'In Progress',NULL,0),(35,18,4,'Completed',1410190655,0),(36,19,4,'Completed',1410190941,0),(37,20,4,'Completed',1410192109,0),(38,21,4,'Completed',1410194139,0),(39,22,4,'Completed',1410195328,0),(40,23,4,'Completed',1410199683,0),(41,25,4,'Completed',1410207766,0),(42,27,4,'Completed',1410368423,0),(43,27,3,'In Progress',NULL,0),(44,27,3,'In Progress',NULL,0),(45,28,4,'Completed',1410373378,0),(46,26,4,'Completed',1410464609,0),(47,29,4,'Completed',1410801882,0),(48,30,4,'Completed',1410465542,0),(49,31,4,'Completed',1410543238,0),(50,32,4,'Completed',1410466645,0),(51,33,4,'Completed',1410548296,0),(52,34,4,'Completed',1410793268,0),(53,10,3,'Completed',1412089531,0),(54,35,4,'Completed',1412100588,0),(55,36,4,'Completed',1412607090,0),(56,37,4,'Completed',1412614603,0),(57,24,4,'Completed',1412618705,0),(58,38,4,'Completed',1412688571,0),(59,39,4,'Completed',1412692301,0),(60,40,4,'Completed',1412693386,0),(61,41,4,'Completed',1412700784,0),(62,42,4,'Completed',1412799998,0),(63,43,3,'In Progress',NULL,0),(64,44,4,'Completed',1412871247,0),(65,45,4,'Completed',1412875297,0),(66,46,4,'Completed',1412942591,0),(67,12,5,'Completed',1412950206,0),(70,14,11,'Completed',1414682127,0),(71,14,14,'Completed',1414782113,0),(72,14,12,'Completed',1414960652,0),(73,47,14,'In Progress',NULL,0),(74,14,15,'In Progress',NULL,0);

--
-- Current Database: `aa_v3`
--

CREATE DATABASE /*!32312 IF NOT EXISTS*/ `aa_v3` /*!40100 DEFAULT CHARACTER SET latin1 */;

USE `aa_v3`;

--
-- Table structure for table `course`
--

CREATE TABLE `course` (
  `id` int(11) unsigned NOT NULL AUTO_INCREMENT,
  `name` varchar(60) CHARACTER SET utf8 NOT NULL,
  `short_description` text CHARACTER SET utf8,
  `description` text CHARACTER SET utf8,
  `passing_percentage` int(11) DEFAULT NULL,
  `cost` varchar(60) CHARACTER SET utf8 DEFAULT NULL,
  `instruction_methods` text CHARACTER SET utf8,
  `evaluation_method` text CHARACTER SET utf8,
  `study_guide` varchar(60) CHARACTER SET utf8 DEFAULT NULL,
  `study_guide_2` varchar(60) CHARACTER SET utf8 DEFAULT NULL,
  `case_study` varchar(60) CHARACTER SET utf8 DEFAULT NULL,
  `powerpoint` varchar(60) CHARACTER SET utf8 DEFAULT NULL,
  `powerpoint_2` varchar(60) CHARACTER SET utf8 DEFAULT NULL,
  `syllabus` varchar(60) CHARACTER SET utf8 DEFAULT NULL,
  `video` text CHARACTER SET utf8,
  `ceu_credit` int(11) unsigned DEFAULT '0',
  `promo_code` varchar(60) DEFAULT NULL,
  `frequency_required` int(11) DEFAULT NULL,
  `staff_requirement` int(11) DEFAULT NULL,
  `required_within_time` int(11) DEFAULT NULL,
  `in_person` int(11) DEFAULT '0',
  PRIMARY KEY (`id`)
) ENGINE=InnoDB AUTO_INCREMENT=26 DEFAULT CHARSET=latin1;

--
-- Dumping data for table `course`
--

INSERT INTO `course` VALUES (3,'HIV / AIDS','<p>HIV is an acronym for human immunodeficiency virus and it is the disease that often leads to AIDS. Continuing Education Course (2 CEUs)</p>','<p style=\"margin: 0px; padding: 0px; font-size: 12px; color: rgb(68, 68, 68); line-height: 18px; font-family: helvetica, arial, sans-serif;\">This class provides information on HIV and AIDS- related illnesses. Materials will be presented on the symptoms, causes, pathophysiology, diagnosis, transmission and prevention, treatment, epidemiology, prognosis, and history of HIV and AIDS.</p>',80,'0','Online Only',NULL,'Online-HIVAIDS-021815.pdf',NULL,NULL,NULL,NULL,NULL,NULL,2,'',730,NULL,30,0),(4,'Aggression Management','<p>The effective handling of aggression is a demanding aspect of working in Behavioral Health. It is an area in which the ability to manage self and assertively communicate with others is essential. This course will explore identifying, preventing and managing aggressive behavior through the use of verbal de-escalation interventions.</p>','<p><strong>Course Overview and Objectives</strong><br><br>The effective handling of aggression is one of the most demanding aspects of working in Behavioral Health. It is an area in which the ability to manage self and assertively communicate with others is essential. This course will explore identifying, preventing and managing aggressive behavior through the use of verbal de-escalation interventions. <br><br>Upon successful completion of this course the learner will be able to: </p><ol><li>Define “Aggression” and “Verbal De-escalation\" </li><li>Identify warning signs for aggressive behavior. </li><li>Give examples of verbal\r\nde-escalation techniques to use in a crisis situation\r\n   </li></ol>',80,'0','Online Only',NULL,'online-aggression-management-021815.pdf',NULL,NULL,NULL,NULL,NULL,NULL,2,'',365,NULL,180,0),(5,'Infection Control','<p>Healthcare workers are required to participate in an annual training on infection prevention and control. 1 CEU</p>','<p>Healthcare workers are required to participate in an annual training on infection prevention and control. At the end of this study guide participants will be able to:</p><ul><li>Understand modes of transmission of bacteria and infections</li><li>Understand universal precautions</li><li>Practice proper hand washing techniques</li><li>Take action to prevention of the spread of disease in your workplace</li></ul>',80,'0','Online Only',NULL,'Online-InfectionControl-021815.pdf',NULL,NULL,NULL,NULL,NULL,NULL,1,'',365,NULL,90,0),(7,'Confidentiality / HIPAA','<p>Confidentiality is one of the most basic rights that our clients have. All healthcare workers are legally and morally bound to protect the confidentiality of others.</p>','<p>Confidentiality is one of the most basic rights that our clients have. All healthcare workers are legally and morally bound to protect the confidentiality of others.</p><p>This course is designed to:</p><ol>\r\n<li><span  style=\"font-size: 10pt;\">Give you an overview of The Health Insurance Portability and Accountability Act of 1996 </span><span  style=\"font-size: 10pt;\">(HIPAA).</span></li><li><span  style=\"font-size: 10pt;\">Familiarize you with any major changes that have been implemented with the new 2013 </span><span  style=\"font-size: 10pt;\">Omnibus Rule Changes.</span></li><li><span  style=\"font-size: 10pt;\">Help you recognize the serious consequences if you fail to comply with HIPAA.</span></li></ol>',80,'','Online',NULL,'HIPAA-2016.pdf',NULL,NULL,NULL,NULL,NULL,NULL,2,'',365,NULL,90,0),(9,'Abuse Reporting & Affirmative Duties','<p>Every individual in Florida has a responsibility to report suspected abuse or neglect. In addition, Florida Law specifies professionals in certain occupations as required to report abuse or neglect. This course will take you through the legal requirements in Florida regarding abuse reporting and affirmative duties.</p>','<p>Everyone in Florida is a mandated reporter but some people are professionally mandated reporters. Every person has a responsibility to report suspected abuse or neglect. In addition, Florida Law specifies professionals in certain occupations as required to do so. These professionals are mandated to make a report if they have reasonable  cause to suspect abuse, neglect or exploitation is of a child or a vulnerable adult. Providers of substance abuse services shall adhere to the statutory requirements for reporting abuse, neglect, and deaths of children under Chapter 39, F.S., and of adults under Section 415.1034 and paragraph 397.501(7)(c), F.S.</p>',80,'0','Online',NULL,'finalcurrentchapter 415.pdf',NULL,NULL,NULL,NULL,NULL,NULL,1,'',730,NULL,90,0),(10,'Sexual Harassment','<p>After completing this self-study session, you will be able to: Define sexual harassment, Identify the types of sexual harassment and Identify behaviors that may be interpreted as sexual harassment.</p>','<p>After completing this self-study session, you will be able to:</p><ul>\r\n<li>Define sexual harassment.</li><li>Identify the types of sexual harassment.</li><li>Identify behaviors that may be interpreted as sexual harassment.</li></ul>',80,'0','Online',NULL,'finalsexualharassment.pdf',NULL,NULL,NULL,NULL,NULL,NULL,2,'',730,NULL,90,0),(11,'The Americans With Disabilities Act','<p>The Americans with Disabilities Act (ADA), which was signed into law on July 26, 1990, is the\r\nnation’s first comprehensive civil rights law addressing the needs of people with disabilities,\r\nprohibiting discrimination in employment, public services, public accommodations, and\r\ntelecommunications.</p>','<p>The Americans with Disabilities Act (ADA), which was signed into law on July 26, 1990, is the nation’s first comprehensive civil rights law addressing the needs of people with disabilities, prohibiting discrimination in employment, public services, public accommodations, and telecommunications. The ADA assures equality of opportunity, full participation, independent living, and economic self-sufficiency to persons with disabilities.</p>',80,'0','Online',NULL,'fADAonline.pdf',NULL,NULL,NULL,NULL,NULL,NULL,1,'',365,NULL,90,0),(13,'Ethics & Boundaries','','',80,'','',NULL,'ethicsfinal.pdf',NULL,NULL,NULL,NULL,NULL,NULL,2,'',365,NULL,90,0),(14,'Suicide and Self-Harm','<p>Nearly everyone at some time in his or her life thinks about suicide. Most everyone decides to live because they come to realize that the crisis is temporary, but death in not. On the other hand, people in the midst of a crisis often perceive their dilemma as inescapable and feel an utter loss of control.</p>','<p>Nearly everyone at some time in his or her life thinks about suicide. Most everyone decides to live because they come to realize that the crisis is\r\ntemporary, but death in not. On the other hand, people in the midst of a crisis often perceive their dilemma as inescapable and feel an utter loss of control.</p>',NULL,'','',NULL,'suicide_prevention.pdf',NULL,NULL,NULL,NULL,NULL,NULL,3,'',NULL,NULL,NULL,0),(16,'Cultural Diversity / Cultural Competence','','',80,'','',NULL,NULL,NULL,NULL,'culturaldiversityfinal.pptx',NULL,NULL,NULL,2,'',365,NULL,90,0),(23,'Domestic Violence','<p>This course assists the behavioral healthcare worker in understanding domestic violence and the mandates that involve behavioral healthcare workers. In addition to defining domestic violence, this course will review the effects of domestic violence, the cycle of violence, associated risk factors, safety planning, confidentiality and the legalities of domestic violence.</p>','<p>This course is designed to assist the behavioral healthcare worker in understanding domestic violence and the mandates that involve behavioral healthcare workers. In addition to defining domestic violence, this course will review the effects of domestic violence, the cycle of violence, associated risk factors, safety planning, confidentiality and the legalities of domestic violence. </p><p>Upon completion of this course the participant will: </p><ul><li><span  style=\"font-size: 10pt;\">Be able to define domestic violence.</span></li><li><span  style=\"font-size: 10pt;\">Be able to discuss the statistics related to domestic violence.</span></li><li><span  style=\"font-size: 10pt;\">Develop an understanding of the impact and consequences of domestic violence on the\r\nvictim from a health, psychological, and emotional perspective.</span></li><li><span  style=\"font-size: 10pt;\">Be able to assess, counsel and formulate safety plans for clients at risk of domestic violence\r\nor who are currently in a violence relationship. </span></li><li><span  style=\"font-size: 10pt;\">Be able to identify national and local domestic violence resources.</span></li></ul>',80,'0','Online Only',NULL,'finaldomesticviolence.pdf',NULL,NULL,NULL,NULL,NULL,NULL,1,'',365,NULL,180,0),(24,'Understanding Co-occurring Disorders','<p>Individuals with co-occurring disorders are common in both substance abuse and mental health treatment. Participants will become familiar with the assessment, symptoms, and treatment of co-occurring disorders, and will be provided with an example of a special population that exists within the realm of co-occurring disorders.</p>','<p>Prevalence rates show that individuals with co-occurring disorders are common in both the substance abuse and mental health treatment systems. This course will provide participants with an understanding of the concept and term: co-occurring disorders. Participants will become familiar with the assessment, symptoms, and treatment of co-occurring disorders, and will be provided with an example of a special population that exists within the realm of co-occurring disorders.  </p><p>On completion of this course, participants will be able to identify/demonstrate familiarity with: </p><ol>\r\n<li><span  style=\"font-size: 10pt;\">The definition and terms related to co-occurring disorders. </span></li><li><span  style=\"font-size: 10pt;\">The assessment of co-occurring disorders and common symptoms. </span></li><li><span  style=\"font-size: 10pt;\">The relationship between substance abuse and mental health concerns. </span></li><li><span  style=\"font-size: 10pt;\">The symptoms of specific co-occurring disorders. </span></li><li><span  style=\"font-size: 10pt;\">Available treatments for clients with co-occurring disorders. </span></li><li><span  style=\"font-size: 10pt;\">A special population example and co-occurring disorders.</span></li></ol>',80,'','Online',NULL,'Co-Occuring Disorders.pdf',NULL,NULL,NULL,NULL,NULL,NULL,2,'',365,NULL,180,0),(25,'Incident Reporting Requirements','<p>All public or private substance abuse service providers, licensed by The Department of Children and Families (DCF) must create and maintain policies and procedures for Incident Reporting.</p>','<p>All public or private substance abuse service providers, licensed by The Department of Children and Families (DCF) must create and maintain policies and procedures for Incident Reporting. This course details the internal procedure for completing and filing an incident report form for an unusual event, as well as, the procedure for reporting a critical incident to the DCF and Joint Commission.</p>',80,'0','',NULL,'AAP-Incident-Reporting.pdf','Incident-Reporting-Appendix.pdf',NULL,NULL,NULL,NULL,NULL,1,'',NULL,NULL,NULL,0);

--
-- Table structure for table `course_category`
--

CREATE TABLE `course_category` (
  `id` int(11) unsigned NOT NULL AUTO_INCREMENT,
  `name` varchar(60) CHARACTER SET utf8 NOT NULL,
  PRIMARY KEY (`id`)
) ENGINE=InnoDB AUTO_INCREMENT=4 DEFAULT CHARSET=latin1;

--
-- Dumping data for table `course_category`
--

INSERT INTO `course_category` VALUES (1,'All Staff'),(2,'Direct Care'),(3,'BHT');

--
-- Table structure for table `course_has_category`
--

CREATE TABLE `course_has_category` (
  `id` int(11) unsigned NOT NULL AUTO_INCREMENT,
  `course_id` int(11) unsigned NOT NULL,
  `course_category_id` int(11) unsigned NOT NULL,
  `course_offering_id` int(11) unsigned NOT NULL,
  PRIMARY KEY (`id`),
  KEY `course_id` (`course_id`),
  KEY `course_offering_id` (`course_offering_id`),
  KEY `course_category_id` (`course_category_id`),
  CONSTRAINT `course_has_category_ibfk_3` FOREIGN KEY (`course_offering_id`) REFERENCES `offerings` (`id`) ON DELETE NO ACTION ON UPDATE NO ACTION,
  CONSTRAINT `course_has_category_ibfk_5` FOREIGN KEY (`course_id`) REFERENCES `course` (`id`) ON DELETE CASCADE ON UPDATE NO ACTION,
  CONSTRAINT `course_has_category_ibfk_6` FOREIGN KEY (`course_category_id`) REFERENCES `course_category` (`id`) ON DELETE CASCADE ON UPDATE NO ACTION
) ENGINE=InnoDB AUTO_INCREMENT=48 DEFAULT CHARSET=latin1;

--
-- Dumping data for table `course_has_category`
--

INSERT INTO `course_has_category` VALUES (33,3,1,1),(34,4,1,1),(35,5,1,1),(36,7,1,1),(38,9,1,1),(39,10,1,1),(40,11,1,1),(41,13,1,1),(42,16,1,1),(44,23,1,1),(45,24,1,1),(46,25,1,1),(47,14,1,1);

--
-- Table structure for table `evaluation`
--

CREATE TABLE `evaluation` (
  `id` int(11) unsigned NOT NULL AUTO_INCREMENT,
  `course_id` int(11) DEFAULT NULL,
  `date` int(11) NOT NULL,
  `student_name` varchar(60) DEFAULT NULL,
  `question_1` text,
  `question_2` text,
  `question_3` text,
  `question_4` text,
  `question_5` text,
  `rating` int(11) NOT NULL,
  PRIMARY KEY (`id`)
) ENGINE=InnoDB AUTO_INCREMENT=13 DEFAULT CHARSET=utf8;

--
-- Dumping data for table `evaluation`
--

INSERT INTO `evaluation` VALUES (9,2,1414693949,'','','','','','',3),(10,2,1414693963,'','','','','','',3),(11,2,1414694058,'','','','','','',5),(12,1,1414698803,'','','','','','',3);

--
-- Table structure for table `exam_results`
--

CREATE TABLE `exam_results` (
  `id` int(11) unsigned NOT NULL AUTO_INCREMENT,
  `user_id` int(11) unsigned NOT NULL,
  `course_id` int(11) unsigned NOT NULL,
  `grade` float NOT NULL,
  PRIMARY KEY (`id`),
  KEY `user_id` (`user_id`),
  KEY `course_id` (`course_id`),
  CONSTRAINT `exam_results_ibfk_1` FOREIGN KEY (`user_id`) REFERENCES `user` (`id`) ON DELETE CASCADE ON UPDATE NO ACTION,
  CONSTRAINT `exam_results_ibfk_3` FOREIGN KEY (`course_id`) REFERENCES `course` (`id`) ON DELETE CASCADE ON UPDATE NO ACTION
) ENGINE=InnoDB AUTO_INCREMENT=19383 DEFAULT CHARSET=utf8;

--
-- Dumping data for table `exam_results`
--

INSERT INTO `exam_results` VALUES (4,174,16,67),(5,174,16,100),(6,174,5,100),(7,174,10,73),(8,174,10,100),(9,174,13,85),(10,174,7,90),(11,174,11,80),(12,175,7,80),(13,175,5,87),(14,175,10,87),(15,175,10,87),(16,175,10,87),(17,175,13,85),(18,175,13,85),(19,175,11,100),(20,175,3,90),(21,175,4,67),(22,175,4,73),(23,175,4,87),(24,176,7,90),(25,176,10,60),(26,176,10,80),(27,176,11,70),(28,176,11,100),(29,178,16,89),(30,178,16,100),(31,178,11,100),(32,178,11,100),(35,185,7,80),(36,185,3,95),(37,185,11,100),(38,185,13,80),(39,185,5,67),(40,185,5,100),(41,185,10,93),(42,188,9,60),(83,188,4,87),(84,188,7,70),(85,188,7,90),(86,188,16,67),(87,188,16,100),(88,188,23,65),(89,188,23,85),(90,188,3,75),(91,188,3,95),(92,188,9,90),(95,188,10,80),(96,188,10,87),(99,178,3,95),(100,178,3,95),(101,178,7,70),(102,178,7,80),(103,178,7,100),(104,188,11,80),(105,188,5,60),(106,188,5,87),(109,188,13,75),(110,188,13,95),(111,188,25,67),(112,188,25,87),(113,188,24,60),(114,188,24,93),(148,207,9,100),(149,207,4,73),(150,207,4,87),(151,207,4,87),(152,207,4,87),(153,207,7,80),(154,207,16,78),(155,207,16,78),(156,207,16,78),(157,207,16,78),(158,207,16,100),(159,207,23,65),(160,207,23,90),(161,207,3,75),(162,207,3,95),(163,207,25,33),(164,207,25,87),(165,207,5,53),(166,207,5,100),(167,207,10,27),(168,207,10,100),(169,207,14,60),(170,207,14,80),(171,207,11,30),(172,207,11,100),(173,207,24,20),(174,207,24,100),(197,214,3,100),(198,214,5,100),(220,238,3,80),(221,238,5,47),(222,238,5,40),(223,238,5,87),(224,238,5,87),(225,238,5,87),(226,245,4,100),(227,245,23,70),(228,245,23,95),(229,245,24,80),(231,245,3,85),(235,256,9,70),(236,256,9,100),(237,256,4,100),(238,256,7,70),(239,256,7,100),(240,261,4,93),(241,261,3,75),(242,256,16,78),(243,256,16,67),(244,261,3,95),(245,261,5,60),(246,258,5,67),(247,261,5,93),(248,256,16,89),(249,258,5,100),(250,261,13,55),(251,258,3,75),(252,258,3,95),(253,260,9,90),(254,261,13,70),(255,258,23,35),(256,258,23,95),(257,258,4,53),(258,261,13,80),(259,258,4,93),(260,258,7,60),(261,261,10,87),(262,258,7,100),(263,258,25,27),(264,262,9,60),(265,261,14,60),(266,261,14,90),(267,262,9,80),(268,258,25,93),(269,262,7,70),(270,261,9,60),(271,261,9,100),(272,256,23,80),(273,262,7,100),(274,261,7,70),(275,261,7,100),(276,262,4,87),(277,261,16,67),(278,261,16,78),(279,262,16,100),(280,262,16,100),(281,261,16,78),(282,260,4,93),(283,261,16,89),(284,262,23,75),(285,263,4,47),(286,262,23,80),(287,261,23,65),(288,261,23,80),(289,263,4,73),(290,262,13,60),(291,263,4,67),(292,260,7,80),(293,261,25,40),(294,262,13,70),(295,263,4,67),(296,261,25,93),(297,260,5,87),(298,263,4,47),(299,261,11,90),(300,262,13,70),(301,261,24,73),(302,262,13,85),(303,261,24,93),(304,262,3,75),(305,256,13,95),(306,262,3,100),(307,263,9,80),(308,254,3,80),(309,254,3,80),(310,262,25,67),(311,259,3,85),(312,251,7,80),(313,263,4,80),(314,264,3,55),(315,262,25,100),(316,264,3,80),(317,259,7,90),(318,262,5,53),(319,264,5,60),(320,251,3,80),(321,263,7,50),(322,266,3,80),(323,262,5,100),(324,263,7,100),(325,264,5,87),(326,264,5,87),(327,262,10,93),(328,264,4,80),(329,262,14,50),(330,263,16,78),(331,262,14,100),(332,262,11,90),(333,263,16,89),(334,262,24,80),(335,256,3,100),(336,263,23,60),(337,263,23,95),(338,272,9,70),(339,272,9,80),(340,272,4,93),(341,272,7,60),(342,272,7,70),(343,272,7,80),(344,272,16,89),(345,272,23,80),(346,272,13,65),(347,265,7,70),(348,272,13,100),(349,265,7,90),(350,272,3,90),(351,272,25,60),(352,265,3,80),(353,272,25,93),(354,272,5,60),(355,272,5,100),(356,272,10,73),(357,272,10,100),(358,272,10,100),(359,254,5,53),(360,272,14,60),(361,272,14,100),(362,272,11,90),(363,254,5,93),(364,272,24,87),(365,263,13,30),(366,251,5,80),(367,263,13,90),(368,267,5,73),(369,267,5,87),(370,254,4,60),(371,265,9,70),(372,263,3,80),(373,265,9,100),(374,251,4,67),(375,254,4,100),(376,267,3,80),(377,265,4,60),(378,251,4,100),(379,251,4,100),(380,263,25,67),(381,267,4,80),(382,265,4,80),(383,263,25,87),(384,263,25,87),(385,263,25,87),(386,265,16,100),(387,251,9,20),(388,259,5,67),(389,263,5,60),(390,260,3,80),(391,251,9,90),(392,259,5,67),(393,263,5,93),(394,265,23,50),(395,263,11,90),(396,254,10,53),(397,265,23,75),(398,251,16,44),(399,254,10,100),(400,259,5,73),(401,263,24,27),(402,251,16,100),(403,260,16,100),(404,259,5,93),(405,263,24,87),(406,251,23,40),(407,263,10,47),(408,259,16,100),(409,263,10,100),(410,265,23,90),(411,263,14,20),(412,263,14,100),(413,251,23,90),(414,259,23,90),(415,265,24,60),(416,251,13,0),(417,265,24,100),(418,256,25,53),(419,260,23,90),(420,265,25,27),(421,259,4,93),(422,259,9,90),(423,265,25,93),(424,251,13,95),(425,260,13,90),(426,259,13,95),(427,251,25,47),(428,256,25,100),(429,265,5,73),(430,259,25,40),(431,251,25,93),(432,265,5,87),(433,260,25,93),(434,251,10,53),(435,265,13,35),(436,259,25,87),(437,251,10,87),(438,260,10,100),(439,259,10,87),(440,251,14,30),(441,251,14,100),(442,252,4,93),(443,259,14,90),(444,265,13,90),(445,260,14,80),(446,251,11,20),(447,252,4,100),(448,265,10,73),(449,251,11,100),(450,251,11,100),(451,251,11,100),(452,251,11,100),(453,251,11,100),(454,251,11,100),(455,260,11,100),(456,259,11,100),(457,260,11,100),(458,251,24,40),(459,265,10,100),(460,260,24,100),(461,259,24,100),(462,251,24,100),(463,265,14,60),(464,265,14,70),(465,252,3,100),(466,265,11,80),(467,256,5,100),(468,252,5,93),(469,252,5,93),(470,254,9,70),(471,254,9,100),(472,266,9,90),(473,256,10,87),(474,254,23,40),(475,254,23,85),(476,254,7,30),(477,256,14,80),(478,254,7,90),(479,254,16,100),(480,256,11,70),(481,254,13,95),(482,256,11,100),(483,254,25,93),(484,266,5,93),(485,266,4,80),(486,256,24,73),(487,254,24,100),(488,254,11,100),(489,256,24,100),(490,266,7,70),(491,266,7,100),(492,266,16,100),(493,266,23,90),(494,266,13,90),(495,266,25,93),(496,266,10,100),(497,266,14,90),(498,266,11,100),(499,266,24,100),(500,270,4,53),(501,271,4,53),(502,274,3,80),(503,270,3,75),(504,271,3,75),(505,274,5,93),(506,270,3,85),(507,271,3,90),(508,270,5,67),(509,270,5,80),(510,271,5,80),(511,270,4,87),(512,271,4,87),(513,270,10,87),(514,271,10,93),(515,264,9,90),(516,264,23,90),(517,264,10,100),(518,264,16,100),(519,264,13,90),(520,264,25,80),(521,264,14,90),(522,264,7,60),(523,264,7,70),(524,264,7,70),(525,264,7,70),(526,264,11,90),(527,264,24,100),(528,264,7,100),(534,274,4,100),(535,254,14,30),(536,254,14,100),(537,277,9,60),(538,275,7,60),(539,277,9,80),(540,275,7,80),(541,277,4,87),(542,277,7,60),(543,277,7,90),(544,270,9,90),(545,277,16,100),(546,277,23,60),(547,277,23,95),(548,270,23,80),(549,276,23,45),(550,277,13,65),(551,270,11,90),(552,277,13,95),(553,276,23,40),(554,277,3,80),(555,276,23,15),(556,270,16,89),(557,270,14,80),(558,270,7,70),(559,270,7,100),(560,270,13,70),(561,270,13,100),(562,270,25,47),(563,270,25,87),(564,270,24,53),(565,270,24,100),(566,271,16,89),(567,271,9,90),(568,271,7,90),(569,271,23,80),(570,271,13,100),(571,271,25,87),(572,271,14,80),(573,271,11,90),(574,271,24,100),(575,278,4,93),(576,278,3,80),(577,278,5,87),(578,279,9,80),(579,279,13,90),(580,279,10,93),(581,279,4,100),(582,279,7,90),(583,279,16,78),(584,279,16,100),(585,280,3,80),(586,280,3,80),(587,280,5,73),(588,280,5,100),(589,280,4,100),(590,280,4,100),(591,280,9,90),(592,280,16,100),(593,280,16,100),(594,280,23,90),(595,280,25,93),(596,280,13,95),(597,280,10,100),(598,280,14,90),(599,280,11,100),(600,280,24,100),(601,280,24,100),(602,276,5,53),(603,276,5,93),(604,251,4,47),(605,251,4,67),(606,251,4,67),(607,251,3,60),(608,251,3,95),(609,251,3,95),(610,279,3,90),(611,279,11,90),(612,279,14,50),(613,279,14,100),(614,279,24,87),(615,279,5,73),(616,279,5,87),(617,276,9,100),(618,276,4,93),(619,276,7,40),(620,276,7,80),(621,276,16,89),(622,276,13,95),(623,276,3,70),(624,276,3,100),(625,276,24,93),(626,276,11,100),(627,276,11,100),(628,276,14,90),(629,276,10,100),(630,276,25,93),(631,276,23,80),(632,275,3,75),(633,275,3,100),(634,286,3,95),(635,286,5,73),(636,286,5,80),(637,277,24,87),(638,277,25,87),(639,277,25,87),(640,277,10,100),(641,277,14,90),(642,277,11,100),(643,277,5,60),(644,277,5,87),(645,286,4,80),(646,286,9,70),(647,286,9,80),(648,286,7,60),(649,286,7,100),(650,286,16,67),(651,286,16,78),(652,286,16,100),(653,286,23,55),(654,286,23,80),(655,286,13,40),(656,286,13,90),(657,286,5,80),(658,286,5,80),(659,286,5,67),(660,286,5,47),(661,286,5,67),(662,286,5,67),(663,286,5,80),(664,286,5,80),(665,286,4,73),(666,286,4,80),(667,286,10,80),(668,286,14,70),(669,286,11,80),(670,286,24,60),(671,286,24,100),(672,286,25,20),(673,286,25,100),(674,288,9,50),(675,288,9,90),(676,288,4,73),(677,288,4,100),(678,288,7,80),(679,288,7,80),(680,288,16,56),(681,288,16,89),(682,288,23,75),(683,288,23,95),(684,288,13,25),(685,288,13,95),(686,288,3,60),(687,288,3,100),(688,288,25,60),(689,288,25,100),(690,288,5,27),(691,288,5,87),(692,288,10,80),(693,288,24,53),(694,288,24,100),(695,288,11,50),(696,288,11,80),(697,288,14,70),(698,275,5,33),(699,275,5,100),(700,275,4,40),(701,275,4,100),(702,289,9,80),(703,289,4,87),(705,289,7,70),(706,289,7,90),(707,289,16,78),(708,289,16,78),(709,289,16,100),(710,289,23,45),(713,289,23,100),(714,289,13,40),(715,289,13,90),(716,289,3,95),(717,289,25,40),(718,289,25,93),(719,298,4,93),(720,289,5,73),(721,298,9,90),(722,298,16,100),(723,298,23,95),(724,298,13,95),(725,298,13,95),(726,298,25,93),(727,298,10,100),(728,289,5,93),(729,298,7,80),(730,298,3,85),(731,298,5,67),(732,298,5,93),(733,298,14,90),(734,298,11,100),(735,298,24,100),(736,289,10,67),(737,289,10,100),(738,299,9,100),(739,299,4,100),(740,299,7,100),(741,299,16,89),(742,289,14,40),(743,289,14,100),(744,299,23,95),(745,289,11,50),(746,299,13,95),(747,289,11,100),(748,299,3,90),(749,289,24,53),(750,299,25,93),(751,299,5,93),(752,289,24,100),(753,299,10,100),(754,299,14,100),(755,299,11,100),(756,299,24,100),(757,297,10,100),(758,297,14,100),(759,297,11,100),(760,297,24,100),(761,297,9,80),(762,297,4,87),(763,297,7,70),(764,297,7,100),(766,297,16,78),(767,297,16,78),(769,297,16,89),(770,297,23,80),(772,297,3,90),(773,297,5,87),(776,297,13,70),(777,297,13,100),(780,297,25,47),(781,297,25,100),(783,287,9,80),(784,287,9,80),(785,287,9,80),(786,287,9,80),(787,287,9,80),(788,287,9,80),(789,287,4,73),(790,287,4,100),(791,287,7,50),(792,287,7,100),(793,287,16,67),(794,287,16,100),(795,287,16,100),(796,287,23,65),(797,287,23,95),(798,287,13,75),(799,287,13,85),(800,287,3,75),(801,287,3,100),(802,287,25,67),(803,287,25,100),(804,287,25,100),(805,287,5,60),(806,287,5,80),(807,287,5,80),(808,287,10,73),(809,287,10,100),(810,287,14,40),(811,287,14,100),(812,287,14,100),(813,287,14,100),(814,287,14,100),(815,287,14,100),(816,287,11,60),(817,287,11,100),(818,287,11,100),(819,287,11,100),(820,287,24,87),(821,287,24,87),(839,306,23,60),(840,306,23,95),(855,307,9,90),(856,307,4,100),(857,307,16,100),(858,307,23,90),(859,307,13,100),(860,307,25,93),(861,307,10,100),(862,307,24,100),(863,307,11,100),(864,307,14,100),(865,307,7,70),(866,307,7,90),(867,307,3,80),(868,307,5,73),(869,307,5,73),(870,307,5,100),(874,309,24,87),(875,309,4,87),(910,300,3,70),(914,300,3,80),(915,300,3,80),(916,300,5,60),(917,300,5,100),(922,300,4,80),(959,293,9,70),(960,293,9,90),(961,282,9,100),(962,293,4,87),(985,284,7,70),(986,285,9,80),(987,284,7,90),(988,284,9,90),(989,285,4,93),(990,282,4,73),(991,282,4,93),(992,285,7,80),(996,285,16,100),(998,282,7,100),(1000,285,23,75),(1001,268,4,100),(1002,285,23,100),(1003,268,5,87),(1004,268,3,90),(1005,285,13,80),(1006,285,3,95),(1007,285,25,67),(1008,285,25,100),(1013,282,23,70),(1015,282,23,100),(1017,318,7,60),(1018,318,7,100),(1019,285,5,80),(1021,285,10,80),(1023,285,14,80),(1024,285,11,100),(1026,285,24,80),(1039,308,13,95),(1043,308,10,100),(1044,308,25,93),(1046,308,4,100),(1047,308,9,100),(1048,308,23,90),(1050,308,16,100),(1054,308,7,80),(1075,324,9,70),(1076,324,9,80),(1077,324,4,53),(1078,324,4,67),(1079,324,4,67),(1081,324,4,93),(1082,324,7,80),(1083,324,16,67),(1084,324,16,89),(1085,324,16,89),(1086,324,23,45),(1087,324,23,100),(1088,324,13,15),(1089,324,13,95),(1090,324,3,60),(1091,324,3,95),(1092,324,25,20),(1093,324,25,93),(1094,324,5,33),(1095,324,5,93),(1096,324,10,47),(1097,324,10,100),(1098,324,10,100),(1099,324,10,100),(1100,324,10,100),(1101,324,10,100),(1102,324,10,100),(1103,324,10,100),(1104,324,10,100),(1105,324,10,100),(1106,324,10,100),(1107,324,10,100),(1108,324,10,100),(1109,324,10,100),(1110,324,10,100),(1111,324,10,100),(1112,324,10,100),(1113,324,10,100),(1114,324,14,30),(1115,324,14,90),(1116,324,11,20),(1117,324,11,100),(1118,324,24,27),(1119,324,24,73),(1120,324,24,100),(1121,293,7,70),(1122,293,7,100),(1123,293,7,100),(1124,293,16,89),(1125,293,5,60),(1126,293,5,87),(1127,293,11,60),(1128,293,11,90),(1135,326,3,90),(1136,326,5,73),(1137,326,5,87),(1138,326,4,93),(1139,326,9,80),(1140,326,7,90),(1141,326,16,100),(1142,326,23,70),(1143,326,23,95),(1144,326,13,85),(1145,326,25,53),(1146,326,25,93),(1147,327,5,100),(1148,327,4,93),(1149,328,9,100),(1150,328,4,93),(1151,328,7,90),(1152,328,16,89),(1156,326,10,87),(1157,326,14,60),(1158,326,14,90),(1159,326,11,80),(1160,326,24,93),(1161,293,10,80),(1162,293,14,90),(1163,293,24,73),(1164,293,24,93),(1165,293,23,75),(1166,293,23,90),(1167,328,25,73),(1169,328,25,100),(1174,328,13,80),(1175,328,3,90),(1176,328,5,80),(1196,334,4,87),(1197,334,3,80),(1198,334,5,67),(1199,334,5,100),(1200,334,5,100),(1201,334,5,100),(1202,334,5,100),(1203,334,5,100),(1204,334,5,100),(1205,284,4,73),(1206,284,4,80),(1207,284,16,56),(1208,284,16,89),(1209,284,3,50),(1210,284,3,100),(1211,284,3,100),(1212,284,3,100),(1213,284,13,15),(1214,284,13,95),(1215,284,23,45),(1216,284,23,100),(1229,328,10,87),(1230,328,11,100),(1231,338,4,53),(1232,338,4,53),(1233,338,4,67),(1234,338,4,93),(1235,338,3,95),(1236,338,5,53),(1237,338,5,87),(1238,338,5,87),(1239,338,5,87),(1240,338,7,70),(1241,338,7,100),(1242,338,14,60),(1243,338,14,100),(1244,338,10,33),(1245,338,10,100),(1246,338,24,60),(1247,338,24,87),(1248,338,9,50),(1249,338,9,100),(1250,338,25,33),(1251,338,25,87),(1252,338,23,35),(1253,338,23,100),(1254,338,11,80),(1255,338,11,80),(1256,293,13,60),(1257,293,13,80),(1258,293,3,75),(1259,293,3,90),(1260,293,25,47),(1261,293,25,67),(1262,293,25,73),(1263,293,25,73),(1264,293,25,87),(1265,290,25,87),(1266,290,3,90),(1267,290,13,80),(1268,290,9,70),(1269,290,9,100),(1270,290,4,80),(1271,290,7,90),(1272,290,16,78),(1273,290,16,100),(1274,290,23,90),(1275,290,24,73),(1276,290,24,67),(1277,290,24,100),(1278,290,5,53),(1279,290,5,93),(1280,290,10,80),(1281,290,14,80),(1282,290,11,80),(1283,339,9,90),(1284,339,4,93),(1285,339,7,70),(1286,339,7,100),(1287,339,5,73),(1288,339,5,60),(1289,339,5,87),(1290,339,23,65),(1291,339,23,100),(1292,339,3,95),(1293,339,25,47),(1294,339,25,93),(1295,339,10,100),(1296,339,14,100),(1297,339,11,30),(1298,339,11,100),(1299,339,24,87),(1300,339,13,55),(1301,339,13,95),(1302,328,23,65),(1303,328,23,70),(1304,328,23,90),(1305,328,14,70),(1306,328,24,80),(1312,311,9,40),(1313,311,9,80),(1314,311,9,80),(1315,311,4,93),(1316,311,4,93),(1317,311,7,60),(1318,311,7,80),(1319,311,7,80),(1320,311,16,100),(1321,311,23,65),(1323,311,23,80),(1325,311,13,55),(1327,311,13,95),(1329,311,3,90),(1333,275,23,25),(1334,275,23,100),(1335,275,11,90),(1336,275,24,40),(1337,275,24,100),(1338,275,14,30),(1339,275,14,100),(1340,275,13,35),(1341,275,13,95),(1342,275,25,27),(1343,275,25,93),(1344,275,10,67),(1345,275,10,100),(1346,275,16,33),(1347,275,16,100),(1348,275,9,20),(1349,275,9,90),(1350,335,4,87),(1351,335,3,85),(1352,335,5,87),(1353,311,25,60),(1354,311,25,100),(1355,311,5,47),(1356,311,5,100),(1357,311,10,80),(1358,311,14,60),(1359,311,14,100),(1360,311,11,80),(1361,311,24,80),(1362,306,16,67),(1363,306,16,100),(1364,306,14,60),(1365,306,14,100),(1366,306,10,87),(1367,306,13,95),(1368,306,5,93),(1370,335,9,50),(1371,335,9,70),(1372,335,9,60),(1373,335,9,90),(1374,335,14,60),(1375,335,14,100),(1376,335,13,55),(1382,335,13,100),(1391,335,10,67),(1393,335,10,100),(1394,335,7,60),(1395,335,7,60),(1396,335,7,90),(1410,306,4,80),(1411,306,3,95),(1412,306,7,70),(1413,306,7,90),(1414,306,9,70),(1415,306,9,100),(1416,335,23,50),(1417,335,23,95),(1418,345,3,95),(1419,345,5,100),(1420,345,4,93),(1421,345,9,100),(1443,345,7,80),(1446,345,16,89),(1447,345,23,55),(1449,345,23,85),(1450,345,13,65),(1451,345,13,80),(1452,345,25,40),(1453,345,25,100),(1454,345,25,100),(1455,345,25,100),(1456,345,10,93),(1459,345,14,60),(1460,345,14,100),(1461,345,14,100),(1466,224,9,90),(1468,224,4,80),(1470,224,7,90),(1472,224,16,78),(1474,224,16,100),(1476,224,23,80),(1558,351,3,100),(1559,351,5,67),(1560,351,5,93),(1561,351,4,93),(1562,351,4,93),(1586,306,25,60),(1587,306,25,93),(1588,306,11,70),(1589,306,11,100),(1590,306,24,80),(1609,353,3,90),(1614,353,5,73),(1615,353,5,100),(1616,353,4,60),(1617,353,4,100),(1656,335,16,67),(1657,335,16,100),(1658,358,3,85),(1659,358,5,53),(1660,358,5,73),(1661,358,5,73),(1662,358,5,60),(1663,358,5,87),(1664,381,24,73),(1665,358,4,93),(1666,381,24,93),(1667,381,23,80),(1668,381,3,75),(1669,381,3,85),(1670,381,3,100),(1671,381,10,80),(1674,335,25,80),(1678,384,9,70),(1679,384,9,80),(1681,384,25,47),(1682,384,25,100),(1684,224,13,90),(1685,224,3,70),(1687,224,3,90),(1688,224,25,80),(1689,224,5,67),(1694,386,9,60),(1695,386,9,60),(1697,386,9,60),(1698,386,9,80),(1699,386,4,73),(1700,386,4,100),(1701,396,9,80),(1702,386,7,50),(1703,386,7,90),(1704,386,16,44),(1705,386,16,100),(1706,386,23,30),(1707,386,23,90),(1708,386,13,15),(1709,386,13,100),(1710,386,3,85),(1711,386,25,33),(1712,386,25,100),(1713,386,5,33),(1714,386,5,93),(1715,386,10,40),(1716,386,10,93),(1717,386,14,50),(1718,386,14,100),(1719,386,11,50),(1720,386,11,90),(1721,386,24,27),(1722,386,24,67),(1723,396,4,93),(1724,386,24,67),(1725,386,24,80),(1726,396,7,80),(1727,396,23,85),(1728,390,9,50),(1729,390,9,90),(1730,390,4,80),(1731,390,7,90),(1732,390,16,100),(1733,390,23,85),(1734,390,13,95),(1735,390,3,90),(1736,390,25,100),(1737,390,5,93),(1738,390,10,93),(1739,390,14,100),(1740,390,11,90),(1741,390,24,80),(1742,396,13,80),(1743,392,9,100),(1744,389,9,100),(1745,389,4,80),(1746,389,7,100),(1747,389,16,100),(1748,389,23,100),(1749,389,13,100),(1750,389,3,100),(1751,389,25,100),(1752,389,5,100),(1753,389,10,100),(1754,389,14,100),(1755,389,11,100),(1756,389,24,80),(1761,401,9,100),(1764,410,9,80),(1765,410,9,100),(1766,410,4,67),(1767,410,4,100),(1768,400,3,80),(1769,410,7,70),(1770,410,7,100),(1771,400,4,80),(1772,410,16,22),(1773,410,16,100),(1774,410,23,50),(1775,410,23,100),(1776,406,4,93),(1777,410,13,60),(1778,410,13,100),(1779,410,3,65),(1780,410,3,95),(1781,410,25,20),(1782,410,25,87),(1783,406,3,100),(1784,410,5,53),(1785,410,5,100),(1786,410,10,73),(1787,410,10,100),(1788,410,14,40),(1789,410,14,100),(1790,410,11,70),(1791,410,11,70),(1792,410,11,100),(1793,410,24,87),(1794,401,4,100),(1795,401,7,100),(1796,401,16,100),(1797,401,23,100),(1798,401,13,95),(1799,412,9,90),(1800,401,3,95),(1801,401,25,87),(1802,401,5,87),(1803,401,10,100),(1804,401,14,100),(1806,401,11,100),(1807,401,24,67),(1808,401,24,60),(1809,401,24,67),(1810,401,24,73),(1811,401,24,67),(1812,412,4,93),(1813,401,24,80),(1814,412,7,80),(1815,412,16,100),(1818,412,23,55),(1819,412,23,100),(1820,412,13,55),(1821,412,13,55),(1822,412,13,95),(1823,412,3,90),(1825,412,25,60),(1826,412,25,93),(1828,412,5,60),(1829,412,5,100),(1830,412,10,67),(1831,412,10,100),(1832,412,14,60),(1833,412,14,100),(1834,412,11,70),(1835,412,11,100),(1836,412,24,73),(1837,412,24,80),(1838,384,3,85),(1839,384,13,85),(1840,384,4,93),(1841,384,7,70),(1842,384,7,100),(1843,384,5,60),(1844,384,5,93),(1845,384,16,89),(1846,384,23,65),(1847,384,23,100),(1848,397,9,80),(1849,397,9,100),(1850,397,4,60),(1851,397,4,100),(1852,397,7,70),(1853,397,7,100),(1854,397,16,78),(1855,397,16,100),(1856,397,23,95),(1857,397,13,95),(1858,397,3,90),(1859,397,25,100),(1860,397,5,93),(1861,397,10,100),(1862,397,14,100),(1863,397,11,100),(1864,397,24,100),(1865,383,9,60),(1866,383,9,80),(1867,383,4,60),(1868,383,4,93),(1869,383,4,93),(1870,383,7,60),(1871,383,7,70),(1872,383,7,70),(1873,383,7,60),(1874,383,7,80),(1875,383,16,56),(1876,383,16,78),(1877,383,16,100),(1878,383,23,65),(1879,383,23,80),(1880,383,13,55),(1881,383,3,95),(1882,383,25,100),(1883,383,5,100),(1884,383,10,100),(1885,383,14,100),(1886,383,11,90),(1887,383,24,67),(1888,383,24,60),(1889,383,24,80),(1890,403,9,100),(1891,403,4,93),(1892,403,7,100),(1893,403,16,100),(1894,403,23,100),(1895,403,13,95),(1896,403,3,95),(1897,403,25,100),(1898,403,5,100),(1899,403,10,100),(1900,403,14,90),(1901,403,11,100),(1902,403,24,73),(1903,403,24,87),(1904,283,3,95),(1905,283,5,73),(1906,283,5,87),(1907,283,4,87),(1908,283,4,87),(1909,395,3,90),(1913,395,4,73),(1914,395,4,80),(1915,388,3,90),(1916,395,5,67),(1917,395,5,87),(1918,388,10,67),(1919,388,10,73),(1920,388,10,87),(1921,388,23,55),(1922,388,23,95),(1930,411,3,95),(1934,400,5,53),(1936,400,5,73),(1937,400,5,73),(1939,400,5,100),(1943,400,7,70),(1944,400,7,80),(1945,400,9,70),(1946,400,9,100),(1947,400,10,73),(1948,400,10,80),(1949,400,11,70),(1950,400,11,70),(1951,400,11,100),(1952,400,13,70),(1953,400,13,95),(1954,400,14,40),(1955,400,14,100),(1956,335,24,80),(1957,400,16,89),(1958,335,11,100),(1959,400,23,45),(1964,384,24,53),(1965,384,24,73),(1966,384,24,73),(1967,384,24,80),(1968,384,10,93),(1969,384,14,50),(1970,384,14,100),(1971,384,11,80),(1981,396,3,95),(1986,396,25,87),(1987,396,16,78),(1988,396,16,100),(1989,396,5,93),(1990,396,5,93),(1991,396,10,93),(1992,396,11,100),(1993,396,24,80),(1994,400,23,100),(1995,400,24,87),(1996,400,25,67),(1997,400,25,100),(1998,391,9,50),(1999,391,9,80),(2000,391,4,80),(2001,391,7,60),(2004,391,7,70),(2005,407,9,70),(2006,407,9,100),(2007,407,4,100),(2008,407,7,90),(2009,407,16,78),(2010,407,16,100),(2011,407,23,70),(2012,407,23,100),(2014,407,13,95),(2015,407,3,90),(2016,407,25,87),(2018,407,5,87),(2019,407,10,93),(2021,407,14,80),(2022,407,14,80),(2023,407,11,90),(2024,407,24,100),(2025,419,14,70),(2026,419,24,87),(2027,411,4,100),(2028,419,9,90),(2029,419,4,87),(2030,419,7,100),(2031,419,16,100),(2032,419,23,95),(2033,411,5,87),(2034,419,13,100),(2035,419,3,95),(2036,419,25,80),(2037,419,5,100),(2038,419,10,100),(2039,419,11,90),(2040,406,5,93),(2041,411,7,80),(2042,406,7,90),(2043,399,9,90),(2044,399,4,87),(2045,399,7,100),(2046,399,16,100),(2047,399,25,93),(2048,399,14,100),(2049,399,5,87),(2050,399,11,40),(2051,388,9,70),(2052,388,9,80),(2053,388,4,73),(2054,388,4,100),(2055,388,7,40),(2056,388,7,90),(2057,388,16,78),(2058,388,16,100),(2059,388,13,60),(2060,388,13,30),(2061,388,13,50),(2062,388,13,85),(2063,388,25,40),(2064,388,25,93),(2065,388,5,60),(2066,388,5,100),(2067,388,14,60),(2068,388,14,100),(2069,388,11,90),(2070,388,24,80),(2071,399,13,85),(2072,396,14,80),(2073,399,10,100),(2074,411,9,100),(2075,411,10,93),(2076,411,11,100),(2077,411,13,100),(2078,411,14,80),(2079,411,16,100),(2080,411,16,100),(2081,411,23,90),(2082,411,24,80),(2083,411,25,80),(2084,391,7,90),(2085,409,9,90),(2086,391,16,100),(2087,391,23,100),(2088,391,13,95),(2089,391,3,100),(2091,391,25,80),(2093,391,5,100),(2094,391,10,80),(2095,391,14,100),(2096,391,11,90),(2097,391,24,53),(2098,391,24,73),(2099,391,24,67),(2100,391,24,93),(2101,391,24,93),(2102,391,24,93),(2122,426,9,90),(2123,409,4,100),(2124,409,7,80),(2125,409,16,78),(2126,409,16,100),(2132,409,23,80),(2137,426,4,93),(2138,426,4,93),(2140,409,13,80),(2141,426,7,90),(2142,426,16,78),(2143,426,16,89),(2144,426,23,65),(2145,426,23,95),(2146,224,10,93),(2147,224,14,60),(2148,224,14,100),(2149,224,11,100),(2150,224,24,87),(2151,426,13,60),(2152,224,5,80),(2153,426,13,95),(2154,426,3,80),(2155,426,25,73),(2156,426,25,100),(2157,426,5,47),(2158,426,5,100),(2159,426,10,80),(2160,426,14,20),(2161,426,14,100),(2162,426,11,80),(2163,426,24,0),(2164,426,24,73),(2165,426,24,100),(2166,392,4,100),(2167,392,7,100),(2168,392,16,89),(2169,392,23,75),(2170,392,23,95),(2171,392,23,95),(2172,392,23,95),(2173,392,23,95),(2174,392,23,95),(2175,392,23,95),(2176,392,13,25),(2177,392,13,90),(2178,392,3,90),(2179,392,25,47),(2180,392,25,100),(2181,392,5,73),(2182,392,5,87),(2183,392,10,80),(2184,392,14,50),(2185,392,14,100),(2186,392,11,80),(2187,392,24,73),(2188,392,24,73),(2189,392,24,93),(2190,421,16,89),(2191,421,25,60),(2192,421,25,93),(2193,421,3,85),(2197,421,13,65),(2198,421,13,100),(2199,421,9,70),(2200,421,9,100),(2201,395,7,70),(2202,395,7,90),(2203,395,9,60),(2204,395,9,90),(2205,395,10,80),(2206,387,9,60),(2207,387,9,100),(2208,387,4,93),(2209,387,7,70),(2210,387,7,100),(2211,387,16,67),(2212,387,16,100),(2214,387,23,50),(2215,387,23,85),(2219,387,13,65),(2220,387,13,100),(2221,387,3,90),(2222,387,25,47),(2223,387,25,93),(2224,387,5,40),(2225,387,5,100),(2226,387,10,93),(2227,387,14,40),(2228,387,14,100),(2229,387,11,90),(2230,387,24,73),(2231,387,24,100),(2232,395,11,100),(2233,395,13,100),(2234,395,14,100),(2235,395,16,100),(2236,395,23,100),(2237,395,24,73),(2238,395,25,100),(2239,395,24,80),(2264,422,9,100),(2265,422,4,100),(2266,422,7,100),(2267,422,16,100),(2268,422,23,100),(2269,422,13,100),(2270,422,3,95),(2271,422,25,100),(2272,422,5,100),(2273,422,10,100),(2274,422,14,100),(2275,422,11,100),(2276,422,24,73),(2277,422,24,67),(2278,422,24,67),(2279,422,24,80),(2283,421,23,60),(2284,421,23,100),(2285,425,4,100),(2286,421,7,60),(2287,421,7,100),(2288,421,5,67),(2289,421,5,100),(2290,421,4,73),(2291,421,4,100),(2292,430,3,85),(2293,430,4,80),(2294,430,5,47),(2295,430,5,87),(2296,399,11,90),(2297,399,23,100),(2298,399,3,100),(2299,421,11,80),(2300,421,10,80),(2301,421,14,80),(2302,421,24,80),(2321,409,3,85),(2322,394,9,80),(2323,394,4,100),(2324,409,25,93),(2325,383,13,85),(2326,409,5,100),(2327,394,7,100),(2328,409,10,100),(2329,394,16,100),(2330,394,23,100),(2331,394,13,100),(2332,394,3,95),(2333,394,3,95),(2334,394,3,95),(2335,394,3,95),(2336,394,25,100),(2337,394,25,100),(2338,394,5,100),(2339,394,5,100),(2340,394,10,100),(2341,394,14,100),(2342,394,11,100),(2343,394,11,100),(2344,394,24,87),(2345,425,9,90),(2346,425,7,70),(2347,425,7,80),(2348,425,3,85),(2349,425,23,80),(2350,425,16,89),(2351,425,13,90),(2352,425,25,87),(2353,425,5,53),(2354,425,5,60),(2355,425,5,93),(2356,425,10,87),(2357,425,14,80),(2358,425,11,80),(2359,425,24,87),(2360,417,3,80),(2361,417,3,80),(2362,417,5,60),(2363,417,5,100),(2364,417,4,67),(2365,417,4,100),(2366,408,9,100),(2367,408,4,100),(2368,408,7,100),(2369,408,23,90),(2370,408,13,100),(2371,408,3,80),(2372,408,16,100),(2373,408,25,80),(2374,408,5,100),(2375,408,10,100),(2376,408,14,100),(2377,408,11,100),(2378,408,24,80),(2379,406,9,70),(2380,406,9,90),(2381,406,10,47),(2382,406,10,100),(2383,406,11,100),(2384,406,13,80),(2385,406,14,40),(2386,406,14,100),(2387,406,16,89),(2388,406,23,35),(2389,406,23,100),(2390,406,24,87),(2391,406,25,40),(2392,406,25,100),(2393,418,3,100),(2394,418,4,80),(2395,418,5,60),(2396,418,5,100),(2397,418,7,80),(2398,418,9,90),(2399,418,10,87),(2400,418,11,100),(2401,418,13,80),(2402,418,14,70),(2403,418,14,100),(2404,418,16,78),(2405,418,16,89),(2406,418,23,75),(2407,418,23,100),(2408,418,24,93),(2409,418,25,67),(2410,418,25,100),(2411,398,3,85),(2412,398,4,100),(2413,398,5,53),(2414,398,5,87),(2415,398,9,60),(2416,398,9,100),(2417,398,7,50),(2418,398,7,100),(2419,398,16,89),(2420,398,23,45),(2421,398,23,70),(2422,398,23,85),(2423,398,13,55),(2424,398,13,75),(2425,409,14,60),(2426,409,14,100),(2427,409,11,90),(2428,409,24,80),(2430,398,25,47),(2431,398,25,100),(2432,398,25,100),(2433,398,13,80),(2434,398,10,73),(2435,398,10,100),(2436,398,14,60),(2437,398,14,100),(2438,398,14,100),(2439,398,14,100),(2440,398,11,100),(2441,398,24,80),(2442,433,3,95),(2443,433,4,100),(2444,433,5,73),(2445,433,5,100),(2537,439,4,47),(2538,439,4,100),(2539,439,24,33),(2540,439,24,100),(2595,440,9,60),(2597,440,9,100),(2602,440,4,73),(2603,440,4,100),(2605,440,7,70),(2607,434,13,65),(2608,434,13,70),(2609,434,13,80),(2610,434,23,70),(2611,437,9,100),(2612,437,4,100),(2613,437,7,90),(2614,437,16,100),(2615,437,23,80),(2616,434,23,80),(2617,429,3,85),(2618,429,3,85),(2619,429,5,80),(2620,429,4,93),(2621,429,23,80),(2622,429,14,80),(2623,429,24,87),(2624,434,14,80),(2625,434,16,67),(2626,434,16,67),(2627,434,16,22),(2628,434,16,78),(2629,434,16,89),(2630,434,10,93),(2631,437,13,85),(2632,437,3,100),(2633,437,25,53),(2634,437,25,67),(2635,437,25,80),(2636,437,5,87),(2637,437,10,93),(2638,437,14,70),(2639,437,11,90),(2640,437,24,93),(2641,434,4,93),(2642,434,7,90),(2643,434,3,75),(2644,434,3,90),(2645,440,7,100),(2646,440,16,100),(2647,440,23,100),(2648,440,13,100),(2649,440,3,100),(2650,440,25,100),(2651,440,5,100),(2652,440,10,93),(2653,440,14,100),(2654,434,24,73),(2655,434,24,67),(2656,434,24,73),(2657,440,11,100),(2658,440,24,67),(2659,440,24,100),(2660,434,24,80),(2779,454,13,90),(2780,462,7,60),(2781,462,7,90),(2782,462,4,73),(2783,462,4,93),(2784,462,23,65),(2785,462,23,90),(2786,462,3,80),(2787,462,9,70),(2788,462,9,80),(2789,462,16,56),(2790,462,16,89),(2791,462,13,60),(2792,462,13,80),(2793,462,25,53),(2794,462,25,87),(2795,462,10,80),(2796,462,5,67),(2797,462,5,87),(2798,462,14,70),(2799,462,11,50),(2800,462,11,80),(2804,458,9,90),(2805,458,4,100),(2806,458,7,90),(2869,458,16,89),(2907,456,9,60),(2908,456,9,70),(2909,456,9,90),(2936,462,24,73),(2937,462,24,80),(3017,457,9,100),(3021,457,4,93),(3029,456,4,87),(3030,456,4,87),(3031,456,7,70),(3032,456,7,100),(3034,456,16,67),(3035,456,16,100),(3042,456,23,70),(3043,456,23,95),(3044,456,23,95),(3053,456,13,95),(3054,456,3,70),(3055,456,3,90),(3056,456,25,33),(3057,456,25,87),(3058,457,7,70),(3059,457,7,100),(3060,457,16,89),(3061,457,23,65),(3062,457,23,95),(3063,457,13,95),(3066,457,3,90),(3067,457,25,60),(3068,457,25,93),(3069,468,9,90),(3070,468,4,87),(3071,468,7,70),(3072,468,7,90),(3073,468,16,67),(3074,468,16,78),(3075,468,16,100),(3076,468,23,60),(3077,468,23,100),(3078,468,13,35),(3079,468,13,35),(3080,468,13,100),(3081,468,3,75),(3082,468,3,100),(3083,468,25,53),(3084,468,25,100),(3085,468,25,100),(3086,468,5,67),(3087,468,5,100),(3088,468,10,80),(3089,468,14,50),(3090,468,14,100),(3091,468,14,100),(3092,468,11,70),(3093,468,11,90),(3094,468,24,73),(3095,468,24,93),(3103,458,23,75),(3106,458,23,95),(3153,439,13,30),(3154,439,13,80),(3155,439,5,27),(3156,439,5,93),(3174,456,5,73),(3176,456,5,73),(3179,456,5,80),(3180,456,5,80),(3181,456,5,80),(3182,456,5,80),(3183,456,5,80),(3184,456,5,80),(3185,456,5,80),(3186,456,5,80),(3187,456,5,80),(3188,456,5,80),(3189,456,5,80),(3190,456,5,80),(3199,456,5,80),(3214,478,3,95),(3215,478,25,87),(3216,478,5,93),(3217,478,10,100),(3218,478,14,100),(3219,478,11,90),(3220,478,24,93),(3221,478,9,100),(3222,478,4,100),(3223,478,7,100),(3224,478,16,100),(3225,478,23,100),(3226,478,13,100),(3227,457,5,53),(3228,457,5,100),(3229,457,10,87),(3230,457,14,60),(3231,457,14,90),(3232,457,11,80),(3233,457,24,100),(3234,460,9,60),(3235,460,9,90),(3236,460,23,65),(3237,460,23,100),(3238,456,10,73),(3239,456,10,87),(3240,460,7,80),(3241,456,14,60),(3242,456,14,80),(3243,456,11,90),(3244,456,24,80),(3246,460,16,78),(3247,460,16,89),(3259,460,4,87),(3260,460,13,75),(3261,460,13,100),(3262,477,3,100),(3263,477,4,100),(3264,477,5,100),(3265,477,7,100),(3266,477,9,100),(3267,477,10,87),(3268,477,10,73),(3269,477,10,93),(3270,477,11,90),(3271,477,13,100),(3272,477,14,100),(3273,477,16,100),(3274,477,23,100),(3275,477,25,100),(3276,477,24,73),(3277,477,24,80),(3279,448,9,80),(3280,448,4,93),(3281,448,7,70),(3282,448,7,90),(3283,448,16,89),(3284,448,23,70),(3285,448,23,100),(3286,448,23,100),(3287,448,13,85),(3288,448,3,85),(3289,448,25,47),(3290,448,25,93),(3291,448,5,47),(3292,448,5,100),(3293,448,10,87),(3294,448,11,90),(3295,448,24,93),(3296,448,14,60),(3297,448,14,90),(3298,474,9,50),(3299,474,9,100),(3300,474,4,73),(3301,474,4,80),(3302,474,7,60),(3303,474,7,80),(3304,474,16,78),(3305,474,16,100),(3306,474,23,65),(3307,474,23,95),(3322,460,3,60),(3323,460,3,95),(3327,482,9,60),(3328,482,9,90),(3329,453,9,90),(3330,453,4,93),(3331,453,7,60),(3332,453,7,100),(3333,453,16,100),(3338,453,23,50),(3339,453,23,85),(3340,453,13,85),(3341,453,3,90),(3342,453,25,73),(3343,453,25,87),(3344,482,4,93),(3345,482,7,90),(3346,482,16,89),(3356,451,9,70),(3357,451,9,80),(3360,451,7,60),(3361,451,7,100),(3362,451,16,89),(3363,284,25,27),(3364,453,5,87),(3365,453,10,87),(3366,451,23,60),(3367,451,23,100),(3368,451,13,65),(3369,451,13,100),(3370,451,3,75),(3371,451,3,100),(3372,451,25,60),(3373,451,25,100),(3374,460,25,73),(3375,460,25,93),(3376,453,14,80),(3377,453,11,80),(3378,453,24,60),(3379,453,24,80),(3380,451,4,67),(3381,451,4,100),(3382,451,5,33),(3383,451,5,93),(3389,482,23,70),(3390,482,23,60),(3391,451,10,67),(3392,451,10,100),(3393,451,14,70),(3394,451,11,60),(3395,451,11,100),(3396,451,24,80),(3410,452,9,100),(3411,452,4,87),(3412,488,3,85),(3413,489,24,73),(3414,489,24,93),(3415,489,25,80),(3416,466,9,40),(3417,466,9,90),(3418,466,4,87),(3419,466,7,60),(3420,466,7,90),(3421,466,7,90),(3422,466,7,90),(3423,466,7,90),(3424,466,7,90),(3425,466,16,89),(3426,466,16,89),(3427,466,23,60),(3428,466,23,95),(3429,466,13,65),(3430,466,13,95),(3431,466,3,80),(3432,466,25,60),(3433,466,25,93),(3434,466,5,67),(3435,466,5,100),(3436,466,10,80),(3437,466,14,50),(3438,466,14,100),(3439,466,11,80),(3440,466,24,73),(3441,466,24,93),(3442,466,24,93),(3443,452,7,90),(3444,452,16,89),(3445,452,23,85),(3446,452,13,90),(3462,460,5,60),(3463,482,23,80),(3464,482,13,80),(3484,452,3,95),(3485,452,25,87),(3486,452,5,100),(3487,452,10,93),(3488,452,14,80),(3489,452,11,90),(3490,452,24,80),(3504,460,5,100),(3505,460,10,80),(3506,460,11,100),(3507,460,14,60),(3508,460,14,100),(3509,460,24,60),(3510,460,24,93),(3511,482,3,90),(3515,479,9,60),(3516,479,9,90),(3517,479,4,87),(3518,479,7,70),(3519,479,7,100),(3520,479,16,56),(3521,479,16,89),(3522,479,23,60),(3523,479,23,100),(3524,479,13,65),(3525,479,13,90),(3526,479,3,95),(3527,479,25,53),(3528,479,25,87),(3529,479,5,53),(3530,479,5,87),(3531,479,10,87),(3532,479,14,60),(3533,479,14,100),(3534,479,11,80),(3535,479,24,80),(3536,482,25,93),(3537,482,5,73),(3538,482,5,73),(3539,482,5,87),(3540,482,10,80),(3541,482,14,80),(3542,482,11,90),(3546,482,24,73),(3547,482,24,80),(3780,484,9,60),(3781,484,9,80),(3782,484,4,93),(3783,484,7,80),(3784,484,16,78),(3785,484,16,100),(3786,484,23,50),(3787,484,23,100),(3788,484,13,70),(3789,484,13,85),(3790,484,3,85),(3791,484,25,40),(3792,484,25,93),(3793,484,5,60),(3794,484,5,100),(3795,484,10,93),(3796,484,14,50),(3797,484,14,100),(3798,484,11,90),(3799,484,24,80),(3914,520,3,95),(3915,520,9,90),(3916,520,7,80),(3917,520,13,85),(3918,520,23,60),(3919,520,23,95),(3920,520,4,73),(3921,520,4,87),(3922,520,16,67),(3923,520,16,78),(3924,520,16,100),(3925,520,25,67),(3926,520,25,100),(3927,520,5,47),(3928,519,3,85),(3929,519,7,70),(3930,520,5,80),(3931,519,7,60),(3932,519,7,70),(3933,519,7,70),(3934,519,7,80),(3935,519,4,73),(3936,519,4,100),(3937,519,4,100),(3938,519,5,60),(3939,519,5,93),(3940,519,9,80),(3941,519,10,87),(3942,520,10,73),(3943,520,10,100),(3944,520,14,50),(3945,520,14,80),(3946,520,14,80),(3947,520,11,80),(3948,520,24,40),(3949,520,24,80),(3950,525,9,60),(3951,525,9,90),(3952,525,4,80),(3953,525,7,70),(3954,525,7,100),(3955,525,16,67),(3956,525,16,100),(3957,525,23,60),(3958,525,23,100),(3959,525,13,55),(3960,525,13,100),(3961,525,3,90),(3962,525,25,47),(3963,525,25,100),(3964,525,25,100),(3965,525,5,67),(3966,525,5,100),(3967,525,10,80),(3968,525,14,50),(3969,525,14,100),(3970,525,11,70),(3971,525,11,90),(3972,525,24,47),(3973,525,24,80),(3974,519,11,90),(4005,534,4,73),(4006,534,4,100),(4007,534,4,100),(4008,534,3,55),(4009,534,3,90),(4010,534,7,60),(4011,534,7,100),(4012,534,16,56),(4013,534,16,100),(4014,534,23,15),(4015,534,23,100),(4016,534,13,40),(4017,534,13,100),(4018,534,25,47),(4019,534,25,100),(4020,534,25,100),(4021,534,25,100),(4022,534,25,100),(4023,534,10,27),(4024,534,10,100),(4025,534,5,27),(4026,534,5,100),(4027,534,9,30),(4028,534,9,100),(4029,534,14,20),(4030,534,14,100),(4031,534,11,50),(4032,534,24,27),(4033,534,24,100),(4036,534,11,10),(4037,534,11,100),(4038,521,9,60),(4039,521,9,100),(4040,521,9,100),(4041,521,4,40),(4042,521,4,100),(4043,521,7,70),(4044,521,7,70),(4045,521,7,100),(4046,521,16,78),(4047,521,16,100),(4048,523,9,90),(4049,523,4,100),(4050,521,23,30),(4051,521,23,90),(4052,521,13,35),(4053,523,7,80),(4054,521,13,100),(4055,523,16,67),(4056,523,16,100),(4057,521,3,55),(4058,523,23,100),(4059,523,13,95),(4060,523,3,75),(4061,523,3,90),(4062,523,25,40),(4063,523,25,80),(4064,523,5,60),(4065,523,5,100),(4066,523,10,67),(4067,521,3,95),(4068,523,10,100),(4069,521,25,93),(4070,521,5,100),(4071,521,10,100),(4074,523,14,70),(4075,523,11,80),(4076,523,11,80),(4077,523,24,60),(4078,523,24,93),(4079,530,9,60),(4080,530,9,100),(4081,530,4,60),(4082,530,4,93),(4083,530,4,93),(4084,530,7,50),(4085,530,7,90),(4086,530,16,100),(4087,530,23,5),(4088,530,23,100),(4089,530,13,0),(4090,530,13,75),(4091,530,13,100),(4092,530,3,5),(4093,530,3,95),(4094,530,25,0),(4095,530,25,73),(4096,530,25,93),(4097,530,25,93),(4098,530,5,0),(4099,530,5,100),(4100,530,5,100),(4101,530,5,100),(4102,530,5,100),(4103,530,10,0),(4104,530,10,100),(4105,530,10,100),(4106,530,10,100),(4107,530,14,0),(4108,530,14,90),(4109,530,11,0),(4110,530,11,100),(4111,530,24,7),(4112,530,24,87),(4133,521,14,60),(4134,521,14,100),(4135,521,14,100),(4136,521,11,30),(4137,521,11,100),(4138,521,24,100),(4139,538,24,100),(4140,538,13,100),(4141,538,11,100),(4142,538,11,100),(4143,538,3,95),(4144,538,5,100),(4145,538,10,93),(4146,538,9,100),(4147,538,16,100),(4148,538,14,100),(4149,538,23,95),(4150,538,4,100),(4151,538,7,70),(4152,538,7,100),(4153,538,25,93),(4154,541,4,73),(4155,541,4,93),(4156,541,11,80),(4157,541,9,80),(4158,522,9,100),(4159,522,10,100),(4160,522,5,100),(4161,522,16,100),(4162,522,4,93),(4163,522,13,95),(4164,522,13,95),(4165,522,11,100),(4166,522,11,100),(4167,522,3,100),(4168,522,14,100),(4169,522,25,93),(4170,522,25,93),(4171,522,25,93),(4172,522,23,95),(4173,522,24,100),(4174,522,7,80),(4175,519,13,65),(4176,519,13,100),(4177,519,14,50),(4178,519,14,100),(4179,519,23,45),(4180,519,23,45),(4181,519,23,85),(4182,519,24,93),(4183,519,24,93),(4184,519,25,60),(4185,519,25,60),(4186,519,25,87),(4187,519,16,78),(4188,519,16,78),(4189,519,16,100),(4190,543,3,85),(4191,543,4,87),(4192,543,5,67),(4193,543,5,93),(4194,543,7,70),(4195,543,7,100),(4196,543,9,80),(4197,543,10,87),(4198,543,11,100),(4199,543,13,85),(4200,543,14,60),(4201,543,14,90),(4202,543,16,89),(4203,543,23,75),(4204,543,23,90),(4205,543,25,60),(4206,543,25,93),(4207,543,24,80),(4208,546,4,93),(4209,546,11,80),(4210,546,9,90),(4211,546,9,90),(4233,559,16,89),(4242,560,4,73),(4244,560,16,100),(4250,560,4,73),(4251,560,4,100),(4252,560,3,90),(4253,560,23,70),(4254,560,23,95),(4260,548,3,85),(4261,548,4,80),(4262,548,5,67),(4263,548,5,93),(4264,548,7,80),(4265,548,9,90),(4266,548,10,93),(4267,548,11,100),(4268,548,16,67),(4269,548,16,100),(4270,548,23,70),(4271,548,23,80),(4272,548,13,90),(4273,548,25,47),(4274,548,25,93),(4275,548,14,80),(4276,548,24,73),(4277,548,24,93),(4301,564,9,70),(4302,564,9,100),(4303,564,4,87),(4304,564,7,70),(4305,564,7,100),(4306,564,16,78),(4307,564,16,89),(4308,564,23,70),(4309,564,23,90),(4310,564,13,65),(4311,564,13,95),(4312,564,3,90),(4313,564,25,33),(4314,564,25,93),(4315,564,25,93),(4316,564,5,67),(4317,564,5,100),(4318,564,10,93),(4319,564,14,60),(4320,564,14,90),(4321,564,11,90),(4322,564,24,60),(4323,564,24,80),(4339,279,25,87),(4355,570,9,90),(4356,570,3,100),(4357,570,5,80),(4358,570,7,60),(4359,570,7,80),(4360,571,4,73),(4361,571,4,93),(4362,570,4,73),(4363,570,4,80),(4364,571,7,80),(4414,578,13,90),(4415,578,4,87),(4416,578,10,80),(4417,578,25,60),(4418,578,25,100),(4419,578,24,100),(4428,590,9,60),(4429,590,9,100),(4430,590,16,67),(4431,590,16,78),(4432,590,16,100),(4433,590,11,70),(4434,590,11,90),(4435,590,4,73),(4436,590,4,80),(4437,590,24,73),(4438,590,24,73),(4439,590,24,93),(4440,590,13,45),(4441,590,13,100),(4442,590,3,90),(4443,590,5,73),(4444,590,5,80),(4445,590,10,73),(4446,590,10,100),(4447,578,16,89),(4448,578,7,90),(4449,578,14,80),(4450,578,23,60),(4451,578,23,100),(4477,571,3,85),(4478,571,3,85),(4481,571,16,78),(4482,571,16,100),(4655,604,10,87),(4938,619,10,93),(4939,619,5,53),(4940,619,5,80),(4941,619,7,80),(4942,619,23,70),(4943,621,9,90),(4944,619,23,90),(4945,619,13,70),(4946,619,13,95),(4947,621,4,87),(4948,621,5,73),(4949,621,5,80),(4950,619,11,100),(4951,619,3,80),(4952,616,9,70),(4953,616,9,90),(4954,616,4,80),(4955,616,7,70),(4956,616,7,100),(4957,616,16,89),(4958,616,23,75),(4959,616,23,90),(4960,616,13,70),(4961,616,13,100),(4962,616,3,90),(4963,616,25,87),(4964,616,5,73),(4965,616,5,100),(4966,616,10,73),(4967,621,10,87),(4968,621,7,70),(4969,621,7,70),(4970,621,7,80),(4971,621,13,70),(4972,621,13,75),(4973,621,13,65),(4974,621,13,95),(4975,621,16,100),(4976,621,23,60),(4977,621,23,80),(4978,621,3,80),(4979,621,25,60),(4980,621,25,100),(4981,621,11,80),(4982,616,10,87),(4983,616,14,80),(4984,616,11,90),(4985,616,24,73),(4986,616,24,73),(4987,616,24,73),(4988,616,24,67),(4989,616,24,87),(4990,621,14,80),(4991,602,4,93),(4992,621,24,80),(4993,602,9,80),(4994,602,7,70),(4995,602,7,90),(4996,602,16,100),(4997,602,23,55),(4998,602,23,100),(4999,602,13,50),(5000,602,13,90),(5001,602,3,75),(5002,602,3,95),(5003,602,25,67),(5004,602,25,87),(5005,602,5,73),(5006,602,5,87),(5007,602,10,80),(5008,602,14,40),(5009,602,14,100),(5010,602,14,100),(5011,602,11,70),(5012,602,11,90),(5013,602,24,73),(5014,602,24,93),(5027,619,24,87),(5028,618,9,50),(5029,618,9,100),(5030,619,16,89),(5031,619,14,80),(5032,619,25,67),(5033,619,25,93),(5034,619,4,87),(5035,619,9,90),(5036,618,4,93),(5037,618,7,80),(5038,615,9,90),(5039,615,4,87),(5040,615,7,80),(5041,615,16,78),(5042,615,16,89),(5043,615,23,70),(5044,615,23,95),(5045,615,13,85),(5046,615,3,85),(5047,615,25,60),(5048,615,25,80),(5049,615,5,73),(5050,615,5,100),(5051,615,10,87),(5052,615,14,80),(5053,615,11,80),(5054,615,24,87),(5071,618,16,89),(5072,618,23,75),(5073,618,23,95),(5074,618,13,75),(5075,618,13,85),(5076,618,3,80),(5077,618,25,60),(5078,618,25,100),(5079,618,5,87),(5080,618,11,80),(5083,618,10,100),(5084,618,14,60),(5085,618,14,100),(5086,618,24,80),(5123,571,10,87),(5127,617,9,50),(5128,617,9,100),(5129,617,4,80),(5130,617,7,90),(5131,617,16,78),(5132,617,16,100),(5133,617,23,65),(5134,617,23,100),(5135,617,13,65),(5136,617,13,95),(5137,617,3,70),(5138,617,3,100),(5139,617,25,47),(5140,617,25,87),(5141,617,5,40),(5142,617,5,100),(5143,617,10,93),(5144,617,14,60),(5145,617,14,100),(5146,617,11,70),(5147,617,11,100),(5148,617,24,40),(5149,617,24,60),(5150,617,24,67),(5151,617,24,93),(5440,245,4,80),(5485,678,16,78),(5486,678,16,56),(5487,678,16,100),(5488,678,16,100),(5489,678,16,100),(5490,678,16,100),(5491,678,16,100),(5492,678,16,100),(5493,678,3,80),(5494,678,4,87),(5495,678,10,53),(5496,678,10,93),(5497,683,3,90),(5498,683,4,67),(5499,683,4,100),(5500,683,16,67),(5501,683,16,100),(5503,679,4,93),(5504,679,4,93),(5505,679,3,85),(5506,679,16,100),(5507,682,16,100),(5508,682,3,85),(5509,682,4,87),(5520,684,4,93),(5521,684,16,89),(5522,684,3,95),(5526,710,9,100),(5527,710,11,70),(5528,710,11,100),(5531,710,13,95),(5532,710,25,80),(5533,713,9,100),(5534,713,25,87),(5538,713,11,100),(5606,710,4,93),(5607,713,4,100),(5671,680,4,80),(5672,680,4,80),(5673,680,3,85),(5674,680,3,85),(5675,680,16,78),(5676,680,16,78),(5677,680,16,100),(5773,571,13,90),(5821,754,5,93),(5822,754,3,100),(5823,754,7,100),(5824,754,13,75),(5825,754,13,90),(5829,754,14,70),(5833,754,11,100),(5834,754,24,73),(5835,754,24,93),(5836,754,23,90),(5837,754,4,100),(5838,416,7,80),(5839,416,13,70),(5840,416,13,70),(5841,416,13,100),(5842,416,23,50),(5843,416,23,95),(5844,416,9,50),(5845,416,9,90),(5846,416,9,90),(5847,416,4,80),(5848,416,16,78),(5849,416,16,100),(5850,416,3,85),(5851,416,25,53),(5852,416,25,87),(5853,416,5,79),(5854,416,5,93),(5855,416,10,60),(5856,416,10,100),(5857,416,11,50),(5858,416,11,90),(5859,416,24,53),(5860,416,24,67),(5861,416,24,80),(5862,416,14,50),(5863,416,14,90),(5869,755,14,80),(5892,741,4,87),(5893,741,16,56),(5894,741,16,100),(5895,741,3,85),(5956,755,9,100),(5993,755,4,87),(5994,755,7,80),(5995,755,16,89),(5996,755,13,100),(5997,755,3,95),(5998,755,10,100),(5999,755,23,90),(6000,755,25,87),(6003,755,24,100),(6038,813,4,87),(6040,813,16,89),(6042,813,3,80),(6063,811,4,87),(6064,811,16,100),(6065,811,3,80),(6066,743,4,53),(6067,743,4,53),(6068,743,4,53),(6069,743,4,67),(6094,742,4,93),(6095,742,4,93),(6096,742,4,93),(6099,742,16,67),(6100,742,16,100),(6102,742,3,70),(6104,742,3,100),(6217,810,4,93),(6219,810,4,93),(6222,810,16,89),(6226,810,3,90),(6259,812,4,93),(6260,812,4,93),(6261,812,4,93),(6262,812,4,93),(6263,812,16,100),(6264,812,3,95),(6279,812,4,93),(6280,812,4,93),(6381,743,4,60),(6382,743,4,80),(6383,743,4,73),(6384,743,4,80),(6385,743,16,44),(6386,743,16,100),(6387,743,3,65),(6388,743,3,90),(6423,826,4,87),(6424,826,4,80),(6425,826,16,89),(6426,826,3,65),(6427,826,3,95),(6709,840,9,90),(6710,840,9,90),(6711,840,4,93),(6712,840,25,93),(6713,840,11,90),(6714,841,9,60),(6715,841,9,80),(6716,841,9,90),(6717,842,9,50),(6718,842,9,100),(6719,842,9,80),(6720,841,4,80),(6725,841,25,93),(6726,841,11,90),(6838,842,4,33),(6839,842,4,33),(6840,842,4,100),(6841,842,7,30),(6842,842,7,80),(6843,842,16,22),(6844,842,16,100),(6845,842,23,40),(6846,842,23,100),(6847,842,13,25),(6848,842,13,100),(6849,842,3,75),(6850,842,3,100),(6851,842,25,20),(6852,842,25,100),(6853,842,5,43),(6854,842,5,43),(6855,842,5,100),(6856,842,10,53),(6857,842,10,100),(6858,842,14,40),(6859,842,14,100),(6860,842,11,20),(6861,842,11,100),(6862,842,24,40),(6863,842,24,73),(6864,842,24,73),(6865,842,24,100),(6874,11,3,95),(6875,11,3,95),(6911,835,9,60),(6912,835,9,100),(6913,835,4,87),(6914,835,7,90),(6915,835,16,89),(6916,835,23,50),(6917,835,23,80),(6918,835,13,70),(6919,835,13,90),(6920,835,3,80),(6921,835,25,67),(6922,835,25,87),(6923,835,5,64),(6924,835,5,100),(6925,835,10,80),(6926,835,14,60),(6927,835,14,100),(6928,835,11,90),(6929,835,24,67),(6930,835,24,80),(7136,560,24,60),(7137,560,24,73),(7138,560,24,73),(7139,560,24,47),(7140,560,24,53),(7141,560,24,67),(7142,560,24,67),(7143,560,24,80),(7261,877,24,93),(7358,881,3,100),(7359,881,4,100),(7376,886,23,90),(7476,878,3,85),(7561,921,9,80),(7562,921,4,100),(7563,921,11,100),(7564,921,7,100),(7565,921,24,73),(7566,921,24,100),(7567,921,16,89),(7568,921,23,80),(7569,921,13,95),(7570,921,3,95),(7571,921,25,47),(7572,921,25,93),(7573,921,5,64),(7574,921,5,71),(7575,921,5,79),(7576,921,5,93),(7577,921,14,80),(7578,921,10,80),(7795,932,9,60),(7796,932,9,70),(7797,932,9,100),(7798,932,4,67),(7799,932,4,100),(7800,932,7,80),(7801,932,16,56),(7802,932,16,100),(7803,932,23,65),(7805,932,23,95),(7809,932,13,60),(7810,932,13,60),(7812,932,13,100),(7813,932,3,80),(7814,932,25,33),(7815,932,25,60),(7816,932,25,67),(7817,932,25,67),(7818,932,25,87),(7822,932,5,36),(7823,932,5,100),(7825,932,10,73),(7826,932,10,80),(7827,932,11,80),(7828,932,14,60),(7829,932,14,80),(7830,932,24,60),(7831,932,24,87),(8070,947,9,90),(8071,947,4,80),(8072,947,7,80),(8073,947,3,85),(8074,947,5,64),(8075,947,5,64),(8076,947,5,57),(8077,947,5,64),(8078,947,5,79),(8079,947,5,86),(8080,947,5,86),(8095,952,4,100),(8096,952,4,100),(8097,952,7,100),(8098,952,5,57),(8099,952,5,71),(8100,952,5,64),(8101,952,5,86),(8103,952,3,60),(8104,952,3,85),(8115,947,16,78),(8116,947,16,89),(8117,947,23,60),(8118,947,23,100),(8119,947,13,75),(8120,947,13,100),(8121,947,25,60),(8122,947,25,93),(8123,947,10,73),(8124,947,10,100),(8125,947,14,60),(8126,947,14,90),(8127,947,14,90),(8128,947,11,90),(8129,947,11,90),(8130,947,11,90),(8131,947,11,90),(8132,947,24,80),(8176,560,4,73),(8177,560,4,93),(8210,951,10,80),(8324,960,9,100),(8325,960,4,100),(8326,960,11,100),(8327,960,7,50),(8328,960,7,90),(8329,960,24,93),(8330,960,16,100),(8331,960,23,65),(8332,960,23,100),(8333,960,13,50),(8334,960,13,100),(8335,960,3,85),(8336,960,25,53),(8337,960,25,93),(8338,960,5,79),(8339,960,5,86),(8340,960,14,70),(8341,960,10,80),(8374,968,14,60),(8375,968,14,90),(8376,968,4,73),(8377,968,4,93),(8378,968,4,93),(8379,968,7,60),(8380,968,7,100),(8381,968,7,100),(8382,968,7,100),(8383,968,7,100),(8384,968,5,71),(8385,968,5,93),(8386,975,5,86),(8387,975,24,87),(8388,976,9,90),(8389,976,25,87),(8390,977,24,80),(8391,952,16,78),(8392,952,16,100),(8393,952,10,73),(8394,952,10,87),(8395,952,9,80),(8396,979,7,90),(8397,979,4,93),(8398,952,25,53),(8399,979,3,80),(8400,952,25,100),(8401,979,9,90),(8402,979,16,78),(8403,979,16,89),(8404,952,13,45),(8405,979,5,64),(8406,979,5,86),(8407,952,13,95),(8408,979,23,75),(8409,979,23,100),(8410,952,23,55),(8411,979,13,80),(8412,979,10,93),(8413,952,23,100),(8414,979,25,80),(8415,952,11,70),(8416,952,11,100),(8417,979,14,70),(8418,979,11,90),(8419,979,24,87),(8420,952,14,60),(8421,952,14,100),(8422,952,24,87),(8559,992,4,87),(8560,992,3,90),(8562,245,4,100),(8563,245,3,100),(8564,245,23,100),(8565,245,24,93),(8741,976,13,65),(8742,976,13,75),(8743,976,13,80),(8779,976,4,80),(8826,976,14,70),(8869,976,3,100),(8871,1054,3,85),(8872,1054,10,87),(8873,1055,16,67),(8874,1055,16,89),(8875,1055,3,90),(8925,976,10,100),(8926,976,5,86),(9042,1081,9,80),(9043,1081,4,93),(9050,1081,25,93),(9051,1081,11,70),(9052,1081,11,100),(9054,713,9,90),(9057,713,4,93),(9060,713,11,100),(9063,713,25,87),(9065,713,3,100),(9328,1126,9,20),(9329,1126,9,100),(9330,1126,4,33),(9331,1126,4,93),(9344,1126,7,20),(9345,1126,7,100),(9346,1126,16,56),(9347,1126,16,100),(9360,1126,23,30),(9361,1126,23,100),(9362,1126,13,20),(9363,1126,13,100),(9364,1126,3,40),(9365,1126,3,90),(9366,1126,3,90),(9367,1126,3,90),(9368,1126,25,13),(9369,1126,25,93),(9370,1126,5,29),(9371,1126,5,100),(9372,1126,10,20),(9373,1126,10,100),(9374,1126,14,40),(9375,1126,14,80),(9376,1126,11,10),(9377,1126,11,100),(9378,1126,24,40),(9379,1126,24,80),(9387,1128,3,85),(9388,1128,4,93),(9389,1128,16,67),(9390,1129,9,70),(9391,1129,9,100),(9392,1129,4,93),(9393,1129,7,70),(9394,1128,16,78),(9395,1129,7,100),(9396,1128,16,100),(9397,1129,16,89),(9398,1129,23,65),(9399,1129,23,95),(9400,1129,13,85),(9401,1129,3,85),(9402,1129,25,73),(9403,1129,25,100),(9404,1129,5,86),(9405,1129,10,93),(9406,1129,14,70),(9407,1129,14,70),(9408,1129,14,90),(9409,1129,11,90),(9410,1129,24,100),(9411,1129,24,100),(9898,1156,9,90),(9899,1156,4,73),(9900,1156,4,93),(9901,1156,7,90),(9902,1156,16,100),(9905,1156,23,95),(9906,1156,13,95),(9908,1156,3,85),(9909,1156,25,93),(9910,1156,5,57),(9911,1156,5,86),(9923,1156,10,93),(9924,1156,14,90),(9925,1156,11,90),(9926,1156,11,90),(9927,1156,11,90),(9928,1156,11,90),(9929,1156,24,87),(9935,1154,9,50),(9936,1154,9,90),(9937,1154,4,80),(9938,1154,7,70),(9939,1154,7,90),(9940,1154,16,89),(9941,1154,23,35),(9942,1154,23,95),(9943,1154,23,95),(10056,1063,14,80),(10058,1063,9,100),(10059,1063,23,80),(10062,1160,9,70),(10063,1160,9,90),(10064,1160,4,87),(10065,1160,11,70),(10066,1160,11,100),(10067,1160,10,80),(10068,1160,7,60),(10069,1160,7,90),(10070,1160,24,47),(10071,1160,24,80),(10072,1160,16,56),(10073,1160,16,100),(10074,1160,23,40),(10075,1160,23,100),(10076,1160,13,60),(10077,1160,13,85),(10078,1160,3,85),(10079,1160,25,40),(10080,1160,25,100),(10081,1160,5,57),(10082,1160,5,100),(10083,1160,14,40),(10084,1160,14,100),(10085,1063,4,93),(10086,1063,7,90),(10087,1063,16,89),(10088,1063,13,95),(10089,1063,3,90),(10090,1063,25,87),(10091,1063,11,100),(10092,1063,10,80),(10093,1063,5,93),(10094,1063,24,80),(10184,1197,9,60),(10185,1197,9,60),(10186,1197,9,60),(10187,1197,9,80),(10218,1197,4,93),(10219,1197,4,93),(10220,1197,7,70),(10221,1197,7,90),(10222,1197,16,100),(10223,1197,23,65),(10224,1197,23,90),(10225,1197,3,85),(10226,1197,13,65),(10227,1197,13,85),(10228,1197,24,73),(10229,1197,24,87),(10230,1197,5,71),(10231,1197,5,86),(10232,1197,14,50),(10233,1197,14,80),(10234,1197,25,53),(10235,1197,25,87),(10236,1197,11,90),(10237,1197,10,87),(10278,1193,9,70),(10279,1193,9,70),(10280,1193,9,80),(10281,1191,9,90),(10282,1193,4,73),(10283,1193,4,93),(10284,1191,4,93),(10285,1193,7,50),(10286,1193,7,100),(10287,1191,7,80),(10288,1193,16,11),(10289,1193,16,100),(10290,1191,16,89),(10291,1193,23,55),(10292,1193,23,95),(10293,1191,23,70),(10294,1191,23,100),(10295,1193,13,55),(10296,1193,13,95),(10297,1193,3,20),(10298,1191,13,85),(10299,1191,13,85),(10300,1193,3,100),(10301,1193,25,20),(10302,1191,3,80),(10303,1191,3,80),(10304,1193,25,93),(10305,1193,5,14),(10306,1191,25,53),(10307,1193,5,86),(10308,1193,10,40),(10309,1191,25,100),(10310,1193,10,100),(10311,1193,14,10),(10312,1193,14,100),(10313,1193,11,30),(10314,1191,5,79),(10315,1193,11,100),(10316,1191,5,86),(10317,1193,24,20),(10318,1191,10,80),(10319,1193,24,87),(10320,1191,14,60),(10321,1191,14,100),(10322,1191,11,90),(10323,1191,24,80),(10324,1192,9,20),(10325,1192,9,100),(10326,1192,4,80),(10327,1192,7,60),(10328,1192,7,100),(10329,1192,16,89),(10330,1192,23,60),(10331,1192,23,100),(10332,1192,13,70),(10333,1192,13,100),(10334,1192,3,80),(10335,1192,25,47),(10336,1192,25,93),(10337,1192,5,79),(10338,1192,5,86),(10339,1192,10,93),(10340,1192,14,50),(10341,1192,14,100),(10342,1192,11,80),(10343,1192,24,80),(10344,1190,9,80),(10345,1190,4,93),(10346,1190,7,90),(10347,1190,16,100),(10348,1186,9,60),(10349,1190,23,65),(10350,1190,23,100),(10351,1190,13,85),(10352,1190,3,90),(10353,1190,25,53),(10354,1190,25,100),(10355,1190,5,64),(10356,1190,5,100),(10357,1190,10,87),(10358,1190,14,60),(10359,1190,14,100),(10360,1190,11,80),(10361,1190,24,80),(10362,1194,9,70),(10363,1194,9,90),(10364,1194,4,73),(10365,1194,4,100),(10366,1194,7,100),(10367,1194,16,89),(10368,1194,23,60),(10369,1194,23,100),(10370,1194,23,100),(10371,1194,23,100),(10372,1194,13,65),(10373,1194,13,85),(10374,1194,3,90),(10375,1194,25,60),(10376,1194,25,93),(10377,1186,9,70),(10378,1186,9,70),(10379,1186,9,100),(10380,1186,4,27),(10381,1186,4,100),(10382,1186,7,20),(10383,1186,7,100),(10384,1186,16,33),(10385,1186,16,100),(10386,1186,23,15),(10387,1186,23,100),(10388,1194,5,79),(10389,1194,5,100),(10390,1194,5,100),(10391,1194,5,100),(10392,1194,10,93),(10393,1194,14,60),(10394,1194,14,100),(10395,1186,13,35),(10396,1186,13,100),(10397,1186,3,90),(10398,1186,25,27),(10399,1186,25,100),(10400,1186,5,36),(10401,1186,5,100),(10402,1186,5,100),(10403,1186,10,40),(10404,1186,10,100),(10405,1186,14,50),(10406,1186,14,100),(10407,1186,14,100),(10408,1194,11,30),(10409,1194,11,100),(10410,1194,24,53),(10411,1194,24,87),(10461,1186,11,30),(10462,1186,11,100),(10463,1186,11,100),(10464,1186,24,53),(10465,1186,24,93),(10468,1198,9,70),(10469,1198,9,60),(10470,1198,9,50),(10471,1198,9,70),(10472,1198,9,90),(10474,1196,9,60),(10475,1196,9,100),(10476,1196,4,80),(10477,1196,7,80),(10478,1196,16,56),(10479,1196,16,89),(10480,1196,23,65),(10481,1196,23,80),(10482,1196,13,60),(10483,1196,13,85),(10484,1196,3,70),(10485,1196,3,90),(10486,1196,25,40),(10487,1196,25,87),(10488,1196,5,21),(10489,1196,5,86),(10490,1196,10,60),(10491,1196,10,40),(10492,1196,10,93),(10493,1196,14,10),(10494,1196,14,100),(10495,1196,11,50),(10496,1196,11,90),(10497,1196,24,40),(10498,1196,24,93),(10505,1198,3,85),(10506,1188,9,80),(10507,1188,4,87),(10508,1196,9,40),(10509,1188,7,90),(10510,1188,16,67),(10511,1188,16,100),(10512,1188,23,65),(10513,1188,23,90),(10514,1188,13,35),(10515,1188,13,100),(10516,1188,13,100),(10517,1188,13,100),(10518,1188,13,100),(10519,1188,13,100),(10520,1188,13,100),(10521,1188,13,100),(10522,1188,13,100),(10523,1188,13,100),(10524,1188,13,100),(10525,1188,13,100),(10526,1188,13,100),(10527,1188,3,95),(10528,1188,25,80),(10529,1188,5,86),(10530,1188,10,87),(10531,1188,14,90),(10532,1188,11,100),(10533,1188,24,93),(10541,1198,7,90),(10542,1198,23,40),(10543,1198,23,95),(10775,1202,3,95),(10776,1202,14,70),(10777,1202,10,87),(10778,1202,7,70),(10779,1202,7,100),(10780,1202,13,90),(10781,1202,16,67),(10782,1202,16,56),(10783,1202,16,67),(10784,1202,16,89),(10785,1202,9,70),(10786,1202,9,100),(10849,1195,24,93),(10850,1195,11,90),(10851,1195,14,50),(10852,1195,14,100),(10853,1195,25,73),(10854,1195,25,100),(10855,1195,23,60),(10856,1195,23,100),(10857,1195,3,90),(10858,1195,9,70),(10859,1195,9,100),(10860,1195,10,87),(10861,1195,4,80),(10862,1195,5,86),(10863,1195,7,70),(10864,1195,7,100),(10865,1195,13,75),(10866,1195,13,95),(10867,1195,16,67),(10868,1195,16,100),(11476,1271,13,95),(11477,1271,3,90),(11478,1271,14,90),(11479,1271,4,80),(11480,1271,24,87),(11481,1271,23,80),(11482,1271,11,100),(11483,1271,16,67),(11484,1271,16,78),(11485,1271,16,67),(11486,1271,16,89),(11487,1271,25,87),(11488,1271,10,80),(11489,1271,5,86),(11889,1294,24,60),(11890,1294,24,60),(11891,1294,24,80),(13599,1433,5,71),(13600,1433,5,86),(13601,1433,5,86),(13602,1433,5,86),(13603,1433,5,86),(13604,1433,9,60),(13605,1433,9,80),(13606,1433,7,80),(13607,1433,3,95),(13608,1434,10,100),(13609,1433,5,93),(13610,1433,5,93),(13611,1434,5,71),(13612,1434,5,79),(13613,1434,5,100),(13614,1434,9,60),(13615,1434,9,100),(13616,1434,7,70),(13617,1434,7,100),(13618,1434,11,80),(13628,1433,4,93),(13629,1433,14,60),(13630,1433,14,90),(13631,1433,23,70),(13632,1433,23,95),(13633,1433,16,100),(13634,1433,13,85),(13635,1433,25,53),(13636,1433,25,100),(13637,1433,25,100),(13638,1433,10,87),(13639,1433,11,90),(13640,1433,24,87),(13666,1445,5,71),(13667,1445,5,100),(13668,1445,9,70),(13669,1445,9,80),(13670,1445,10,93),(13671,1445,11,100),(13672,1445,4,80),(13673,1445,16,89),(13674,1445,25,60),(13675,1445,25,87),(13676,1445,14,70),(14571,976,24,87),(14594,1540,23,65),(14595,1540,23,85),(14596,1540,14,60),(14597,1540,14,100),(14598,1540,13,90),(14599,1540,4,93),(14600,976,23,85),(14601,976,5,100),(14602,976,7,90),(14603,976,11,100),(14604,976,10,100),(14615,976,16,100),(14653,886,7,80),(14654,886,16,67),(14655,886,16,89),(14656,886,13,85),(14657,886,14,80),(14658,886,24,93),(14659,886,3,100),(14660,886,11,90),(14661,886,5,86),(14688,755,4,100),(14689,755,7,100),(14690,755,16,100),(14691,755,13,100),(14692,755,3,95),(14786,755,14,100),(14787,755,9,100),(14788,755,10,100),(14789,755,24,100),(14790,755,23,100),(14791,755,25,100),(15572,1662,9,80),(15589,1662,4,87),(15590,1662,7,60),(15591,1662,7,100),(15592,1662,16,78),(15593,1662,16,78),(15594,1662,16,89),(15601,1662,23,85),(15602,1662,13,50),(15603,1662,13,95),(15604,1662,3,80),(15605,1662,25,53),(15606,1662,25,100),(15607,1662,5,93),(15608,1662,10,87),(15609,1662,14,40),(15610,1662,14,100),(15617,1662,11,90),(15618,1662,24,67),(15619,1662,24,93),(15702,1660,7,100),(15703,1661,4,100),(15704,1660,16,100),(15705,1661,5,86),(15706,1661,3,90),(15707,1661,9,70),(15708,1661,9,100),(15709,1661,9,100),(15729,1667,9,80),(15730,1667,4,87),(15731,1667,7,70),(15732,1667,7,90),(15733,1667,16,78),(15734,1667,16,100),(15735,1667,23,70),(15736,1667,23,100),(15752,1667,13,80),(15753,1667,3,80),(15754,1667,25,60),(15755,1667,25,100),(15756,1667,5,43),(15757,1667,5,93),(15758,1667,10,47),(15759,1667,10,93),(15760,1667,14,50),(15761,1667,14,80),(15762,1667,11,60),(15763,1667,11,100),(15764,1667,24,60),(15765,1667,24,87),(15784,1679,9,70),(15785,1679,9,90),(15786,1679,4,93),(15787,1679,7,70),(15788,1679,7,90),(15789,1679,16,78),(15790,1679,16,89),(15791,1679,23,60),(15792,1679,23,85),(15793,1679,13,85),(15794,1679,3,85),(15795,1679,25,60),(15796,1679,25,87),(15797,1679,5,79),(15798,1679,5,93),(15799,1679,10,80),(15800,1679,14,70),(15801,1679,11,80),(15802,1679,24,73),(15803,1679,24,80),(15821,1683,3,100),(15829,1683,9,100),(15830,1683,7,90),(15831,1683,11,100),(15834,1683,10,93),(15836,1683,25,100),(15913,1686,9,10),(15914,1686,9,90),(15915,1686,4,53),(15916,1686,4,93),(15917,1686,7,0),(15918,1686,7,100),(15919,1686,16,22),(15920,1686,16,89),(15921,1686,23,25),(15922,1686,23,100),(15923,1686,13,10),(15924,1686,13,100),(15925,1686,3,50),(15926,1686,3,100),(15927,1686,25,7),(15928,1686,25,100),(15929,1686,5,36),(15930,1686,5,100),(15931,1686,10,53),(15932,1686,10,100),(15933,1686,14,30),(15934,1686,14,100),(15935,1686,11,30),(15936,1686,11,100),(15937,1686,24,33),(15938,1686,24,100),(15960,1669,9,80),(15961,1669,4,33),(15986,1669,4,40),(15987,1669,4,100),(15988,1669,7,0),(15989,1669,7,100),(15990,1706,9,80),(15991,1706,4,80),(15992,1706,7,70),(15993,1706,7,100),(15994,1706,16,89),(15995,1706,23,70),(15996,1706,23,95),(15997,1706,13,10),(15998,1706,13,100),(15999,1706,3,75),(16000,1706,3,100),(16007,1669,16,22),(16008,1669,16,100),(16009,1669,23,25),(16010,1669,23,100),(16011,1669,13,10),(16012,1669,13,100),(16013,1669,3,50),(16014,1669,3,100),(16015,1669,25,7),(16016,1669,25,100),(16017,1669,5,36),(16018,1669,5,100),(16019,1669,10,53),(16020,1669,10,93),(16021,1669,14,30),(16022,1669,14,100),(16023,1669,11,30),(16024,1669,11,100),(16025,1669,24,33),(16026,1669,24,80),(16053,1713,9,80),(16054,1713,11,100),(16055,1706,25,33),(16056,1706,25,93),(16057,1706,25,93),(16058,1706,5,29),(16059,1706,5,100),(16060,1706,10,40),(16061,1706,10,100),(16062,1706,14,50),(16063,1706,14,100),(16064,1706,11,60),(16065,1706,11,100),(16066,1706,24,13),(16067,1706,24,87),(16089,1671,9,100),(16090,1671,4,100),(16091,1671,7,100),(16092,1671,7,100),(16093,1671,16,100),(16094,1671,16,100),(16095,1671,23,100),(16096,1671,13,95),(16097,1671,3,100),(16098,1671,25,100),(16099,1671,5,100),(16100,1671,10,100),(16101,1671,14,100),(16102,1671,11,100),(16103,1671,24,100),(16147,1721,9,100),(16149,1721,4,93),(16150,1721,7,70),(16151,1721,7,90),(16152,1721,16,67),(16153,1721,16,100),(16154,1721,23,75),(16155,1721,23,90),(16156,1721,13,90),(16157,1721,3,100),(16158,1721,25,93),(16159,1721,5,86),(16160,1721,10,87),(16161,1721,14,80),(16162,1721,11,80),(16163,1721,24,87),(16164,1708,9,100),(16165,1708,4,93),(16166,1708,11,100),(16167,1708,7,100),(16168,1708,24,100),(16169,1708,16,100),(16170,1708,23,100),(16171,1708,13,100),(16172,1708,3,100),(16173,1708,25,100),(16174,1708,5,100),(16175,1708,5,100),(16176,1708,10,87),(16177,1708,14,100),(16178,1717,7,80),(16179,1717,25,87),(16180,1717,9,80),(16181,1717,4,93),(16182,1717,16,78),(16183,1717,16,100),(16184,1717,23,75),(16185,1717,23,100),(16186,1717,3,75),(16187,1717,3,100),(16188,1717,10,87),(16189,1717,13,80),(16190,1717,24,87),(16191,1717,14,80),(16192,1717,5,71),(16193,1717,5,100),(16194,1717,11,80),(16195,1703,9,80),(16196,1703,4,80),(16197,1703,7,90),(16198,1703,16,78),(16199,1703,16,100),(16200,1703,23,65),(16201,1703,23,100),(16202,1703,13,75),(16203,1703,13,75),(16204,1703,13,75),(16205,1703,3,90),(16206,1703,13,75),(16207,1703,13,10),(16208,1703,13,85),(16209,1703,25,60),(16210,1703,25,87),(16211,1703,5,71),(16212,1703,5,93),(16213,1703,10,87),(16214,1703,14,80),(16215,1703,11,80),(16216,1703,24,67),(16217,1703,24,87),(16233,1659,9,50),(16234,1659,9,80),(16235,1659,4,100),(16236,1659,7,90),(16237,1659,10,87),(16238,1659,14,100),(16239,1659,14,100),(16248,1659,16,100),(16249,1659,23,100),(16250,1659,13,100),(16251,1659,3,100),(16252,1659,25,100),(16253,1659,5,100),(16256,1659,11,100),(16257,1659,24,100),(16271,1727,3,95),(16272,1727,4,87),(16273,1684,9,10),(16274,1684,9,100),(16275,1684,4,53),(16276,1684,4,93),(16277,1684,7,40),(16278,1727,5,79),(16279,1727,5,86),(16280,1727,11,80),(16281,1727,9,70),(16282,1727,9,70),(16283,1727,9,50),(16284,1727,9,70),(16285,1727,9,100),(16286,1684,3,95),(16287,1684,3,95),(16288,1684,7,100),(16289,1684,16,100),(16290,1684,23,100),(16291,1684,23,100),(16292,1684,23,100),(16293,1684,23,100),(16294,1684,13,100),(16295,1684,25,100),(16296,1684,5,100),(16297,1684,10,100),(16298,1684,14,100),(16299,1684,14,100),(16300,1684,11,100),(16301,1684,24,100),(16302,1709,9,100),(16303,1709,4,93),(16338,1735,25,100),(16368,1719,9,100),(16369,1719,4,93),(16370,1719,7,80),(16371,1719,16,78),(16372,1719,16,100),(16413,1719,23,80),(16414,1719,13,75),(16415,1719,13,95),(16416,1719,3,90),(16417,1719,25,87),(16418,1719,5,93),(16419,1732,5,57),(16420,1732,5,71),(16421,1732,5,71),(16422,1732,5,71),(16424,1732,4,80),(16426,1732,11,80),(16428,1732,24,87),(16433,1740,10,100),(16434,1740,14,90),(16435,1740,11,100),(16436,1740,11,100),(16440,1740,5,100),(16441,1740,25,100),(16445,1732,5,79),(16446,1732,5,79),(16447,1732,5,86),(16448,1740,7,100),(16449,1740,16,100),(16450,1740,13,100),(16451,1740,9,100),(16452,1740,4,100),(16453,1740,23,100),(16454,1740,3,95),(16455,1740,24,93),(16456,1735,11,100),(16457,1736,9,90),(16458,1735,9,100),(16515,1719,10,87),(16516,1719,14,60),(16517,1719,14,90),(16518,1719,11,70),(16519,1719,11,100),(16520,1719,24,73),(16521,1719,24,93),(16522,1742,9,100),(16523,1742,4,100),(16524,1742,7,100),(16525,1742,16,100),(16526,1742,16,100),(16527,1742,23,100),(16528,1742,13,100),(16529,1742,3,100),(16530,1742,25,100),(16531,1742,5,100),(16532,1742,10,100),(16533,1742,14,100),(16534,1742,11,90),(16535,1742,24,87),(16536,1742,24,87),(16550,1746,9,50),(16551,1746,9,40),(16552,1746,9,100),(16553,1746,4,53),(16554,1746,4,100),(16555,1726,9,100),(16556,1726,4,100),(16557,1726,16,78),(16558,1726,16,89),(16559,1736,4,87),(16560,1736,7,80),(16561,1726,23,65),(16562,1736,16,89),(16563,1726,23,90),(16564,1736,23,80),(16565,1726,7,70),(16566,1726,7,90),(16567,1726,13,50),(16568,1726,13,100),(16569,1726,3,90),(16570,1726,25,47),(16571,1726,25,93),(16572,1726,5,71),(16573,1726,5,93),(16574,1726,10,80),(16575,1726,14,60),(16576,1726,14,100),(16577,1726,11,90),(16578,1726,24,80),(16579,1736,13,85),(16580,1746,7,70),(16581,1746,7,100),(16582,1746,16,67),(16583,1746,16,100),(16584,1746,23,45),(16585,1746,23,75),(16586,1746,23,95),(16587,1746,13,45),(16588,1746,13,95),(16589,1746,3,75),(16590,1746,3,95),(16591,1736,3,85),(16592,1736,25,60),(16593,1736,25,100),(16594,1736,5,79),(16595,1736,5,86),(16596,1736,10,93),(16597,1736,14,40),(16598,1736,14,80),(16599,1736,11,90),(16600,1736,24,87),(16601,1709,7,80),(16602,1709,16,89),(16603,1709,23,75),(16604,1709,23,95),(16608,1709,13,85),(16614,1709,3,100),(16615,1709,3,100),(16620,1709,5,86),(16622,1709,25,73),(16623,1709,25,87),(16624,1709,25,87),(16625,1746,25,27),(16626,1746,25,93),(16627,1746,5,57),(16628,1746,5,100),(16629,1746,10,73),(16630,1746,10,100),(16631,1746,14,70),(16632,1746,11,70),(16633,1746,11,100),(16634,1746,24,40),(16635,1746,24,80),(16636,1754,9,100),(16637,1754,4,93),(16638,1754,7,90),(16639,1754,16,89),(16640,1754,23,75),(16641,1754,23,95),(16642,1754,13,75),(16643,1754,13,100),(16644,1754,3,100),(16645,1754,25,100),(16646,1754,5,93),(16647,1754,10,80),(16648,1754,14,70),(16649,1754,11,90),(16650,1754,24,87),(16671,1730,9,80),(16678,1730,4,93),(16679,1730,7,80),(16680,1730,16,89),(16681,1730,23,75),(16682,1730,23,80),(16683,1730,13,75),(16684,1730,13,95),(16685,1730,3,80),(16686,1730,25,60),(16687,1730,25,93),(16688,1755,9,90),(16689,1730,5,86),(16690,1730,10,87),(16691,1730,14,70),(16692,1730,11,60),(16693,1730,11,90),(16694,1730,24,73),(16695,1730,24,100),(16708,1755,16,78),(16709,1755,4,100),(16710,1755,16,100),(16711,1755,10,73),(16712,1755,10,100),(16713,1755,7,90),(16714,1755,23,80),(16715,1755,13,90),(16716,1755,3,90),(16717,1755,25,73),(16718,1755,25,93),(16719,1755,5,79),(16720,1755,5,93),(16721,1755,24,100),(16722,1755,14,50),(16723,1755,14,50),(16724,1755,14,90),(16725,1755,11,100),(16726,1761,23,60),(16727,1761,23,85),(16728,1761,9,50),(16729,1761,9,70),(16730,1761,9,90),(16731,1761,4,80),(16732,1761,7,70),(16733,1761,7,90),(16734,1761,16,67),(16735,1761,16,89),(16736,1761,13,75),(16737,1761,13,100),(16738,1761,3,75),(16739,1761,3,90),(16740,1761,25,53),(16741,1761,25,100),(16742,1761,5,21),(16743,1761,5,100),(16744,1761,10,0),(16745,1761,10,100),(16746,1761,10,100),(16747,1761,14,0),(16748,1761,14,90),(16749,1761,11,0),(16750,1761,11,90),(16751,1761,24,7),(16752,1761,24,73),(16753,1761,24,60),(16754,1761,24,7),(16755,1761,24,60),(16756,1761,24,73),(16757,1761,24,87),(16758,1751,9,90),(16759,1751,4,100),(16760,1751,7,100),(16761,1751,16,89),(16762,1751,23,95),(16763,1751,13,95),(16764,1751,3,100),(16765,1762,7,80),(16766,1709,11,80),(16767,1762,11,100),(16768,1751,25,93),(16769,1751,5,100),(16770,1751,10,87),(16771,1751,14,100),(16772,1751,11,80),(16773,1751,24,87),(16774,1763,9,0),(16775,1763,9,70),(16776,1763,9,80),(16777,1763,4,7),(16778,1763,4,100),(16779,1763,7,0),(16780,1763,7,90),(16781,1763,16,0),(16782,1763,16,78),(16783,1763,16,100),(16784,1763,23,5),(16785,1763,23,100),(16786,1763,13,0),(16787,1763,13,0),(16788,1763,13,95),(16789,1763,3,5),(16790,1763,3,95),(16791,1763,25,0),(16792,1763,25,93),(16793,1709,10,87),(16794,1709,14,90),(16795,1709,24,73),(16796,1709,24,87),(16808,1761,9,10),(16809,1761,9,10),(16810,1761,9,0),(16811,1763,5,0),(16812,1763,5,93),(16813,1764,9,80),(16814,1763,10,0),(16815,1763,10,100),(16816,1763,14,0),(16817,1763,14,90),(16818,1763,11,0),(16819,1763,11,90),(16820,1764,4,93),(16821,1764,7,60),(16822,1764,7,100),(16824,1766,9,90),(16825,1766,4,93),(16826,1766,7,80),(16827,1766,16,78),(16828,1766,16,78),(16829,1766,16,89),(16830,1766,23,90),(16831,1766,13,85),(16832,1766,3,95),(16833,1766,25,80),(16834,1766,5,100),(16835,1766,10,80),(16836,1766,14,80),(16837,1766,11,80),(16838,1766,24,87),(16839,1767,9,70),(16840,1767,9,80),(16841,1767,4,87),(16842,1767,7,80),(16843,1767,16,67),(16844,1767,16,89),(16845,1767,23,85),(16846,1767,13,90),(16847,1767,3,95),(16848,1767,25,87),(16849,1767,5,100),(16850,1767,10,93),(16851,1767,14,80),(16852,1767,11,80),(16853,1767,24,80),(16854,1764,16,56),(16855,1764,16,89),(16856,1764,23,90),(16863,1764,13,100),(16864,1764,3,95),(16865,1764,25,100),(16866,1764,5,93),(16867,1764,10,100),(16868,1764,14,90),(16869,1764,11,80),(16870,1764,24,87),(16871,1772,9,100),(16872,1772,4,100),(16873,1772,7,100),(16874,1772,16,100),(16875,1772,23,95),(16876,1772,13,100),(16877,1772,3,100),(16878,1772,25,100),(16879,1772,5,100),(16880,1772,10,100),(16881,1772,14,100),(16882,1772,11,100),(16883,1772,24,100),(16884,1762,16,89),(16885,1762,23,100),(16886,1762,13,100),(16887,1762,13,100),(16888,1762,3,95),(16889,1762,25,93),(16890,1762,25,93),(16891,1762,5,100),(16892,1762,10,100),(16893,1731,9,90),(16894,1731,4,100),(16895,1731,7,100),(16896,1731,16,100),(16897,1731,23,100),(16898,1731,13,100),(16899,1731,3,90),(16900,1731,5,93),(16901,1731,10,93),(16902,1731,14,100),(16903,1731,11,70),(16904,1731,11,80),(16905,1731,25,100),(16906,1731,24,93),(16918,1805,9,50),(16919,1805,9,80),(16920,1768,9,90),(16921,1768,4,100),(16922,1768,7,80),(16923,1768,16,78),(16924,1768,16,100),(16925,1768,23,25),(16926,1768,23,100),(16927,1768,13,10),(16928,1768,13,100),(16929,1768,3,65),(16930,1768,3,100),(16931,1768,25,27),(16932,1768,25,93),(16933,1768,5,21),(16934,1768,5,86),(16935,1768,10,40),(16936,1768,10,93),(16937,1768,14,30),(16938,1768,14,100),(16939,1768,11,30),(16940,1768,11,100),(16941,1768,24,33),(16942,1768,24,100),(16943,1768,24,100),(16944,1805,4,73),(16945,1805,4,100),(16946,1805,7,70),(16947,1805,7,100),(16948,1805,16,78),(16949,1805,16,100),(16950,1805,23,70),(16951,1805,23,100),(16952,1805,13,45),(16953,1805,13,100),(16954,1805,3,90),(16955,1805,25,40),(16956,1805,25,93),(16957,1805,5,57),(16958,1805,5,100),(16959,1805,10,47),(16960,1805,10,100),(16961,1805,14,60),(16962,1805,14,100),(16963,1805,11,60),(16964,1805,11,100),(16965,1805,24,80),(16966,1765,10,87),(16967,1765,5,93),(16968,1765,14,90),(16969,1765,11,100),(16970,1765,3,100),(16971,1765,25,93),(16972,1765,23,100),(16973,1765,23,100),(16974,1765,13,100),(16975,1765,7,90),(16976,1765,16,78),(16977,1765,16,100),(16978,1765,24,87),(16979,1765,9,80),(16980,1765,4,100),(16981,1714,9,30),(16982,1714,9,70),(16983,1714,9,30),(16984,1714,9,80),(16985,1714,4,60),(16986,1714,4,40),(16987,1714,4,60),(16988,1714,4,60),(16989,1714,4,67),(16990,1714,4,100),(16991,1714,7,50),(16992,1714,7,100),(16993,1714,16,67),(16994,1714,16,100),(16995,1714,23,55),(16996,1714,23,100),(17002,1714,13,45),(17003,1714,13,75),(17004,1714,13,100),(17005,1714,3,70),(17006,1714,3,100),(17013,1771,9,90),(17014,1771,4,60),(17015,1771,4,87),(17016,1771,7,60),(17017,1771,7,80),(17018,1771,16,56),(17019,1771,16,100),(17020,1771,23,40),(17021,1771,23,100),(17022,1771,13,25),(17023,1771,13,100),(17024,1771,3,55),(17025,1771,3,100),(17026,1771,25,27),(17027,1771,25,100),(17028,1771,5,57),(17029,1771,5,100),(17030,1771,10,60),(17031,1771,10,100),(17032,1771,14,40),(17033,1771,14,100),(17034,1771,11,50),(17035,1771,11,50),(17036,1771,11,90),(17037,1771,24,33),(17038,1771,24,80),(17039,1797,9,100),(17040,1797,4,93),(17041,1797,7,90),(17042,1797,7,90),(17043,1797,16,89),(17044,1797,23,90),(17045,1797,13,95),(17046,1797,3,95),(17047,1797,25,93),(17048,1797,5,93),(17049,1797,10,87),(17050,1797,14,90),(17051,1797,11,70),(17052,1797,11,100),(17053,1797,24,87),(17073,1714,25,40),(17075,1714,25,87),(17077,1714,10,40),(17078,1714,10,100),(17079,1770,9,100),(17080,1770,4,93),(17081,1770,7,90),(17082,1770,16,89),(17083,1770,23,85),(17084,1770,13,85),(17085,1714,14,50),(17086,1714,14,100),(17087,1714,11,50),(17088,1714,11,100),(17092,1770,3,90),(17093,1770,25,93),(17094,1770,5,100),(17095,1770,10,87),(17096,1770,14,80),(17097,1770,11,80),(17098,1770,24,87),(17101,1756,9,60),(17102,1756,9,100),(17103,1756,4,73),(17104,1756,4,80),(17105,1756,7,80),(17106,1756,16,89),(17107,1756,23,75),(17108,1756,23,90),(17109,1756,13,90),(17110,1756,3,75),(17111,1756,3,95),(17112,1756,25,40),(17113,1756,25,100),(17114,1756,5,79),(17115,1756,5,100),(17116,1756,10,87),(17117,1756,14,60),(17118,1756,14,100),(17119,1756,11,90),(17120,1756,24,67),(17121,1756,24,73),(17122,1756,24,67),(17123,1756,24,80),(17125,1714,5,57),(17126,1714,5,93),(17127,1714,24,53),(17150,1714,24,100),(17178,1745,9,10),(17179,1745,9,100),(17180,1745,4,7),(17181,1745,4,100),(17182,1745,7,10),(17183,1745,7,100),(17184,1745,16,11),(17185,1745,16,100),(17186,1745,23,0),(17187,1745,23,100),(17188,1745,13,0),(17189,1745,13,100),(17190,1745,3,5),(17191,1745,3,100),(17192,1745,25,0),(17193,1745,5,0),(17194,1745,25,100),(17195,1745,5,100),(17196,1745,10,0),(17197,1745,10,100),(17198,1745,14,0),(17199,1745,14,100),(17200,1745,11,0),(17201,1745,11,100),(17202,1745,24,0),(17203,1745,24,100),(17296,1850,9,90),(17297,1850,4,93),(17298,1811,10,93),(17299,1811,10,93),(17300,1811,4,100),(17301,1811,24,100),(17302,1811,11,100),(17303,1811,9,100),(17304,1811,7,100),(17305,1811,16,100),(17306,1811,16,100),(17307,1811,23,100),(17308,1811,13,100),(17309,1811,3,100),(17310,1811,25,100),(17311,1811,5,100),(17312,1850,25,93),(17313,1811,14,100),(17314,1850,7,80),(17315,1851,9,90),(17316,1851,4,87),(17317,1851,23,65),(17318,1851,23,100),(17319,1851,16,78),(17320,1851,16,100),(17321,1851,13,85),(17322,1851,13,85),(17323,1851,3,85),(17324,1851,14,70),(17325,1851,14,100),(17326,1851,10,80),(17327,1851,24,87),(17328,1851,5,86),(17329,1851,25,87),(17330,1851,11,90),(17331,1851,7,80),(17332,1830,3,85),(17333,1830,7,60),(17335,1830,7,100),(17336,1830,10,93),(17337,1830,13,70),(17338,1830,13,100),(17339,1830,23,70),(17340,1830,23,100),(17341,1830,5,57),(17342,1830,5,100),(17344,1823,9,70),(17345,1823,9,90),(17346,1823,4,73),(17350,1823,4,87),(17351,1823,7,60),(17352,1823,7,100),(17353,1853,9,100),(17354,1853,4,100),(17355,1853,7,100),(17356,1853,16,100),(17357,1853,23,100),(17358,1853,13,100),(17359,1853,3,100),(17360,1853,25,100),(17361,1853,5,100),(17362,1853,10,100),(17363,1853,14,90),(17364,1853,11,100),(17365,1853,24,100),(17366,1823,16,56),(17367,1823,16,100),(17368,1823,23,35),(17369,1823,23,100),(17370,1823,13,40),(17371,1823,13,95),(17372,1850,3,90),(17373,1850,14,70),(17374,1850,14,90),(17375,1850,5,86),(17376,1823,3,80),(17377,1823,25,47),(17378,1823,25,100),(17379,1823,5,64),(17380,1823,5,100),(17381,1823,10,33),(17382,1823,10,100),(17383,1823,14,30),(17384,1823,14,100),(17385,1823,11,80),(17386,1823,11,80),(17387,1823,24,47),(17388,1823,24,87),(17389,1830,11,100),(17390,1830,16,78),(17391,1830,16,89),(17392,1830,4,87),(17393,1830,9,60),(17394,1830,9,90),(17396,1830,25,33),(17398,1830,25,100),(17400,1830,14,50),(17401,1830,14,100),(17403,1830,24,80),(17405,1819,9,90),(17406,1819,4,100),(17407,1819,7,80),(17408,1819,23,75),(17447,1819,23,85),(17448,1819,16,100),(17449,1819,13,85),(17450,1819,3,100),(17451,1819,25,80),(17452,1819,5,79),(17453,1819,5,86),(17454,1819,10,87),(17455,1819,11,90),(17456,1819,24,80),(17457,1819,14,90),(17472,1856,9,100),(17473,1856,4,100),(17474,1856,7,90),(17475,1856,7,90),(17476,1856,7,90),(17477,1856,16,100),(17478,1856,23,100),(17479,1856,13,95),(17480,1856,3,90),(17481,1856,25,100),(17482,1856,5,100),(17483,1856,10,100),(17484,1856,14,100),(17485,1856,11,90),(17486,1856,24,100),(17521,1839,9,100),(17522,1839,4,100),(17523,1839,7,100),(17524,1839,16,100),(17525,1839,23,100),(17526,1839,13,100),(17527,1839,3,100),(17528,1839,25,100),(17529,1839,5,100),(17530,1839,10,100),(17531,1839,14,100),(17532,1839,11,100),(17533,1839,24,93),(17537,1860,9,60),(17538,1860,9,100),(17539,1860,4,87),(17540,1860,7,90),(17541,1860,16,89),(17542,1861,7,80),(17543,1861,10,67),(17544,1861,10,73),(17545,1860,13,80),(17546,1861,10,80),(17547,1861,3,85),(17548,1861,5,79),(17549,1860,23,65),(17550,1861,5,100),(17551,1860,23,80),(17552,1860,23,80),(17575,1861,23,60),(17576,1861,23,95),(17577,1861,23,95),(17578,1861,9,80),(17579,1861,4,87),(17580,1861,25,33),(17581,1861,25,93),(17582,1861,14,70),(17583,1861,24,67),(17584,1861,24,80),(17585,1860,3,95),(17586,1860,25,73),(17587,1860,25,93),(17588,1860,5,86),(17589,1860,10,87),(17590,1860,14,90),(17605,1861,16,89),(17606,1861,13,60),(17607,1861,13,100),(17608,1861,11,80),(17609,1861,11,80),(17610,1834,9,60),(17611,1834,9,100),(17612,1834,4,87),(17613,1834,7,80),(17614,1834,16,89),(17615,1834,23,10),(17616,1834,23,95),(17617,1834,13,75),(17618,1834,13,95),(17619,1834,3,80),(17620,1834,25,7),(17621,1834,25,100),(17622,1834,5,21),(17623,1834,5,100),(17624,1834,10,100),(17625,1834,14,60),(17626,1834,14,100),(17627,1834,11,90),(17628,1834,24,40),(17629,1834,24,87),(17630,1867,9,70),(17631,1844,9,90),(17632,1844,3,85),(17633,1844,13,95),(17634,1844,4,87),(17635,1844,7,90),(17636,1844,16,89),(17637,1844,24,73),(17638,1844,24,67),(17639,1844,24,53),(17640,1844,24,80),(17641,1844,23,75),(17642,1844,23,100),(17643,1844,25,60),(17644,1844,25,100),(17645,1844,5,57),(17646,1844,5,86),(17647,1844,10,80),(17648,1844,14,70),(17649,1844,11,80),(17650,1866,9,70),(17651,1866,9,50),(17652,1866,9,50),(17653,1866,9,80),(17654,1866,4,80),(17655,1866,7,80),(17656,1866,16,56),(17657,1866,16,78),(17658,1866,16,89),(17659,1866,23,70),(17660,1866,23,75),(17661,1866,23,75),(17662,1866,23,70),(17663,1866,23,75),(17664,1866,23,70),(17665,1866,13,85),(17666,1866,23,65),(17667,1860,11,80),(17668,1860,24,87),(17695,1871,9,100),(17696,1871,4,100),(17697,1871,7,100),(17698,1871,16,100),(17699,1842,9,90),(17700,1842,4,100),(17701,1842,7,90),(17702,1842,16,100),(17703,1871,23,100),(17704,1871,13,100),(17705,1871,3,100),(17706,1871,25,100),(17707,1871,5,100),(17708,1871,10,100),(17709,1871,14,100),(17710,1871,11,100),(17711,1871,24,100),(17712,1865,9,100),(17713,1865,4,100),(17714,1865,7,90),(17715,1865,16,100),(17716,1865,23,100),(17717,1865,13,95),(17718,1865,3,100),(17719,1865,25,100),(17720,1865,5,100),(17721,1886,9,80),(17722,1865,10,100),(17723,1865,14,100),(17724,1865,11,100),(17725,1865,24,100),(17726,1886,4,100),(17727,1886,7,80),(17728,1842,23,75),(17729,1842,23,95),(17730,1842,13,55),(17731,1842,13,100),(17732,1867,9,80),(17733,1867,4,80),(17734,1867,7,80),(17735,1867,16,89),(17736,1867,23,60),(17761,1866,3,100),(17762,1866,25,73),(17763,1866,25,53),(17764,1866,5,71),(17765,1866,10,80),(17766,1866,14,70),(17767,1866,11,90),(17768,1866,24,73),(17769,1866,24,73),(17770,1867,23,60),(17771,1867,23,65),(17772,1867,23,65),(17773,1867,23,95),(17774,1867,13,65),(17775,1867,13,90),(17776,1867,3,85),(17777,1867,25,33),(17778,1867,25,93),(17779,1867,5,64),(17780,1867,5,100),(17781,1867,10,93),(17782,1867,14,60),(17783,1867,14,100),(17784,1867,11,80),(17785,1867,24,87),(17786,1842,3,95),(17787,1842,5,79),(17788,1842,5,100),(17789,1842,10,87),(17790,1842,14,80),(17791,1842,11,80),(17792,1842,24,80),(17793,1842,25,33),(17794,1842,25,47),(17795,1842,25,80),(17796,1866,5,86),(17797,1866,23,75),(17798,1866,23,70),(17799,1866,23,65),(17800,1866,23,75),(17801,1866,24,80),(17802,1866,25,73),(17803,1866,25,67),(17804,1866,25,87),(17805,1866,23,75),(17806,1866,23,60),(17807,1884,9,90),(17808,1866,23,90),(17809,1884,4,100),(17810,1884,7,100),(17811,1884,16,100),(17812,1884,23,100),(17813,1884,13,100),(17814,1884,3,95),(17815,1884,25,100),(17816,1884,5,93),(17817,1884,10,100),(17818,1884,14,100),(17819,1884,11,100),(17820,1884,24,100),(17821,1886,16,89),(17822,1886,23,75),(17823,1886,23,95),(17824,1886,13,90),(17825,1886,3,95),(17826,1897,9,80),(17827,1897,4,80),(17828,1897,7,90),(17829,1897,16,78),(17830,1897,16,78),(17831,1897,16,89),(17832,1897,23,70),(17833,1897,23,95),(17834,1897,13,80),(17835,1897,3,80),(17836,1897,25,60),(17837,1897,25,80),(17838,1897,5,57),(17839,1897,5,100),(17840,1897,10,87),(17841,1897,14,60),(17842,1897,14,100),(17843,1897,11,100),(17844,1897,24,80),(17845,1890,9,50),(17846,1890,9,80),(17847,1890,4,100),(17848,1890,7,90),(17849,1890,16,89),(17850,1890,23,55),(17851,1890,23,100),(17852,1890,13,65),(17853,1890,13,90),(17854,1890,5,71),(17855,1890,5,93),(17856,1890,3,85),(17857,1890,10,80),(17858,1890,25,73),(17859,1890,25,93),(17860,1890,11,100),(17861,1890,14,60),(17862,1890,14,100),(17863,1890,24,73),(17864,1890,24,93),(17865,1872,9,50),(17866,1872,9,100),(17867,1872,4,73),(17868,1872,4,87),(17869,1872,7,70),(17870,1872,7,90),(17871,1872,16,33),(17872,1872,16,67),(17873,1872,16,78),(17874,1872,16,100),(17875,1872,16,100),(17876,1872,23,20),(17877,1872,23,85),(17878,1872,13,35),(17879,1872,13,100),(17880,1872,3,25),(17881,1872,3,100),(17882,1872,25,60),(17883,1872,25,80),(17884,1872,5,14),(17885,1872,5,86),(17886,1872,10,47),(17887,1872,10,100),(17888,1872,14,20),(17889,1872,14,100),(17890,1872,11,30),(17891,1872,11,100),(17892,1872,24,47),(17893,1872,24,87),(17894,1905,10,93),(17895,1905,14,100),(17896,1905,11,90),(17897,1905,5,93),(17898,1905,25,93),(17899,1905,7,100),(17900,1905,16,89),(17901,1905,13,95),(17902,1905,9,90),(17903,1905,4,93),(17904,1905,23,100),(17905,1905,3,95),(17906,1905,24,100),(17907,1903,9,100),(17908,1903,4,100),(17909,1903,23,90),(17910,1903,13,100),(17911,1903,25,100),(17912,1903,5,100),(17913,1903,10,100),(17914,1903,14,100),(17915,1903,11,100),(17916,1903,24,93),(17917,1903,7,100),(17918,1903,3,100),(17919,1875,9,100),(17920,1903,16,100),(17921,1875,4,100),(17922,1875,7,100),(17923,1875,16,100),(17924,1875,23,100),(17925,1875,13,100),(17926,1875,3,100),(17927,1875,25,100),(17928,1875,5,100),(17929,1875,10,100),(17930,1875,14,100),(17931,1875,11,100),(17932,1875,24,100),(17933,1880,9,100),(17934,1880,4,93),(17935,1880,7,90),(17936,1880,16,89),(17937,1880,23,95),(17938,1880,13,95),(17939,1880,3,100),(17940,1880,25,87),(17941,1880,5,93),(17942,1880,10,93),(17943,1880,14,60),(17944,1880,14,90),(17945,1880,11,100),(17946,1880,24,87),(17947,1873,9,70),(17948,1873,9,100),(17949,1873,4,60),(17950,1873,4,100),(17951,1873,7,80),(17952,1873,16,44),(17953,1873,16,67),(17954,1873,16,67),(17955,1873,16,89),(17956,1873,23,40),(17957,1873,23,100),(17958,1873,13,25),(17959,1873,13,90),(17960,1873,3,80),(17961,1873,3,80),(17962,1873,25,33),(17963,1873,25,100),(17964,1873,5,14),(17965,1873,5,100),(17966,1873,10,47),(17967,1873,10,100),(17968,1873,14,30),(17969,1873,14,100),(17970,1873,11,50),(17971,1873,11,100),(17972,1873,24,40),(17973,1873,24,73),(17974,1873,24,73),(17975,1873,24,67),(17976,1873,24,80),(17978,1876,9,100),(17979,1876,4,100),(17980,1876,7,100),(17981,1876,16,100),(17982,1876,23,100),(17983,1876,13,95),(17984,1876,3,100),(17985,1876,25,100),(17986,1876,5,100),(17987,1876,10,100),(17988,1876,14,100),(17989,1876,11,100),(17990,1876,24,100),(17991,1910,9,90),(17992,1889,9,60),(17993,1889,9,80),(17994,1889,4,73),(17995,1889,4,93),(17996,1889,16,67),(17997,1889,16,89),(17998,1889,7,10),(17999,1889,7,100),(18000,1889,23,35),(18001,1889,23,100),(18002,1889,13,10),(18003,1889,13,95),(18004,1889,3,50),(18005,1889,3,100),(18009,1889,25,7),(18010,1889,25,100),(18011,1889,5,36),(18012,1889,5,100),(18013,1889,10,53),(18014,1889,10,100),(18015,1889,14,30),(18016,1889,14,100),(18017,1889,11,30),(18018,1889,11,100),(18019,1889,24,33),(18020,1889,24,100),(18021,1893,9,100),(18022,1904,9,90),(18023,1904,4,73),(18024,1904,4,87),(18025,1904,7,70),(18026,1904,7,90),(18027,1904,16,44),(18028,1904,16,78),(18029,1904,16,100),(18030,1904,23,60),(18031,1904,23,70),(18032,1904,23,100),(18033,1904,13,20),(18034,1904,13,95),(18035,1904,3,75),(18036,1904,3,90),(18037,1904,25,27),(18038,1904,25,87),(18039,1904,5,71),(18040,1904,5,100),(18041,1904,10,60),(18042,1904,10,80),(18043,1904,14,50),(18044,1904,14,100),(18045,1904,11,70),(18046,1904,11,100),(18047,1904,11,100),(18048,1904,24,47),(18049,1904,24,73),(18050,1904,24,73),(18051,1904,24,80),(18052,1913,9,30),(18053,1913,9,90),(18054,1913,4,73),(18055,1913,4,47),(18056,1910,4,87),(18057,1910,7,100),(18058,1910,16,78),(18059,1910,16,78),(18060,1910,16,100),(18061,1910,23,70),(18062,1910,23,100),(18063,1913,4,73),(18064,1913,4,87),(18065,1913,7,70),(18066,1913,7,80),(18067,1913,16,100),(18068,1913,23,50),(18069,1913,23,70),(18070,1902,9,70),(18071,1902,9,90),(18072,1902,4,87),(18073,1902,7,80),(18074,1902,16,100),(18075,1902,23,65),(18076,1902,23,80),(18077,1902,13,85),(18078,1902,3,90),(18079,1902,25,40),(18080,1902,25,80),(18081,1902,5,93),(18082,1902,10,73),(18083,1902,10,93),(18084,1902,14,50),(18085,1902,14,100),(18086,1902,11,90),(18087,1902,24,87),(18088,1913,13,85),(18089,1913,3,80),(18090,1913,25,60),(18091,1913,25,60),(18092,1913,5,79),(18093,1913,10,87),(18110,1910,13,85),(18111,1910,3,90),(18112,1910,25,60),(18113,1910,25,100),(18114,1910,5,86),(18115,1910,10,87),(18116,1910,14,60),(18117,1910,14,100),(18118,1877,9,100),(18119,1877,4,100),(18120,1877,7,100),(18121,1877,16,100),(18122,1877,23,95),(18123,1877,13,100),(18124,1877,3,90),(18125,1877,25,93),(18126,1877,5,100),(18127,1877,10,100),(18128,1877,14,100),(18129,1877,11,100),(18130,1877,24,80),(18131,1678,9,80),(18132,1678,24,80),(18133,1678,4,87),(18134,1913,14,70),(18135,1913,11,80),(18136,1913,24,93),(18138,1913,23,60),(18139,1913,23,80),(18140,1913,23,80),(18141,1913,25,33),(18142,1913,25,87),(18143,1913,5,64),(18144,1913,5,100),(18145,1913,14,30),(18147,1913,14,70),(18153,1910,11,90),(18154,1910,24,87),(18156,1887,9,90),(18157,1887,4,93),(18158,1887,7,90),(18159,1887,16,89),(18160,1887,23,75),(18161,1887,23,100),(18162,1887,13,85),(18163,1887,3,95),(18164,1887,25,93),(18165,1887,5,79),(18166,1887,5,100),(18167,1887,10,100),(18168,1887,14,70),(18169,1887,11,80),(18170,1887,24,87),(18171,1678,7,60),(18172,1678,7,70),(18173,1678,7,90),(18174,1678,16,67),(18175,1678,16,100),(18176,1678,11,70),(18177,1678,11,70),(18178,1678,11,100),(18179,1678,25,20),(18180,1678,25,100),(18181,1678,14,60),(18182,1678,14,100),(18183,1678,3,80),(18184,1678,10,80),(18185,1678,23,45),(18186,1678,23,100),(18187,1678,13,35),(18188,1678,13,90),(18189,1678,5,29),(18190,1678,5,100),(18197,1886,5,93),(18198,1886,10,93),(18199,1886,14,70),(18200,1917,9,90),(18201,1917,4,100),(18202,1917,7,70),(18203,1917,7,90),(18204,1917,16,67),(18205,1917,16,89),(18206,1917,23,70),(18207,1917,23,95),(18208,1917,13,80),(18209,1917,3,95),(18210,1917,25,87),(18211,1917,5,100),(18212,1917,10,80),(18213,1917,14,80),(18214,1917,11,90),(18215,1917,24,80),(18216,1886,11,90),(18217,1886,24,87),(18218,1879,9,100),(18219,1879,4,100),(18220,1879,7,100),(18221,1879,16,100),(18222,1879,23,100),(18223,1879,13,100),(18224,1879,3,100),(18225,1879,25,100),(18226,1879,5,100),(18227,1879,10,100),(18228,1879,14,100),(18229,1879,11,100),(18230,1879,24,100),(18231,1893,4,93),(18232,1893,7,100),(18233,1893,16,78),(18234,1893,16,89),(18235,1893,23,80),(18236,1919,9,100),(18237,1919,4,100),(18238,1919,7,100),(18239,1919,16,100),(18240,1919,23,100),(18241,1919,13,100),(18242,1919,3,95),(18243,1919,25,100),(18244,1919,5,100),(18245,1919,10,100),(18246,1919,14,100),(18247,1919,11,100),(18248,1919,24,100),(18249,1926,9,80),(18250,1926,4,100),(18251,1926,7,80),(18252,1926,16,100),(18253,1926,23,100),(18254,1926,23,100),(18255,1926,13,95),(18256,1926,3,100),(18257,1926,25,93),(18258,1926,5,100),(18259,1926,10,100),(18260,1926,14,90),(18261,1926,11,100),(18262,1926,24,100),(18302,1713,3,95),(18303,1886,25,93),(18304,1931,9,90),(18305,1931,4,100),(18306,1931,7,90),(18307,1931,16,89),(18308,1893,13,100),(18309,1893,3,100),(18310,1893,25,100),(18311,1893,5,100),(18312,1893,5,100),(18313,1893,10,100),(18314,1893,14,100),(18315,1893,11,100),(18316,1893,24,100),(18317,1931,23,80),(18318,1931,13,90),(18319,1931,3,90),(18320,1934,9,100),(18321,1934,4,100),(18322,1934,7,90),(18323,1934,16,78),(18324,1934,16,89),(18325,1934,23,60),(18326,1934,23,100),(18327,1934,13,70),(18328,1934,13,100),(18329,1934,3,75),(18330,1934,3,100),(18331,1934,25,33),(18332,1934,25,100),(18333,1934,5,79),(18334,1934,5,100),(18335,1934,10,67),(18336,1934,10,100),(18337,1934,14,80),(18338,1934,11,80),(18339,1934,24,80),(18353,1938,9,100),(18354,1938,4,87),(18355,1938,4,73),(18356,1938,4,100),(18357,1931,25,87),(18358,1931,5,86),(18359,1931,10,87),(18360,1888,9,80),(18361,1888,4,93),(18362,1888,7,100),(18363,1888,16,89),(18364,1888,23,100),(18365,1888,13,95),(18366,1888,3,100),(18367,1888,25,100),(18368,1888,5,100),(18369,1888,10,100),(18370,1888,14,100),(18371,1888,11,100),(18372,1888,24,100),(18373,1945,9,50),(18374,1945,9,70),(18375,1945,9,80),(18376,1945,4,87),(18385,1945,7,80),(18386,1945,16,78),(18387,1945,16,100),(18388,1945,23,70),(18389,1945,23,100),(18390,1945,13,80),(18399,1937,9,80),(18400,1937,5,79),(18401,1937,5,93),(18402,1945,25,60),(18403,1945,25,100),(18404,1945,3,75),(18405,1945,3,100),(18406,1937,11,90),(18407,1899,9,100),(18408,1899,4,93),(18409,1899,7,90),(18410,1899,16,89),(18411,1899,23,85),(18412,1899,13,95),(18413,1937,3,85),(18414,1931,14,70),(18415,1931,11,90),(18416,1899,3,100),(18417,1899,25,93),(18418,1945,5,64),(18419,1945,5,100),(18420,1899,5,86),(18421,1945,10,80),(18422,1945,14,70),(18423,1945,11,100),(18424,1899,11,100),(18425,1945,24,73),(18426,1945,24,100),(18427,1899,10,93),(18428,1937,23,75),(18429,1937,23,95),(18430,1899,14,70),(18431,1937,4,93),(18432,1937,13,95),(18433,1899,24,100),(18434,1937,14,80),(18435,1937,10,93),(18436,1937,16,89),(18437,1937,25,60),(18438,1937,25,93),(18439,1937,24,80),(18440,1937,7,80),(18454,1931,24,73),(18455,1931,24,93),(18456,1955,9,100),(18457,1955,4,67),(18458,1955,4,100),(18459,1955,7,60),(18460,1955,7,90),(18461,1955,16,33),(18462,1955,16,44),(18463,1955,16,78),(18464,1955,16,89),(18465,1955,13,45),(18466,1955,13,95),(18467,1955,3,70),(18468,1955,3,90),(18469,1955,25,27),(18470,1955,25,80),(18471,1955,23,40),(18472,1955,23,90),(18473,1949,9,100),(18474,1949,9,100),(18475,1949,4,87),(18476,1949,7,90),(18477,1949,16,67),(18478,1949,16,89),(18479,1949,23,60),(18480,1949,23,100),(18481,1949,13,45),(18482,1949,13,95),(18483,1949,3,75),(18484,1949,3,100),(18485,1949,25,40),(18486,1949,25,87),(18487,1949,5,43),(18488,1949,5,100),(18489,1949,10,67),(18490,1949,10,100),(18491,1949,14,60),(18492,1949,14,100),(18493,1949,11,80),(18494,1949,24,73),(18495,1949,24,67),(18496,1949,24,93),(18497,1955,5,71),(18498,1955,5,100),(18499,1955,10,80),(18500,1955,14,50),(18501,1955,14,90),(18502,1955,24,53),(18503,1955,10,73),(18504,1955,24,53),(18505,1955,24,93),(18506,1955,11,80),(18507,1936,9,100),(18508,1936,4,93),(18509,1936,7,90),(18510,1936,16,100),(18511,1936,23,80),(18512,1936,13,95),(18513,1936,25,80),(18514,1965,9,40),(18515,1965,9,90),(18516,1965,4,93),(18517,1965,7,60),(18518,1965,7,100),(18519,1965,16,56),(18520,1965,16,89),(18521,1965,23,35),(18522,1965,23,100),(18523,1965,13,5),(18524,1965,13,85),(18525,1965,3,70),(18526,1965,3,90),(18527,1965,25,7),(18528,1965,25,100),(18529,1965,5,29),(18530,1965,5,93),(18531,1965,10,40),(18532,1965,10,100),(18533,1965,14,30),(18534,1965,14,100),(18535,1965,11,30),(18536,1965,11,90),(18537,1965,24,27),(18538,1965,24,67),(18539,1965,24,73),(18540,1965,24,73),(18541,1965,24,73),(18542,1965,24,93),(18543,1933,9,80),(18544,1943,3,85),(18545,1936,3,100),(18546,1933,4,87),(18547,1933,7,60),(18548,1933,7,100),(18549,1943,4,80),(18550,1933,16,67),(18551,1930,9,100),(18552,1933,16,89),(18553,1943,5,64),(18554,1933,14,50),(18555,1943,5,79),(18556,1933,14,90),(18557,1943,5,86),(18558,1943,7,80),(18559,1933,10,80),(18560,1933,24,73),(18561,1933,24,93),(18562,1936,5,86),(18563,1966,9,90),(18564,1966,4,87),(18565,1966,4,100),(18566,1966,7,90),(18567,1936,10,87),(18568,1936,11,90),(18569,1936,14,80),(18570,1936,24,87),(18571,1930,4,87),(18572,1930,7,80),(18573,1930,23,75),(18574,1930,23,95),(18575,1930,13,85),(18576,1966,16,89),(18577,1966,16,100),(18578,1966,23,80),(18579,1966,23,100),(18580,1966,13,95),(18581,1966,3,85),(18582,1966,3,100),(18583,1966,5,93),(18584,1966,10,93),(18585,1966,14,70),(18586,1966,14,100),(18587,1966,11,90),(18588,1966,24,87),(18589,1966,24,100),(18590,1966,25,53),(18591,1966,25,100),(18619,1930,25,93),(18620,1938,7,50),(18621,1938,7,100),(18622,1938,16,67),(18623,1938,16,100),(18624,1938,23,40),(18625,1938,23,95),(18626,1930,5,93),(18627,1959,9,90),(18628,1959,4,93),(18629,1959,7,70),(18630,1959,7,90),(18631,1959,24,87),(18632,1959,16,78),(18633,1959,16,100),(18634,1959,23,60),(18635,1959,23,95),(18636,1959,13,80),(18637,1959,3,80),(18638,1938,13,30),(18639,1959,25,60),(18640,1959,25,87),(18641,1938,13,100),(18642,1959,5,64),(18643,1959,5,79),(18644,1959,5,100),(18645,1959,10,80),(18646,1959,14,60),(18647,1959,14,100),(18648,1959,11,90),(18649,1938,3,65),(18650,1938,3,95),(18651,1938,25,40),(18652,1938,25,100),(18653,1938,5,57),(18654,1938,5,100),(18655,1938,10,53),(18656,1938,10,100),(18657,1938,14,70),(18658,1938,11,70),(18659,1938,11,100),(18660,1938,24,67),(18661,1938,24,87),(18662,1930,10,87),(18663,1930,3,100),(18664,1930,14,80),(18665,1930,11,90),(18666,1930,24,73),(18667,1930,24,87),(18668,1930,16,100),(18669,1944,9,40),(18670,1944,9,80),(18671,1944,4,87),(18672,1944,7,80),(18673,1944,16,89),(18674,1944,23,50),(18675,1944,23,100),(18676,1944,13,70),(18677,1944,13,95),(18678,1944,3,95),(18679,1944,25,53),(18680,1944,25,100),(18681,1944,5,64),(18682,1944,5,100),(18683,1944,10,93),(18684,1944,14,70),(18685,1944,11,80),(18686,1944,24,73),(18687,1944,24,80),(18696,1969,9,70),(18697,1969,9,90),(18698,1969,4,73),(18699,1969,4,93),(18700,1969,7,90),(18701,1969,16,89),(18702,1969,23,95),(18703,1969,13,85),(18704,1964,9,90),(18705,1964,4,100),(18706,1964,7,100),(18707,1964,16,100),(18708,1964,23,100),(18709,1964,13,100),(18710,1964,3,100),(18711,1964,25,100),(18712,1964,25,100),(18713,1964,5,100),(18714,1964,10,100),(18715,1964,14,100),(18716,1964,11,100),(18717,1964,24,100),(18718,1980,9,80),(18719,1980,9,100),(18720,886,23,85),(18721,886,4,93),(18722,886,7,80),(18723,886,16,89),(18724,886,14,80),(18725,886,24,87),(18726,886,3,100),(18727,886,13,85),(18728,886,9,100),(18729,886,10,87),(18730,886,11,100),(18731,1980,16,89),(18732,1980,16,100),(18733,1980,23,75),(18734,1980,23,100),(18735,1980,5,86),(18736,1980,5,93),(18737,1980,25,87),(18738,1980,25,100),(18739,1980,13,90),(18740,1980,13,100),(18741,1947,9,60),(18742,1947,9,100),(18743,1947,4,87),(18744,1935,9,100),(18745,1935,4,87),(18746,1935,7,90),(18747,1935,23,70),(18748,1935,23,100),(18749,1980,3,90),(18750,1980,3,100),(18751,1980,10,93),(18752,1980,10,100),(18753,1946,9,60),(18754,1946,9,60),(18755,1980,7,70),(18756,1980,7,90),(18757,1980,7,90),(18758,1980,7,100),(18759,1933,13,65),(18760,1933,13,90),(18761,1933,3,90),(18762,1933,3,90),(18763,1933,25,47),(18764,1933,25,100),(18765,1933,5,64),(18766,1933,5,100),(18767,1935,16,67),(18768,1933,11,90),(18769,1935,16,100),(18770,1921,7,100),(18771,1921,3,100),(18772,1921,16,89),(18773,1921,9,100),(18774,1921,4,93),(18775,1921,23,85),(18776,1921,13,90),(18777,1921,25,80),(18778,1935,13,70),(18779,1921,5,93),(18780,1921,10,93),(18781,1935,13,100),(18782,1921,14,90),(18783,1921,11,90),(18784,1921,24,93),(18785,1935,3,90),(18786,1980,14,60),(18787,1980,14,90),(18788,1980,14,100),(18789,1980,11,100),(18790,1980,4,100),(18791,1946,9,40),(18792,1980,24,80),(18793,1980,24,93),(18794,1980,24,100),(18795,1980,5,86),(18796,1980,5,93),(18797,1980,5,93),(18798,1980,5,100),(18799,1974,9,90),(18800,1974,9,100),(18801,1974,4,100),(18802,1974,7,100),(18803,1974,16,100),(18804,1974,23,100),(18805,1974,13,100),(18806,1974,3,95),(18807,1974,3,100),(18808,1974,25,100),(18809,1974,5,100),(18810,1974,10,100),(18811,1946,9,80),(18812,1974,14,100),(18813,1974,11,100),(18814,1974,24,100),(18815,1946,4,93),(18816,1946,7,80),(18817,1946,16,67),(18818,1946,16,67),(18819,1946,16,89),(18820,1967,9,70),(18821,1967,9,100),(18822,1967,4,87),(18823,1967,7,80),(18824,1967,16,67),(18825,1967,16,89),(18826,1988,9,100),(18827,1988,4,93),(18828,1988,7,100),(18829,1988,24,93),(18830,1988,16,100),(18831,1988,23,100),(18832,1988,13,100),(18833,1988,3,100),(18834,1988,3,100),(18835,1988,25,93),(18836,1988,5,100),(18837,1988,10,93),(18838,1988,14,100),(18839,1988,11,100),(18840,1923,9,100),(18841,1923,4,100),(18842,1923,11,100),(18843,1923,7,90),(18844,1923,24,100),(18845,1923,16,89),(18846,1923,23,100),(18847,1923,13,100),(18848,1923,3,100),(18849,1923,25,100),(18850,1923,5,100),(18851,1923,10,93),(18852,1923,14,100),(18853,1950,9,80),(18854,1950,4,87),(18855,1950,7,80),(18856,1950,16,89),(18857,1950,23,80),(18858,1950,13,90),(18859,1950,3,85),(18860,1950,25,53),(18861,1950,25,60),(18862,1950,25,80),(18863,1950,25,80),(18864,1950,25,80),(18865,1950,5,93),(18866,1950,10,87),(18867,1950,14,50),(18868,1950,14,80),(18869,1950,11,90),(18870,1950,24,87),(18871,1935,25,80),(18872,1935,5,93),(18873,1935,10,87),(18874,1935,14,80),(18875,1935,11,90),(18876,1935,24,53),(18877,1935,24,87),(18891,1891,9,100),(18892,1891,4,100),(18893,1891,7,100),(18894,1891,16,100),(18895,1891,23,100),(18896,1891,13,100),(18897,1891,3,100),(18898,1891,25,100),(18899,1891,5,100),(18900,1891,10,100),(18901,1891,14,90),(18902,1891,11,100),(18903,1891,24,100),(18904,1989,9,70),(18905,1989,9,80),(18906,1989,4,40),(18907,1989,4,100),(18908,1989,7,70),(18909,1948,16,33),(18910,1989,7,100),(18911,1948,16,100),(18912,1948,7,30),(18913,1948,7,100),(18914,1948,4,53),(18915,1989,16,22),(18916,1989,16,100),(18917,1948,4,100),(18918,1975,23,100),(18919,1989,23,25),(18920,1975,25,100),(18921,1975,11,100),(18922,1989,23,95),(18923,1989,13,30),(18924,1975,3,100),(18925,1989,13,100),(18926,1975,4,100),(18927,1975,7,100),(18928,1975,16,100),(18929,1975,9,100),(18930,1975,13,100),(18931,1989,3,85),(18932,1975,10,100),(18933,1989,25,33),(18934,1975,14,100),(18935,1989,25,100),(18936,1989,5,50),(18937,1989,5,93),(18938,1989,10,40),(18939,1975,24,100),(18940,1989,10,100),(18941,1989,14,60),(18942,1975,5,100),(18943,1975,5,100),(18944,1989,14,100),(18945,1989,11,30),(18946,1989,11,100),(18947,1989,24,40),(18948,1989,24,93),(18949,1948,9,20),(18950,1948,9,100),(18951,1948,23,40),(18952,1948,13,30),(18953,1948,13,55),(18954,1967,23,25),(18955,1967,23,90),(18956,1967,13,30),(18957,1967,13,95),(18958,1967,3,60),(18959,1967,3,95),(18960,1967,25,47),(18961,1967,25,100),(18962,1967,5,21),(18963,1967,5,100),(18964,1967,10,53),(18965,1967,10,100),(18966,1967,14,70),(18967,1967,11,60),(18968,1967,11,90),(18969,1967,24,60),(18970,1967,24,93),(18971,1996,9,100),(18972,1996,4,100),(18973,1996,7,100),(18974,1996,16,100),(18975,1996,23,100),(18976,1996,13,100),(18977,1996,3,100),(18978,1996,25,100),(18979,1996,5,100),(18980,1996,10,100),(18981,1996,14,100),(18982,1996,11,100),(18983,1996,24,100),(18984,1946,13,60),(18985,1946,13,95),(18986,1946,23,20),(18987,1946,23,90),(18988,1946,3,75),(18989,1946,3,100),(18990,1946,25,47),(18991,1946,25,87),(18992,1946,5,86),(18993,1946,5,86),(18994,1946,10,53),(18995,1946,10,100),(18996,1946,14,60),(18997,1946,14,90),(18998,1946,11,60),(18999,1946,11,100),(19000,1946,24,73),(19001,1946,24,73),(19002,1946,24,80),(19003,1983,9,80),(19004,1983,4,87),(19005,1983,7,70),(19006,1983,7,90),(19007,1983,16,78),(19008,1983,16,100),(19009,1983,23,40),(19010,1983,23,95),(19011,1983,13,25),(19012,1983,13,100),(19013,1983,3,85),(19014,1983,25,53),(19015,1983,25,100),(19016,1983,5,50),(19017,1983,5,100),(19018,1983,10,40),(19019,1983,10,100),(19020,1983,14,50),(19021,1983,14,90),(19022,1983,11,80),(19023,1983,11,80),(19024,1983,24,27),(19025,1983,24,93),(19026,1735,4,93),(19027,1956,9,70),(19028,1948,23,40),(19029,1933,23,60),(19030,1948,23,90),(19031,1933,23,90),(19032,1948,13,25),(19033,1948,13,100),(19034,1948,3,80),(19035,1948,25,53),(19036,1995,10,100),(19037,1995,14,90),(19038,1995,11,100),(19039,1995,5,100),(19040,1995,25,100),(19041,1995,7,100),(19042,1995,16,89),(19043,1995,13,100),(19044,1995,13,100),(19045,1995,9,100),(19046,1995,4,100),(19047,1995,23,100),(19048,1995,3,95),(19049,1995,24,100),(19050,1948,25,93),(19051,1948,3,40),(19052,1948,3,100),(19053,1948,5,29),(19054,1948,5,64),(19055,1948,5,100),(19056,1948,10,40),(19057,1948,10,93),(19058,1948,14,10),(19059,1948,14,20),(19060,1948,14,90),(19061,1948,11,40),(19062,1948,11,100),(19063,1948,24,47),(19064,1948,24,80),(19065,1948,24,33),(19066,1948,24,87),(19067,1948,24,87),(19068,1994,9,90),(19069,1990,9,100),(19070,1990,4,100),(19071,1990,23,100),(19072,1990,3,100),(19073,1990,24,100),(19074,1990,10,100),(19075,1990,14,100),(19076,1990,14,100),(19077,1990,11,90),(19078,1990,5,100),(19079,1990,5,100),(19080,1990,25,100),(19081,1990,7,90),(19082,1990,16,100),(19083,1990,13,100),(19084,1848,10,100),(19085,1848,14,100),(19086,1848,11,100),(19087,1848,5,93),(19088,1848,25,100),(19089,1848,7,100),(19090,1848,16,100),(19091,1848,13,100),(19092,1848,9,100),(19093,1848,4,100),(19094,1848,23,100),(19095,1848,3,100),(19096,1848,24,100),(19097,1994,23,60),(19098,1994,23,100),(19099,1994,4,87),(19100,1994,7,80),(19101,1994,25,47),(19102,1994,25,93),(19103,1994,25,93),(19104,1994,13,55),(19105,1994,13,100),(19106,1994,3,65),(19107,1994,3,80),(19108,1994,5,79),(19109,1994,5,86),(19110,1994,10,80),(19111,1994,14,70),(19112,1994,24,87),(19113,1994,11,100),(19114,1994,16,44),(19115,1994,16,100),(19116,1943,16,78),(19117,1943,16,78),(19118,2010,9,100),(19119,2010,4,87),(19120,2010,7,90),(19121,2010,16,89),(19122,2010,23,75),(19123,2010,23,100),(19124,2010,13,80),(19125,2016,9,80),(19126,2016,4,93),(19127,2016,7,90),(19128,2016,16,100),(19129,2016,23,80),(19130,2016,13,95),(19131,2004,9,40),(19132,2004,9,80),(19133,2004,9,80),(19134,2004,4,73),(19135,2004,4,73),(19136,2004,4,73),(19137,2004,4,67),(19138,2004,4,73),(19139,2004,4,100),(19140,2004,7,50),(19141,2004,7,100),(19142,2004,16,33),(19143,2004,16,100),(19144,2004,23,20),(19145,2004,23,90),(19146,2004,13,15),(19147,2004,13,100),(19148,2004,3,65),(19149,2004,3,90),(19150,2004,3,90),(19151,2004,25,20),(19152,2004,25,100),(19153,2004,5,86),(19154,2004,10,60),(19155,2004,10,100),(19156,2004,14,70),(19157,2004,11,80),(19158,2004,24,67),(19159,2004,24,93),(19160,2004,24,93),(19161,2016,3,100),(19162,2016,25,87),(19163,2016,5,86),(19164,2016,10,93),(19165,2016,24,80),(19166,2016,14,70),(19167,2016,11,100),(19168,2017,9,100),(19169,2017,4,100),(19170,2017,7,100),(19171,2017,16,100),(19172,2017,23,95),(19173,2017,13,100),(19174,2017,3,100),(19175,2017,25,93),(19176,2017,5,100),(19177,2017,10,100),(19178,2017,14,100),(19179,2017,11,100),(19180,2017,24,100),(19181,2013,9,50),(19182,2013,9,90),(19183,2013,4,80),(19184,2013,7,70),(19185,2013,7,100),(19186,2013,16,89),(19187,1984,9,90),(19188,1956,9,70),(19189,1956,9,70),(19190,1956,9,70),(19191,1956,9,90),(19192,1956,4,67),(19193,1956,7,60),(19194,1956,4,100),(19195,1956,7,70),(19196,1956,7,100),(19197,1956,16,11),(19198,1956,16,100),(19199,1956,23,50),(19200,1956,23,100),(19201,1956,13,10),(19202,1956,13,100),(19203,1956,3,45),(19204,1956,3,100),(19205,1956,25,27),(19206,1956,25,100),(19207,1956,5,21),(19208,1956,5,100),(19209,2019,9,100),(19210,1956,10,53),(19211,1956,10,100),(19212,1956,14,30),(19213,2019,10,100),(19214,2019,14,100),(19215,2019,11,100),(19216,2019,5,100),(19217,2019,25,100),(19218,2019,7,100),(19219,2019,16,100),(19220,1956,14,100),(19221,1956,11,40),(19222,2019,13,100),(19223,1956,11,100),(19224,1956,24,33),(19225,2019,4,100),(19226,2019,23,95),(19227,1956,24,100),(19228,2019,3,100),(19229,2019,24,100),(19230,1943,9,60),(19231,1943,9,60),(19232,1943,9,80),(19233,1943,24,73),(19234,1969,3,100),(19235,1969,25,93),(19236,1969,5,86),(19237,1969,24,100),(19238,1969,11,100),(19239,1969,10,80),(19240,1969,14,70),(19246,2013,23,70),(19247,2013,23,100),(19248,2013,13,80),(19249,2013,3,80),(19250,2013,25,73),(19251,2013,25,100),(19252,2013,5,86),(19253,2013,10,87),(19254,2013,14,60),(19255,2013,14,90),(19256,2013,11,80),(19257,2013,24,80),(19258,2010,3,90),(19259,2010,25,60),(19260,2010,25,100),(19261,2010,5,64),(19262,2010,5,100),(19263,2010,10,93),(19264,2010,14,60),(19265,2010,14,100),(19266,2010,11,80),(19267,2010,24,87),(19268,2015,9,90),(19269,2015,4,100),(19270,2015,7,90),(19271,2015,16,100),(19272,2015,23,65),(19273,2015,23,85),(19274,2015,13,100),(19275,2015,3,100),(19276,2015,25,100),(19277,2015,5,100),(19278,2015,10,100),(19279,2015,14,100),(19280,2015,11,100),(19281,2015,24,100),(19282,2006,9,100),(19283,2006,4,87),(19284,1993,9,50),(19285,1993,9,90),(19286,1993,4,87),(19287,1993,7,80),(19288,1993,16,89),(19289,1993,23,75),(19290,1993,23,100),(19291,1993,13,75),(19292,1993,13,100),(19293,2005,9,100),(19294,2005,4,100),(19295,2005,7,80),(19296,1986,9,80),(19297,1986,4,80),(19298,1986,7,70),(19299,1986,7,90),(19300,1986,16,78),(19301,1986,16,100),(19302,1986,23,60),(19303,1986,23,100),(19304,1986,13,95),(19305,1986,3,75),(19306,1986,3,85),(19307,1986,5,71),(19308,1986,5,100),(19309,1986,10,67),(19310,1986,10,100),(19311,1986,14,70),(19312,1986,14,90),(19313,1986,11,30),(19314,1986,11,100),(19315,1986,24,93),(19316,2005,16,89),(19317,2005,23,80),(19318,1943,16,89),(19319,1943,24,80),(19320,1943,11,80),(19321,1943,14,60),(19322,1943,14,80),(19323,1943,10,67),(19324,1993,3,80),(19325,1993,25,47),(19326,1993,25,100),(19327,1993,5,79),(19328,1993,5,100),(19329,1993,10,93),(19330,1993,14,60),(19331,1993,14,100),(19332,1993,11,90),(19333,1993,24,80),(19334,2005,13,85),(19335,2005,3,80),(19336,2005,25,93),(19337,2005,5,86),(19338,2005,10,93),(19339,1986,25,7),(19340,1986,25,100),(19341,2005,14,80),(19342,2005,11,90),(19343,2005,24,87),(19344,1943,10,87),(19345,1943,25,40),(19346,1943,25,80),(19347,1943,23,65),(19348,1943,23,100),(19349,1943,13,65),(19350,1943,13,35),(19351,2024,9,100),(19352,2024,4,100),(19353,2024,7,100),(19354,2024,16,100),(19355,2024,23,100),(19356,2024,13,100),(19357,2024,3,95),(19358,2024,25,100),(19359,2024,5,100),(19360,2024,10,100),(19361,2024,14,100),(19362,2024,11,100),(19363,2024,24,80),(19364,1976,9,100),(19365,1976,4,100),(19366,1976,7,80),(19367,1976,16,89),(19368,1976,23,80),(19369,1976,3,70),(19370,1976,3,90),(19371,1976,13,70),(19372,1976,13,95),(19373,1976,25,33),(19374,1976,25,100),(19375,1976,5,79),(19376,1976,5,100),(19377,1976,10,73),(19378,1976,10,100),(19379,1976,14,50),(19380,1976,14,100),(19381,1976,11,100),(19382,1976,24,80);

--
