-- Table structure for table `settings`
--

CREATE TABLE `settings` (
  `id` int(11) unsigned NOT NULL AUTO_INCREMENT,
  `access_code` varchar(60) DEFAULT NULL,
  `staff_type_select` varchar(60) DEFAULT NULL,
  `footer_column_1` blob,
  `footer_column_2` blob,
  `payment_activated` int(11) DEFAULT '0',
  PRIMARY KEY (`id`)
) ENGINE=InnoDB AUTO_INCREMENT=2 DEFAULT CHARSET=utf8;

--
-- Dumping data for table `settings`
--

INSERT INTO `settings` VALUES (1,'ruten123',NULL,'','',0);

--
-- Table structure for table `training`
--

CREATE TABLE `training` (
  `id` int(11) unsigned NOT NULL AUTO_INCREMENT,
  `user_id` int(11) unsigned NOT NULL,
  `title` varchar(90) DEFAULT NULL,
  `date_completed` int(90) unsigned DEFAULT NULL,
  PRIMARY KEY (`id`),
  KEY `user_id` (`user_id`),
  CONSTRAINT `training_ibfk_1` FOREIGN KEY (`user_id`) REFERENCES `user` (`id`) ON DELETE CASCADE
) ENGINE=InnoDB DEFAULT CHARSET=latin1;

--
-- Dumping data for table `training`
--


--
-- Table structure for table `user`
--

CREATE TABLE `user` (
  `id` int(11) unsigned NOT NULL AUTO_INCREMENT,
  `fname` varchar(60) CHARACTER SET utf8 NOT NULL,
  `lname` varchar(60) CHARACTER SET utf8 NOT NULL,
  `email` varchar(60) CHARACTER SET utf8 NOT NULL,
  `pass` char(64) CHARACTER SET utf8 NOT NULL DEFAULT '',
  `birthdate_day` int(11) NOT NULL,
  `birthdate_month` int(11) NOT NULL,
  `birthdate_year` int(11) NOT NULL,
  `join_date` timestamp NOT NULL DEFAULT CURRENT_TIMESTAMP,
  `confirmation_code` int(11) DEFAULT NULL,
  `confirmed` int(1) NOT NULL DEFAULT '1',
  `CEU_count` int(11) DEFAULT NULL,
  `access_level` int(11) DEFAULT '0',
  `staff_type` varchar(60) CHARACTER SET utf8 DEFAULT NULL,
  `active` int(1) NOT NULL DEFAULT '1',
  `hired_date` int(60) DEFAULT NULL,
  PRIMARY KEY (`id`)
) ENGINE=InnoDB AUTO_INCREMENT=324 DEFAULT CHARSET=latin1;

--
-- Dumping data for table `user`
--

INSERT INTO `user` VALUES (10,'John','Sheppard','jcshep@gmail.com','78bfd17437cb85e2d2acb28c01717fe5f8b13d1fd54fe9fc974934403d79a205',2,2,1941,'2014-03-04 20:52:18',46863347,1,15,1,NULL,1,NULL),(110,'Cornell','Peters','fortriscorp@gmail.com','fe2e757802f5cff053eb5307ea69e65203bfff78e82b9144d47600008902a547',2,6,1982,'2015-02-18 19:54:58',30182285,1,42,1,NULL,1,NULL),(245,'Stephanie','Huse','huses@recoveryunplugged.com','ac831b0ceb794f3337099945810306f9dcc75c2a7fe8aae862d0a0778fe2356b',0,0,0,'2020-01-06 18:23:49',47363372,1,22,0,NULL,1,NULL),(246,'Erin','Furlong','furlonge@recoveryunplugged.com','939f0b348eab909b9ddb6fa6f3aaaaa96380cc73924c1211afad4b80ab11e5fb',0,0,0,'2020-01-09 16:14:58',99537643,1,22,0,NULL,1,NULL),(247,'John','Davis','davisj@recoveryunplugged.com','698ff95571d3563d825aaf050966ec5e7132749d13687912d944929b99ac3391',0,0,0,'2020-01-09 16:29:38',70394974,1,16,0,NULL,1,NULL),(248,'Brian ','Hathcock ','bhathcock2014@gmail.com','7f82c9442678e543b633353ea041eb76984a11ec23279f133d384eb3509c96d8',0,0,0,'2020-01-09 16:44:22',68020292,1,19,0,NULL,1,NULL),(249,'Caroline','Bravo','bravoc@recoveryunplugged.com','b9a983746d5ec5c293b23f4b88779896d2c6f71efe4f8b9ba8ed31afac493b26',0,0,0,'2020-01-09 16:46:07',81683769,1,18,0,NULL,1,NULL),(250,'Ian','Jackson','ianj@recoveryunplugged.com','c69523a7e575e0b6c4990e1f7b0d97ebdb6752941e44570dc278683b6a8de9d4',0,0,0,'2020-01-09 16:51:40',61283289,1,16,0,NULL,1,NULL),(251,'Karl','Bremer','karlb@recoveryunplugged.com','5ba88be5a211363750704f6769681448ff76f846bfca55707674ae10eb33678a',0,0,0,'2020-01-09 16:57:14',99602738,1,18,0,NULL,1,NULL),(252,'Valerie','Kamen','valeriekamen@gmail.com','a4bba8cf65ae72464bccaeb5b36ec8853cc445a9cc2ca5afb4d4ae0268e31531',0,0,0,'2020-01-09 17:40:57',81225980,1,18,0,NULL,1,NULL),(253,'Suzanne','Minnich','minnichs@recoveryunplugged.com','f2842700c4a20509086b6b3f7f0149516d1e2512dc841bbc826e7cef445640de',0,0,0,'2020-01-09 20:12:58',74373154,1,18,0,NULL,1,NULL),(254,'Erik','Shockley','shockleye@recoveryunplugged.com','3339671c3352f232d9f1147d57c8294c6dc8ed1be6fd6327a5cef749f7d37a23',0,0,0,'2020-01-10 15:59:22',21396075,1,16,0,NULL,1,NULL),(255,'Amanda','Johnson','johnsona@recoveryunplugged.com','9fa3ad9824d13ba510835a42c4be72d2a8bccf54b110b1597421145dc65d6849',0,0,0,'2020-01-10 16:09:48',65606354,1,16,0,NULL,1,NULL),(256,'Megan','Faucher','faucherm@recoveryunplugged.com','e4eb0be46c7cf69f15dd7156b159e559931729fff9c3cfb8f0ac419cf4e4d172',0,0,0,'2020-01-10 19:13:23',96412237,1,16,0,NULL,1,NULL),(257,'Joshua','Ziegler','Zieglerj@recoveryunplugged.com','1777b6bc680ce270d3f40b316581866ff9f7030b960007ab360f7b03bd3fecb0',0,0,0,'2020-01-11 19:51:36',59155614,1,19,0,NULL,1,NULL),(258,'Kristin','Roddy','roddyk@recoveryunplugged.com','89f364a30727de58f508a80e19ece0150d9da1f561496febb11d0598d319f8a7',0,0,0,'2020-01-12 16:30:31',83688737,1,18,0,NULL,1,NULL),(259,'Charles','Bennett III','chuckb@recoveryunplugged.com','17a545aa8075ea75fa8e8a6f765a3444cf4d4da2b918f6429bf5ba393b0c598d',0,0,0,'2020-01-12 16:33:00',89220626,1,16,0,NULL,1,NULL),(260,'Cassie','Cooper','cooperc@recoveryunplugged.com','4204c494905bafa226b7de00522a5ee67bbf6bbab0cd40c5affe5a6faaadcebc',0,0,0,'2020-01-12 17:52:45',23607812,1,18,0,NULL,1,NULL),(261,'Ashley','Corn','corna@recoveryunplugged.com','cbc0e84c189030badf256557eb87c897d79b84fc79e3d478641492bff20d00a3',0,0,0,'2020-01-12 18:02:01',48407013,1,22,0,NULL,1,NULL),(262,'Farrence','Williamson','williamsonf@recoveryunplugged.com','ac9bb048915d1ca9eed35e682200c149935dc584b72baea576f2322e312fd0bc',0,0,0,'2020-01-13 12:31:56',42449735,1,18,0,NULL,1,NULL),(263,'Lindsey','Humphrey','humphreyl@recoveryunplugged.com','8ada7821495cd1f55ff07b7a1c8c68e76f666a36ac3c7b515f0e0f2598a9e325',0,0,0,'2020-01-13 19:24:08',34370412,1,13,0,NULL,1,NULL),(264,'breanna','sturdivant','breannasturdivant@yahoo.com','64337efd330127a62780952ae43f1dceca33d0375928c2466e1ebeac030123da',0,0,0,'2020-01-13 21:51:57',79352553,1,16,0,NULL,1,NULL),(265,'kevin','walsh','walshk@recoveryunplugged.com','dca84cfa87a36b20fddfb6b569233a1c6e517e84d2190d6244f74aa7a6c8c060',0,0,0,'2020-01-14 13:51:12',33598900,1,18,0,NULL,1,NULL),(266,'Riley','Osborne','osborner@recoveryunplugged.com','4a3d805575bea29a8028d33f0f623b42604b519ea0bd3e38bf6d1755dec4896d',0,0,0,'2020-01-14 15:48:48',45561749,1,16,0,NULL,1,NULL),(267,'Nick','Corbitt','corbittn@recoveryunplugged.com','e9165aa0c607b7b8c84cab3b21e170eae318f59f99280d203173d054704d64cc',0,0,0,'2020-01-14 16:22:18',45971730,1,16,0,NULL,1,NULL),(268,'Billy','Culbertson','culbertsonj@recoveryunplugged.com','18e5d8e2a458171f4c4fb0c0a7d9603419d1fc944436131741dfdd9a031d3b08',0,0,0,'2020-01-14 20:48:39',28440455,1,16,0,NULL,1,NULL),(269,'jennie','carter','carterj@recoveryunplugged.com','c4c3326c658f1240ef37673561d1640df2176426082e20565978ac546c43946b',0,0,0,'2020-01-15 16:25:49',11231101,1,16,0,NULL,1,NULL),(270,'Rachel','Jackson','rachelj@recoveryunplugged.com','9b138a832aa19c45930c442a756e76b0d36f4758b720a48858e11d25a67d9625',0,0,0,'2020-01-16 18:22:49',27815717,1,18,0,NULL,1,NULL),(271,'Lori','Baker','lorimitchell844@yahoo.com','2b05f549739811bf3a5b8eb0edf7c928826d5dfa294c13261142b7a35ef69dec',0,0,0,'2020-01-19 08:58:33',79986765,1,16,0,NULL,1,NULL),(272,'Mary Elizabeth','Condon','condonm@recoveryunplugged.com','ab12b890d74a70bde7f77969946c471294c8b051a5b1e3fd6d7f21d67dbec567',0,0,0,'2020-01-20 20:05:23',16117200,1,17,0,NULL,1,NULL),(273,'Travis','Schreiber','schreibert@recoveryunplugged.com','e8db03ab09c2919a059fb193d66ed4e8662d0de9b6963d9b51363f078e52c8e8',0,0,0,'2020-01-21 15:54:21',95101094,1,18,0,NULL,1,NULL),(274,'Cassandra','Smith','smithc@recoveryunplugged.com','0e43bfffed3d6be4887dd01be77fbcaddbc3dfa5ab447950ed9fb2ce0fd9de50',0,0,0,'2020-01-22 18:46:18',24585333,1,18,0,NULL,1,NULL),(275,'Brian','Purwin','purwinb@recoveryunplugged.com','752eda761899663a4a6e2477409abb7d8fbb863475fdf8e3cbd89b220b09e3a4',0,0,0,'2020-01-22 23:01:02',69038858,1,16,0,NULL,1,NULL),(276,'angela','McCartney','mccartneya@recoveryunplugged.com','4f85aa1575ae8bc9fd4b8bf8b1120f4b2600618313dd3d80618236c27e189051',0,0,0,'2020-01-25 11:22:14',34936017,1,16,0,NULL,1,NULL),(277,'Sydney','Mclendon','mclendons@recoveryunplugged.com','401c0bb7b00127fcce9fe705455e84e23d5046a458159d5ce7a5874e8a547d7b',0,0,0,'2020-01-25 17:20:02',82221898,1,18,0,NULL,1,NULL),(278,'Shelly ','Patrick','shellyp@recoveryunplugged.com','d441d5bb4053d143b3336666febf2b223099e8704222bc5c92b1a6176513f0aa',0,0,0,'2020-01-28 17:08:32',71360546,1,16,0,NULL,1,NULL),(279,'Michael','Levine','levinea@recoveryunplugged.com','d9a961b4758666891e989f4cd8755233f434dd9aa316bf175d7ee0c29cde3d51',0,0,0,'2020-01-28 21:48:35',75140662,1,19,0,NULL,1,NULL),(280,'Brianna','Ewin','b_ewin08@yahoo.com','d3bcb6f391a2b9c2e79ee99563fbfe91ec43076978cdf1ecc14575e37843190d',0,0,0,'2020-01-30 04:15:43',97939945,1,16,0,NULL,1,NULL),(281,'Brittany','Dobbs','brittany.l.dobbs@gmail.com','40be09ebfcad5bc14cfbf79eda9029d97b380e71aa9d0091f6337cbb1b69dc30',0,0,0,'2020-01-30 08:56:42',81266696,1,18,0,NULL,1,NULL),(282,'Kimala','Swor','swork@recoveryunplugged.com','37d1cf77ba80e3a8c5428d11d455b380aded92bd0e1e9a2a792007f0a3687319',0,0,0,'2020-01-30 19:26:21',96246900,1,16,0,NULL,1,NULL),(283,'Stacy','Cockrell','cockrells@recoveryunplugged.com','1e47c19341589575544449e0002994fda3d21c839c3414a5f25c92b3016bbea3',0,0,0,'2020-01-30 19:52:26',96043511,1,5,0,NULL,1,NULL),(284,'James','Thal','jmthal1992@gmail.com','3ee790232c8fc1c9a76a3e27aca37b44d80c13a584e5ce03fea782a8921c50b8',0,0,0,'2020-01-31 07:46:02',30853532,1,20,0,NULL,1,NULL),(285,'Elizabeth','Kozlak','kozlake@recoveryunplugged.com','8bbe7cbdd3efac7dfdf61a76b2c6dfefc8b1706e6b53c68c7b07166bc291f723',0,0,0,'2020-02-04 02:36:46',98368497,1,16,0,NULL,1,NULL),(286,'Patricia ','Davis ','davis.patricia95@yahoo.com','e12fe9289d2a231e1bf290cc63b8a184af4a72873130ecb826a7f2d5ab0560a9',0,0,0,'2020-02-04 03:42:29',26722083,1,16,0,NULL,1,NULL),(287,'Cassandra ','Marshall','marshallc@recoveryunplugged.com','474babad7fbd09a38f402571f85017b253ed3c532e1f8b8a77fc688f5cb206cf',0,0,0,'2020-02-04 20:51:39',39879442,1,22,0,NULL,1,NULL),(288,'Cole','Johnson','johnsonc@recoveryunplugged.com','bf82f353d542000da141812b53501d509e84d6e502b3c85c34897f23398b3c84',0,0,0,'2020-02-06 02:56:48',49090779,1,16,0,NULL,1,NULL),(289,'Heather','Odom','odomh@recoveryunplugged.com','38580a5e380b8565aa917046570361a1f47c76599aedadff5fa1621336151feb',0,0,0,'2020-03-11 03:27:45',15304968,1,5,0,NULL,1,NULL),(290,'Crayton','Coan','coanc@recoveryunplugged.com','466dbaee5b93344989d2525463eecca7fed307381414175076d84831707163ba',0,0,0,'2020-03-13 15:23:53',88157150,1,18,0,NULL,1,NULL),(291,'Heather','Odom','heatherodom529@gmail.com','38580a5e380b8565aa917046570361a1f47c76599aedadff5fa1621336151feb',0,0,0,'2020-03-22 14:23:22',14743770,1,0,0,NULL,1,NULL),(292,'Jen','Koonz','cwkmom@aol.com','759f763f951f82f12a4ba0ad8b21d24e4461a8083b31af24b4d72d3bea413e64',0,0,0,'2020-04-15 17:42:42',11376506,1,16,0,NULL,1,NULL),(293,'teresa','addison','teresaaddison61@yahoo.com','dbde7a8c36e86b9ac3dc477df3a7cb288ed4d3abbb4894d1d7f086af26e30e2e',0,0,0,'2020-04-15 18:08:55',64354669,1,18,0,NULL,1,NULL),(294,'Vicky ','Robinson ','robinsonv@recoveryunplugged.com','a6d7579f3f23f0183968a93d687c7aa061ae8126b1c9fa2822b1a5143322c8c6',0,0,0,'2020-04-16 04:10:47',64076136,1,18,0,NULL,1,NULL),(295,'Mary','Johnston','johnstonm@recoveryunplugged.com','075132734d7cdd7492966d771a4bda65c178fb6aa93dce0fdcafaebc820643d7',0,0,0,'2020-04-16 19:02:07',25205466,1,18,0,NULL,1,NULL),(296,'angela','manning','angelamanning88@gmail.com','2b10253f7d40be81a4b9ef831c568223f9211d9393e4858f5a9b3825d61b25bb',0,0,0,'2020-04-16 23:01:17',81696501,1,0,0,NULL,1,NULL),(297,'Crystal','Johnson','crystalj@recoveryunplugged.com','d36ed21e99f8f735b16c9869593579446ec64416618fe95bac21c6068f596528',0,0,0,'2020-04-18 14:57:35',17600367,1,18,0,NULL,1,NULL),(298,'Teressa','Olsen','olsent@recoveryunplugged.com','daa459d49afcd8cacb6daa74a3e25513b4d4bc18057c698c7fcb50e823d0ba2e',0,0,0,'2020-04-18 17:17:50',32788393,1,18,0,NULL,1,NULL),(299,'Ashley ','Rhodes','Ashleyrhodes4@yahoo.com','f6071e6b480f443e6557d0a89457c44f386b90a8021fb5dd652c1f9dccfba8ef',0,0,0,'2020-04-20 13:08:52',60347846,1,19,0,NULL,1,NULL),(300,'Shannon','Gould','goulds@recoveryunplugged.com','a3f33c5e3ba63fc33191cb7a645f86f1609ef1ba31b2f86da1f8a71f11fc37ae',0,0,0,'2020-04-20 14:53:43',70151825,1,19,0,NULL,1,NULL),(301,'angela','manning','manninga@recoveryunplugged.com','254c76f262b778fb7eb1cff0f99b262877b83d69684c216ec66260edb47cd520',0,0,0,'2020-04-22 19:10:48',72932813,1,19,0,NULL,1,NULL),(302,'hannah','younger','hmyoun2@gmail.com','0a146dc5e5b6a3fae555992a1760319aa2232ca9b64228c2d1e5d368aeaf293e',0,0,0,'2020-04-24 17:08:29',75942344,1,18,0,NULL,1,NULL),(303,'Holly','Mueller','Hsneezy5618@yahoo.com','9b6478c4a1ef4df412aa4fe38c006e3eb435f4ed49b700763b38a612241c4292',0,0,0,'2020-04-26 05:11:29',34230310,1,14,0,NULL,1,NULL),(304,'Madeline','Young','youngm@recoveryunplugged.com','c70b33e96b50d6dd09035e383b59994ad6be7d3d0fcb7205f150082d3d4bae17',0,0,0,'2020-05-04 18:13:08',37790399,1,18,0,NULL,1,NULL),(305,'Dejan','McNulty','mcnultyd@recoveryunplugged.com','a2453c72ca1ecfaa656598466e44a4558d7de992f4a0b8ef70fa95e3a14adc6f',0,0,0,'2020-05-04 18:15:45',21829179,1,18,0,NULL,1,NULL),(306,'Ashley','Rhodes','Rhodesa@recoveryunplugged.com','f6071e6b480f443e6557d0a89457c44f386b90a8021fb5dd652c1f9dccfba8ef',0,0,0,'2020-05-15 05:28:01',75090204,1,8,0,NULL,1,NULL),(307,'Joanna','Stech','stechj@recoveryunplugged.com','b0132ab83155a74420c3cfa037932f7320a40c401c5377e5a0eb274ab77350dd',0,0,0,'2020-06-03 20:28:30',84110411,1,18,0,NULL,1,NULL),(308,'Ashley','Dantzler','dantzlera@recoveryunplugged.com','bd9526cdf131f3fc5a1c15760af4633bded4eb85851f6df73c7ae19d28b21150',0,0,0,'2020-06-07 23:59:12',53920146,1,18,0,NULL,1,NULL),(309,'SINDHU','JOHN','johns@recoveryunplugged.com','15d8df31f52ed5691a5d1714c590a8065bf5ba07dcfe774c96a658dd69918a1a',0,0,0,'2020-06-11 08:40:13',77969250,1,9,0,NULL,1,NULL),(310,'Anna','Novak','novaka@recoveryunplugged.com','2eca0264e03457575973911139e378bffbaee0a6b7b1bd917bb6c87dd1a200c1',0,0,0,'2020-06-15 18:25:03',27880537,1,18,0,NULL,1,NULL),(311,'Daniel','Swope','dsjd8492@gmail.com','7afd2a9565650bfbed4de2d7e7574ea0cd782b23c17e0ff3ccc88466f89784be',0,0,0,'2020-06-16 09:59:49',41940524,1,18,0,NULL,1,NULL),(312,'Carla','Perry','Perryc@recoverunplugged.com','29f94b0738711a178907a75a0b0678f497f8601fb078cefe7e17a5045a7137cb',0,0,0,'2020-06-17 17:54:37',83342921,1,24,0,NULL,1,NULL),(313,'Anna','Griest','griesta@recoveryunplugged.com','7741afe60d04634d9cecae8106b93fee3d25e92aab09a2f7073e106432498e89',0,0,0,'2020-06-18 21:35:42',78250667,1,18,0,NULL,1,NULL),(314,'Megan','Adamson','adamsonm@recoveryunplugged.com','4f24946535c86383693c7c9bb44ab9113881794e17502a6d12a1051e7b130a28',0,0,0,'2020-07-08 16:33:34',58355563,1,18,0,NULL,1,NULL),(315,'Stefany','Monson','stefany.monson@gmail.com','08bfff81dffd4e5b71634058274ba321057f1dd4c4ba01cab9dc9bef87c8cc8e',0,0,0,'2020-07-19 19:56:04',17556745,1,19,0,NULL,1,NULL),(316,'angie','wilson','angiedgwilson@gmail.com','709a20adcbfecc279ffcbdaaf71c575598082048f04622ddb225cfca5dc4a95b',0,0,0,'2020-07-24 20:10:16',40404247,1,18,0,NULL,1,NULL),(317,'Paige','Taylor','taylorp@recoveryunplugged.com','fb9f616cde72ff72f68a4bfbce5f0a4e4b946813f169c9a345cb08a4e5e57478',0,0,0,'2020-07-27 16:10:18',65696700,1,18,0,NULL,1,NULL),(318,'Derrick','Johnson','djohnson@recoveryunplugged.com','0657ac081cba52d085c4343d744464bf04828500a9e9dea96aa70b220b2dc5a4',0,0,0,'2020-07-31 00:40:50',79084309,1,18,0,NULL,1,NULL),(319,'Diana','Johnson','johnsond@recoveryunplugged.com','8e256a23f5f9007533fa7a28afbeb7360b5037eb25d514f2ba7ebe40c99c6f0e',0,0,0,'2020-08-02 14:01:24',33392171,1,19,0,NULL,1,NULL),(320,'Scott','Mcginnis','scottemcginnis@gmail.com','1f6eac573a46a95b7ca3ccbd1fce761acd01d85bde2716fcdc8c7d6ddd8ae247',0,0,0,'2020-08-04 12:26:27',73411778,1,45,0,NULL,1,NULL),(321,'Jonea','Marcellus','marcellusj@recoveryunplugged.com','cd3e8ebefeff5b6f8e2afd1b6c3310f98affd313017f286015e982e0a55cbbc4',0,0,0,'2020-08-05 16:26:22',75728923,1,18,0,NULL,1,NULL),(322,'Constance','Catalano','catalanoconstance@gmail.com','69cb9b163409e7d88431d69251b0be60055f6745af84d31ad8883b2961bc184e',0,0,0,'2020-08-12 07:59:54',66063735,1,23,0,NULL,1,NULL),(323,'Joy','Link','Linke@recoveryunplugged.com','1b016f0a198c19ca47f0391ea3e2cc54c4b3a2bc4fbf4a6ba234914a20c9a379',0,0,0,'2020-08-12 14:39:12',28187508,1,18,0,NULL,1,NULL);

--
-- Table structure for table `user_course_access`
--

CREATE TABLE `user_course_access` (
  `id` int(11) unsigned NOT NULL AUTO_INCREMENT,
  `user_id` int(11) unsigned NOT NULL,
  `course_id` int(11) unsigned NOT NULL,
  `status` varchar(60) CHARACTER SET utf8mb4 DEFAULT NULL,
  `time_completed` int(11) unsigned DEFAULT NULL,
  `evaluated` int(11) DEFAULT '0',
  `essay_grade` varchar(11) DEFAULT NULL,
  PRIMARY KEY (`id`),
  KEY `user_id` (`user_id`),
  KEY `course_id` (`course_id`),
  CONSTRAINT `user_course_access_ibfk_1` FOREIGN KEY (`user_id`) REFERENCES `user` (`id`) ON DELETE CASCADE ON UPDATE NO ACTION,
  CONSTRAINT `user_course_access_ibfk_3` FOREIGN KEY (`course_id`) REFERENCES `course` (`id`) ON DELETE CASCADE ON UPDATE NO ACTION
) ENGINE=InnoDB AUTO_INCREMENT=855 DEFAULT CHARSET=utf8;

--
-- Dumping data for table `user_course_access`
--

INSERT INTO `user_course_access` VALUES (1,245,3,'Completed',1578342074,0,NULL),(2,245,3,'Completed',1578342074,0,NULL),(3,110,3,'Completed',1578532411,0,NULL),(4,245,5,'Completed',1578585766,0,NULL),(5,245,7,'Completed',1578587261,0,NULL),(7,248,3,'Completed',1578588809,0,NULL),(8,250,3,'Completed',1578589110,0,NULL),(9,245,10,'Completed',1578589958,0,NULL),(10,251,3,'Completed',1578589297,0,NULL),(11,250,5,'Completed',1578596828,0,NULL),(12,248,5,'Completed',1578594473,1,NULL),(13,251,5,'Completed',1578589973,0,NULL),(14,246,3,'Completed',1578590215,0,NULL),(15,251,7,'Completed',1578590150,0,NULL),(16,245,14,'Completed',1578590449,0,NULL),(17,246,5,'Completed',1578590532,0,NULL),(19,245,15,'Completed',1578591323,0,NULL),(20,246,7,'Completed',1578590740,0,NULL),(22,246,25,'Completed',1578592619,0,NULL),(23,245,25,'Completed',1578591807,0,NULL),(24,246,10,'Completed',1578591690,0,NULL),(25,252,3,'Completed',1578679028,0,NULL),(26,246,14,'Completed',1578592052,0,NULL),(27,245,27,'Completed',1578676003,0,NULL),(28,110,27,'In Progress',NULL,0,NULL),(29,110,27,'In Progress',NULL,0,NULL),(30,110,25,'In Progress',NULL,0,NULL),(31,246,15,'Completed',1578592349,0,NULL),(32,246,27,'Completed',1578593059,0,NULL),(33,251,10,'Completed',1578593154,0,NULL),(34,251,14,'Completed',1578593601,0,NULL),(35,10,27,'In Progress',NULL,0,NULL),(36,251,15,'Completed',1578593833,0,NULL),(37,251,25,'Completed',1578608637,0,NULL),(38,110,10,'In Progress',NULL,0,NULL),(39,248,7,'Completed',1578596482,0,NULL),(40,251,27,'Completed',1578596993,0,NULL),(41,250,7,'Completed',1578597106,0,NULL),(42,110,14,'In Progress',NULL,0,NULL),(43,247,3,'Completed',1578601249,0,NULL),(44,249,14,'Completed',1579718993,0,NULL),(45,247,5,'Completed',1578606947,1,NULL),(46,247,7,'Completed',1578607692,0,NULL),(47,247,10,'Completed',1578608152,0,NULL),(48,247,14,'Completed',1578609660,0,NULL),(49,247,15,'Completed',1578609831,0,NULL),(50,247,25,'Completed',1578610404,0,NULL),(51,247,27,'Completed',1578611057,0,NULL),(52,253,3,'Completed',1578612308,0,NULL),(53,253,5,'Completed',1578621453,0,NULL),(54,253,7,'Completed',1578622858,0,NULL),(55,253,10,'Completed',1578623362,0,NULL),(56,255,3,'Completed',1578673934,0,NULL),(57,255,5,'Completed',1579011023,0,NULL),(58,254,3,'Completed',1578676404,0,NULL),(59,248,10,'Completed',1578676743,0,NULL),(60,254,3,'In Progress',NULL,0,NULL),(61,254,5,'Completed',1578677525,0,NULL),(62,248,14,'Completed',1578678009,0,NULL),(63,254,7,'Completed',1578677676,0,NULL),(64,254,10,'Completed',1578677874,0,NULL),(65,254,14,'Completed',1578679199,0,NULL),(66,252,5,'Completed',1578679633,0,NULL),(67,256,14,'Completed',1578691456,0,NULL),(68,252,7,'Completed',1578757799,0,NULL),(69,252,10,'Completed',1578758119,0,NULL),(70,252,14,'Completed',1578767476,0,NULL),(71,257,27,'Completed',1578902160,0,NULL),(72,252,15,'Completed',1578782088,0,NULL),(73,252,25,'Completed',1578782458,0,NULL),(74,252,27,'Completed',1578782716,0,NULL),(75,259,3,'Completed',1578847434,0,NULL),(76,258,3,'Completed',1578847564,0,NULL),(77,258,5,'Completed',1578850839,0,NULL),(78,259,5,'Completed',1578848181,0,NULL),(79,259,7,'Completed',1578856160,1,NULL),(80,258,7,'Completed',1578851141,0,NULL),(81,258,10,'Completed',1578851552,0,NULL),(82,260,3,'Completed',1578852065,0,NULL),(83,260,5,'Completed',1578852260,0,NULL),(84,260,7,'Completed',1578852762,0,NULL),(85,260,7,'Completed',1578852762,0,NULL),(86,260,10,'Completed',1578853059,0,NULL),(87,260,14,'Completed',1578853345,0,NULL),(88,260,15,'Completed',1578853434,0,NULL),(89,260,25,'Completed',1578853667,0,NULL),(90,260,27,'Completed',1578853926,0,NULL),(91,261,3,'Completed',1578853004,0,NULL),(92,261,5,'Completed',1578854160,0,NULL),(93,261,7,'Completed',1578854413,0,NULL),(94,261,10,'Completed',1578855417,0,NULL),(95,261,14,'Completed',1578856473,0,NULL),(96,261,15,'Completed',1578856693,0,NULL),(97,261,25,'Completed',1578857024,0,NULL),(98,261,27,'Completed',1578857184,0,NULL),(99,259,10,'Completed',1578856412,0,NULL),(100,259,14,'Completed',1578857206,0,NULL),(101,258,14,'Completed',1578857263,0,NULL),(102,257,25,'Completed',1578991654,0,NULL),(103,262,3,'Completed',1580715132,1,NULL),(104,262,5,'Completed',1580716167,1,NULL),(105,262,7,'Completed',1580717241,1,NULL),(106,262,10,'Completed',1580719066,1,NULL),(107,262,14,'Completed',1580734239,1,NULL),(108,262,15,'Completed',1580900921,0,NULL),(109,262,25,'Completed',1580896921,0,NULL),(110,262,27,'Completed',1580890036,1,NULL),(111,254,15,'Completed',1578932922,0,NULL),(112,254,25,'Completed',1578933395,0,NULL),(113,254,27,'Completed',1578938086,0,NULL),(114,258,15,'Completed',1578933816,0,NULL),(115,259,15,'Completed',1578933803,0,NULL),(116,258,25,'Completed',1578934776,0,NULL),(117,259,25,'Completed',1578934742,0,NULL),(118,259,27,'Completed',1578935478,0,NULL),(119,258,27,'Completed',1578935557,0,NULL),(120,263,3,'Completed',1578944420,0,NULL),(121,263,7,'Completed',1578945083,0,NULL),(122,263,5,'Completed',1578947339,0,NULL),(123,263,10,'Completed',1578946105,0,NULL),(124,263,27,'Completed',1578948026,0,NULL),(125,263,25,'Completed',1578949793,0,NULL),(126,263,15,'Completed',1578950120,0,NULL),(127,263,14,'Completed',1578950912,0,NULL),(128,264,3,'Completed',1579556652,0,NULL),(129,257,5,'Completed',1579068204,0,NULL),(130,265,3,'Completed',1579010039,0,NULL),(131,265,5,'Completed',1579011026,0,NULL),(132,265,7,'Completed',1579011458,0,NULL),(133,255,7,'Completed',1579011437,0,NULL),(134,255,10,'Completed',1579011948,0,NULL),(135,265,10,'Completed',1579012021,0,NULL),(136,265,14,'Completed',1579013995,0,NULL),(137,265,15,'Completed',1579014224,0,NULL),(138,265,25,'Completed',1579015191,0,NULL),(139,255,27,'Completed',1579015359,0,NULL),(140,265,27,'Completed',1579015523,0,NULL),(141,255,14,'Completed',1579015895,0,NULL),(142,255,15,'Completed',1579015952,0,NULL),(143,255,25,'Completed',1579016069,0,NULL),(144,266,3,'Completed',1579017856,0,NULL),(145,266,5,'Completed',1579017953,0,NULL),(146,266,7,'Completed',1579018031,0,NULL),(147,266,10,'Completed',1579018131,0,NULL),(148,266,14,'Completed',1579018204,0,NULL),(149,266,15,'Completed',1579018264,0,NULL),(150,266,25,'Completed',1579018346,0,NULL),(151,266,27,'Completed',1579018413,0,NULL),(152,267,3,'Completed',1579019079,0,NULL),(153,267,5,'Completed',1579019167,0,NULL),(154,267,7,'Completed',1579019228,0,NULL),(155,267,10,'Completed',1579019301,0,NULL),(156,267,14,'Completed',1579019368,0,NULL),(157,267,15,'Completed',1579019419,0,NULL),(158,267,25,'Completed',1579019523,0,NULL),(159,267,27,'Completed',1579019600,0,NULL),(160,268,3,'Completed',1579035084,0,NULL),(161,268,5,'Completed',1579035226,0,NULL),(162,268,7,'Completed',1579035404,0,NULL),(163,268,10,'Completed',1579043852,0,NULL),(164,268,14,'Completed',1579043960,0,NULL),(165,268,15,'Completed',1579044013,0,NULL),(166,268,25,'Completed',1579044105,0,NULL),(167,268,27,'Completed',1579044185,0,NULL),(168,257,7,'Completed',1579073187,0,NULL),(169,257,10,'Completed',1579073710,0,NULL),(170,257,3,'Completed',1579080438,0,NULL),(171,257,15,'Completed',1579082170,0,NULL),(172,257,14,'Completed',1579083505,0,NULL),(173,269,3,'Completed',1579106198,0,NULL),(174,269,5,'Completed',1579108171,0,NULL),(175,269,7,'Completed',1579108518,0,NULL),(176,269,10,'Completed',1579108929,0,NULL),(177,269,14,'Completed',1579110010,0,NULL),(178,269,15,'Completed',1579110815,0,NULL),(179,269,27,'Completed',1579111155,0,NULL),(180,269,25,'Completed',1579111654,0,NULL),(181,256,5,'Completed',1579138970,0,NULL),(182,270,3,'Completed',1579199101,0,NULL),(183,270,5,'Completed',1579291900,0,NULL),(184,110,28,'Completed',1579202287,0,NULL),(185,110,29,'Completed',1579204212,0,NULL),(186,110,29,'Completed',1579204212,0,NULL),(187,253,14,'Completed',1579224721,0,NULL),(188,253,15,'Completed',1579224916,0,NULL),(189,253,25,'Completed',1579226240,0,NULL),(190,253,27,'Completed',1579226643,0,NULL),(191,253,28,'Completed',1580755931,0,NULL),(192,270,7,'Completed',1579292324,0,NULL),(193,270,10,'Completed',1579292588,0,NULL),(194,270,14,'Completed',1579292971,0,NULL),(195,270,15,'Completed',1579293156,0,NULL),(196,256,3,'Completed',1579293345,1,NULL),(197,270,25,'Completed',1579293551,0,NULL),(198,256,7,'Completed',1579293775,0,NULL),(199,270,27,'Completed',1579295036,0,NULL),(200,256,10,'Completed',1579294280,0,NULL),(201,270,28,'Completed',1579296567,0,NULL),(202,270,29,'Completed',1579299231,0,NULL),(203,271,3,'Completed',1579425071,0,NULL),(204,272,3,'Completed',1579786862,1,NULL),(205,272,5,'Completed',1579788356,1,NULL),(206,272,7,'Completed',1579793912,1,NULL),(207,272,10,'Completed',1579782137,1,NULL),(208,272,14,'Completed',1579784255,0,NULL),(209,272,15,'Completed',1579552516,0,NULL),(210,272,25,'Completed',1579785462,0,NULL),(211,272,27,'Completed',1579788875,0,NULL),(212,272,28,'Completed',1579794146,0,NULL),(213,272,29,'Completed',1579794593,0,NULL),(214,264,5,'Completed',1579557557,0,NULL),(215,264,7,'Completed',1579559496,0,NULL),(216,264,10,'Completed',1579567424,0,NULL),(217,273,3,'Completed',1579623685,0,NULL),(218,273,3,'In Progress',NULL,0,NULL),(219,257,28,'Completed',1579647908,0,NULL),(220,257,29,'Completed',1579648378,0,NULL),(221,273,5,'Completed',1579893388,0,NULL),(222,274,3,'Completed',1579719192,0,NULL),(223,249,3,'Completed',1579719431,0,NULL),(224,274,5,'Completed',1579719965,0,NULL),(225,249,29,'Completed',1579720261,0,NULL),(226,249,5,'Completed',1579721457,0,NULL),(227,274,7,'Completed',1579720849,0,NULL),(228,274,10,'Completed',1579721063,0,NULL),(229,274,14,'Completed',1579721360,0,NULL),(230,249,15,'Completed',1579721514,0,NULL),(231,249,7,'Completed',1579721699,0,NULL),(232,249,10,'Completed',1579724443,0,NULL),(233,249,27,'Completed',1579724586,0,NULL),(234,249,25,'Completed',1580846145,0,NULL),(235,249,28,'Completed',1579724900,0,NULL),(236,275,3,'Completed',1580753281,0,NULL),(237,245,28,'Completed',1579807511,0,NULL),(238,245,29,'Completed',1579807997,0,NULL),(239,274,15,'Completed',1579886151,0,NULL),(240,274,25,'Completed',1579886590,0,NULL),(241,274,27,'Completed',1579887260,0,NULL),(242,274,28,'Completed',1579887840,0,NULL),(243,274,29,'Completed',1579888183,0,NULL),(244,273,7,'Completed',1579894066,0,NULL),(245,273,10,'Completed',1579895202,0,NULL),(246,273,14,'Completed',1579895729,0,NULL),(247,273,15,'Completed',1579896310,0,NULL),(248,267,28,'Completed',1579896622,0,NULL),(249,273,25,'Completed',1579898365,0,NULL),(250,267,29,'Completed',1579897410,0,NULL),(251,255,28,'Completed',1579897506,0,NULL),(252,255,29,'Completed',1579897579,0,NULL),(253,266,28,'Completed',1579897632,0,NULL),(254,266,29,'Completed',1579897699,0,NULL),(255,273,27,'Completed',1579899030,0,NULL),(256,273,28,'Completed',1579899414,0,NULL),(257,273,29,'Completed',1579899662,0,NULL),(258,256,15,'Completed',1579902637,0,NULL),(259,256,25,'Completed',1579903416,0,NULL),(260,256,27,'Completed',1579904073,0,NULL),(261,256,28,'Completed',1579904232,0,NULL),(262,256,29,'Completed',1579904624,0,NULL),(263,276,3,'Completed',1579953341,0,NULL),(264,276,10,'Completed',1579955558,0,NULL),(265,276,14,'Completed',1580978227,1,NULL),(266,246,28,'Completed',1579971864,0,NULL),(267,246,29,'Completed',1579972111,0,NULL),(268,277,3,'Completed',1579975498,0,NULL),(269,277,5,'Completed',1580160465,0,NULL),(270,277,5,'In Progress',NULL,0,NULL),(271,277,7,'Completed',1580163398,0,NULL),(272,277,10,'Completed',1580164292,0,NULL),(273,277,14,'Completed',1580367010,0,NULL),(274,248,15,'Completed',1580223610,0,NULL),(275,248,25,'Completed',1580224581,0,NULL),(276,248,27,'Completed',1580225767,0,NULL),(277,248,28,'Completed',1580228693,0,NULL),(278,248,29,'Completed',1580229065,0,NULL),(279,278,3,'Completed',1580232619,0,NULL),(280,278,5,'Completed',1580234427,0,NULL),(281,278,7,'Completed',1580235527,0,NULL),(282,278,10,'Completed',1580235931,0,NULL),(283,264,14,'Completed',1580237010,0,NULL),(284,278,14,'Completed',1580236948,0,NULL),(285,278,15,'Completed',1580237208,0,NULL),(286,264,15,'Completed',1580237190,0,NULL),(287,278,25,'Completed',1580244289,0,NULL),(288,264,25,'Completed',1580239368,0,NULL),(289,264,27,'Completed',1580240079,0,NULL),(290,264,28,'Completed',1580240331,0,NULL),(291,264,29,'Completed',1580245033,0,NULL),(292,278,29,'Completed',1580245135,0,NULL),(293,278,27,'Completed',1580245891,0,NULL),(294,278,28,'Completed',1580246270,0,NULL),(295,279,3,'Completed',1580852960,1,NULL),(296,250,10,'Completed',1580326552,0,NULL),(297,250,14,'Completed',1580326797,0,NULL),(298,250,15,'Completed',1580326871,0,NULL),(299,250,25,'Completed',1580327194,0,NULL),(300,250,27,'Completed',1580327451,0,NULL),(301,250,28,'Completed',1580327608,0,NULL),(302,250,29,'Completed',1580327819,0,NULL),(303,280,3,'Completed',1580358148,0,NULL),(304,280,5,'Completed',1580360813,0,NULL),(305,280,7,'Completed',1580361227,0,NULL),(306,261,28,'Completed',1580412137,0,NULL),(307,261,29,'Completed',1580412278,0,NULL),(308,282,3,'Completed',1580413994,0,NULL),(309,283,3,'Completed',1580415097,0,NULL),(310,282,5,'Completed',1580415896,0,NULL),(311,283,5,'Completed',1580416014,0,NULL),(312,282,14,'Completed',1580925746,0,NULL),(313,283,7,'Completed',1580416865,0,NULL),(314,283,14,'In Progress',NULL,0,NULL),(315,271,5,'Completed',1580457571,0,NULL),(316,284,3,'Completed',1580457136,0,NULL),(317,284,7,'Completed',1580457675,0,NULL),(318,271,7,'Completed',1580458081,0,NULL),(319,284,5,'Completed',1580458027,0,NULL),(320,284,14,'Completed',1580458518,0,NULL),(321,271,10,'Completed',1580458675,0,NULL),(322,284,10,'Completed',1580459029,0,NULL),(323,271,14,'Completed',1580458901,0,NULL),(324,271,25,'Completed',1580459944,0,NULL),(325,284,15,'Completed',1580459347,0,NULL),(326,284,25,'Completed',1580459945,0,NULL),(327,271,15,'Completed',1580460037,0,NULL),(328,271,15,'Completed',1580460037,0,NULL),(329,271,27,'Completed',1580463031,0,NULL),(330,271,27,'Completed',1580463031,0,NULL),(331,284,28,'Completed',1580463617,0,NULL),(332,271,29,'Completed',1580463815,0,NULL),(333,284,27,'Completed',1580463750,0,NULL),(334,284,29,'Completed',1580463916,0,NULL),(335,271,28,'Completed',1580463968,0,NULL),(336,280,10,'Completed',1580505221,0,NULL),(337,280,14,'Completed',1580505523,0,NULL),(338,280,15,'Completed',1580505612,0,NULL),(339,280,25,'Completed',1580505942,0,NULL),(340,280,27,'Completed',1580506209,0,NULL),(341,280,28,'Completed',1580506528,0,NULL),(342,280,29,'Completed',1580507064,0,NULL),(343,269,28,'Completed',1580652610,0,NULL),(344,269,29,'Completed',1580652954,0,NULL),(345,277,25,'Completed',1580662321,0,NULL),(346,277,27,'Completed',1581105593,0,NULL),(347,275,5,'Completed',1580754492,0,NULL),(348,251,28,'Completed',1580754163,0,NULL),(349,275,7,'Completed',1580755163,0,NULL),(350,253,29,'Completed',1580854271,0,NULL),(351,275,10,'Completed',1580764263,0,NULL),(352,275,14,'Completed',1580863725,0,NULL),(353,260,28,'Completed',1580773790,0,NULL),(354,260,29,'Completed',1580773694,0,NULL),(355,285,3,'Completed',1580787382,0,NULL),(356,285,5,'Completed',1580787592,0,NULL),(357,285,7,'Completed',1580787685,0,NULL),(358,285,10,'Completed',1580787938,0,NULL),(359,285,14,'Completed',1580788319,0,NULL),(360,285,15,'Completed',1580788393,0,NULL),(361,285,25,'Completed',1580789079,0,NULL),(362,285,27,'Completed',1580789382,0,NULL),(363,285,28,'Completed',1580790034,0,NULL),(364,285,29,'Completed',1580790300,0,NULL),(365,286,3,'Completed',1580788224,0,NULL),(366,286,5,'Completed',1580788513,0,NULL),(367,286,7,'Completed',1580788655,0,NULL),(368,286,10,'Completed',1580788846,0,NULL),(369,286,14,'Completed',1580789202,0,NULL),(370,286,15,'Completed',1580789270,0,NULL),(371,286,25,'Completed',1580790130,0,NULL),(372,286,27,'Completed',1580790322,0,NULL),(373,286,28,'Completed',1580790584,0,NULL),(374,286,29,'Completed',1580791005,0,NULL),(375,258,28,'Completed',1580799598,0,NULL),(376,258,29,'Completed',1580799771,0,NULL),(377,252,28,'Completed',1580829061,0,NULL),(378,252,29,'Completed',1580829339,0,NULL),(379,247,28,'Completed',1580839283,0,NULL),(380,247,29,'Completed',1580840046,0,NULL),(381,268,28,'Completed',1580852518,0,NULL),(382,268,29,'Completed',1580853665,0,NULL),(383,279,5,'Completed',1580854638,0,NULL),(384,279,7,'Completed',1580855037,0,NULL),(385,279,10,'Completed',1580855563,0,NULL),(386,275,27,'Completed',1580916692,0,NULL),(387,262,28,'Completed',1580901930,0,NULL),(388,262,29,'Completed',1580902761,0,NULL),(389,275,15,'Completed',1580917132,0,NULL),(390,275,25,'Completed',1580918397,0,NULL),(391,275,29,'Completed',1580926712,0,NULL),(392,282,27,'Completed',1580926620,0,NULL),(393,282,7,'Completed',1580926985,0,NULL),(394,275,28,'Completed',1580927091,0,NULL),(395,282,10,'Completed',1580927460,0,NULL),(396,282,15,'Completed',1580930949,0,NULL),(397,282,28,'Completed',1580932717,0,NULL),(398,282,25,'Completed',1580934169,0,NULL),(399,282,29,'Completed',1580935029,0,NULL),(400,288,3,'Completed',1581118136,0,NULL),(401,288,5,'Completed',1581120130,0,NULL),(402,288,5,'Completed',1581120130,0,NULL),(403,288,7,'Completed',1581122792,0,NULL),(404,288,10,'Completed',1581364808,0,NULL),(405,288,14,'Completed',1581388436,0,NULL),(406,288,15,'Completed',1581385751,0,NULL),(407,288,25,'Completed',1581366107,0,NULL),(408,288,27,'Completed',1581391194,0,NULL),(409,288,28,'Completed',1581207314,0,NULL),(410,276,15,'Completed',1580979057,1,NULL),(411,276,15,'In Progress',NULL,1,NULL),(412,276,5,'Completed',1580979704,0,NULL),(413,276,7,'Completed',1580982370,1,NULL),(414,276,25,'Completed',1580983305,1,NULL),(415,276,27,'Completed',1580987982,0,NULL),(416,276,28,'Completed',1580988176,0,NULL),(417,276,29,'Completed',1580988594,1,NULL),(418,265,28,'Completed',1581025934,0,NULL),(419,265,29,'Completed',1581026725,0,NULL),(420,279,14,'Completed',1581097853,0,NULL),(421,279,15,'Completed',1581100042,0,NULL),(422,279,25,'Completed',1581104157,0,NULL),(423,279,27,'Completed',1581109627,0,NULL),(424,277,15,'Completed',1581106000,0,NULL),(425,277,28,'Completed',1581106751,0,NULL),(426,279,28,'Completed',1581110181,0,NULL),(427,279,29,'Completed',1581111016,0,NULL),(428,277,29,'Completed',1581115296,0,NULL),(429,259,28,'Completed',1581180235,0,NULL),(430,259,29,'Completed',1581180701,0,NULL),(431,288,28,'Completed',1581207314,0,NULL),(432,288,28,'Completed',1581207314,0,NULL),(433,288,28,'In Progress',NULL,0,NULL),(434,288,28,'In Progress',NULL,0,NULL),(435,288,28,'In Progress',NULL,0,NULL),(436,288,29,'Completed',1581477184,0,NULL),(437,288,28,'In Progress',NULL,0,NULL),(438,254,28,'Completed',1581698721,0,NULL),(439,254,29,'Completed',1581698914,0,NULL),(440,110,4,'Completed',1583546618,0,NULL),(441,290,3,'Completed',1584113986,1,NULL),(442,290,4,'Completed',1584114862,1,NULL),(443,290,5,'Completed',1584115420,0,NULL),(444,290,7,'Completed',1584115867,0,NULL),(445,290,10,'Completed',1584116130,0,NULL),(446,290,14,'Completed',1584116648,0,NULL),(447,290,15,'Completed',1584116758,0,NULL),(448,290,25,'Completed',1584117093,0,NULL),(449,290,27,'Completed',1584117770,0,NULL),(450,290,28,'Completed',1584118006,0,NULL),(451,290,29,'Completed',1584118184,0,NULL),(452,289,3,'Completed',1584888608,0,NULL),(453,289,4,'Completed',1584892602,0,NULL),(454,289,4,'Completed',1584892602,0,NULL),(455,289,5,'Completed',1584985557,0,NULL),(456,258,4,'Completed',1586798052,0,NULL),(457,281,3,'Completed',1586817164,1,NULL),(458,281,29,'Completed',1586817732,1,NULL),(459,281,27,'Completed',1586818354,0,NULL),(460,281,4,'Completed',1586887490,0,NULL),(461,281,28,'Completed',1586887883,0,NULL),(462,281,5,'Completed',1586888520,0,NULL),(463,281,7,'Completed',1586893198,0,NULL),(464,281,25,'Completed',1586894484,0,NULL),(465,281,15,'Completed',1586894576,0,NULL),(466,281,14,'Completed',1586895040,0,NULL),(467,281,10,'Completed',1586895252,0,NULL),(468,292,14,'Completed',1587889213,0,NULL),(469,292,14,'Completed',1587889213,0,NULL),(470,292,3,'Completed',1587890145,0,NULL),(471,292,29,'Completed',1587889505,0,NULL),(472,292,29,'Completed',1587889505,0,NULL),(473,292,25,'Completed',1587883432,0,NULL),(474,292,25,'Completed',1587883432,0,NULL),(475,293,3,'Completed',1587082670,0,NULL),(476,295,3,'Completed',1587090067,0,NULL),(477,293,4,'Completed',1587118614,0,NULL),(478,295,29,'Completed',1587090951,0,NULL),(479,295,4,'Completed',1587096461,0,NULL),(480,295,28,'Completed',1587091756,0,NULL),(481,295,27,'Completed',1587092082,0,NULL),(482,295,25,'Completed',1587092912,0,NULL),(483,295,15,'Completed',1587093233,0,NULL),(484,295,14,'Completed',1587093718,0,NULL),(485,295,10,'Completed',1587094742,0,NULL),(486,295,7,'Completed',1587094858,0,NULL),(487,295,5,'Completed',1587095017,0,NULL),(488,293,5,'Completed',1587496179,0,NULL),(489,297,3,'Completed',1587222066,0,NULL),(490,297,4,'Completed',1587222277,0,NULL),(491,297,5,'Completed',1587222448,0,NULL),(492,297,7,'Completed',1587222635,0,NULL),(493,297,10,'Completed',1587222977,0,NULL),(494,297,14,'Completed',1587223199,0,NULL),(495,297,15,'Completed',1587223267,0,NULL),(496,297,25,'Completed',1587223436,0,NULL),(497,297,27,'Completed',1587223653,0,NULL),(498,297,28,'Completed',1587223767,0,NULL),(499,297,29,'Completed',1587223910,0,NULL),(500,298,3,'Completed',1587230948,0,NULL),(501,298,10,'Completed',1587231299,0,NULL),(502,298,14,'Completed',1587232229,0,NULL),(503,298,15,'Completed',1587232322,0,NULL),(504,298,4,'Completed',1587232536,0,NULL),(505,298,7,'Completed',1587232732,0,NULL),(506,298,5,'Completed',1587233414,0,NULL),(507,298,25,'Completed',1587233742,0,NULL),(508,298,27,'Completed',1587233949,0,NULL),(509,298,28,'Completed',1587234082,0,NULL),(510,298,29,'Completed',1587234254,0,NULL),(511,299,3,'Completed',1587388446,0,NULL),(512,299,4,'Completed',1587389400,0,NULL),(513,299,5,'Completed',1595743438,0,NULL),(514,300,3,'Completed',1587508494,0,NULL),(515,287,3,'Completed',1589596282,0,NULL),(516,293,7,'Completed',1587550937,0,NULL),(517,287,4,'Completed',1589593755,0,NULL),(518,300,4,'Completed',1587509433,0,NULL),(519,300,5,'Completed',1587510104,0,NULL),(520,300,7,'Completed',1587510669,0,NULL),(521,300,10,'Completed',1587511305,0,NULL),(522,300,14,'Completed',1587512231,0,NULL),(523,300,15,'Completed',1587512833,0,NULL),(524,300,25,'Completed',1587514653,0,NULL),(525,300,27,'Completed',1587515296,0,NULL),(526,300,28,'Completed',1587516195,0,NULL),(527,300,29,'Completed',1587516917,0,NULL),(528,293,10,'Completed',1587552551,0,NULL),(529,293,10,'In Progress',NULL,0,NULL),(530,293,14,'Completed',1587695702,0,NULL),(531,301,3,'Completed',1587583112,0,NULL),(532,301,4,'Completed',1587585941,0,NULL),(533,301,5,'Completed',1587587822,0,NULL),(534,301,7,'Completed',1587589142,0,NULL),(535,301,10,'Completed',1587594678,0,NULL),(536,293,15,'Completed',1587695977,0,NULL),(537,293,15,'In Progress',NULL,0,NULL),(538,248,4,'Completed',1587747474,0,NULL),(539,302,3,'Completed',1587748378,1,NULL),(540,302,4,'Completed',1587748764,1,NULL),(541,302,5,'Completed',1587749383,1,NULL),(542,302,7,'Completed',1587749920,1,NULL),(543,302,10,'Completed',1587750179,0,NULL),(544,302,14,'Completed',1587750547,1,NULL),(545,302,15,'Completed',1587750681,0,NULL),(546,302,25,'Completed',1587751041,0,NULL),(547,302,27,'Completed',1587752312,1,NULL),(548,302,28,'Completed',1587752638,1,NULL),(549,302,29,'Completed',1587753217,0,NULL),(550,303,3,'Completed',1587887775,0,NULL),(551,303,4,'Completed',1587890301,0,NULL),(552,303,4,'Completed',1587890301,0,NULL),(553,303,5,'Completed',1587891088,0,NULL),(554,303,5,'Completed',1587891088,0,NULL),(555,303,7,'Completed',1587891565,0,NULL),(556,303,7,'Completed',1587891565,0,NULL),(557,303,10,'Completed',1587892351,0,NULL),(558,303,10,'Completed',1587892351,0,NULL),(559,303,14,'In Progress',NULL,0,NULL),(560,303,14,'In Progress',NULL,0,NULL),(561,303,15,'In Progress',NULL,0,NULL),(562,303,15,'In Progress',NULL,0,NULL),(563,303,25,'Completed',1587899076,0,NULL),(564,303,25,'Completed',1587899076,0,NULL),(565,303,27,'Completed',1587895477,0,NULL),(566,303,27,'Completed',1587895477,0,NULL),(567,303,28,'Completed',1587892767,0,NULL),(568,303,28,'Completed',1587892767,0,NULL),(569,303,29,'Completed',1587896350,0,NULL),(570,303,29,'Completed',1587896350,0,NULL),(571,292,28,'Completed',1587885167,0,NULL),(572,292,5,'Completed',1587885776,0,NULL),(573,292,27,'Completed',1587886551,0,NULL),(574,292,7,'Completed',1587887081,0,NULL),(575,292,10,'Completed',1587888212,0,NULL),(576,292,15,'In Progress',NULL,0,NULL),(577,292,15,'In Progress',NULL,0,NULL),(578,292,15,'In Progress',NULL,0,NULL),(579,293,25,'Completed',1588023106,0,NULL),(580,293,25,'In Progress',NULL,0,NULL),(581,293,27,'Completed',1588023430,0,NULL),(582,293,27,'In Progress',NULL,0,NULL),(583,293,28,'Completed',1588023575,0,NULL),(584,293,28,'In Progress',NULL,0,NULL),(585,293,29,'Completed',1588024098,0,NULL),(586,253,4,'Completed',1588098678,0,NULL),(587,287,5,'Completed',1589584333,0,NULL),(588,294,5,'Completed',1588142241,0,NULL),(589,294,27,'Completed',1588143347,0,NULL),(590,294,25,'Completed',1588144351,0,NULL),(591,294,3,'Completed',1588146023,0,NULL),(592,294,28,'Completed',1588146844,0,NULL),(593,294,4,'Completed',1588147479,0,NULL),(594,294,14,'Completed',1588148154,0,NULL),(595,294,29,'Completed',1588148735,0,NULL),(596,294,10,'Completed',1588149199,0,NULL),(597,294,15,'Completed',1588150548,0,NULL),(598,294,7,'Completed',1588150955,0,NULL),(599,301,14,'Completed',1588164931,0,NULL),(600,301,15,'Completed',1588165355,0,NULL),(601,301,25,'Completed',1588182037,0,NULL),(602,273,4,'Completed',1588170644,0,NULL),(603,257,4,'Completed',1588171933,0,NULL),(604,273,4,'In Progress',NULL,0,NULL),(605,301,27,'Completed',1588183107,0,NULL),(606,301,28,'Completed',1588252040,0,NULL),(607,301,29,'Completed',1588265080,0,NULL),(608,284,4,'Completed',1588282100,0,NULL),(609,261,4,'Completed',1588366091,0,NULL),(610,251,4,'Completed',1588435062,0,NULL),(611,245,4,'Completed',1588437278,0,NULL),(612,270,4,'Completed',1588446057,0,NULL),(613,249,4,'Completed',1588514485,0,NULL),(614,304,3,'Completed',1588626842,1,NULL),(615,305,3,'Completed',1588617388,0,NULL),(616,305,4,'Completed',1588618511,0,NULL),(617,305,5,'Completed',1588619441,0,NULL),(618,305,7,'Completed',1588619956,0,NULL),(619,305,10,'Completed',1588620469,0,NULL),(620,305,14,'Completed',1588622004,0,NULL),(621,305,15,'Completed',1588622199,0,NULL),(622,305,25,'Completed',1588623132,0,NULL),(623,305,27,'Completed',1588624111,0,NULL),(624,305,28,'Completed',1588624475,0,NULL),(625,305,29,'Completed',1588624934,0,NULL),(626,304,4,'Completed',1588627652,0,NULL),(627,304,5,'Completed',1588628756,0,NULL),(628,304,7,'Completed',1588689314,0,NULL),(629,304,10,'Completed',1588690028,0,NULL),(630,304,14,'Completed',1588693635,0,NULL),(631,304,15,'Completed',1588694177,0,NULL),(632,304,25,'Completed',1588697714,0,NULL),(633,304,27,'Completed',1588698544,0,NULL),(634,304,28,'Completed',1588707795,0,NULL),(635,304,29,'Completed',1588708402,0,NULL),(636,252,4,'Completed',1588878016,0,NULL),(637,274,4,'Completed',1589219497,0,NULL),(638,306,7,'Completed',1589521174,0,NULL),(639,306,10,'Completed',1589521508,0,NULL),(640,306,14,'Completed',1589543135,0,NULL),(641,306,15,'Completed',1589543285,0,NULL),(642,306,25,'In Progress',NULL,0,NULL),(643,287,7,'Completed',1589597997,0,NULL),(644,287,7,'Completed',1589597997,0,NULL),(645,287,10,'Completed',1589600149,0,NULL),(646,287,14,'Completed',1590003892,0,NULL),(647,287,14,'Completed',1590003892,0,NULL),(648,287,27,'Completed',1589603398,0,NULL),(649,287,25,'Completed',1589606655,0,NULL),(650,287,15,'Completed',1590004744,0,NULL),(651,287,15,'Completed',1590004744,0,NULL),(652,287,28,'Completed',1590005472,0,NULL),(653,287,28,'Completed',1590005472,0,NULL),(654,287,29,'Completed',1590006167,0,NULL),(655,287,29,'Completed',1590006167,0,NULL),(656,307,3,'Completed',1591217834,0,NULL),(657,307,4,'Completed',1591218978,0,NULL),(658,307,5,'Completed',1591220307,0,NULL),(659,307,7,'Completed',1591221243,0,NULL),(660,307,10,'Completed',1591221815,0,NULL),(661,307,14,'Completed',1591223867,0,NULL),(662,307,15,'Completed',1591224548,0,NULL),(663,307,25,'Completed',1591225511,0,NULL),(664,307,27,'Completed',1591226811,0,NULL),(665,307,28,'Completed',1591228176,0,NULL),(666,307,29,'Completed',1591228826,0,NULL),(667,308,29,'Completed',1591576162,0,NULL),(668,308,4,'Completed',1591576983,0,NULL),(669,308,15,'Completed',1591577970,0,NULL),(670,308,7,'Completed',1591579225,0,NULL),(671,308,3,'Completed',1591580543,0,NULL),(672,309,5,'Completed',1591865734,0,NULL),(673,309,29,'Completed',1591866904,0,NULL),(674,309,4,'Completed',1591867531,0,NULL),(675,309,15,'Completed',1591873255,0,NULL),(676,309,3,'Completed',1591874050,0,NULL),(677,309,10,'In Progress',NULL,0,NULL),(678,308,25,'Completed',1591907116,0,NULL),(679,308,5,'Completed',1591990066,0,NULL),(680,308,28,'Completed',1591990766,0,NULL),(681,308,10,'Completed',1591991910,0,NULL),(682,308,14,'Completed',1591993480,0,NULL),(683,308,27,'Completed',1591994263,0,NULL),(684,310,3,'Completed',1593455904,0,NULL),(685,310,4,'Completed',1593457330,0,NULL),(686,310,5,'Completed',1593458764,0,NULL),(687,310,7,'Completed',1593459894,0,NULL),(688,310,10,'Completed',1593460655,0,NULL),(689,310,14,'Completed',1593463242,0,NULL),(690,310,15,'Completed',1593712290,0,NULL),(691,310,25,'Completed',1593713054,0,NULL),(692,310,27,'Completed',1593716197,0,NULL),(693,310,28,'Completed',1593716476,0,NULL),(694,310,29,'Completed',1593717323,0,NULL),(695,311,3,'Completed',1592806927,0,NULL),(696,311,3,'Completed',1592806927,0,NULL),(697,313,3,'Completed',1592516727,0,NULL),(698,313,4,'Completed',1592517947,0,NULL),(699,313,5,'Completed',1592926170,0,NULL),(700,311,4,'Completed',1592807844,0,NULL),(701,311,5,'Completed',1592808845,0,NULL),(702,311,7,'Completed',1594098092,0,NULL),(703,313,7,'Completed',1592926360,0,NULL),(704,313,10,'Completed',1592926906,0,NULL),(705,313,14,'Completed',1592928480,0,NULL),(706,313,15,'Completed',1592936674,0,NULL),(707,313,25,'Completed',1593016126,0,NULL),(708,313,27,'Completed',1593017145,0,NULL),(709,313,28,'Completed',1593017414,0,NULL),(710,313,29,'Completed',1593017865,0,NULL),(711,311,10,'Completed',1594098969,0,NULL),(712,311,14,'Completed',1594099384,0,NULL),(713,311,14,'Completed',1594099384,0,NULL),(714,311,15,'Completed',1594100060,0,NULL),(715,311,15,'Completed',1594100060,0,NULL),(716,311,25,'Completed',1594100789,0,NULL),(717,311,25,'Completed',1594100789,0,NULL),(718,311,27,'Completed',1594101653,0,NULL),(719,311,27,'Completed',1594101653,0,NULL),(720,311,28,'Completed',1594101997,0,NULL),(721,311,28,'Completed',1594101997,0,NULL),(722,311,29,'Completed',1594102480,0,NULL),(723,314,3,'Completed',1594226694,0,NULL),(724,314,4,'Completed',1594227021,0,NULL),(725,314,5,'Completed',1594227954,0,NULL),(726,314,7,'Completed',1594228169,0,NULL),(727,314,10,'Completed',1594228646,0,NULL),(728,314,14,'Completed',1594230000,0,NULL),(729,314,15,'Completed',1594230303,0,NULL),(730,314,25,'Completed',1594230979,0,NULL),(731,314,27,'Completed',1594231815,0,NULL),(732,314,28,'Completed',1594232378,0,NULL),(733,314,29,'Completed',1594232855,0,NULL),(734,312,3,'Completed',1595436688,1,NULL),(735,312,3,'Completed',1595436688,0,NULL),(736,312,4,'Completed',1595437247,0,NULL),(737,312,4,'Completed',1595437247,0,NULL),(738,312,5,'Completed',1595048943,1,NULL),(739,312,5,'In Progress',NULL,1,NULL),(740,312,7,'Completed',1595446319,0,NULL),(741,315,3,'Completed',1595299979,0,NULL),(742,315,4,'Completed',1595301418,0,NULL),(743,315,5,'Completed',1595302064,0,NULL),(744,315,7,'Completed',1595302678,0,NULL),(745,312,10,'Completed',1596404051,0,NULL),(746,316,3,'Completed',1595622917,0,NULL),(747,316,4,'Completed',1595625620,1,NULL),(748,312,14,'Completed',1595698226,0,NULL),(749,312,15,'Completed',1595698413,0,NULL),(750,312,25,'Completed',1595699195,0,NULL),(751,312,27,'Completed',1596404866,0,NULL),(752,312,28,'Completed',1596405088,0,NULL),(753,316,5,'Completed',1595702569,1,NULL),(754,316,7,'Completed',1595710174,1,NULL),(755,316,10,'Completed',1595710814,1,NULL),(756,316,14,'Completed',1595712580,0,NULL),(757,299,7,'Completed',1595744418,0,NULL),(758,299,10,'Completed',1595838181,0,NULL),(759,299,14,'Completed',1595838971,0,NULL),(760,299,15,'Completed',1595839148,0,NULL),(761,299,25,'Completed',1595839767,0,NULL),(762,299,27,'Completed',1595840332,0,NULL),(763,299,28,'Completed',1595840582,0,NULL),(764,299,29,'Completed',1595840808,0,NULL),(765,312,29,'Completed',1595858855,0,NULL),(766,317,3,'Completed',1595866546,1,NULL),(767,317,4,'Completed',1595867214,1,NULL),(768,317,5,'Completed',1595867786,1,NULL),(769,317,7,'Completed',1595868044,0,NULL),(770,317,10,'Completed',1595868396,0,NULL),(771,317,14,'Completed',1595868844,0,NULL),(772,317,15,'Completed',1595868927,0,NULL),(773,317,27,'Completed',1595869608,0,NULL),(774,317,25,'Completed',1595884587,0,NULL),(775,317,28,'Completed',1595884993,0,NULL),(776,317,29,'Completed',1595885294,0,NULL),(777,316,15,'Completed',1596051029,1,NULL),(778,316,25,'Completed',1596051723,0,NULL),(779,316,27,'Completed',1596136119,0,NULL),(780,316,28,'Completed',1596136423,0,NULL),(781,316,29,'Completed',1596137133,0,NULL),(782,318,3,'Completed',1596157215,1,NULL),(783,318,4,'Completed',1596157799,0,NULL),(784,318,5,'Completed',1596158452,0,NULL),(785,318,7,'Completed',1596159243,0,NULL),(786,318,10,'Completed',1596159714,0,NULL),(787,318,14,'Completed',1596160414,0,NULL),(788,318,15,'Completed',1596160610,0,NULL),(789,318,25,'Completed',1596161799,0,NULL),(790,318,27,'Completed',1596162621,0,NULL),(791,318,28,'Completed',1596163014,0,NULL),(792,318,29,'Completed',1596163598,0,NULL),(793,319,3,'Completed',1596377265,0,NULL),(794,319,4,'Completed',1596377467,0,NULL),(795,319,5,'Completed',1596377893,0,NULL),(796,319,7,'Completed',1596378203,0,NULL),(797,319,10,'Completed',1596378456,0,NULL),(798,319,14,'Completed',1596378724,0,NULL),(799,319,15,'Completed',1596378794,0,NULL),(800,319,25,'Completed',1596379172,0,NULL),(801,319,27,'Completed',1596379388,0,NULL),(802,319,28,'Completed',1596379579,0,NULL),(803,319,29,'Completed',1596379743,0,NULL),(804,320,3,'Completed',1596546369,0,NULL),(805,320,4,'Completed',1596555082,0,NULL),(806,320,5,'Completed',1596556102,0,NULL),(807,320,7,'Completed',1596556438,0,NULL),(808,320,29,'Completed',1596556763,0,NULL),(809,320,10,'Completed',1596553884,0,NULL),(810,320,28,'Completed',1596553322,0,NULL),(811,320,27,'Completed',1596558348,0,NULL),(812,320,25,'Completed',1596559663,0,NULL),(813,320,15,'Completed',1596560003,0,NULL),(814,320,14,'Completed',1596560537,0,NULL),(815,321,27,'Completed',1596646633,0,NULL),(816,321,29,'Completed',1596646974,0,NULL),(817,321,28,'Completed',1596647469,0,NULL),(818,321,25,'Completed',1596647794,0,NULL),(819,321,15,'Completed',1596648076,0,NULL),(820,321,14,'Completed',1596649741,0,NULL),(821,321,7,'Completed',1596649879,0,NULL),(822,321,5,'Completed',1596650538,0,NULL),(823,321,10,'Completed',1596672895,0,NULL),(824,321,4,'Completed',1596673174,0,NULL),(825,321,3,'Completed',1596673661,0,NULL),(826,315,10,'Completed',1597209072,0,NULL),(827,315,14,'Completed',1597209622,0,NULL),(828,315,15,'Completed',1597210009,0,NULL),(829,315,25,'Completed',1597210978,0,NULL),(830,315,27,'Completed',1597211626,0,NULL),(831,315,28,'Completed',1597211995,0,NULL),(832,315,29,'Completed',1597212800,0,NULL),(833,322,3,'Completed',1597219566,0,NULL),(834,322,4,'Completed',1597219894,0,NULL),(835,322,5,'Completed',1597220415,0,NULL),(836,322,7,'Completed',1597220718,0,NULL),(837,322,10,'Completed',1597221333,0,NULL),(838,322,14,'Completed',1597275780,0,NULL),(839,322,29,'Completed',1597225455,0,NULL),(840,322,15,'Completed',1597225799,0,NULL),(841,323,3,'Completed',1597243639,1,NULL),(842,323,4,'Completed',1597244251,1,NULL),(843,323,5,'Completed',1597244879,1,NULL),(844,323,7,'Completed',1597245377,1,NULL),(845,323,10,'Completed',1597247067,1,NULL),(846,323,14,'Completed',1597247680,1,NULL),(847,323,15,'Completed',1597247852,1,NULL),(848,323,25,'Completed',1597248675,1,NULL),(849,323,27,'Completed',1597249790,1,NULL),(850,323,28,'Completed',1597249981,1,NULL),(851,323,29,'Completed',1597250626,1,NULL),(852,322,25,'Completed',1597272892,0,NULL),(853,322,27,'Completed',1597273450,0,NULL),(854,322,28,'Completed',1597273678,0,NULL);

--
-- Current Database: `serenityhouse_school`
--

CREATE DATABASE /*!32312 IF NOT EXISTS*/ `serenityhouse_school` /*!40100 DEFAULT CHARACTER SET latin1 */;

USE `serenityhouse_school`;

--
-- Table structure for table `course`
--

CREATE TABLE `course` (
  `id` int(11) unsigned NOT NULL AUTO_INCREMENT,
  `name` varchar(60) CHARACTER SET utf8 NOT NULL,
  `short_description` text CHARACTER SET utf8,
  `description` text CHARACTER SET utf8,
  `passing_percentage` int(11) DEFAULT NULL,
  `cost` varchar(60) CHARACTER SET utf8 DEFAULT NULL,
  `instruction_methods` text CHARACTER SET utf8,
  `evaluation_method` text CHARACTER SET utf8,
  `study_guide` varchar(60) CHARACTER SET utf8 DEFAULT NULL,
  `study_guide_2` varchar(60) CHARACTER SET utf8 DEFAULT NULL,
  `case_study` varchar(60) CHARACTER SET utf8 DEFAULT NULL,
  `powerpoint` varchar(60) CHARACTER SET utf8 DEFAULT NULL,
  `powerpoint_2` varchar(60) CHARACTER SET utf8 DEFAULT NULL,
  `syllabus` varchar(60) CHARACTER SET utf8 DEFAULT NULL,
  `video` text CHARACTER SET utf8,
  `ceu_credit` int(11) unsigned DEFAULT '0',
  `promo_code` varchar(60) DEFAULT NULL,
  PRIMARY KEY (`id`)
) ENGINE=InnoDB AUTO_INCREMENT=16 DEFAULT CHARSET=latin1;

--
-- Dumping data for table `course`
--

INSERT INTO `course` VALUES (3,'HIV / AIDS','HIV is an acronym for human immunodeficiency virus and it is the disease that often leads to AIDS. Continuing Education Course (2 CEUs)','<p style=\"margin: 0px; padding: 0px; font-size: 12px; color: rgb(68, 68, 68); line-height: 18px; font-family: helvetica, arial, sans-serif;\">This class provides information on HIV and AIDS- related illnesses. Materials will be presented on the symptoms, causes, pathophysiology, diagnosis, transmission and prevention, treatment, epidemiology, prognosis, and history of HIV and AIDS.</p>',NULL,'0','Online Only',NULL,'Online-HIVAIDS-021815.pdf',NULL,NULL,NULL,NULL,NULL,NULL,2,''),(4,'Aggression Management','The effective handling of aggression is one of the most demanding aspects of working in Behavioral Health. It is an area in which the ability to manage self and assertively communicate with others is essential. This course will explore identifying, preventing and managing aggressive behavior through the use of verbal de-escalation interventions. ','<strong>Course Overview and Objectives</strong><br><br>The effective handling of aggression is one of the most demanding aspects of working in Behavioral Health. It is an area in which the ability to manage self and assertively communicate with others is essential. This course will explore identifying, preventing and managing aggressive behavior through the use of verbal de-escalation interventions. <br><br>Upon successful completion of this course the learner will be able to: <br><br><ol><li>Define “Aggression” and “Verbal De-escalation\" <br></li><li>Identify warning signs for aggressive behavior. <br></li><li>Give examples of verbal\r\nde-escalation techniques to use in a crisis situation\r\n   </li></ol>',NULL,'0','Online Only',NULL,'online-aggression-management-021815.pdf',NULL,NULL,NULL,NULL,NULL,NULL,2,''),(5,'Infection Control','Healthcare workers are required to participate in an annual training on infection prevention and control. 1 CEU','<p>Healthcare workers are required to participate in an annual training on infection prevention and control. At the end of this study guide participants will be able to:</p>\r\n<ul>\r\n<li>Understand modes of transmission of bacteria and infections</li><li>Understand universal precautions</li><li>Practice proper hand washing techniques</li>\r\n<li>Take action to prevention of the spread of disease in your workplace</li>\r\n</ul>\r\n\r\n\r\n\r\n',NULL,'0','Online Only',NULL,'Online-InfectionControl-021815.pdf',NULL,NULL,NULL,NULL,NULL,NULL,1,''),(7,'HIPAA','Confidentiality is one of the most basic rights that our clients have. All healthcare workers are legally and morally bound to protect the confidentiality of others.','<p style=\"margin: 0px; font-size: 12px; font-family: Helvetica;\">Confidentiality is one of the most basic rights that our clients have. All healthcare workers are legally and morally bound to protect the confidentiality of others.</p><p style=\"margin: 0px; font-size: 12px; font-family: Helvetica;\"><br></p>\r\n<p style=\"margin: 0px; font-size: 12px; font-family: Helvetica;\">This course is designed to:</p><p style=\"margin: 0px; font-size: 12px; font-family: Helvetica;\"></p><ol><li>Give you an overview of The Health Insurance Portability and Accountability Act of 1996 (HIPAA).</li><li>Familiarize you with any major changes that have been implemented with the new 2013 Omnibus Rule Changes.</li><li>Help you recognize the serious consequences if you fail to comply with HIPAA.</li></ol><p></p>\r\n\r\n',NULL,'0','Online Only',NULL,'Online-HIPAA-021815.pdf',NULL,NULL,NULL,NULL,NULL,NULL,2,''),(13,'Professional Ethics','The purpose of this training is to clarify professional ethical expectations for addiction professionals, assist in defining professional boundaries, and highlight potential boundary problems.','<p style=\"font-family: -apple-system-font; font-size: 12px; line-height: 16px;\">The purpose of this training is to clarify professional ethical expectations for addiction professionals, assist in defining professional boundaries, and highlight potential boundary problems.</p><p style=\"font-family: -apple-system-font; font-size: 12px; line-height: 16px;\">Upon completion of this course the participant will:</p><p style=\"font-family: -apple-system-font; font-size: 12px; line-height: 16px;\"></p><ol><li>Be able to understand and define ethics.</li><li>Understand and be able to demonstrate ethical and professional behavior.</li><li>Be able to define, implement and practice client informed consent.</li><li>Be able to define and recognize boundary issues between client and counselor.</li><li>Be able to define and interpret the roles of transference, counter-transference and other potential boundary issues in clinical practice.</li></ol><p></p>',NULL,'0','Online Only',NULL,'ethicsfinal.pdf',NULL,NULL,NULL,NULL,NULL,NULL,2,''),(15,'Cultural Diversity','','',NULL,'0','Online Only',NULL,NULL,NULL,NULL,'Cultural-Diversity.ppsx',NULL,NULL,NULL,2,'');

--
-- Table structure for table `course_category`
--

CREATE TABLE `course_category` (
  `id` int(11) unsigned NOT NULL AUTO_INCREMENT,
  `name` varchar(60) CHARACTER SET utf8 NOT NULL,
  PRIMARY KEY (`id`)
) ENGINE=InnoDB AUTO_INCREMENT=3 DEFAULT CHARSET=latin1;

--
-- Dumping data for table `course_category`
--

INSERT INTO `course_category` VALUES (1,'All Staff'),(2,'Direct Care');

--
-- Table structure for table `course_has_category`
--

CREATE TABLE `course_has_category` (
  `id` int(11) unsigned NOT NULL AUTO_INCREMENT,
  `course_id` int(11) unsigned NOT NULL,
  `course_category_id` int(11) unsigned NOT NULL,
  `course_offering_id` int(11) unsigned NOT NULL,
  PRIMARY KEY (`id`),
  KEY `course_id` (`course_id`),
  KEY `course_offering_id` (`course_offering_id`),
  KEY `course_category_id` (`course_category_id`),
  CONSTRAINT `course_has_category_ibfk_3` FOREIGN KEY (`course_offering_id`) REFERENCES `offerings` (`id`) ON DELETE NO ACTION ON UPDATE NO ACTION,
  CONSTRAINT `course_has_category_ibfk_5` FOREIGN KEY (`course_id`) REFERENCES `course` (`id`) ON DELETE CASCADE ON UPDATE NO ACTION,
  CONSTRAINT `course_has_category_ibfk_6` FOREIGN KEY (`course_category_id`) REFERENCES `course_category` (`id`) ON DELETE CASCADE ON UPDATE NO ACTION
) ENGINE=InnoDB AUTO_INCREMENT=25 DEFAULT CHARSET=latin1;

--
-- Dumping data for table `course_has_category`
--

INSERT INTO `course_has_category` VALUES (9,4,2,1),(20,3,1,1),(21,5,1,1),(22,7,1,1),(23,13,1,1),(24,15,1,1);

--
-- Table structure for table `evaluation`
--

CREATE TABLE `evaluation` (
  `id` int(11) unsigned NOT NULL AUTO_INCREMENT,
  `course_id` int(11) DEFAULT NULL,
  `date` int(11) NOT NULL,
  `student_name` varchar(60) DEFAULT NULL,
  `question_1` text,
  `question_2` text,
  `question_3` text,
  `question_4` text,
  `question_5` text,
  `rating` int(11) NOT NULL,
  PRIMARY KEY (`id`)
) ENGINE=InnoDB AUTO_INCREMENT=22 DEFAULT CHARSET=utf8;

--
-- Dumping data for table `evaluation`
--

INSERT INTO `evaluation` VALUES (1,4,1435358196,'Jennifer Bassa','','','','','',3),(2,4,1435358238,'Jennifer Bassa','n/a','n/a','n/a','n/a','n/a',3),(3,4,1435959066,'Jennifer Little','I enjoyed the scenarios that were provided.','There was nothing that I didn\'t enjoy in this course.','Maybe some more interactive questions in the training itself.','Yes it was.','More information on what to do with seizures or different health scenarios. ',5),(4,4,1435959160,'Jennifer Little','I enjoyed the scenarios that were provided.','There was nothing that I didn\'t enjoy.','More interactive quizzes in the trainings.','Yes.','Information on what to do in emergency situations and calming down clients.',5),(5,4,1435963068,'Jennifer Little','The scenarios in the trainings','There was nothing I didn\'t like.','More interactive trainings.','Yes','How to calm clients in emergency situations.',5),(6,4,1436929181,'Ashley Arrechea','I enjoyed that the information provide was well explained and an easy way to understand the information being explained. I also enjoyed the images given.','N/A','N/A','Yes','N/A',4),(7,3,1436930807,'Ashley Arrechea','','','','','',4),(8,4,1436965367,'Cheri Ruffo','It was very informative','NA','NA','Yes','NA',5),(9,3,1436966137,'Cheri Ruffo','very informative','NA','NA','Yes','NA',5),(10,7,1438269172,'Cheri Ruffo','Very Informative','NA','NA','yes','NA',5),(11,7,1438403890,'Ashley Arrechea','The information that was provided was concise and straight to the point.','N/a','N/A','Yes','N/a',3),(12,13,1438407930,'Ashley Arrechea','N/A','This information given on ethics were not precise and understanding to a certain point.','N/A','N/A','N/A',2),(13,15,1438408599,'Ashley Arrechea','The information provided was straight to the point.','N/A','N/A','N/A','N/A',4),(14,3,1438819578,'CYNTHIA BROWN','INFORMATION WAS CURRENT','','NOTHING, IT GREAT','YES','',5),(15,3,1439312092,'Quindoline Tabot','Straight forward. ','N/A','N/A','yes','',5),(16,5,1439314243,'Quindoline Tabot','Easy to read. Not complicated','na','na','yes','na',5),(17,7,1440326724,'QuindolineTabot','it was easy to read','N/A','N/A','yes','N/A',5),(18,13,1440328445,'QuindolineTabot','it was easy to read and understand.','N/A','N/A','N/A','N/A',5),(19,4,1445635038,'Jennifer leath','I was really confident. The study helped out a lot.','I thought it was going to hard but it was easy.','Nothing.','Yes it was.','Nothing in particular. ',4),(20,4,1447842965,'Teeah Williams','The visual aids','Long explanations','Shorter content','Fair content stimulation','Psych diagnosis ',3),(21,13,1447896425,'Vanessa Wilson','','','','','',3);

--
-- Table structure for table `exam_results`
--

CREATE TABLE `exam_results` (
  `id` int(11) unsigned NOT NULL AUTO_INCREMENT,
  `user_id` int(11) unsigned NOT NULL,
  `course_id` int(11) unsigned NOT NULL,
  `grade` float NOT NULL,
  PRIMARY KEY (`id`),
  KEY `user_id` (`user_id`),
  KEY `course_id` (`course_id`),
  CONSTRAINT `exam_results_ibfk_1` FOREIGN KEY (`user_id`) REFERENCES `user` (`id`) ON DELETE CASCADE ON UPDATE NO ACTION,
  CONSTRAINT `exam_results_ibfk_3` FOREIGN KEY (`course_id`) REFERENCES `course` (`id`) ON DELETE CASCADE ON UPDATE NO ACTION
) ENGINE=InnoDB AUTO_INCREMENT=467 DEFAULT CHARSET=utf8;

--
-- Dumping data for table `exam_results`
--

INSERT INTO `exam_results` VALUES (1,15,4,73),(2,17,4,93),(3,17,4,93),(4,18,4,73),(5,10,4,80),(6,19,4,93),(7,19,5,100),(8,21,4,87),(9,18,3,85),(10,18,5,73),(11,22,4,93),(12,22,3,95),(13,22,5,93),(14,23,4,93),(15,23,3,90),(16,23,5,67),(17,23,5,100),(18,24,4,87),(19,24,3,85),(20,24,5,80),(21,27,4,100),(22,27,3,85),(23,27,5,73),(24,28,4,80),(25,28,5,93),(26,28,3,95),(27,29,4,100),(28,29,3,95),(29,29,5,100),(30,15,3,95),(31,15,5,87),(32,30,4,80),(33,31,4,93),(34,32,4,100),(35,32,3,100),(36,32,5,60),(37,32,5,73),(38,33,4,87),(39,34,4,93),(40,34,3,90),(41,34,5,87),(42,35,4,93),(43,35,3,85),(44,36,4,87),(45,35,5,53),(46,35,5,60),(47,35,5,93),(48,36,3,90),(49,36,5,73),(50,38,4,80),(51,37,5,80),(52,38,3,85),(53,38,5,80),(54,37,3,90),(55,37,4,80),(56,19,3,100),(57,33,5,67),(58,33,5,93),(59,33,3,90),(60,30,3,100),(61,39,4,93),(62,39,3,100),(63,39,5,93),(64,30,5,100),(65,40,4,80),(66,40,3,85),(67,40,5,73),(68,41,4,87),(69,41,3,85),(70,41,5,67),(71,41,5,93),(72,42,4,80),(73,42,3,90),(74,42,5,100),(75,43,4,80),(76,43,3,95),(77,43,5,80),(78,45,4,93),(79,45,3,95),(80,45,5,93),(81,31,3,100),(82,31,5,73),(83,21,5,80),(84,17,3,90),(85,17,5,60),(86,17,5,73),(87,46,4,100),(88,46,3,95),(89,46,5,87),(90,18,7,90),(91,47,4,93),(92,47,3,90),(93,47,5,80),(94,18,15,80),(95,49,4,87),(96,49,3,90),(97,49,5,73),(98,49,7,90),(99,49,13,85),(100,18,13,70),(101,49,15,80),(102,50,4,87),(103,50,3,95),(104,50,5,80),(105,50,5,80),(106,50,7,90),(107,50,13,85),(108,50,15,60),(109,50,15,80),(110,27,7,100),(111,40,7,80),(112,41,7,80),(113,38,7,90),(114,38,13,70),(115,38,15,80),(116,45,7,100),(117,33,7,100),(118,45,13,90),(119,45,13,90),(120,45,13,90),(121,45,13,90),(122,45,15,100),(123,33,13,95),(124,15,7,80),(125,15,7,80),(126,33,15,80),(127,26,5,73),(128,26,4,87),(129,26,3,90),(130,25,4,100),(131,35,7,80),(132,36,7,70),(133,35,13,55),(134,36,13,60),(135,35,13,95),(136,36,13,75),(137,36,15,80),(138,35,15,100),(139,43,7,100),(140,43,7,100),(141,43,13,60),(142,43,13,95),(143,43,15,40),(144,43,15,100),(145,51,4,100),(146,51,3,100),(147,51,5,73),(148,52,4,87),(149,52,4,87),(150,52,3,95),(151,52,5,73),(152,52,7,70),(153,52,13,80),(154,52,15,60),(155,52,15,80),(156,52,15,80),(157,34,7,100),(158,34,13,85),(159,34,15,100),(160,53,4,73),(161,53,4,73),(162,53,3,100),(163,37,15,100),(164,37,13,90),(165,37,7,100),(166,28,7,90),(167,27,13,85),(168,28,13,75),(169,27,15,100),(170,28,15,100),(171,42,13,70),(172,40,13,90),(173,25,13,95),(174,40,15,60),(175,40,15,100),(176,25,15,100),(177,24,7,80),(178,24,13,95),(179,24,15,80),(180,25,7,70),(181,25,3,95),(182,25,5,80),(183,41,13,85),(184,41,15,60),(185,41,15,100),(186,54,3,95),(187,54,5,100),(188,54,7,80),(189,42,7,100),(190,42,15,100),(191,55,4,100),(192,55,3,100),(193,19,7,100),(194,55,5,100),(195,55,7,100),(196,56,3,95),(197,56,5,73),(198,56,4,93),(199,29,7,100),(200,29,13,80),(201,29,15,80),(202,55,13,95),(203,55,15,100),(204,32,7,100),(205,32,13,100),(206,32,15,100),(207,17,15,60),(208,17,15,100),(209,17,13,80),(210,17,7,80),(211,57,4,100),(212,22,7,100),(213,22,13,95),(214,22,15,100),(215,57,3,90),(216,19,13,100),(217,39,7,90),(218,39,15,100),(219,19,15,100),(220,39,13,75),(221,57,5,87),(222,57,7,100),(223,57,13,70),(224,57,15,80),(225,30,13,85),(226,30,7,100),(227,30,15,80),(228,56,7,100),(229,56,13,70),(230,56,15,80),(231,21,7,80),(232,21,13,65),(233,21,13,65),(234,21,13,65),(235,21,13,100),(236,21,15,60),(237,21,15,60),(238,21,15,80),(239,23,7,70),(240,23,13,55),(241,23,13,100),(242,23,15,60),(243,23,15,100),(244,58,4,100),(245,58,3,100),(246,31,7,90),(247,31,13,95),(248,31,15,80),(249,46,15,100),(250,46,7,90),(251,46,13,100),(252,58,5,87),(253,58,7,100),(254,58,13,90),(255,58,15,60),(256,58,15,100),(257,47,7,90),(258,47,13,95),(259,47,15,100),(260,53,13,95),(261,53,15,100),(262,54,4,73),(263,54,13,75),(264,54,15,80),(265,59,4,100),(266,59,3,85),(267,59,5,100),(268,59,15,100),(269,59,13,75),(270,59,7,100),(271,60,3,85),(272,60,5,93),(273,60,13,80),(274,60,15,80),(275,60,4,87),(276,60,7,100),(277,62,4,80),(278,62,5,93),(279,62,5,93),(280,62,13,65),(281,62,13,80),(282,63,4,93),(283,62,3,90),(284,61,4,73),(285,61,3,90),(286,61,5,93),(287,61,7,80),(288,61,13,65),(289,61,13,100),(290,61,13,100),(291,61,13,100),(292,61,15,60),(293,61,15,100),(294,63,5,87),(295,63,3,80),(296,63,7,100),(297,63,13,70),(298,63,15,60),(299,63,15,100),(300,63,15,100),(301,62,15,100),(302,62,7,90),(303,64,4,87),(304,64,3,95),(305,64,13,75),(306,64,15,80),(307,64,7,90),(308,64,5,87),(309,65,4,53),(310,65,4,87),(311,65,5,47),(312,65,5,80),(313,65,13,50),(314,65,13,100),(315,65,3,90),(316,65,7,70),(317,65,15,60),(318,65,15,100),(319,66,4,67),(320,66,4,80),(321,66,7,90),(322,67,4,67),(323,67,4,87),(324,67,3,80),(325,68,4,93),(326,69,4,87),(327,68,3,90),(328,68,5,73),(329,68,7,100),(330,68,13,80),(331,68,15,60),(332,68,15,100),(333,69,3,85),(334,67,5,67),(335,67,5,93),(336,67,7,70),(337,66,3,100),(338,66,3,100),(339,67,13,45),(340,67,13,100),(341,67,15,40),(342,67,15,60),(343,67,15,80),(344,66,5,93),(345,66,13,85),(346,66,15,100),(347,70,4,93),(348,70,15,60),(349,70,15,100),(350,70,13,70),(351,70,7,90),(352,71,13,55),(353,71,13,90),(354,71,5,53),(355,71,5,100),(356,71,5,100),(357,71,7,60),(358,71,7,100),(359,71,3,85),(360,71,15,60),(361,71,15,100),(362,71,4,93),(363,71,4,93),(364,72,3,95),(365,72,15,80),(366,72,13,55),(367,72,13,100),(368,72,13,100),(369,72,4,73),(370,72,5,67),(371,72,5,93),(372,72,7,90),(373,72,7,90),(374,72,7,90),(375,53,5,60),(376,53,5,93),(377,53,7,60),(378,53,7,100),(379,69,5,87),(380,69,7,80),(381,69,13,100),(382,69,15,80),(383,74,3,80),(384,74,7,90),(385,74,13,70),(386,74,4,87),(387,74,15,80),(388,74,5,40),(389,74,5,60),(390,74,5,67),(391,74,5,73),(392,73,4,87),(393,75,4,60),(394,75,4,100),(395,75,3,80),(396,75,5,67),(397,75,5,93),(398,75,7,80),(399,75,13,15),(400,75,13,80),(401,75,15,20),(402,75,15,80),(403,15,13,80),(404,15,15,100),(405,70,3,100),(406,70,5,87),(407,73,3,100),(408,73,5,60),(409,73,5,67),(410,73,5,87),(411,73,7,90),(412,76,7,90),(413,76,15,80),(414,77,7,50),(415,77,7,80),(416,77,15,20),(417,77,15,60),(418,77,15,100),(419,78,4,87),(420,78,3,80),(421,78,3,80),(422,78,3,80),(423,78,5,60),(424,78,7,80),(425,78,13,70),(426,78,15,60),(427,78,15,80),(428,78,5,60),(429,78,5,60),(430,78,5,53),(431,78,5,67),(432,78,5,67),(433,78,5,80),(434,79,4,87),(435,79,3,85),(436,79,5,73),(437,79,13,60),(438,79,15,60),(439,79,15,100),(440,79,13,100),(441,79,7,90),(442,80,4,87),(443,80,3,85),(444,80,5,80),(445,80,5,80),(446,80,5,80),(447,80,7,80),(448,80,13,60),(449,80,13,90),(450,80,15,100),(451,81,4,73),(452,81,3,85),(453,81,5,40),(454,81,5,87),(455,81,7,60),(456,81,7,100),(457,81,13,65),(458,81,13,95),(459,81,15,80),(460,82,4,100),(461,82,3,85),(462,82,3,85),(463,82,13,95),(464,82,15,100),(465,82,5,87),(466,82,5,87);

--
-- Table structure for table `materials`
--

CREATE TABLE `materials` (
  `id` int(11) NOT NULL AUTO_INCREMENT,
  `course_id` int(11) unsigned NOT NULL,
  `name` varchar(60) NOT NULL,
  `filename` varchar(60) NOT NULL,
  PRIMARY KEY (`id`),
  KEY `course_id` (`course_id`),
  CONSTRAINT `materials_ibfk_1` FOREIGN KEY (`course_id`) REFERENCES `course` (`id`) ON DELETE CASCADE ON UPDATE NO ACTION
) ENGINE=InnoDB DEFAULT CHARSET=utf8;

--
-- Dumping data for table `materials`
--


--
-- Table structure for table `offering_has_category`
--

CREATE TABLE `offering_has_category` (
  `offering_id` int(11) unsigned NOT NULL,
  `course_category_id` int(11) unsigned NOT NULL,
  KEY `offering_id` (`offering_id`),
  KEY `course_id` (`course_category_id`),
  CONSTRAINT `offering_has_category_ibfk_1` FOREIGN KEY (`offering_id`) REFERENCES `offerings` (`id`) ON DELETE CASCADE ON UPDATE NO ACTION,
  CONSTRAINT `offering_has_category_ibfk_2` FOREIGN KEY (`course_category_id`) REFERENCES `course_category` (`id`) ON DELETE CASCADE ON UPDATE NO ACTION
) ENGINE=InnoDB DEFAULT CHARSET=utf8;

--
-- Dumping data for table `offering_has_category`
--

INSERT INTO `offering_has_category` VALUES (1,1),(1,2);

--
-- Table structure for table `offerings`
--

CREATE TABLE `offerings` (
  `id` int(11) unsigned NOT NULL AUTO_INCREMENT,
  `name` varchar(60) NOT NULL DEFAULT '',
  PRIMARY KEY (`id`)
) ENGINE=InnoDB AUTO_INCREMENT=2 DEFAULT CHARSET=utf8;

--
-- Dumping data for table `offerings`
--

INSERT INTO `offerings` VALUES (1,'Compliance Training');

--
-- Table structure for table `option`
--

CREATE TABLE `option` (
  `id` int(11) NOT NULL AUTO_INCREMENT,
  `question_id` int(11) NOT NULL,
  `content` text NOT NULL,
  `correct` int(11) DEFAULT NULL,
  PRIMARY KEY (`id`),
  KEY `question_id` (`question_id`),
  CONSTRAINT `option_ibfk_1` FOREIGN KEY (`question_id`) REFERENCES `question` (`id`) ON DELETE CASCADE ON UPDATE NO ACTION
) ENGINE=InnoDB AUTO_INCREMENT=1195 DEFAULT CHARSET=utf8;

--
-- Dumping data for table `option`
--

INSERT INTO `option` VALUES (4,6,'1 in 2',NULL),(5,6,'1 in 5',NULL),(6,6,'1 in 3',NULL),(7,6,'1 in 4',NULL),(8,7,'An effective vaccine is now available to prevent the disease.',NULL),(9,7,'HIV testing is not only free but compulsory for everyone over age 18.',NULL),(10,7,'People believe that antiretroviral drugs have solved the HIV problem.',NULL),(11,7,'The number of new infections is continuing to decline.',NULL),(12,8,'Free HIV testing of all patients over age 13.',NULL),(13,8,'Developing a vaccine to prevent HIV infection.',NULL),(14,8,'Reducing the rate of new infections.',NULL),(15,8,'Compulsory HIV testing of all patients in emergency departments.',NULL),(16,9,'Black/African Americans.',NULL),(17,9,'Seniors.',NULL),(18,9,'Hispanics.',NULL),(19,9,'Native Americans.',NULL),(20,10,'Women and children, seniors, and transgender persons',NULL),(21,10,'Men who have sex with men, women who have sex with women, prisoners',NULL),(22,10,'Men who have sex with men, injecting-drug users, and men who have sex with men and also use injection drugs',NULL),(23,10,'Women who have sex with women, homeless people, and seniors',NULL),(24,11,'Adopt compulsory hand-washing policies for staff and inmates.',NULL),(25,11,'Provide inmates with condoms and access to bleach for cleaning injection equipment.',NULL),(26,11,'Increase the number of correctional officers who monitor inmate activity.',NULL),(27,11,'Enroll inmates in HIV vaccine clinical trials.',NULL),(28,12,'When they enter prison.',NULL),(29,12,'Within 60 days prior to release.',NULL),(30,12,'Within 30 days prior to release.',NULL),(31,12,'Never; it is not required by law.',NULL),(32,13,'Healthcare workers are more focused on mental health issues in seniors.',NULL),(33,13,'Seniors avoid answering questions about sexual activity.',NULL),(34,13,'Seniors believe they are immune to HIV/AIDS.',NULL),(35,13,'Symptoms of AIDS such as fatigue and weight loss mimic those of normal aging.',NULL),(36,14,'Saliva and cervical secretions',NULL),(37,14,'Saliva, tears, serous fluid, and vaginal secretions',NULL),(38,14,'Blood, semen, breast milk, and vaginal and cervical secretions',NULL),(39,14,'Blood, semen, and urine',NULL),(40,15,'Blood collected for transfusion',NULL),(41,15,'Used needles and syringes',NULL),(42,15,'Casual contact with an infected patient',NULL),(43,15,'A public toilet seat',NULL),(44,16,'Increases the risk of HIV transmission.',NULL),(45,16,'Reduces the risk of HIV transmission.',NULL),(46,16,'Makes no difference in the risk of HIV transmission.',NULL),(47,16,'Increases the risk of pregnancy in women.',NULL),(48,17,'Syphilis',NULL),(49,17,'Hepatitis B (HBV)',NULL),(50,17,'Chlamydia',NULL),(51,17,'Tuberculosis (TB)',NULL),(52,18,'Relatively simple if the patient has health insurance.',NULL),(53,18,'A complex, multi-drug process that takes at least 6 months.',NULL),(54,18,'Usually not successful in African American patients.',NULL),(55,18,'Successful in most patients.',NULL),(56,19,'Unnecessary in HIV patient situations.',NULL),(57,19,'Warranted only if a patient has been diagnosed with TB.',NULL),(58,19,'Effective only if properly fitted and appropriately worn in all areas where risk of exposure is high.',NULL),(59,19,'Primarily used with patients who are coinfected with hepatitis.',NULL),(60,20,'Brain tumors from syphilis.',NULL),(61,20,'Liver disease from chronic hepatitis C.',NULL),(62,20,'Heart disease from antiretroviral drugs.',NULL),(63,20,'Stroke related to antiretroviral drugs.',NULL),(295,53,'True',NULL),(296,53,'False',1),(299,55,'True',NULL),(300,55,'False',1),(325,60,'True',1),(326,60,'False',NULL),(327,62,'True',1),(328,62,'False',NULL),(329,63,'Defensive level, anxiety level, acting out, tension reduction',NULL),(330,63,'Tension inducing, anxiety level, defensive level, acting out',NULL),(331,63,'Anxiety level, defensive level, acting out, tension reduction',1),(332,63,'Acting out, anxiety level, defensive level, tension reduction',NULL),(333,64,'True',1),(334,64,'False',NULL),(339,82,'Clenched fists',NULL),(340,82,'Pacing',NULL),(341,82,'Rapid breathing',NULL),(342,82,'Withdrawn behavior',NULL),(343,82,'All of the Above',1),(344,83,'The person is under the influence of a substance',NULL),(345,83,'The person has a history of psychiatric illness',NULL),(346,83,'The person is facing a high level of stress',NULL),(347,83,'All of the Above',1),(348,83,'A and B',NULL),(409,58,'Using a calm voice and acronyms or jargon',NULL),(410,58,'Giving the person your full attention',NULL),(411,58,'Paraphrasing what the person is saying',NULL),(412,58,'Validating the person’s feelings about the situation',NULL),(413,58,'All of the above',NULL),(414,58,'B, C, and D',1),(415,59,'Speak slowly clearly and gently',NULL),(416,59,'Walk fast away from client to avoid an altercation',NULL),(417,59,'Appear confident and display calmness',NULL),(418,59,'Show you are listening',NULL),(419,59,'A, C, and D',1),(420,59,'A and B',NULL),(421,61,'Don’t use jargon',NULL),(422,61,'Avoid demeaning language',NULL),(423,61,'Find someone that speaks that person’s language',NULL),(424,61,'A and B',NULL),(425,61,'All of the above',1),(449,54,'True',1),(450,54,'False',NULL),(451,57,'Telling the patient what he/she is feeling.',NULL),(452,57,'Summarize what the patient stated and repeat back to verify accuracy ',1),(453,57,'Make client aware of the incongruities from their statement',NULL),(454,57,'None of the above',NULL),(455,65,'Acting out',NULL),(456,65,'Tension Reduction',NULL),(457,65,'Anxiety Level',NULL),(458,65,'Defensive Level',1),(459,85,'True',1),(460,85,'False',NULL),(461,87,'Correct Answer',1),(462,87,'Incorrect',NULL),(463,26,'True',1),(464,26,'False',NULL),(465,27,'False',1),(466,27,'True',NULL),(467,28,'True',1),(468,28,'False',NULL),(469,29,'False',1),(470,29,'True',NULL),(471,30,'True',1),(472,30,'False',NULL),(473,31,'True',NULL),(474,31,'False',1),(475,32,'True',1),(476,32,'False',NULL),(477,33,'True',1),(478,33,'False',NULL),(479,34,'True',1),(480,34,'False',NULL),(481,35,'Abstinence',NULL),(482,35,'Monogamous Relationship with partners not infected with HIV/AIDS',NULL),(483,35,'Protected Sex',NULL),(484,35,'Sterile needles',NULL),(485,35,'All of the above',1),(486,36,'a)	1 in 2',NULL),(487,36,'b)	1 in 6',1),(488,36,'c)	1 in 3',NULL),(489,36,'d)	1 in 4',NULL),(490,37,'Black/African Americans',1),(491,37,'Seniors',NULL),(492,37,'Hispanics',NULL),(493,37,'Native Americans',NULL),(498,38,'Women and children, seniors, and transgender persons',NULL),(499,38,'Men who have sex with men, women who have sex with women, prisoners',NULL),(500,38,'Men who have sex with men, injecting-drug users, and men who have sex with men and also use injection drugs',1),(501,38,'Women who have sex with women, homeless people, and seniors',NULL),(506,39,'Saliva and cervical secretions',NULL),(507,39,'Saliva, tears, serous fluid, and vaginal secretions',NULL),(508,39,'Blood, semen, breast milk, and vaginal and cervical secretions',1),(509,39,'Blood, semen, and urine',NULL),(510,40,'Blood collected for transfusion',NULL),(511,40,'Used needles and syringes',1),(512,40,'Casual contact with an infected patient',NULL),(513,40,'A public toilet seat',NULL),(514,41,'Are entitled to know their child\'s HIV test results without their child\'s consent.',NULL),(515,41,'May not be informed directly or indirectly of their child\'s HIV test results without the child\'s consent.',1),(516,41,'May be informed indirectly of their child\'s HIV test results when sent a bill for said testing.',NULL),(517,41,'Must give consent for their child to be tested for HIV.',NULL),(519,47,'Bona fide medical emergencies',NULL),(520,47,'Court order',NULL),(521,47,'All of the above',1),(522,48,'Sudden shift in mood or behavior',NULL),(523,48,'Skin rash',NULL),(524,48,'Muscle weakness',NULL),(525,48,'Confusion',NULL),(526,48,'a, c, and d ',1),(527,49,'Medical personnel involved with the diagnosis or treatment of the person tested; ',NULL),(528,49,'Licensed medical professionals who regularly participate as part of an interdisciplinary team ',NULL),(529,49,'Staff that handle body fluids ',NULL),(530,49,'Personnel involved in utilization review, risk management or peer review activities; ',NULL),(531,49,'Financial staff who compile or review medical records as part of routine billing activities',NULL),(532,49,'All of the above',1),(533,42,'Be tested for HIV at their initial prenatal visit and at 28-32 weeks.',1),(534,42,'Be tested for HCV at the first prenatal visit.',NULL),(535,42,'Not be offered HIV testing on an opt-out basis (right to refuse).',NULL),(536,42,'Request to be tested for HIV',NULL),(537,67,'A source',NULL),(538,67,'A mode of transmission',NULL),(539,67,'A host',NULL),(540,67,'All of the above',1),(541,68,'Every healthcare worker plays a vital role ',NULL),(542,68,'Staff education is an important aspect',NULL),(543,68,'Utilizes measures used to minimize the risk of transmission',NULL),(544,68,'All of the above',1),(545,69,'Droplets are generated by coughs, sneezes, talking',NULL),(546,69,'Droplet transmission is the most frequent mode of transmission in the healthcare setting',1),(547,69,'You can become infected when they land in eyes, mouth or nose',NULL),(548,69,'They can transmit infection when propelled a short distance and land on a surface',NULL),(549,70,'HIV',NULL),(550,70,'Hepatitis B',NULL),(551,70,'Tuberculosis',1),(552,70,'Herpes',NULL),(553,71,'From mosquitos or insect bites',1),(554,71,'From blood or body fluids',NULL),(555,71,'From food or water',NULL),(556,71,'From coughs and sneezes ',NULL),(557,72,'Wear a fit-tested NIOSH-approved N95',1),(558,72,'Wear a surgical mask',NULL),(559,72,'Take 15 minute hot shower after exposure',NULL),(560,72,'Wash your hands with soap and water for 10 minutes',NULL),(561,73,'Direct contact',NULL),(562,73,'Indirect contact',NULL),(563,73,'Respiratory transmission',NULL),(564,73,'Vector-born transmission',NULL),(565,73,'All of the above',1),(566,74,'Gloves, gowns, respirators',NULL),(567,74,'Face masks, goggles, face shields',NULL),(568,74,'Shoes and socks',NULL),(569,74,'A and B',1),(570,74,'A and C',NULL),(571,75,'Wear protective gloves',NULL),(572,75,'Run away from spill in order to not get contaminated ',NULL),(573,75,'Use a 1:100 or 1:10 bleach based dilution to decontaminate surfaces ',NULL),(574,75,'A and B',NULL),(575,75,'A and C',1),(576,81,'Sweat',1),(577,81,'Saliva',NULL),(578,81,'Blood',NULL),(579,81,'None of the above',NULL),(580,78,'30 seconds',NULL),(581,78,'15 seconds',NULL),(582,78,'At least for 20 seconds',1),(583,78,'60 seconds',NULL),(584,79,'Viruses',NULL),(585,79,'Parasites',NULL),(586,79,'Bacteria',NULL),(587,79,'Fungus',NULL),(588,79,'All of the above',1),(589,80,'Air',NULL),(590,80,'Water',NULL),(591,80,'Bodily fluids',NULL),(592,80,'A and B',1),(593,80,'A and C',NULL),(594,88,'Airborne',NULL),(595,88,'Droplet',NULL),(596,88,'Contact',1),(597,88,'A and B',NULL),(598,89,'Airborne Precautions',NULL),(599,89,'Contact Precautions',NULL),(600,89,'Standard Precautions',1),(601,89,'Droplet Precautions',NULL),(602,90,'True',NULL),(603,90,'False',1),(604,91,'Where clinical professionals, in this case in the addiction industry, have multiple relationship roles with their clients',1),(605,91,'An unaviodable part of doing business in the addiction treatment industry',NULL),(606,91,'A multiple role relationship that is generally suitable for the therapist-client relationship',NULL),(607,91,'All of the above',NULL),(608,92,'To give authorization for treatment center employees to use private information',NULL),(609,92,'To secure a person\'s private financial information',NULL),(610,92,'To define the the proper use of an individual\'s health records',1),(611,92,'To punish addiction treatment centers that misuse personal information',NULL),(612,93,'Health Information Portability Protection Act',NULL),(613,93,'Health Insurance Portability and Accountability Act',1),(614,93,'Human Interest Protection  Act',NULL),(615,93,'None of the above',NULL),(616,94,'True',NULL),(617,94,'False',1),(618,95,'A fraudulent accounting scheme',NULL),(619,95,'The requirement for an arrested person to be brought into court or before a judge',1),(620,95,'The legal definition of self-inflicted bodily harm',NULL),(621,95,'None of the above',NULL),(622,96,'The clinician is the professional',NULL),(623,96,'Proper boundaries cannot be defined therefore this is a moot point',NULL),(624,96,'The client may not understand proper boundaries and may not be able to defend themselves against violations',NULL),(625,96,'The counselor must report to their supervisor',NULL),(626,96,'A and C',1),(627,96,'A and D',NULL),(628,97,'True',1),(629,97,'False',NULL),(630,98,'Quid Pro Quo',NULL),(631,98,'Professional Business',NULL),(632,98,'Dual Relationship',1),(633,98,'None of the Above',NULL),(634,99,'On a need to know basis within the facility',NULL),(635,99,'Medical emergencies',NULL),(636,99,'When parents ask',NULL),(637,99,'Client information can never be disclosed without written consent',NULL),(638,99,'B and C',NULL),(639,99,'A and B',1),(640,100,'Crossed Legs',NULL),(641,100,'Standing Tall',NULL),(642,100,'Slouching',NULL),(643,100,'Red face',NULL),(644,100,'B and D',1),(645,100,'A and B',NULL),(646,101,'True',NULL),(647,101,'False',1),(648,102,'Stress and history of violence',1),(649,102,'Stress and a long marriage',NULL),(650,102,'A long marriage and a high degree of social interaction',NULL),(651,102,'A high degree of social interaction and a history of violence',NULL),(652,103,'Perception and prejudice',NULL),(653,103,'Noise',NULL),(654,103,'Language',NULL),(655,103,'All of the above',1),(656,104,'Common depression',NULL),(657,104,'bipolar disorder doesn\'t fall under the DSMIV-TR purview',NULL),(658,104,'Mood changes that last for 48 hours or less',NULL),(659,104,'Significant mood changes that last for weeks or months',1),(660,105,'True',NULL),(661,105,'False',1),(662,106,'Use',NULL),(663,106,'Abuse',1),(664,106,'Misuse',NULL),(665,106,'Addiction',NULL),(666,107,'A good idea to use as proof',NULL),(667,107,'Not a problem if the copies are lost',NULL),(668,107,'A bad idea unless needed for an important purpose.',1),(669,107,'Something that should never be done',NULL),(670,108,'True',NULL),(671,108,'False',1),(674,110,'True',NULL),(675,110,'False',1),(676,111,'True',NULL),(677,111,'False',1),(678,112,'True',1),(679,112,'False',NULL),(680,113,'True',NULL),(681,113,'False',1),(682,109,'True',1),(683,109,'False',NULL),(684,114,'It eliminates the possibility of infection',NULL),(685,114,'It helps determine the exposure risk of staff members',1),(686,114,'A and B',NULL),(687,114,'None of the above',NULL),(688,115,'Common cold, Pinkeye, Flu',1),(689,115,'Common cold, Flu, HIV',NULL),(690,115,'HIV, Common cold, Pinkeye, Flu',NULL),(691,115,'AIDS, Pinkeye, Flu',NULL),(692,116,'Health Information Property Accountability Association',NULL),(693,116,'Human Insurance Process Accumulation Act',NULL),(694,116,'Health Insurance Portability and Accountability Act',1),(695,117,'Electronic Medical Record ',NULL),(696,117,'Security ',NULL),(697,117,'HITECH',1),(698,117,'HHS',NULL),(699,118,'Medical record number',NULL),(700,118,'Telephone number',NULL),(701,118,'Fax number',NULL),(702,118,'Social security number',NULL),(703,118,'All of the above',1),(704,118,'a, b, d',NULL),(705,119,'True',NULL),(706,119,'False',1),(707,120,'Disciplinary action',NULL),(708,120,'Loss of access privileges',NULL),(709,120,'Fines and penalties',NULL),(710,120,'Imprisonment',NULL),(711,120,'All of the above',1),(712,121,'Yes, if he is an employee and you know him.',NULL),(713,121,'Yes, if your manager says that it’s okay.',NULL),(714,121,'No, sharing log-in IDs and passwords is a security violation.',1),(715,121,'a and b',NULL),(716,122,'I am only expected to complete the minimum requirements of my job.',NULL),(717,122,' A workforce member\'s access to PHI is limited to only what is needed to perform his/her responsibilities.',NULL),(718,122,'Requests for and disclosures of PHI are limited to what is needed to perform the task.',NULL),(719,122,'A medical center is no longer allowed to provide information about patients to the media under any circumstances.',NULL),(720,122,'b and c',1),(725,124,'Yes',NULL),(726,124,'No',1),(734,126,'Yes for example I may need to  communicate client information to my boss for shift change.',NULL),(735,126,'No, because the intended users phone could be lost or stolen and exposed to a third party.',1),(744,125,'Yes.  They can be used interchangeably.',NULL),(745,125,'No. Consents are used to get the patient\'s permission to use or disclose health information for treatment, payment or business operations. Authorizations are used to obtain permission to disclose PHI for activities outside the realm of treatment, payment or business operations.',1),(746,127,'State and local governments',NULL),(747,127,'Private employers',NULL),(748,127,'Employment agencies',NULL),(749,127,'Labor organizations',NULL),(750,127,'All of the above',1),(751,128,'No means of transportation',NULL),(752,128,'A criminal history',NULL),(753,128,'A physical or mental impairment that substantially limits one or more life activities',1),(754,128,'None of the above',NULL),(755,128,'All of the above',NULL),(756,129,'Sexual preference',NULL),(757,129,'Kleptomania',NULL),(758,129,'Illegal Drug use',NULL),(759,129,'All of the above',1),(764,131,'Changing a training manual',NULL),(765,131,'Letting employee sleep during work hours',NULL),(766,131,'Providing an interpreter',NULL),(767,131,'A and C',1),(768,130,'True',1),(769,130,'False',NULL),(770,132,'True',1),(771,132,'False',NULL),(772,133,'True',NULL),(773,133,'False',1),(774,134,'True',1),(775,134,'False',NULL),(776,135,'True',NULL),(777,135,'False',1),(778,136,'Walking',NULL),(779,136,'Breathing',NULL),(780,136,'Eating',NULL),(781,136,'Major bodily functions',NULL),(782,136,'All of the above',1),(783,137,'FS 387.219 (1)',NULL),(784,137,'FS 456.222 (4)',NULL),(785,137,'FS 397.419 (2)',1),(786,137,'FS 298.419 (1)',NULL),(787,138,'Organizations',NULL),(788,138,'FS 456.222 (4)',NULL),(789,138,'Supervisors',NULL),(790,138,'Risk Managers',NULL),(791,138,'All Staff',1),(792,139,'Verification of corrective action',NULL),(793,139,'Results of Root Cause Analyses',NULL),(794,139,'Provision for reporting to the Department',NULL),(795,139,'a and b',NULL),(796,139,'a and c',1),(797,140,'True',NULL),(798,140,'False',1),(799,141,'Any area of the Incident Report Form not requiring a response specific to the incident must be marked as “N/A” (Not applicable).',NULL),(800,141,'Incident Report Forms are always included in the client’s medical records on file. ',1),(801,141,'All staff members of a service provider are required to document all unusual events that occur to either a patient and/or staff member on an Incident Report Form ',NULL),(802,141,'Incident Report Forms are confidential reports ',NULL),(803,142,'Promptly report a critical incidence within 6 hours',NULL),(804,142,'Promptly report a critical incident within 24 hours',NULL),(805,142,'Promptly report a critical incident within one business day',1),(806,142,'None of the above',NULL),(807,143,'The Critical Incident Reporting System (CIRS)',NULL),(808,143,'The Critical Incident Analyses System (CIAS)',NULL),(809,143,'The Incident Analysis and Reporting System (IRAS)',NULL),(810,143,'The Incident Reporting and Analysis System (IRAS). ',1),(818,144,'True',NULL),(819,144,'False',1),(825,145,'Promptly report a critical incidence within 6 hours',NULL),(826,145,'Promptly report a critical incident within 24 hours',NULL),(827,145,'Promptly report a critical incident within one business day',1),(828,145,'None of the above',NULL),(1027,181,'a. Fines under federal law',NULL),(1028,181,'b. Losing your job',NULL),(1029,181,'c. Prison time',NULL),(1030,181,'d. Legal issues',NULL),(1031,181,'e. All of the above',1),(1032,182,'a. Is our moral but not legal obligation',NULL),(1033,182,'b. Is our legal and moral obligation',1),(1034,182,'c. Is neither our legal nor moral obligation',NULL),(1035,182,'d. Is our legal but not moral obligation',NULL),(1036,182,'e. All of the above',NULL),(1037,183,'a. Keep functions separate based on location',NULL),(1038,183,'b. Understand your role as a counselor',NULL),(1039,183,'c. By having an honest conversation with the client about your relationship',NULL),(1040,183,'d. Stay wary of possible confidentiality breaches',NULL),(1041,183,'e. All of the above',1),(1042,184,'a. A counselor\'s beliefs',NULL),(1043,184,'b. A counselor\'s moral compass',NULL),(1044,184,'c. A counselor\'s values',NULL),(1045,184,'d. A counselor\'s daily routine',1),(1046,185,'a. Basic requiring no knowledge of law and precedent',NULL),(1047,185,'b. Generally easy and apply to every client',NULL),(1048,185,'c. Nuanced making them often very difficult',1),(1049,185,'d. Cut and dried when following the law',NULL),(1050,185,'e. All of the above',NULL),(1051,186,'a. The counselor cannot make up their mind',NULL),(1052,186,'b. Counselors have more than one client',NULL),(1053,186,'c. Counselors have more than one relationship with the client',1),(1054,186,'d. The counselor is empathetic towards a client',NULL),(1055,186,'e. All of the above',NULL),(1056,187,'a. Are set by the client',NULL),(1057,187,'b. Don?t generally apply to counselors',NULL),(1058,187,'c. Were more important in the past',NULL),(1059,187,'d. Are an important part of counseling',1),(1060,187,'e. All of the above',NULL),(1066,188,'a. May require a counselor to sign an agreement to uphold certain standards.',NULL),(1067,188,'b. Are important',NULL),(1068,188,'c. Require counselor training, in most states',NULL),(1069,188,'d. Are generally self-regulated by the industry',NULL),(1070,188,'e. All of the above',1),(1071,189,'a. Are not worth understanding',NULL),(1072,189,'b. Mean that a counselor must be able to make ethical decisions on the fly.',1),(1073,189,'c. Are unavoidable but largely irrelevant.',NULL),(1074,189,'d. Don\'t exist - there are standard responses to every problem.',NULL),(1075,189,'e. All of the above',NULL),(1076,190,'a. Confidentiality',1),(1077,190,'b. Issuance of a Certificate of Financial Responsibility',NULL),(1078,190,'c. Oral records only',NULL),(1079,190,'d. Current clients only',NULL),(1080,190,'e. All of the above',NULL),(1081,191,'True',NULL),(1082,191,'False',1),(1083,192,'a. Should be encouraged',NULL),(1084,192,'b. Can increase the risk of exploitation or misinterpretation',1),(1085,192,'c. Is rarely a problem',NULL),(1086,192,'d. Can keep the client-counselor relationship more interesting',NULL),(1087,192,'e. All of the above',NULL),(1088,193,'a. Administered by the counselor with minimal client input.',NULL),(1089,193,'b. Not a part of professional ethics.',NULL),(1090,193,'c. Helpful in allowing the client to understand the direction of their treatment.',1),(1091,193,'d. Just about signing paperwork',NULL),(1092,193,'e. All of the above',NULL),(1093,194,'a. Should never be done',NULL),(1094,194,'b. Should be done with every client',NULL),(1095,194,'c. Should be done when counselor has strong belief client will benefit',1),(1096,194,'d. Should be done when the client asks a personal questions',NULL),(1097,194,'e. All of the above',NULL),(1098,195,'a. A client placing feelings about others from their lives onto the counselor',1),(1099,195,'b. A client focusing on their feelings for the counselor',NULL),(1100,195,'c. A client transferring their feelings with the feelings of the counselor',NULL),(1101,195,'d. A client falling in love with the counselor',NULL),(1102,195,'e. All of the above',NULL),(1103,196,'a. A counselor sharing their personal feelings with their client',NULL),(1104,196,'b. A counselor experiencing an emotional connection beyond what is acceptable in the client-counselor relationship.',1),(1105,196,'c. A client focusing on their feelings for the counselor',NULL),(1106,196,'d. A counselor having a dual relationship with their client',NULL),(1107,196,'e. A client placing feelings about others from their lies onto the counselor',NULL),(1108,197,'a. May make clinical mistakes',NULL),(1109,197,'b. May begin to burn out',NULL),(1110,197,'c. May cross professional boundaries',NULL),(1111,197,'d. May exploit the client',NULL),(1112,197,'e. All of the above',1),(1118,198,'a. Counselor and hair stylist',NULL),(1119,198,'b. Counselor to your best friends brother',NULL),(1120,198,'c. Counselor and supervisor',NULL),(1121,198,'d. Counselor and 12-step sponsor',NULL),(1122,198,'e. All of the above',1),(1123,199,'a. Areas a professional counselor is interested in working in',NULL),(1124,199,'b. All areas of clinical practice',NULL),(1125,199,'c. Actions that a member of the profession is trained and authorized to perform',1),(1126,199,'d. Clinical practice in areas where the counselor can receive clinical supervision',NULL),(1127,199,'e. None of the above',NULL),(1128,200,'a. Clinical, moral, legal',NULL),(1129,200,'b. Legal, moral, ethical',1),(1130,200,'c. Ethical, moral, clinical',NULL),(1131,200,'d. Ethical, legal, clinical',NULL),(1132,200,'e. None of the above',NULL),(1180,211,'True',1),(1181,211,'False',NULL),(1182,212,'Cultural Tolerance',NULL),(1183,212,'Cultural Acculturation',NULL),(1184,212,'Cultural Competence',NULL),(1185,212,'Cultural Assimilation',1),(1186,213,'African American',NULL),(1187,213,'American Indian',NULL),(1188,213,'Asian American',NULL),(1189,213,'Caucasian',1),(1190,213,'Hispanic',NULL),(1191,214,'True',NULL),(1192,214,'False',1),(1193,215,'True',1),(1194,215,'False',NULL);

--
-- Table structure for table `question`
--

CREATE TABLE `question` (
  `id` int(11) NOT NULL AUTO_INCREMENT,
  `content` text NOT NULL,
  `course_id` int(11) NOT NULL,
  `correct_answer_id` int(11) DEFAULT NULL,
  `order` int(11) DEFAULT NULL,
  PRIMARY KEY (`id`)
) ENGINE=InnoDB AUTO_INCREMENT=216 DEFAULT CHARSET=utf8;

--
-- Dumping data for table `question`
--

INSERT INTO `question` VALUES (6,'According to CDC estimates, what proportion of people in the United States who are infected with HIV are unaware of their infection?',1,5,NULL),(7,'Americans have become complacent about HIV/AIDS because:',1,8,NULL),(8,'The 2010 National AIDS Strategy has three overarching goals, one of which is:',1,12,NULL),(9,'The Florida population hardest hit by HIV/AIDS is:',1,18,NULL),(10,'Which risk groups account for 75 percent of new HIV/AIDS infections?',1,22,NULL),(11,'Higher than average rates of AIDS and other STDs among correctional populations could be reduced by following the World Health Organization recommendation to:',1,24,NULL),(12,'Florida state law requires HIV testing of inmates:',1,28,NULL),(13,'Health professionals may fail to recognize the signs of HIV/AIDS infection in seniors because:',1,32,NULL),(14,'Which body fluids have been proven to transmit HIV infection?',1,36,NULL),(15,'Which of the following would most likely transmit an HIV infection?',1,40,NULL),(16,'Coinfection with STDs such as syphilis, gonorrhea, and genital warts:',1,44,NULL),(17,'The most common and most deadly coinfection for HIV-positive individuals is:',1,48,NULL),(18,'Treatment of HIV/TB coinfected patients is:',1,52,NULL),(19,'Respiratory protection equipment for healthcare workers is:',1,56,NULL),(20,'One of the leading causes of death among HIV-infected people is:',1,60,NULL),(26,'More than 1 million people in the U.S. are living with HIV. ',3,463,NULL),(27,'AIDS and HIV are the same',3,465,NULL),(28,'You can’t always tell by appearance if someone has HIV. ',3,467,NULL),(29,'Medications can cure HIV/AIDS.',3,469,NULL),(30,'All 50 states have people living with AIDS.',3,471,NULL),(31,'HIV is transmitted through casual contact such as sharing utensils. ',3,474,NULL),(32,'Abstinence is the only 100% effective method of not acquiring HIV/AIDS               ',3,475,NULL),(33,'Health care workers should assume that the blood and other body fluids               from all patients are potentially infectious.    \r\n               ',3,477,NULL),(34,'The results of HIV antibody tests are confidential and may not be publicly disclosed except with the resident’s written permission or as otherwise provided in Chapter 384, Florida Statues.\r\n',3,479,NULL),(35,'Way to protect yourself from HIV/AIDS include: \r\n',3,485,NULL),(36,'According to CDC estimates, what proportions of people in the United States who are infected with HIV are unaware of their infection?\r\n',3,487,NULL),(37,'The Florida population hardest hit by HIV/AIDS is:',3,490,NULL),(38,'Which risk groups account for 75 percent of new HIV/AIDS infections?',3,500,NULL),(39,'Which body fluids have been proven to transmit HIV infection?',3,508,NULL),(40,'Which of the following would most likely transmit an HIV infection?',3,511,NULL),(41,'Under Florida law, parents of a child under 18:',3,515,NULL),(42,'Florida law mandates that all pregnant women:',3,533,NULL),(47,'A provider may test without consent in which of the following:',3,521,NULL),(48,'Symptoms of AIDS Dementia Complex (ADC) include:',3,526,NULL),(49,'Need to know is outlined in section 64D-.003 F.A.C. and includes but is not limited to:',3,532,NULL),(53,'Staring a client down is a sign of being in charge and can help calm an aggressive person.',4,296,NULL),(54,'The amount of space required to allow someone to feel comfortable can depend on gender, mood, familiarity, or culture. ',4,449,NULL),(55,'Apologizing to an angry client simply validates their anger and perpetuates a stressful situation.',4,300,NULL),(57,'To paraphrase means?',4,452,NULL),(58,'Active listening involves:',4,414,NULL),(59,'How should staff act when faced with an aggressive person?',4,419,NULL),(60,'Assertive Communication is based on balance and mutual respect.',4,325,NULL),(61,'What can you do when you detect a language barrier between you and a client?',4,425,NULL),(62,'Power struggles are an example of a communication barrier.',4,327,NULL),(63,'What 4 stages of crisis management were discussed and listed in the correct occurrence?',4,331,NULL),(64,'You should avoid power struggles by offering a person choices.',4,333,NULL),(65,'During which stage of crisis management would the client challenge you, push buttons and not respond to your words?',4,458,NULL),(67,'The transmission of infectious agents requires?',5,540,NULL),(68,'What is true about infection prevention and control?',5,544,NULL),(69,'Which statement is NOT true about Droplet transmission?',5,546,NULL),(70,'Which of the following is NOT an example of a Bloodborne Pathogen?',5,551,NULL),(71,'When does Vector-borne transmission occur?',5,553,NULL),(72,'To protect yourself from airborne diseases, you should?',5,557,NULL),(73,' Bloodborne pathogens can be spread through',5,565,NULL),(74,'What is considered Personal Protective Equipment?',5,569,NULL),(75,'When cleaning a spill:',5,575,NULL),(78,'How long should you wash your hands for with soap and water?',5,582,NULL),(79,'Infectious diseases are caused by',5,588,NULL),(80,'Infectious diseases are transmitted most quickly through:',5,592,NULL),(81,'What is the body fluid NOT considered infectious?',5,576,NULL),(82,'Which of the following are signs of aggression?',4,343,NULL),(83,'What is/are possible risk factors to aggression?',4,347,NULL),(85,'Verbal de-escalation is the communication skills we use during a potentially dangerous, or threatening, situation in an attempt to prevent a person from causing harm to us, themselves or others. ',4,459,NULL),(87,'Test',10,461,NULL),(88,'The most frequent mode of infection transmission in the healthcare setting is',5,596,NULL),(89,'Precautions recommended by CDC for the care of all patients is known as:',5,600,NULL),(90,'A counselor and client can enter into a personal relationship after five years has elapsed.',6,603,NULL),(91,'What is a “Dual Relationship”?',6,604,NULL),(92,'Explain the purpose of HIPAA guidelines.',6,610,NULL),(93,'What does the acronym HIPAA stand for?',6,613,NULL),(94,'Counselors who are physically attracted to clients are only trying to fulfill an unmet need in their personal life.',6,617,NULL),(95,'What is the Right of Habeas Corpus?',6,619,NULL),(96,'Give two reason why maintaining proper boundaries is the responsibility of the staff.',6,626,NULL),(97,'Anger is a choice in a range of available behaviors',6,628,NULL),(98,'Your client owns a mechanic shop and offers to repair your car for free out of appreciation for your help.  This is an example of what type of relationship?',6,632,NULL),(99,'Give two instances when client confidential information can be disclosed without their consent.',6,639,NULL),(100,'Name 2 signs of Aggression',6,644,NULL),(101,'Staring a client down is a sign of being in charge and can help to calm an aggressive person',6,647,NULL),(102,'Name 2 Risk Factors to Aggression',6,648,NULL),(103,'Which of the following can inhibit communication?',6,655,NULL),(104,'How does DSMIV-TR characterize bipolar disorder?',6,659,NULL),(105,'Apologizing to an angry client simply validates their anger and perpetuates a stressful situation',6,661,NULL),(106,'Stage 3 of susbtance dependence is',6,663,NULL),(107,'Copying confidential information is:',6,668,NULL),(108,'Behavioral Healthcare facilities are able, by law to bill insurance companies without actual written consent from client',6,671,NULL),(109,'With written permission behavioral healthcare facilities can share information with parents and spouses',6,682,NULL),(110,'After a client has been discharged from treatment for five years it is no longer necessary to have written permission to discuss information',6,675,NULL),(111,'Oral information is not protected by HIPAA guidelines',6,677,NULL),(112,'There is a fine for healthcare facilities that violate HIPAA guidelines',6,678,NULL),(113,'It is permissible to discuss specifics of cases in 12 step meetings because the meetings are confidential',6,681,NULL),(114,'Why is infection control important?',6,685,NULL),(115,'What illnesses are spread through contact? ',6,688,NULL),(116,'What does HIPAA stand for?',7,694,NULL),(117,'The __________ Act widens the scope of privacy and security protections under HIPAA for electronic protected health information (ePHI).',7,697,NULL),(118,'What is an example/examples of PHI (Protected Health Information?',7,703,NULL),(119,'It is ok to discuss a patient with my spouse of he/she won’t tell anyone.',7,706,NULL),(120,'What can happen to a person who knowingly violates patient privacy for personal gain or malicious harm?',7,711,NULL),(121,'If someone forgets his log-in ID, can I let him use mine?',7,714,NULL),(122,'What does \"minimum necessary\" mean?',7,720,NULL),(124,'Are members of your organization who are not involved in a patient\'s care allowed to review the patient\'s chart out of curiosity?',7,726,NULL),(125,'Are Consents and Authorizations the same?',7,745,NULL),(126,'Is text messaging is a secure way to transmit patient information within your facility.',7,735,NULL),(127,'Who must comply with the ADA?',8,750,NULL),(128,'According to the ADA, a person with a disability has:',8,753,NULL),(129,'What is a condition not covered by the ADA?',8,759,NULL),(130,'Under the ADA, an employer is required to make a reasonable accommodation to the known disability of a qualified applicant or employee if it does not impose “undue hardship”?',8,768,NULL),(131,'What is an example of a “reasonable accommodation”?',8,767,NULL),(132,'Under Title V, ADA prohibits coercion and retaliation to anyone who has assisted, encouraged or made a charge under the Act.',8,770,NULL),(133,'The ADA requires that organizations hire the disabled.',8,773,NULL),(134,'If an employer believes that a medical condition is causing a performance or conduct problem, it may ask the employee how to solve the problem.',8,774,NULL),(135,'According to the ADA, all people with disabilities (or even all people with the same disability) will require the same accommodation.',8,777,NULL),(136,'According to the ADA, “major life activities” include',8,782,NULL),(137,'The Florida Statute (FS) requiring a licensed public or private substance abuse service provider to create an internal quality improvement program is:',9,785,NULL),(138,'Incident Reporting is the affirmative duty of',9,791,NULL),(139,'According to Chapter 65D-30 of the Florida Administrative Code, Incident Reporting must include:',9,796,NULL),(140,'If a staff member is uncertain as to whether an event should be documented and reported, an Incident Report Form should NOT be completed.',9,798,NULL),(141,'Which of the following statements is NOT true of Incident Reporting ',9,800,NULL),(142,'When entering narrative documentation on an Incident Report Form staff MUST ',9,805,NULL),(143,'DCF has created an online reporting system called:',9,810,NULL),(144,'The DCF incident reporting procedures replace exploitation reporting protocols, as required by law. ',9,819,NULL),(145,'In accordance with The Children and Families Operating Procedure 215-6 Department licensed providers MUST',9,827,NULL),(181,'The ramifications of allowing/causing a breach in confidentiality can include:',13,1031,NULL),(182,'Adhering to confidentiality',13,1033,NULL),(183,'Some dual roles are unavoidable. How do you deal with them?',13,1041,NULL),(184,'Which of the following is not generally a basis of decision making?',13,1045,NULL),(185,'Ethical decisions in treatment are:',13,1048,NULL),(186,'Dual relationships occur when',13,1053,NULL),(187,'Boundaries',13,1059,NULL),(188,'Professional Ethics:',13,1070,NULL),(189,'Ethical Nuances',13,1072,NULL),(190,'42 CFR applies to:',13,1076,NULL),(191,'Both HIPAA and 42 CFR are concerned with client confidentiality as it relates to substance use disorder. ',13,1082,NULL),(192,'Blurring boundaries',13,1084,NULL),(193,'Informed consent is:',13,1090,NULL),(194,'Counselor self-disclosure:',13,1095,NULL),(195,'Transference is:',13,1098,NULL),(196,'Counter-transference is:',13,1104,NULL),(197,'When a counselor is not aware of transference & counter-transference issues, the counselor:',13,1112,NULL),(198,'Which of the following are examples of dual relationships?',13,1122,NULL),(199,'Scope of Practice is defined as:',13,1125,NULL),(200,'Ethical considerations can typically be viewed from which of the following three different perspectives?',13,1129,NULL),(211,'Both race and ethnicity represent cultures',15,1180,NULL),(212,'The process that represents the absorption of many different cultures into a given area',15,1185,NULL),(213,'Which of the following is not a racial and ethnic minority group',15,1189,NULL),(214,'Eye contact has a similar meaning among most cultures',15,1192,NULL),(215,'Spirituality is part of every ethnic group',15,1193,NULL);

--
-- Table structure for table `response`
--

CREATE TABLE `response` (
  `id` int(11) NOT NULL AUTO_INCREMENT,
  `user_id` int(11) unsigned NOT NULL,
  `question_id` int(11) unsigned NOT NULL,
  `course_id` int(11) unsigned NOT NULL,
  `response` varchar(60) NOT NULL,
  `attempt` int(11) NOT NULL,
  `correct` int(11) DEFAULT NULL,
  PRIMARY KEY (`id`),
  KEY `user_id` (`user_id`,`question_id`,`course_id`),
  KEY `question_id` (`question_id`),
  KEY `test_id` (`course_id`),
  KEY `response` (`response`),
  CONSTRAINT `response_ibfk_2` FOREIGN KEY (`user_id`) REFERENCES `user` (`id`) ON DELETE CASCADE ON UPDATE NO ACTION,
  CONSTRAINT `response_ibfk_4` FOREIGN KEY (`course_id`) REFERENCES `course` (`id`) ON DELETE CASCADE ON UPDATE NO ACTION
) ENGINE=InnoDB AUTO_INCREMENT=7324 DEFAULT CHARSET=utf8;

--
-- Dumping data for table `response`
--

INSERT INTO `response` VALUES (813,10,26,3,'80',1,NULL),(814,10,27,3,'84',1,NULL),(815,10,28,3,'88',1,NULL),(816,10,29,3,'92',1,NULL),(817,10,30,3,'96',1,NULL),(818,10,31,3,'101',1,NULL),(819,10,32,3,'104',1,NULL),(820,10,33,3,'108',1,NULL),(821,10,34,3,'112',1,NULL),(822,10,35,3,'430',1,1),(823,10,36,3,'121',1,NULL),(824,10,37,3,'124',1,NULL),(825,10,38,3,'130',1,NULL),(826,10,39,3,'134',1,NULL),(827,10,40,3,'137',1,NULL),(828,10,41,3,'141',1,NULL),(829,10,47,3,'150',1,NULL),(830,10,48,3,'435',1,1),(831,10,49,3,'441',1,1),(832,10,26,3,'463',2,1),(833,10,27,3,'465',2,1),(834,10,28,3,'467',2,1),(835,10,29,3,'469',2,1),(836,10,30,3,'471',2,1),(837,10,31,3,'474',2,1),(838,10,32,3,'475',2,1),(839,10,33,3,'477',2,1),(840,10,34,3,'479',2,1),(841,10,35,3,'485',2,1),(842,10,36,3,'487',2,1),(843,10,37,3,'490',2,1),(844,10,38,3,'500',2,1),(845,10,39,3,'508',2,1),(846,10,40,3,'511',2,1),(847,10,41,3,'515',2,1),(848,10,42,3,'518',2,1),(849,10,47,3,'521',2,1),(850,10,48,3,'526',2,1),(851,10,49,3,'532',2,1),(852,15,53,4,'296',1,1),(853,15,54,4,'450',1,NULL),(854,15,55,4,'299',1,NULL),(855,15,57,4,'452',1,1),(856,15,58,4,'410',1,NULL),(857,15,59,4,'419',1,1),(858,15,60,4,'325',1,1),(859,15,61,4,'425',1,1),(860,15,62,4,'327',1,1),(861,15,63,4,'329',1,NULL),(862,15,64,4,'333',1,1),(863,15,65,4,'458',1,1),(864,15,82,4,'343',1,1),(865,15,83,4,'347',1,1),(866,15,85,4,'459',1,1),(867,17,53,4,'296',1,1),(868,17,54,4,'449',1,1),(869,17,55,4,'299',1,NULL),(870,17,57,4,'452',1,1),(871,17,58,4,'414',1,1),(872,17,59,4,'419',1,1),(873,17,60,4,'325',1,1),(874,17,61,4,'425',1,1),(875,17,62,4,'327',1,1),(876,17,63,4,'331',1,1),(877,17,64,4,'333',1,1),(878,17,65,4,'458',1,1),(879,17,82,4,'343',1,1),(880,17,83,4,'347',1,1),(881,17,85,4,'459',1,1),(882,17,53,4,'296',2,1),(883,17,54,4,'449',2,1),(884,17,55,4,'299',2,NULL),(885,17,57,4,'452',2,1),(886,17,58,4,'414',2,1),(887,17,59,4,'419',2,1),(888,17,60,4,'325',2,1),(889,17,61,4,'425',2,1),(890,17,62,4,'327',2,1),(891,17,63,4,'331',2,1),(892,17,64,4,'333',2,1),(893,17,65,4,'458',2,1),(894,17,82,4,'343',2,1),(895,17,83,4,'347',2,1),(896,17,85,4,'459',2,1),(897,18,53,4,'296',1,1),(898,18,54,4,'449',1,1),(899,18,55,4,'299',1,NULL),(900,18,57,4,'452',1,1),(901,18,58,4,'414',1,1),(902,18,59,4,'419',1,1),(903,18,60,4,'325',1,1),(904,18,61,4,'425',1,1),(905,18,62,4,'328',1,NULL),(906,18,63,4,'332',1,NULL),(907,18,64,4,'333',1,1),(908,18,65,4,'455',1,NULL),(909,18,82,4,'343',1,1),(910,18,83,4,'347',1,1),(911,18,85,4,'459',1,1),(912,10,53,4,'296',1,1),(913,10,54,4,'449',1,1),(914,10,55,4,'299',1,NULL),(915,10,57,4,'452',1,1),(916,10,58,4,'414',1,1),(917,10,59,4,'419',1,1),(918,10,60,4,'325',1,1),(919,10,61,4,'425',1,1),(920,10,62,4,'327',1,1),(921,10,63,4,'332',1,NULL),(922,10,64,4,'333',1,1),(923,10,65,4,'455',1,NULL),(924,10,82,4,'343',1,1),(925,10,83,4,'347',1,1),(926,10,85,4,'459',1,1),(927,19,53,4,'296',1,1),(928,19,54,4,'449',1,1),(929,19,55,4,'300',1,1),(930,19,57,4,'452',1,1),(931,19,58,4,'414',1,1),(932,19,59,4,'419',1,1),(933,19,60,4,'325',1,1),(934,19,62,4,'327',1,1),(935,19,63,4,'331',1,1),(936,19,64,4,'333',1,1),(937,19,65,4,'458',1,1),(938,19,82,4,'343',1,1),(939,19,83,4,'347',1,1),(940,19,85,4,'459',1,1),(941,19,67,5,'540',1,1),(942,19,68,5,'544',1,1),(943,19,69,5,'546',1,1),(944,19,70,5,'551',1,1),(945,19,71,5,'553',1,1),(946,19,72,5,'557',1,1),(947,19,73,5,'565',1,1),(948,19,74,5,'569',1,1),(949,19,75,5,'575',1,1),(950,19,78,5,'582',1,1),(951,19,79,5,'588',1,1),(952,19,80,5,'592',1,1),(953,19,81,5,'576',1,1),(954,19,88,5,'596',1,1),(955,19,89,5,'600',1,1),(956,21,53,4,'296',1,1),(957,21,54,4,'449',1,1),(958,21,55,4,'300',1,1),(959,21,57,4,'452',1,1),(960,21,58,4,'413',1,NULL),(961,21,59,4,'419',1,1),(962,21,60,4,'325',1,1),(963,21,61,4,'425',1,1),(964,21,62,4,'327',1,1),(965,21,63,4,'331',1,1),(966,21,64,4,'333',1,1),(967,21,65,4,'455',1,NULL),(968,21,82,4,'343',1,1),(969,21,83,4,'347',1,1),(970,21,85,4,'459',1,1),(971,18,26,3,'463',1,1),(972,18,27,3,'465',1,1),(973,18,28,3,'467',1,1),(974,18,29,3,'469',1,1),(975,18,30,3,'471',1,1),(976,18,31,3,'474',1,1),(977,18,32,3,'476',1,NULL),(978,18,33,3,'477',1,1),(979,18,34,3,'479',1,1),(980,18,35,3,'485',1,1),(981,18,36,3,'489',1,NULL),(982,18,37,3,'490',1,1),(983,18,38,3,'500',1,1),(984,18,39,3,'508',1,1),(985,18,40,3,'511',1,1),(986,18,41,3,'517',1,NULL),(987,18,42,3,'533',1,1),(988,18,47,3,'521',1,1),(989,18,48,3,'526',1,1),(990,18,49,3,'532',1,1),(991,18,67,5,'540',1,1),(992,18,68,5,'544',1,1),(993,18,69,5,'546',1,1),(994,18,70,5,'551',1,1),(995,18,71,5,'553',1,1),(996,18,72,5,'558',1,NULL),(997,18,73,5,'565',1,1),(998,18,74,5,'569',1,1),(999,18,75,5,'575',1,1),(1000,18,78,5,'582',1,1),(1001,18,79,5,'588',1,1),(1002,18,80,5,'593',1,NULL),(1003,18,81,5,'579',1,NULL),(1004,18,88,5,'597',1,NULL),(1005,18,89,5,'600',1,1),(1006,22,53,4,'296',1,1),(1007,22,54,4,'449',1,1),(1008,22,55,4,'299',1,NULL),(1009,22,57,4,'452',1,1),(1010,22,58,4,'414',1,1),(1011,22,59,4,'419',1,1),(1012,22,60,4,'325',1,1),(1013,22,61,4,'425',1,1),(1014,22,62,4,'327',1,1),(1015,22,63,4,'331',1,1),(1016,22,64,4,'333',1,1),(1017,22,65,4,'458',1,1),(1018,22,82,4,'343',1,1),(1019,22,83,4,'347',1,1),(1020,22,85,4,'459',1,1),(1021,22,26,3,'463',1,1),(1022,22,27,3,'465',1,1),(1023,22,28,3,'467',1,1),(1024,22,29,3,'469',1,1),(1025,22,30,3,'471',1,1),(1026,22,31,3,'474',1,1),(1027,22,32,3,'475',1,1),(1028,22,33,3,'477',1,1),(1029,22,34,3,'479',1,1),(1030,22,35,3,'485',1,1),(1031,22,36,3,'487',1,1),(1032,22,37,3,'490',1,1),(1033,22,38,3,'500',1,1),(1034,22,39,3,'508',1,1),(1035,22,40,3,'511',1,1),(1036,22,41,3,'515',1,1),(1037,22,42,3,'533',1,1),(1038,22,47,3,'519',1,NULL),(1039,22,48,3,'526',1,1),(1040,22,49,3,'532',1,1),(1041,22,67,5,'540',1,1),(1042,22,68,5,'544',1,1),(1043,22,69,5,'546',1,1),(1044,22,70,5,'551',1,1),(1045,22,71,5,'553',1,1),(1046,22,72,5,'557',1,1),(1047,22,73,5,'565',1,1),(1048,22,74,5,'569',1,1),(1049,22,75,5,'575',1,1),(1050,22,78,5,'582',1,1),(1051,22,79,5,'588',1,1),(1052,22,80,5,'593',1,NULL),(1053,22,81,5,'576',1,1),(1054,22,88,5,'596',1,1),(1055,22,89,5,'600',1,1),(1056,23,53,4,'296',1,1),(1057,23,54,4,'449',1,1),(1058,23,55,4,'300',1,1),(1059,23,57,4,'452',1,1),(1060,23,58,4,'413',1,NULL),(1061,23,59,4,'419',1,1),(1062,23,60,4,'325',1,1),(1063,23,61,4,'425',1,1),(1064,23,62,4,'327',1,1),(1065,23,63,4,'331',1,1),(1066,23,64,4,'333',1,1),(1067,23,65,4,'458',1,1),(1068,23,82,4,'343',1,1),(1069,23,83,4,'347',1,1),(1070,23,85,4,'459',1,1),(1071,23,26,3,'463',1,1),(1072,23,27,3,'465',1,1),(1073,23,28,3,'468',1,NULL),(1074,23,29,3,'469',1,1),(1075,23,30,3,'471',1,1),(1076,23,31,3,'474',1,1),(1077,23,32,3,'475',1,1),(1078,23,33,3,'477',1,1),(1079,23,34,3,'479',1,1),(1080,23,35,3,'481',1,NULL),(1081,23,36,3,'487',1,1),(1082,23,37,3,'490',1,1),(1083,23,38,3,'500',1,1),(1084,23,39,3,'508',1,1),(1085,23,40,3,'511',1,1),(1086,23,41,3,'515',1,1),(1087,23,42,3,'533',1,1),(1088,23,47,3,'521',1,1),(1089,23,48,3,'526',1,1),(1090,23,49,3,'532',1,1),(1091,23,67,5,'537',1,NULL),(1092,23,68,5,'544',1,1),(1093,23,69,5,'545',1,NULL),(1094,23,70,5,'552',1,NULL),(1095,23,71,5,'553',1,1),(1096,23,72,5,'557',1,1),(1097,23,73,5,'565',1,1),(1098,23,74,5,'569',1,1),(1099,23,75,5,'575',1,1),(1100,23,78,5,'582',1,1),(1101,23,79,5,'588',1,1),(1102,23,80,5,'593',1,NULL),(1103,23,81,5,'576',1,1),(1104,23,88,5,'597',1,NULL),(1105,23,89,5,'600',1,1),(1106,23,67,5,'540',2,1),(1107,23,68,5,'544',2,1),(1108,23,69,5,'546',2,1),(1109,23,70,5,'551',2,1),(1110,23,71,5,'553',2,1),(1111,23,72,5,'557',2,1),(1112,23,73,5,'565',2,1),(1113,23,74,5,'569',2,1),(1114,23,75,5,'575',2,1),(1115,23,78,5,'582',2,1),(1116,23,79,5,'588',2,1),(1117,23,80,5,'592',2,1),(1118,23,81,5,'576',2,1),(1119,23,88,5,'596',2,1),(1120,23,89,5,'600',2,1),(1121,24,53,4,'296',1,1),(1122,24,54,4,'450',1,NULL),(1123,24,55,4,'300',1,1),(1124,24,57,4,'452',1,1),(1125,24,58,4,'413',1,NULL),(1126,24,59,4,'419',1,1),(1127,24,60,4,'325',1,1),(1128,24,61,4,'425',1,1),(1129,24,62,4,'327',1,1),(1130,24,63,4,'331',1,1),(1131,24,64,4,'333',1,1),(1132,24,65,4,'458',1,1),(1133,24,82,4,'343',1,1),(1134,24,83,4,'347',1,1),(1135,24,85,4,'459',1,1),(1136,24,26,3,'463',1,1),(1137,24,27,3,'465',1,1),(1138,24,28,3,'467',1,1),(1139,24,29,3,'469',1,1),(1140,24,30,3,'471',1,1),(1141,24,31,3,'474',1,1),(1142,24,32,3,'476',1,NULL),(1143,24,33,3,'477',1,1),(1144,24,34,3,'479',1,1),(1145,24,35,3,'485',1,1),(1146,24,36,3,'487',1,1),(1147,24,37,3,'490',1,1),(1148,24,38,3,'500',1,1),(1149,24,39,3,'508',1,1),(1150,24,40,3,'510',1,NULL),(1151,24,41,3,'514',1,NULL),(1152,24,42,3,'533',1,1),(1153,24,47,3,'521',1,1),(1154,24,48,3,'526',1,1),(1155,24,49,3,'532',1,1),(1156,24,67,5,'540',1,1),(1157,24,68,5,'544',1,1),(1158,24,69,5,'546',1,1),(1159,24,70,5,'551',1,1),(1160,24,71,5,'553',1,1),(1161,24,72,5,'558',1,NULL),(1162,24,73,5,'565',1,1),(1163,24,74,5,'569',1,1),(1164,24,75,5,'575',1,1),(1165,24,78,5,'582',1,1),(1166,24,79,5,'588',1,1),(1167,24,80,5,'593',1,NULL),(1168,24,81,5,'579',1,NULL),(1169,24,88,5,'596',1,1),(1170,24,89,5,'600',1,1),(1171,27,53,4,'296',1,1),(1172,27,54,4,'449',1,1),(1173,27,55,4,'300',1,1),(1174,27,57,4,'452',1,1),(1175,27,58,4,'414',1,1),(1176,27,59,4,'419',1,1),(1177,27,60,4,'325',1,1),(1178,27,61,4,'425',1,1),(1179,27,62,4,'327',1,1),(1180,27,63,4,'331',1,1),(1181,27,64,4,'333',1,1),(1182,27,65,4,'458',1,1),(1183,27,82,4,'343',1,1),(1184,27,83,4,'347',1,1),(1185,27,85,4,'459',1,1),(1186,27,26,3,'463',1,1),(1187,27,27,3,'465',1,1),(1188,27,28,3,'468',1,NULL),(1189,27,29,3,'469',1,1),(1190,27,30,3,'471',1,1),(1191,27,31,3,'474',1,1),(1192,27,32,3,'475',1,1),(1193,27,33,3,'477',1,1),(1194,27,34,3,'479',1,1),(1195,27,35,3,'485',1,1),(1196,27,36,3,'487',1,1),(1197,27,37,3,'490',1,1),(1198,27,38,3,'500',1,1),(1199,27,39,3,'508',1,1),(1200,27,40,3,'510',1,NULL),(1201,27,41,3,'515',1,1),(1202,27,42,3,'535',1,NULL),(1203,27,47,3,'521',1,1),(1204,27,48,3,'526',1,1),(1205,27,49,3,'532',1,1),(1206,27,67,5,'540',1,1),(1207,27,68,5,'544',1,1),(1208,27,69,5,'545',1,NULL),(1209,27,70,5,'551',1,1),(1210,27,71,5,'553',1,1),(1211,27,72,5,'557',1,1),(1212,27,73,5,'561',1,NULL),(1213,27,74,5,'569',1,1),(1214,27,75,5,'575',1,1),(1215,27,78,5,'582',1,1),(1216,27,79,5,'588',1,1),(1217,27,80,5,'593',1,NULL),(1218,27,81,5,'576',1,1),(1219,27,88,5,'597',1,NULL),(1220,27,89,5,'600',1,1),(1221,28,53,4,'296',1,1),(1222,28,55,4,'299',1,NULL),(1223,28,57,4,'452',1,1),(1224,28,58,4,'414',1,1),(1225,28,59,4,'419',1,1),(1226,28,60,4,'325',1,1),(1227,28,61,4,'424',1,NULL),(1228,28,62,4,'327',1,1),(1229,28,63,4,'331',1,1),(1230,28,64,4,'333',1,1),(1231,28,65,4,'458',1,1),(1232,28,82,4,'343',1,1),(1233,28,83,4,'347',1,1),(1234,28,85,4,'459',1,1),(1235,28,67,5,'540',1,1),(1236,28,68,5,'544',1,1),(1237,28,69,5,'546',1,1),(1238,28,70,5,'551',1,1),(1239,28,71,5,'553',1,1),(1240,28,72,5,'557',1,1),(1241,28,73,5,'565',1,1),(1242,28,74,5,'569',1,1),(1243,28,75,5,'575',1,1),(1244,28,78,5,'582',1,1),(1245,28,79,5,'588',1,1),(1246,28,80,5,'590',1,NULL),(1247,28,81,5,'576',1,1),(1248,28,88,5,'596',1,1),(1249,28,89,5,'600',1,1),(1250,28,26,3,'463',1,1),(1251,28,27,3,'465',1,1),(1252,28,28,3,'467',1,1),(1253,28,29,3,'469',1,1),(1254,28,30,3,'471',1,1),(1255,28,31,3,'474',1,1),(1256,28,32,3,'475',1,1),(1257,28,33,3,'477',1,1),(1258,28,34,3,'479',1,1),(1259,28,35,3,'485',1,1),(1260,28,36,3,'487',1,1),(1261,28,37,3,'490',1,1),(1262,28,38,3,'500',1,1),(1263,28,39,3,'508',1,1),(1264,28,40,3,'511',1,1),(1265,28,41,3,'515',1,1),(1266,28,42,3,'533',1,1),(1267,28,47,3,'519',1,NULL),(1268,28,48,3,'526',1,1),(1269,28,49,3,'532',1,1),(1270,29,53,4,'296',1,1),(1271,29,54,4,'449',1,1),(1272,29,55,4,'300',1,1),(1273,29,57,4,'452',1,1),(1274,29,58,4,'414',1,1),(1275,29,59,4,'419',1,1),(1276,29,60,4,'325',1,1),(1277,29,61,4,'425',1,1),(1278,29,62,4,'327',1,1),(1279,29,63,4,'331',1,1),(1280,29,64,4,'333',1,1),(1281,29,65,4,'458',1,1),(1282,29,82,4,'343',1,1),(1283,29,83,4,'347',1,1),(1284,29,85,4,'459',1,1),(1285,29,26,3,'463',1,1),(1286,29,27,3,'465',1,1),(1287,29,28,3,'467',1,1),(1288,29,29,3,'469',1,1),(1289,29,30,3,'471',1,1),(1290,29,31,3,'474',1,1),(1291,29,32,3,'475',1,1),(1292,29,33,3,'477',1,1),(1293,29,34,3,'479',1,1),(1294,29,35,3,'485',1,1),(1295,29,36,3,'487',1,1),(1296,29,37,3,'490',1,1),(1297,29,38,3,'500',1,1),(1298,29,39,3,'508',1,1),(1299,29,40,3,'511',1,1),(1300,29,41,3,'515',1,1),(1301,29,42,3,'533',1,1),(1302,29,47,3,'519',1,NULL),(1303,29,48,3,'526',1,1),(1304,29,49,3,'532',1,1),(1305,29,67,5,'540',1,1),(1306,29,68,5,'544',1,1),(1307,29,69,5,'546',1,1),(1308,29,70,5,'551',1,1),(1309,29,71,5,'553',1,1),(1310,29,72,5,'557',1,1),(1311,29,73,5,'565',1,1),(1312,29,74,5,'569',1,1),(1313,29,75,5,'575',1,1),(1314,29,78,5,'582',1,1),(1315,29,79,5,'588',1,1),(1316,29,80,5,'592',1,1),(1317,29,81,5,'576',1,1),(1318,29,88,5,'596',1,1),(1319,29,89,5,'600',1,1),(1320,15,26,3,'463',1,1),(1321,15,27,3,'465',1,1),(1322,15,28,3,'467',1,1),(1323,15,29,3,'469',1,1),(1324,15,30,3,'471',1,1),(1325,15,31,3,'474',1,1),(1326,15,32,3,'476',1,NULL),(1327,15,33,3,'477',1,1),(1328,15,34,3,'479',1,1),(1329,15,35,3,'485',1,1),(1330,15,36,3,'487',1,1),(1331,15,37,3,'490',1,1),(1332,15,38,3,'500',1,1),(1333,15,39,3,'508',1,1),(1334,15,40,3,'511',1,1),(1335,15,41,3,'515',1,1),(1336,15,42,3,'533',1,1),(1337,15,47,3,'521',1,1),(1338,15,48,3,'526',1,1),(1339,15,49,3,'532',1,1),(1340,15,67,5,'540',1,1),(1341,15,68,5,'544',1,1),(1342,15,69,5,'548',1,NULL),(1343,15,70,5,'551',1,1),(1344,15,71,5,'553',1,1),(1345,15,72,5,'557',1,1),(1346,15,73,5,'565',1,1),(1347,15,74,5,'569',1,1),(1348,15,75,5,'575',1,1),(1349,15,78,5,'582',1,1),(1350,15,79,5,'588',1,1),(1351,15,80,5,'592',1,1),(1352,15,81,5,'576',1,1),(1353,15,88,5,'597',1,NULL),(1354,15,89,5,'600',1,1),(1355,30,53,4,'296',1,1),(1356,30,54,4,'449',1,1),(1357,30,55,4,'300',1,1),(1358,30,57,4,'452',1,1),(1359,30,58,4,'413',1,NULL),(1360,30,59,4,'419',1,1),(1361,30,60,4,'325',1,1),(1362,30,61,4,'425',1,1),(1363,30,62,4,'327',1,1),(1364,30,63,4,'329',1,NULL),(1365,30,64,4,'333',1,1),(1366,30,65,4,'455',1,NULL),(1367,30,82,4,'343',1,1),(1368,30,83,4,'347',1,1),(1369,30,85,4,'459',1,1),(1370,31,53,4,'296',1,1),(1371,31,54,4,'449',1,1),(1372,31,55,4,'300',1,1),(1373,31,57,4,'452',1,1),(1374,31,58,4,'414',1,1),(1375,31,59,4,'419',1,1),(1376,31,60,4,'325',1,1),(1377,31,61,4,'425',1,1),(1378,31,62,4,'327',1,1),(1379,31,63,4,'331',1,1),(1380,31,64,4,'333',1,1),(1381,31,65,4,'458',1,1),(1382,31,82,4,'339',1,NULL),(1383,31,83,4,'347',1,1),(1384,31,85,4,'459',1,1),(1385,32,53,4,'296',1,1),(1386,32,54,4,'449',1,1),(1387,32,55,4,'300',1,1),(1388,32,57,4,'452',1,1),(1389,32,58,4,'414',1,1),(1390,32,59,4,'419',1,1),(1391,32,60,4,'325',1,1),(1392,32,61,4,'425',1,1),(1393,32,62,4,'327',1,1),(1394,32,63,4,'331',1,1),(1395,32,64,4,'333',1,1),(1396,32,65,4,'458',1,1),(1397,32,82,4,'343',1,1),(1398,32,83,4,'347',1,1),(1399,32,85,4,'459',1,1),(1400,32,26,3,'463',1,1),(1401,32,27,3,'465',1,1),(1402,32,28,3,'467',1,1),(1403,32,29,3,'469',1,1),(1404,32,30,3,'471',1,1),(1405,32,31,3,'474',1,1),(1406,32,32,3,'475',1,1),(1407,32,33,3,'477',1,1),(1408,32,34,3,'479',1,1),(1409,32,35,3,'485',1,1),(1410,32,36,3,'487',1,1),(1411,32,37,3,'490',1,1),(1412,32,38,3,'500',1,1),(1413,32,39,3,'508',1,1),(1414,32,40,3,'511',1,1),(1415,32,41,3,'515',1,1),(1416,32,42,3,'533',1,1),(1417,32,47,3,'521',1,1),(1418,32,48,3,'526',1,1),(1419,32,49,3,'532',1,1),(1420,32,67,5,'540',1,1),(1421,32,68,5,'544',1,1),(1422,32,69,5,'546',1,1),(1423,32,70,5,'552',1,NULL),(1424,32,71,5,'553',1,1),(1425,32,72,5,'557',1,1),(1426,32,73,5,'561',1,NULL),(1427,32,74,5,'569',1,1),(1428,32,75,5,'575',1,1),(1429,32,78,5,'580',1,NULL),(1430,32,79,5,'584',1,NULL),(1431,32,80,5,'593',1,NULL),(1432,32,81,5,'576',1,1),(1433,32,88,5,'597',1,NULL),(1434,32,89,5,'600',1,1),(1435,32,67,5,'540',2,1),(1436,32,68,5,'544',2,1),(1437,32,69,5,'546',2,1),(1438,32,70,5,'551',2,1),(1439,32,71,5,'553',2,1),(1440,32,72,5,'557',2,1),(1441,32,73,5,'561',2,NULL),(1442,32,74,5,'569',2,1),(1443,32,75,5,'575',2,1),(1444,32,78,5,'582',2,1),(1445,32,79,5,'588',2,1),(1446,32,80,5,'593',2,NULL),(1447,32,81,5,'579',2,NULL),(1448,32,88,5,'594',2,NULL),(1449,32,89,5,'600',2,1),(1450,33,53,4,'296',1,1),(1451,33,54,4,'449',1,1),(1452,33,55,4,'300',1,1),(1453,33,57,4,'452',1,1),(1454,33,58,4,'413',1,NULL),(1455,33,59,4,'419',1,1),(1456,33,60,4,'325',1,1),(1457,33,61,4,'425',1,1),(1458,33,62,4,'327',1,1),(1459,33,63,4,'331',1,1),(1460,33,64,4,'333',1,1),(1461,33,65,4,'455',1,NULL),(1462,33,82,4,'343',1,1),(1463,33,83,4,'347',1,1),(1464,33,85,4,'459',1,1),(1465,34,53,4,'296',1,1),(1466,34,54,4,'449',1,1),(1467,34,55,4,'299',1,NULL),(1468,34,57,4,'452',1,1),(1469,34,58,4,'414',1,1),(1470,34,59,4,'419',1,1),(1471,34,60,4,'325',1,1),(1472,34,61,4,'425',1,1),(1473,34,62,4,'327',1,1),(1474,34,63,4,'331',1,1),(1475,34,64,4,'333',1,1),(1476,34,65,4,'458',1,1),(1477,34,82,4,'343',1,1),(1478,34,83,4,'347',1,1),(1479,34,85,4,'459',1,1),(1480,34,26,3,'463',1,1),(1481,34,27,3,'466',1,NULL),(1482,34,28,3,'467',1,1),(1483,34,29,3,'470',1,NULL),(1484,34,30,3,'471',1,1),(1485,34,31,3,'474',1,1),(1486,34,32,3,'475',1,1),(1487,34,33,3,'477',1,1),(1488,34,34,3,'479',1,1),(1489,34,35,3,'485',1,1),(1490,34,36,3,'487',1,1),(1491,34,37,3,'490',1,1),(1492,34,38,3,'500',1,1),(1493,34,39,3,'508',1,1),(1494,34,40,3,'511',1,1),(1495,34,41,3,'515',1,1),(1496,34,42,3,'533',1,1),(1497,34,47,3,'521',1,1),(1498,34,48,3,'526',1,1),(1499,34,49,3,'532',1,1),(1500,34,67,5,'540',1,1),(1501,34,68,5,'544',1,1),(1502,34,69,5,'546',1,1),(1503,34,70,5,'552',1,NULL),(1504,34,71,5,'553',1,1),(1505,34,72,5,'557',1,1),(1506,34,73,5,'565',1,1),(1507,34,74,5,'569',1,1),(1508,34,75,5,'575',1,1),(1509,34,78,5,'582',1,1),(1510,34,79,5,'588',1,1),(1511,34,80,5,'593',1,NULL),(1512,34,81,5,'576',1,1),(1513,34,88,5,'596',1,1),(1514,34,89,5,'600',1,1),(1515,35,53,4,'296',1,1),(1516,35,54,4,'449',1,1),(1517,35,55,4,'300',1,1),(1518,35,57,4,'452',1,1),(1519,35,58,4,'413',1,NULL),(1520,35,59,4,'419',1,1),(1521,35,60,4,'325',1,1),(1522,35,61,4,'425',1,1),(1523,35,62,4,'327',1,1),(1524,35,63,4,'331',1,1),(1525,35,64,4,'333',1,1),(1526,35,65,4,'458',1,1),(1527,35,82,4,'343',1,1),(1528,35,83,4,'347',1,1),(1529,35,85,4,'459',1,1),(1530,35,26,3,'463',1,1),(1531,35,27,3,'465',1,1),(1532,35,28,3,'468',1,NULL),(1533,35,29,3,'469',1,1),(1534,35,30,3,'471',1,1),(1535,35,31,3,'474',1,1),(1536,35,32,3,'475',1,1),(1537,35,33,3,'477',1,1),(1538,35,34,3,'479',1,1),(1539,35,35,3,'485',1,1),(1540,35,36,3,'487',1,1),(1541,35,37,3,'490',1,1),(1542,35,38,3,'500',1,1),(1543,35,39,3,'508',1,1),(1544,35,40,3,'511',1,1),(1545,35,41,3,'514',1,NULL),(1546,35,42,3,'533',1,1),(1547,35,47,3,'521',1,1),(1548,35,48,3,'526',1,1),(1549,35,49,3,'527',1,NULL),(1550,36,53,4,'296',1,1),(1551,36,54,4,'449',1,1),(1552,36,55,4,'300',1,1),(1553,36,57,4,'452',1,1),(1554,36,58,4,'410',1,NULL),(1555,36,59,4,'419',1,1),(1556,36,60,4,'325',1,1),(1557,36,61,4,'425',1,1),(1558,36,62,4,'327',1,1),(1559,36,63,4,'331',1,1),(1560,36,64,4,'333',1,1),(1561,36,65,4,'455',1,NULL),(1562,36,82,4,'343',1,1),(1563,36,83,4,'347',1,1),(1564,36,85,4,'459',1,1),(1565,35,67,5,'540',1,1),(1566,35,68,5,'544',1,1),(1567,35,69,5,'548',1,NULL),(1568,35,70,5,'550',1,NULL),(1569,35,71,5,'553',1,1),(1570,35,72,5,'560',1,NULL),(1571,35,73,5,'561',1,NULL),(1572,35,74,5,'569',1,1),(1573,35,75,5,'575',1,1),(1574,35,78,5,'583',1,NULL),(1575,35,79,5,'588',1,1),(1576,35,80,5,'593',1,NULL),(1577,35,81,5,'576',1,1),(1578,35,88,5,'597',1,NULL),(1579,35,89,5,'600',1,1),(1580,35,67,5,'540',2,1),(1581,35,68,5,'541',2,NULL),(1582,35,69,5,'548',2,NULL),(1583,35,70,5,'551',2,1),(1584,35,71,5,'553',2,1),(1585,35,72,5,'558',2,NULL),(1586,35,73,5,'561',2,NULL),(1587,35,74,5,'569',2,1),(1588,35,75,5,'575',2,1),(1589,35,78,5,'582',2,1),(1590,35,79,5,'588',2,1),(1591,35,80,5,'593',2,NULL),(1592,35,81,5,'576',2,1),(1593,35,88,5,'597',2,NULL),(1594,35,89,5,'600',2,1),(1595,35,67,5,'540',3,1),(1596,35,68,5,'544',3,1),(1597,35,69,5,'546',3,1),(1598,35,70,5,'550',3,NULL),(1599,35,71,5,'553',3,1),(1600,35,72,5,'557',3,1),(1601,35,73,5,'565',3,1),(1602,35,74,5,'569',3,1),(1603,35,75,5,'575',3,1),(1604,35,78,5,'582',3,1),(1605,35,79,5,'588',3,1),(1606,35,80,5,'592',3,1),(1607,35,81,5,'576',3,1),(1608,35,88,5,'596',3,1),(1609,35,89,5,'600',3,1),(1610,36,26,3,'463',1,1),(1611,36,27,3,'466',1,NULL),(1612,36,28,3,'467',1,1),(1613,36,29,3,'469',1,1),(1614,36,30,3,'471',1,1),(1615,36,31,3,'474',1,1),(1616,36,32,3,'475',1,1),(1617,36,33,3,'477',1,1),(1618,36,34,3,'479',1,1),(1619,36,35,3,'485',1,1),(1620,36,36,3,'487',1,1),(1621,36,37,3,'490',1,1),(1622,36,38,3,'500',1,1),(1623,36,39,3,'508',1,1),(1624,36,40,3,'511',1,1),(1625,36,41,3,'514',1,NULL),(1626,36,42,3,'533',1,1),(1627,36,47,3,'521',1,1),(1628,36,48,3,'526',1,1),(1629,36,49,3,'532',1,1),(1630,36,67,5,'540',1,1),(1631,36,68,5,'544',1,1),(1632,36,69,5,'548',1,NULL),(1633,36,70,5,'550',1,NULL),(1634,36,71,5,'553',1,1),(1635,36,72,5,'557',1,1),(1636,36,73,5,'565',1,1),(1637,36,74,5,'569',1,1),(1638,36,75,5,'575',1,1),(1639,36,78,5,'582',1,1),(1640,36,79,5,'588',1,1),(1641,36,80,5,'593',1,NULL),(1642,36,81,5,'576',1,1),(1643,36,88,5,'597',1,NULL),(1644,36,89,5,'600',1,1),(1645,38,53,4,'296',1,1),(1646,38,54,4,'449',1,1),(1647,38,55,4,'300',1,1),(1648,38,57,4,'452',1,1),(1649,38,58,4,'413',1,NULL),(1650,38,59,4,'419',1,1),(1651,38,60,4,'325',1,1),(1652,38,61,4,'425',1,1),(1653,38,62,4,'327',1,1),(1654,38,63,4,'331',1,1),(1655,38,64,4,'333',1,1),(1656,38,65,4,'455',1,NULL),(1657,38,82,4,'339',1,NULL),(1658,38,83,4,'347',1,1),(1659,38,85,4,'459',1,1),(1660,37,67,5,'540',1,1),(1661,37,68,5,'544',1,1),(1662,37,69,5,'546',1,1),(1663,37,70,5,'551',1,1),(1664,37,71,5,'553',1,1),(1665,37,72,5,'558',1,NULL),(1666,37,73,5,'565',1,1),(1667,37,74,5,'569',1,1),(1668,37,75,5,'575',1,1),(1669,37,78,5,'582',1,1),(1670,37,79,5,'588',1,1),(1671,37,80,5,'593',1,NULL),(1672,37,81,5,'576',1,1),(1673,37,88,5,'597',1,NULL),(1674,37,89,5,'600',1,1),(1675,38,26,3,'463',1,1),(1676,38,27,3,'465',1,1),(1677,38,28,3,'467',1,1),(1678,38,29,3,'469',1,1),(1679,38,30,3,'471',1,1),(1680,38,31,3,'474',1,1),(1681,38,32,3,'476',1,NULL),(1682,38,33,3,'477',1,1),(1683,38,34,3,'479',1,1),(1684,38,35,3,'485',1,1),(1685,38,36,3,'487',1,1),(1686,38,37,3,'490',1,1),(1687,38,38,3,'500',1,1),(1688,38,39,3,'508',1,1),(1689,38,40,3,'511',1,1),(1690,38,41,3,'517',1,NULL),(1691,38,42,3,'533',1,1),(1692,38,47,3,'521',1,1),(1693,38,48,3,'525',1,NULL),(1694,38,49,3,'532',1,1),(1695,38,67,5,'540',1,1),(1696,38,68,5,'544',1,1),(1697,38,69,5,'548',1,NULL),(1698,38,70,5,'551',1,1),(1699,38,71,5,'553',1,1),(1700,38,72,5,'557',1,1),(1701,38,73,5,'565',1,1),(1702,38,74,5,'569',1,1),(1703,38,75,5,'575',1,1),(1704,38,78,5,'583',1,NULL),(1705,38,79,5,'588',1,1),(1706,38,80,5,'593',1,NULL),(1707,38,81,5,'576',1,1),(1708,38,88,5,'596',1,1),(1709,38,89,5,'600',1,1),(1710,37,26,3,'463',1,1),(1711,37,27,3,'465',1,1),(1712,37,28,3,'468',1,NULL),(1713,37,29,3,'469',1,1),(1714,37,30,3,'471',1,1),(1715,37,31,3,'474',1,1),(1716,37,32,3,'475',1,1),(1717,37,33,3,'477',1,1),(1718,37,34,3,'479',1,1),(1719,37,35,3,'485',1,1),(1720,37,37,3,'490',1,1),(1721,37,38,3,'500',1,1),(1722,37,39,3,'508',1,1),(1723,37,40,3,'511',1,1),(1724,37,41,3,'515',1,1),(1725,37,42,3,'533',1,1),(1726,37,47,3,'521',1,1),(1727,37,48,3,'526',1,1),(1728,37,49,3,'532',1,1),(1729,37,53,4,'296',1,1),(1730,37,54,4,'449',1,1),(1731,37,55,4,'299',1,NULL),(1732,37,57,4,'452',1,1),(1733,37,58,4,'414',1,1),(1734,37,59,4,'419',1,1),(1735,37,60,4,'325',1,1),(1736,37,61,4,'425',1,1),(1737,37,62,4,'327',1,1),(1738,37,63,4,'329',1,NULL),(1739,37,64,4,'333',1,1),(1740,37,65,4,'455',1,NULL),(1741,37,82,4,'343',1,1),(1742,37,83,4,'347',1,1),(1743,37,85,4,'459',1,1),(1744,19,26,3,'463',1,1),(1745,19,27,3,'465',1,1),(1746,19,28,3,'467',1,1),(1747,19,29,3,'469',1,1),(1748,19,30,3,'471',1,1),(1749,19,31,3,'474',1,1),(1750,19,32,3,'475',1,1),(1751,19,33,3,'477',1,1),(1752,19,34,3,'479',1,1),(1753,19,35,3,'485',1,1),(1754,19,36,3,'487',1,1),(1755,19,37,3,'490',1,1),(1756,19,38,3,'500',1,1),(1757,19,39,3,'508',1,1),(1758,19,40,3,'511',1,1),(1759,19,41,3,'515',1,1),(1760,19,42,3,'533',1,1),(1761,19,47,3,'521',1,1),(1762,19,48,3,'526',1,1),(1763,19,49,3,'532',1,1),(1764,33,67,5,'540',1,1),(1765,33,68,5,'544',1,1),(1766,33,69,5,'548',1,NULL),(1767,33,70,5,'552',1,NULL),(1768,33,71,5,'553',1,1),(1769,33,72,5,'558',1,NULL),(1770,33,73,5,'565',1,1),(1771,33,74,5,'569',1,1),(1772,33,75,5,'575',1,1),(1773,33,78,5,'582',1,1),(1774,33,79,5,'588',1,1),(1775,33,80,5,'589',1,NULL),(1776,33,81,5,'576',1,1),(1777,33,88,5,'595',1,NULL),(1778,33,89,5,'600',1,1),(1779,33,67,5,'540',2,1),(1780,33,68,5,'544',2,1),(1781,33,69,5,'548',2,NULL),(1782,33,70,5,'551',2,1),(1783,33,71,5,'553',2,1),(1784,33,72,5,'557',2,1),(1785,33,73,5,'565',2,1),(1786,33,74,5,'569',2,1),(1787,33,75,5,'575',2,1),(1788,33,78,5,'582',2,1),(1789,33,79,5,'588',2,1),(1790,33,80,5,'592',2,1),(1791,33,81,5,'576',2,1),(1792,33,88,5,'596',2,1),(1793,33,89,5,'600',2,1),(1794,33,26,3,'463',1,1),(1795,33,27,3,'465',1,1),(1796,33,28,3,'467',1,1),(1797,33,29,3,'469',1,1),(1798,33,30,3,'471',1,1),(1799,33,31,3,'474',1,1),(1800,33,32,3,'476',1,NULL),(1801,33,33,3,'477',1,1),(1802,33,34,3,'479',1,1),(1803,33,35,3,'485',1,1),(1804,33,36,3,'487',1,1),(1805,33,37,3,'490',1,1),(1806,33,38,3,'500',1,1),(1807,33,39,3,'508',1,1),(1808,33,40,3,'511',1,1),(1809,33,41,3,'515',1,1),(1810,33,42,3,'533',1,1),(1811,33,47,3,'521',1,1),(1812,33,48,3,'526',1,1),(1813,33,49,3,'527',1,NULL),(1814,30,26,3,'463',1,1),(1815,30,27,3,'465',1,1),(1816,30,28,3,'467',1,1),(1817,30,29,3,'469',1,1),(1818,30,30,3,'471',1,1),(1819,30,31,3,'474',1,1),(1820,30,32,3,'475',1,1),(1821,30,33,3,'477',1,1),(1822,30,34,3,'479',1,1),(1823,30,35,3,'485',1,1),(1824,30,36,3,'487',1,1),(1825,30,37,3,'490',1,1),(1826,30,38,3,'500',1,1),(1827,30,39,3,'508',1,1),(1828,30,40,3,'511',1,1),(1829,30,41,3,'515',1,1),(1830,30,42,3,'533',1,1),(1831,30,47,3,'521',1,1),(1832,30,48,3,'526',1,1),(1833,30,49,3,'532',1,1),(1834,39,53,4,'296',1,1),(1835,39,54,4,'449',1,1),(1836,39,55,4,'299',1,NULL),(1837,39,57,4,'452',1,1),(1838,39,58,4,'414',1,1),(1839,39,59,4,'419',1,1),(1840,39,60,4,'325',1,1),(1841,39,61,4,'425',1,1),(1842,39,62,4,'327',1,1),(1843,39,63,4,'331',1,1),(1844,39,64,4,'333',1,1),(1845,39,65,4,'458',1,1),(1846,39,82,4,'343',1,1),(1847,39,83,4,'347',1,1),(1848,39,85,4,'459',1,1),(1849,39,26,3,'463',1,1),(1850,39,27,3,'465',1,1),(1851,39,28,3,'467',1,1),(1852,39,29,3,'469',1,1),(1853,39,30,3,'471',1,1),(1854,39,31,3,'474',1,1),(1855,39,32,3,'475',1,1),(1856,39,33,3,'477',1,1),(1857,39,34,3,'479',1,1),(1858,39,35,3,'485',1,1),(1859,39,36,3,'487',1,1),(1860,39,37,3,'490',1,1),(1861,39,38,3,'500',1,1),(1862,39,39,3,'508',1,1),(1863,39,40,3,'511',1,1),(1864,39,41,3,'515',1,1),(1865,39,42,3,'533',1,1),(1866,39,47,3,'521',1,1),(1867,39,48,3,'526',1,1),(1868,39,49,3,'532',1,1),(1869,39,67,5,'540',1,1),(1870,39,68,5,'544',1,1),(1871,39,69,5,'545',1,NULL),(1872,39,70,5,'551',1,1),(1873,39,71,5,'553',1,1),(1874,39,72,5,'557',1,1),(1875,39,73,5,'565',1,1),(1876,39,74,5,'569',1,1),(1877,39,75,5,'575',1,1),(1878,39,78,5,'582',1,1),(1879,39,79,5,'588',1,1),(1880,39,80,5,'592',1,1),(1881,39,81,5,'576',1,1),(1882,39,88,5,'596',1,1),(1883,39,89,5,'600',1,1),(1884,30,67,5,'540',1,1),(1885,30,68,5,'544',1,1),(1886,30,69,5,'546',1,1),(1887,30,70,5,'551',1,1),(1888,30,71,5,'553',1,1),(1889,30,72,5,'557',1,1),(1890,30,73,5,'565',1,1),(1891,30,74,5,'569',1,1),(1892,30,75,5,'575',1,1),(1893,30,78,5,'582',1,1),(1894,30,79,5,'588',1,1),(1895,30,80,5,'592',1,1),(1896,30,81,5,'576',1,1),(1897,30,88,5,'596',1,1),(1898,30,89,5,'600',1,1),(1899,40,53,4,'296',1,1),(1900,40,54,4,'450',1,NULL),(1901,40,55,4,'300',1,1),(1902,40,57,4,'452',1,1),(1903,40,58,4,'414',1,1),(1904,40,59,4,'419',1,1),(1905,40,60,4,'325',1,1),(1906,40,61,4,'425',1,1),(1907,40,62,4,'327',1,1),(1908,40,63,4,'329',1,NULL),(1909,40,64,4,'333',1,1),(1910,40,65,4,'455',1,NULL),(1911,40,82,4,'343',1,1),(1912,40,83,4,'347',1,1),(1913,40,85,4,'459',1,1),(1914,40,26,3,'463',1,1),(1915,40,27,3,'465',1,1),(1916,40,28,3,'468',1,NULL),(1917,40,29,3,'469',1,1),(1918,40,30,3,'471',1,1),(1919,40,31,3,'474',1,1),(1920,40,32,3,'476',1,NULL),(1921,40,33,3,'477',1,1),(1922,40,34,3,'479',1,1),(1923,40,35,3,'485',1,1),(1924,40,36,3,'487',1,1),(1925,40,37,3,'490',1,1),(1926,40,38,3,'500',1,1),(1927,40,39,3,'508',1,1),(1928,40,40,3,'511',1,1),(1929,40,41,3,'514',1,NULL),(1930,40,42,3,'533',1,1),(1931,40,47,3,'521',1,1),(1932,40,48,3,'526',1,1),(1933,40,49,3,'532',1,1),(1934,40,67,5,'540',1,1),(1935,40,68,5,'544',1,1),(1936,40,70,5,'551',1,1),(1937,40,71,5,'553',1,1),(1938,40,72,5,'557',1,1),(1939,40,73,5,'564',1,NULL),(1940,40,74,5,'569',1,1),(1941,40,75,5,'575',1,1),(1942,40,78,5,'582',1,1),(1943,40,79,5,'588',1,1),(1944,40,80,5,'593',1,NULL),(1945,40,81,5,'576',1,1),(1946,40,88,5,'594',1,NULL),(1947,40,89,5,'600',1,1),(1948,41,53,4,'296',1,1),(1949,41,54,4,'449',1,1),(1950,41,55,4,'300',1,1),(1951,41,57,4,'452',1,1),(1952,41,58,4,'414',1,1),(1953,41,59,4,'419',1,1),(1954,41,60,4,'325',1,1),(1955,41,61,4,'425',1,1),(1956,41,62,4,'327',1,1),(1957,41,63,4,'329',1,NULL),(1958,41,64,4,'333',1,1),(1959,41,65,4,'455',1,NULL),(1960,41,82,4,'343',1,1),(1961,41,83,4,'347',1,1),(1962,41,85,4,'459',1,1),(1963,41,26,3,'463',1,1),(1964,41,27,3,'465',1,1),(1965,41,28,3,'468',1,NULL),(1966,41,29,3,'469',1,1),(1967,41,30,3,'471',1,1),(1968,41,31,3,'474',1,1),(1969,41,32,3,'475',1,1),(1970,41,33,3,'477',1,1),(1971,41,34,3,'479',1,1),(1972,41,35,3,'485',1,1),(1973,41,36,3,'487',1,1),(1974,41,37,3,'490',1,1),(1975,41,38,3,'500',1,1),(1976,41,39,3,'508',1,1),(1977,41,40,3,'510',1,NULL),(1978,41,41,3,'514',1,NULL),(1979,41,42,3,'533',1,1),(1980,41,47,3,'521',1,1),(1981,41,48,3,'526',1,1),(1982,41,49,3,'532',1,1),(1983,41,67,5,'540',1,1),(1984,41,68,5,'544',1,1),(1985,41,69,5,'548',1,NULL),(1986,41,70,5,'551',1,1),(1987,41,71,5,'553',1,1),(1988,41,72,5,'558',1,NULL),(1989,41,73,5,'561',1,NULL),(1990,41,74,5,'569',1,1),(1991,41,75,5,'575',1,1),(1992,41,78,5,'582',1,1),(1993,41,79,5,'588',1,1),(1994,41,80,5,'593',1,NULL),(1995,41,81,5,'576',1,1),(1996,41,88,5,'594',1,NULL),(1997,41,89,5,'600',1,1),(1998,41,67,5,'540',2,1),(1999,41,68,5,'544',2,1),(2000,41,69,5,'546',2,1),(2001,41,70,5,'551',2,1),(2002,41,71,5,'553',2,1),(2003,41,72,5,'557',2,1),(2004,41,73,5,'561',2,NULL),(2005,41,74,5,'569',2,1),(2006,41,75,5,'575',2,1),(2007,41,78,5,'582',2,1),(2008,41,79,5,'588',2,1),(2009,41,80,5,'592',2,1),(2010,41,81,5,'576',2,1),(2011,41,88,5,'596',2,1),(2012,41,89,5,'600',2,1),(2013,42,53,4,'296',1,1),(2014,42,54,4,'449',1,1),(2015,42,55,4,'300',1,1),(2016,42,57,4,'452',1,1),(2017,42,58,4,'413',1,NULL),(2018,42,59,4,'419',1,1),(2019,42,60,4,'325',1,1),(2020,42,61,4,'425',1,1),(2021,42,62,4,'327',1,1),(2022,42,63,4,'329',1,NULL),(2023,42,64,4,'333',1,1),(2024,42,65,4,'455',1,NULL),(2025,42,82,4,'343',1,1),(2026,42,83,4,'347',1,1),(2027,42,85,4,'459',1,1),(2028,42,26,3,'463',1,1),(2029,42,27,3,'465',1,1),(2030,42,28,3,'467',1,1),(2031,42,29,3,'469',1,1),(2032,42,30,3,'471',1,1),(2033,42,31,3,'474',1,1),(2034,42,32,3,'476',1,NULL),(2035,42,33,3,'477',1,1),(2036,42,34,3,'479',1,1),(2037,42,35,3,'485',1,1),(2038,42,36,3,'487',1,1),(2039,42,37,3,'490',1,1),(2040,42,38,3,'500',1,1),(2041,42,39,3,'508',1,1),(2042,42,40,3,'511',1,1),(2043,42,41,3,'514',1,NULL),(2044,42,42,3,'533',1,1),(2045,42,47,3,'521',1,1),(2046,42,48,3,'526',1,1),(2047,42,49,3,'532',1,1),(2048,42,67,5,'540',1,1),(2049,42,68,5,'544',1,1),(2050,42,69,5,'546',1,1),(2051,42,70,5,'551',1,1),(2052,42,71,5,'553',1,1),(2053,42,72,5,'557',1,1),(2054,42,73,5,'565',1,1),(2055,42,74,5,'569',1,1),(2056,42,75,5,'575',1,1),(2057,42,78,5,'582',1,1),(2058,42,79,5,'588',1,1),(2059,42,80,5,'592',1,1),(2060,42,81,5,'576',1,1),(2061,42,88,5,'596',1,1),(2062,42,89,5,'600',1,1),(2063,43,53,4,'296',1,1),(2064,43,54,4,'449',1,1),(2065,43,55,4,'299',1,NULL),(2066,43,57,4,'452',1,1),(2067,43,58,4,'413',1,NULL),(2068,43,59,4,'419',1,1),(2069,43,60,4,'325',1,1),(2070,43,61,4,'423',1,NULL),(2071,43,62,4,'327',1,1),(2072,43,63,4,'331',1,1),(2073,43,64,4,'333',1,1),(2074,43,65,4,'458',1,1),(2075,43,82,4,'343',1,1),(2076,43,83,4,'347',1,1),(2077,43,85,4,'459',1,1),(2078,43,26,3,'463',1,1),(2079,43,27,3,'465',1,1),(2080,43,28,3,'467',1,1),(2081,43,29,3,'469',1,1),(2082,43,30,3,'471',1,1),(2083,43,31,3,'474',1,1),(2084,43,32,3,'475',1,1),(2085,43,33,3,'477',1,1),(2086,43,34,3,'479',1,1),(2087,43,35,3,'485',1,1),(2088,43,36,3,'487',1,1),(2089,43,37,3,'490',1,1),(2090,43,38,3,'500',1,1),(2091,43,39,3,'508',1,1),(2092,43,40,3,'511',1,1),(2093,43,41,3,'515',1,1),(2094,43,42,3,'533',1,1),(2095,43,47,3,'521',1,1),(2096,43,48,3,'526',1,1),(2097,43,49,3,'527',1,NULL),(2098,43,67,5,'540',1,1),(2099,43,68,5,'544',1,1),(2100,43,69,5,'546',1,1),(2101,43,70,5,'552',1,NULL),(2102,43,71,5,'553',1,1),(2103,43,72,5,'557',1,1),(2104,43,73,5,'565',1,1),(2105,43,74,5,'569',1,1),(2106,43,75,5,'575',1,1),(2107,43,78,5,'582',1,1),(2108,43,79,5,'584',1,NULL),(2109,43,80,5,'592',1,1),(2110,43,81,5,'576',1,1),(2111,43,88,5,'597',1,NULL),(2112,43,89,5,'600',1,1),(2113,45,53,4,'296',1,1),(2114,45,54,4,'449',1,1),(2115,45,55,4,'300',1,1),(2116,45,57,4,'452',1,1),(2117,45,58,4,'413',1,NULL),(2118,45,59,4,'419',1,1),(2119,45,60,4,'325',1,1),(2120,45,61,4,'425',1,1),(2121,45,62,4,'327',1,1),(2122,45,63,4,'331',1,1),(2123,45,64,4,'333',1,1),(2124,45,65,4,'458',1,1),(2125,45,82,4,'343',1,1),(2126,45,83,4,'347',1,1),(2127,45,85,4,'459',1,1),(2128,45,26,3,'463',1,1),(2129,45,27,3,'466',1,NULL),(2130,45,28,3,'467',1,1),(2131,45,29,3,'469',1,1),(2132,45,30,3,'471',1,1),(2133,45,31,3,'474',1,1),(2134,45,32,3,'475',1,1),(2135,45,33,3,'477',1,1),(2136,45,34,3,'479',1,1),(2137,45,35,3,'485',1,1),(2138,45,36,3,'487',1,1),(2139,45,37,3,'490',1,1),(2140,45,38,3,'500',1,1),(2141,45,39,3,'508',1,1),(2142,45,40,3,'511',1,1),(2143,45,41,3,'515',1,1),(2144,45,42,3,'533',1,1),(2145,45,47,3,'521',1,1),(2146,45,48,3,'526',1,1),(2147,45,49,3,'532',1,1),(2148,45,67,5,'540',1,1),(2149,45,68,5,'544',1,1),(2150,45,69,5,'546',1,1),(2151,45,70,5,'551',1,1),(2152,45,71,5,'553',1,1),(2153,45,72,5,'557',1,1),(2154,45,73,5,'565',1,1),(2155,45,74,5,'569',1,1),(2156,45,75,5,'575',1,1),(2157,45,78,5,'582',1,1),(2158,45,79,5,'588',1,1),(2159,45,80,5,'592',1,1),(2160,45,81,5,'576',1,1),(2161,45,88,5,'597',1,NULL),(2162,45,89,5,'600',1,1),(2163,31,26,3,'463',1,1),(2164,31,27,3,'465',1,1),(2165,31,28,3,'467',1,1),(2166,31,29,3,'469',1,1),(2167,31,30,3,'471',1,1),(2168,31,31,3,'474',1,1),(2169,31,32,3,'475',1,1),(2170,31,33,3,'477',1,1),(2171,31,34,3,'479',1,1),(2172,31,35,3,'485',1,1),(2173,31,36,3,'487',1,1),(2174,31,37,3,'490',1,1),(2175,31,38,3,'500',1,1),(2176,31,39,3,'508',1,1),(2177,31,40,3,'511',1,1),(2178,31,41,3,'515',1,1),(2179,31,42,3,'533',1,1),(2180,31,47,3,'521',1,1),(2181,31,48,3,'526',1,1),(2182,31,49,3,'532',1,1),(2183,31,67,5,'540',1,1),(2184,31,68,5,'544',1,1),(2185,31,69,5,'546',1,1),(2186,31,70,5,'552',1,NULL),(2187,31,71,5,'553',1,1),(2188,31,72,5,'557',1,1),(2189,31,73,5,'565',1,1),(2190,31,74,5,'569',1,1),(2191,31,75,5,'575',1,1),(2192,31,78,5,'582',1,1),(2193,31,79,5,'588',1,1),(2194,31,80,5,'593',1,NULL),(2195,31,81,5,'579',1,NULL),(2196,31,88,5,'597',1,NULL),(2197,31,89,5,'600',1,1),(2198,21,67,5,'540',1,1),(2199,21,68,5,'544',1,1),(2200,21,69,5,'546',1,1),(2201,21,70,5,'552',1,NULL),(2202,21,71,5,'553',1,1),(2203,21,72,5,'557',1,1),(2204,21,73,5,'565',1,1),(2205,21,74,5,'569',1,1),(2206,21,75,5,'575',1,1),(2207,21,78,5,'582',1,1),(2208,21,79,5,'586',1,NULL),(2209,21,80,5,'593',1,NULL),(2210,21,81,5,'576',1,1),(2211,21,88,5,'596',1,1),(2212,21,89,5,'600',1,1),(2213,17,26,3,'463',1,1),(2214,17,27,3,'465',1,1),(2215,17,28,3,'467',1,1),(2216,17,29,3,'469',1,1),(2217,17,30,3,'471',1,1),(2218,17,31,3,'474',1,1),(2219,17,32,3,'475',1,1),(2220,17,33,3,'477',1,1),(2221,17,34,3,'480',1,NULL),(2222,17,35,3,'485',1,1),(2223,17,36,3,'487',1,1),(2224,17,37,3,'490',1,1),(2225,17,38,3,'500',1,1),(2226,17,39,3,'508',1,1),(2227,17,40,3,'511',1,1),(2228,17,41,3,'517',1,NULL),(2229,17,42,3,'533',1,1),(2230,17,47,3,'521',1,1),(2231,17,48,3,'526',1,1),(2232,17,49,3,'532',1,1),(2233,17,67,5,'540',1,1),(2234,17,68,5,'544',1,1),(2235,17,69,5,'548',1,NULL),(2236,17,70,5,'551',1,1),(2237,17,71,5,'553',1,1),(2238,17,72,5,'558',1,NULL),(2239,17,73,5,'561',1,NULL),(2240,17,74,5,'569',1,1),(2241,17,75,5,'575',1,1),(2242,17,78,5,'581',1,NULL),(2243,17,79,5,'588',1,1),(2244,17,80,5,'593',1,NULL),(2245,17,81,5,'576',1,1),(2246,17,88,5,'597',1,NULL),(2247,17,89,5,'600',1,1),(2248,17,67,5,'540',2,1),(2249,17,68,5,'544',2,1),(2250,17,69,5,'548',2,NULL),(2251,17,70,5,'551',2,1),(2252,17,71,5,'553',2,1),(2253,17,72,5,'557',2,1),(2254,17,73,5,'561',2,NULL),(2255,17,74,5,'569',2,1),(2256,17,75,5,'575',2,1),(2257,17,78,5,'582',2,1),(2258,17,79,5,'588',2,1),(2259,17,80,5,'593',2,NULL),(2260,17,81,5,'576',2,1),(2261,17,88,5,'597',2,NULL),(2262,17,89,5,'600',2,1),(2263,46,53,4,'296',1,1),(2264,46,54,4,'449',1,1),(2265,46,55,4,'300',1,1),(2266,46,57,4,'452',1,1),(2267,46,58,4,'414',1,1),(2268,46,59,4,'419',1,1),(2269,46,60,4,'325',1,1),(2270,46,61,4,'425',1,1),(2271,46,62,4,'327',1,1),(2272,46,63,4,'331',1,1),(2273,46,64,4,'333',1,1),(2274,46,65,4,'458',1,1),(2275,46,82,4,'343',1,1),(2276,46,83,4,'347',1,1),(2277,46,85,4,'459',1,1),(2278,46,26,3,'463',1,1),(2279,46,28,3,'467',1,1),(2280,46,29,3,'469',1,1),(2281,46,30,3,'471',1,1),(2282,46,31,3,'474',1,1),(2283,46,32,3,'475',1,1),(2284,46,33,3,'477',1,1),(2285,46,34,3,'479',1,1),(2286,46,35,3,'485',1,1),(2287,46,36,3,'487',1,1),(2288,46,37,3,'490',1,1),(2289,46,38,3,'500',1,1),(2290,46,39,3,'508',1,1),(2291,46,40,3,'511',1,1),(2292,46,41,3,'515',1,1),(2293,46,42,3,'533',1,1),(2294,46,47,3,'521',1,1),(2295,46,48,3,'526',1,1),(2296,46,49,3,'532',1,1),(2297,46,67,5,'540',1,1),(2298,46,68,5,'544',1,1),(2299,46,69,5,'546',1,1),(2300,46,70,5,'552',1,NULL),(2301,46,71,5,'553',1,1),(2302,46,72,5,'557',1,1),(2303,46,73,5,'565',1,1),(2304,46,74,5,'569',1,1),(2305,46,75,5,'575',1,1),(2306,46,78,5,'582',1,1),(2307,46,79,5,'588',1,1),(2308,46,80,5,'593',1,NULL),(2309,46,81,5,'576',1,1),(2310,46,88,5,'596',1,1),(2311,46,89,5,'600',1,1),(2312,18,116,7,'694',1,1),(2313,18,117,7,'696',1,NULL),(2314,18,118,7,'703',1,1),(2315,18,119,7,'706',1,1),(2316,18,120,7,'711',1,1),(2317,18,121,7,'714',1,1),(2318,18,122,7,'720',1,1),(2319,18,124,7,'726',1,1),(2320,18,125,7,'745',1,1),(2321,18,126,7,'735',1,1),(2322,47,53,4,'296',1,1),(2323,47,54,4,'449',1,1),(2324,47,55,4,'300',1,1),(2325,47,57,4,'452',1,1),(2326,47,58,4,'414',1,1),(2327,47,59,4,'419',1,1),(2328,47,60,4,'325',1,1),(2329,47,61,4,'424',1,NULL),(2330,47,62,4,'327',1,1),(2331,47,63,4,'331',1,1),(2332,47,64,4,'333',1,1),(2333,47,65,4,'458',1,1),(2334,47,82,4,'343',1,1),(2335,47,83,4,'347',1,1),(2336,47,85,4,'459',1,1),(2337,47,26,3,'463',1,1),(2338,47,27,3,'465',1,1),(2339,47,28,3,'467',1,1),(2340,47,29,3,'469',1,1),(2341,47,30,3,'471',1,1),(2342,47,31,3,'474',1,1),(2343,47,32,3,'475',1,1),(2344,47,33,3,'477',1,1),(2345,47,34,3,'479',1,1),(2346,47,35,3,'485',1,1),(2347,47,36,3,'487',1,1),(2348,47,37,3,'490',1,1),(2349,47,38,3,'500',1,1),(2350,47,39,3,'508',1,1),(2351,47,40,3,'511',1,1),(2352,47,41,3,'515',1,1),(2353,47,42,3,'534',1,NULL),(2354,47,47,3,'521',1,1),(2355,47,48,3,'522',1,NULL),(2356,47,49,3,'532',1,1),(2357,47,67,5,'540',1,1),(2358,47,68,5,'544',1,1),(2359,47,69,5,'548',1,NULL),(2360,47,70,5,'551',1,1),(2361,47,71,5,'553',1,1),(2362,47,72,5,'557',1,1),(2363,47,73,5,'565',1,1),(2364,47,74,5,'569',1,1),(2365,47,75,5,'575',1,1),(2366,47,78,5,'582',1,1),(2367,47,79,5,'588',1,1),(2368,47,80,5,'593',1,NULL),(2369,47,81,5,'576',1,1),(2370,47,88,5,'597',1,NULL),(2371,47,89,5,'600',1,1),(2372,18,211,15,'1180',1,1),(2373,18,212,15,'1185',1,1),(2374,18,213,15,'1189',1,1),(2375,18,214,15,'1191',1,NULL),(2376,18,215,15,'1193',1,1),(2377,49,53,4,'296',1,1),(2378,49,54,4,'449',1,1),(2379,49,57,4,'454',1,NULL),(2380,49,58,4,'414',1,1),(2381,49,59,4,'419',1,1),(2382,49,60,4,'325',1,1),(2383,49,61,4,'425',1,1),(2384,49,62,4,'327',1,1),(2385,49,63,4,'331',1,1),(2386,49,64,4,'333',1,1),(2387,49,65,4,'458',1,1),(2388,49,82,4,'343',1,1),(2389,49,83,4,'347',1,1),(2390,49,85,4,'459',1,1),(2391,49,26,3,'463',1,1),(2392,49,27,3,'465',1,1),(2393,49,28,3,'468',1,NULL),(2394,49,29,3,'470',1,NULL),(2395,49,30,3,'471',1,1),(2396,49,31,3,'474',1,1),(2397,49,32,3,'475',1,1),(2398,49,33,3,'477',1,1),(2399,49,34,3,'479',1,1),(2400,49,35,3,'485',1,1),(2401,49,36,3,'487',1,1),(2402,49,37,3,'490',1,1),(2403,49,38,3,'500',1,1),(2404,49,39,3,'508',1,1),(2405,49,40,3,'511',1,1),(2406,49,41,3,'515',1,1),(2407,49,42,3,'533',1,1),(2408,49,47,3,'521',1,1),(2409,49,48,3,'526',1,1),(2410,49,49,3,'532',1,1),(2411,49,67,5,'540',1,1),(2412,49,68,5,'544',1,1),(2413,49,69,5,'546',1,1),(2414,49,70,5,'552',1,NULL),(2415,49,71,5,'553',1,1),(2416,49,72,5,'557',1,1),(2417,49,73,5,'561',1,NULL),(2418,49,74,5,'569',1,1),(2419,49,75,5,'575',1,1),(2420,49,78,5,'582',1,1),(2421,49,79,5,'588',1,1),(2422,49,80,5,'592',1,1),(2423,49,81,5,'579',1,NULL),(2424,49,88,5,'594',1,NULL),(2425,49,89,5,'600',1,1),(2426,49,116,7,'694',1,1),(2427,49,117,7,'696',1,NULL),(2428,49,118,7,'703',1,1),(2429,49,119,7,'706',1,1),(2430,49,120,7,'711',1,1),(2431,49,121,7,'714',1,1),(2432,49,122,7,'720',1,1),(2433,49,124,7,'726',1,1),(2434,49,125,7,'745',1,1),(2435,49,126,7,'735',1,1),(2436,49,181,13,'1031',1,1),(2437,49,182,13,'1033',1,1),(2438,49,183,13,'1041',1,1),(2439,49,184,13,'1045',1,1),(2440,49,185,13,'1048',1,1),(2441,49,186,13,'1053',1,1),(2442,49,187,13,'1059',1,1),(2443,49,188,13,'1068',1,NULL),(2444,49,189,13,'1072',1,1),(2445,49,190,13,'1076',1,1),(2446,49,191,13,'1081',1,NULL),(2447,49,192,13,'1084',1,1),(2448,49,193,13,'1090',1,1),(2449,49,194,13,'1095',1,1),(2450,49,195,13,'1098',1,1),(2451,49,196,13,'1104',1,1),(2452,49,197,13,'1112',1,1),(2453,49,198,13,'1119',1,NULL),(2454,49,199,13,'1125',1,1),(2455,49,200,13,'1129',1,1),(2456,18,181,13,'1031',1,1),(2457,18,182,13,'1033',1,1),(2458,18,183,13,'1041',1,1),(2459,18,184,13,'1042',1,NULL),(2460,18,185,13,'1049',1,NULL),(2461,18,186,13,'1051',1,NULL),(2462,18,187,13,'1059',1,1),(2463,18,188,13,'1070',1,1),(2464,18,189,13,'1072',1,1),(2465,18,190,13,'1080',1,NULL),(2466,18,191,13,'1081',1,NULL),(2467,18,192,13,'1084',1,1),(2468,18,193,13,'1090',1,1),(2469,18,194,13,'1095',1,1),(2470,18,195,13,'1098',1,1),(2471,18,196,13,'1104',1,1),(2472,18,197,13,'1112',1,1),(2473,18,198,13,'1122',1,1),(2474,18,199,13,'1125',1,1),(2475,18,200,13,'1130',1,NULL),(2476,49,211,15,'1181',1,NULL),(2477,49,212,15,'1185',1,1),(2478,49,213,15,'1189',1,1),(2479,49,214,15,'1192',1,1),(2480,49,215,15,'1193',1,1),(2481,50,53,4,'296',1,1),(2482,50,54,4,'450',1,NULL),(2483,50,55,4,'299',1,NULL),(2484,50,57,4,'452',1,1),(2485,50,58,4,'414',1,1),(2486,50,59,4,'419',1,1),(2487,50,60,4,'325',1,1),(2488,50,61,4,'425',1,1),(2489,50,62,4,'327',1,1),(2490,50,63,4,'331',1,1),(2491,50,64,4,'333',1,1),(2492,50,65,4,'458',1,1),(2493,50,82,4,'343',1,1),(2494,50,83,4,'347',1,1),(2495,50,85,4,'459',1,1),(2496,50,26,3,'463',1,1),(2497,50,27,3,'465',1,1),(2498,50,28,3,'467',1,1),(2499,50,29,3,'469',1,1),(2500,50,30,3,'471',1,1),(2501,50,31,3,'474',1,1),(2502,50,32,3,'475',1,1),(2503,50,33,3,'477',1,1),(2504,50,34,3,'480',1,NULL),(2505,50,35,3,'485',1,1),(2506,50,36,3,'487',1,1),(2507,50,37,3,'490',1,1),(2508,50,38,3,'500',1,1),(2509,50,39,3,'508',1,1),(2510,50,40,3,'511',1,1),(2511,50,41,3,'515',1,1),(2512,50,42,3,'533',1,1),(2513,50,47,3,'521',1,1),(2514,50,48,3,'526',1,1),(2515,50,49,3,'532',1,1),(2516,50,67,5,'540',1,1),(2517,50,68,5,'544',1,1),(2518,50,69,5,'546',1,1),(2519,50,70,5,'551',1,1),(2520,50,71,5,'553',1,1),(2521,50,72,5,'557',1,1),(2522,50,73,5,'565',1,1),(2523,50,74,5,'569',1,1),(2524,50,75,5,'575',1,1),(2525,50,78,5,'582',1,1),(2526,50,79,5,'584',1,NULL),(2527,50,80,5,'593',1,NULL),(2528,50,81,5,'576',1,1),(2529,50,88,5,'596',1,1),(2530,50,89,5,'599',1,NULL),(2531,50,67,5,'540',2,1),(2532,50,68,5,'544',2,1),(2533,50,69,5,'546',2,1),(2534,50,70,5,'551',2,1),(2535,50,71,5,'553',2,1),(2536,50,72,5,'557',2,1),(2537,50,73,5,'565',2,1),(2538,50,74,5,'569',2,1),(2539,50,75,5,'575',2,1),(2540,50,78,5,'582',2,1),(2541,50,79,5,'584',2,NULL),(2542,50,80,5,'593',2,NULL),(2543,50,81,5,'576',2,1),(2544,50,88,5,'596',2,1),(2545,50,89,5,'599',2,NULL),(2546,50,116,7,'694',1,1),(2547,50,117,7,'697',1,1),(2548,50,118,7,'703',1,1),(2549,50,119,7,'706',1,1),(2550,50,120,7,'711',1,1),(2551,50,121,7,'714',1,1),(2552,50,122,7,'720',1,1),(2553,50,124,7,'725',1,NULL),(2554,50,125,7,'745',1,1),(2555,50,126,7,'735',1,1),(2556,50,181,13,'1031',1,1),(2557,50,182,13,'1033',1,1),(2558,50,183,13,'1040',1,NULL),(2559,50,184,13,'1045',1,1),(2560,50,185,13,'1049',1,NULL),(2561,50,186,13,'1053',1,1),(2562,50,187,13,'1059',1,1),(2563,50,188,13,'1070',1,1),(2564,50,189,13,'1072',1,1),(2565,50,190,13,'1076',1,1),(2566,50,191,13,'1081',1,NULL),(2567,50,192,13,'1084',1,1),(2568,50,193,13,'1090',1,1),(2569,50,194,13,'1095',1,1),(2570,50,195,13,'1098',1,1),(2571,50,196,13,'1104',1,1),(2572,50,197,13,'1112',1,1),(2573,50,198,13,'1122',1,1),(2574,50,199,13,'1125',1,1),(2575,50,200,13,'1129',1,1),(2576,50,211,15,'1180',1,1),(2577,50,212,15,'1184',1,NULL),(2578,50,213,15,'1189',1,1),(2579,50,214,15,'1192',1,1),(2580,50,215,15,'1194',1,NULL),(2581,50,211,15,'1180',2,1),(2582,50,212,15,'1184',2,NULL),(2583,50,213,15,'1189',2,1),(2584,50,214,15,'1192',2,1),(2585,50,215,15,'1193',2,1),(2586,27,116,7,'694',1,1),(2587,27,117,7,'697',1,1),(2588,27,118,7,'703',1,1),(2589,27,119,7,'706',1,1),(2590,27,120,7,'711',1,1),(2591,27,121,7,'714',1,1),(2592,27,122,7,'720',1,1),(2593,27,124,7,'726',1,1),(2594,27,125,7,'745',1,1),(2595,27,126,7,'735',1,1),(2596,40,116,7,'694',1,1),(2597,40,117,7,'696',1,NULL),(2598,40,118,7,'703',1,1),(2599,40,119,7,'706',1,1),(2600,40,120,7,'711',1,1),(2601,40,121,7,'715',1,NULL),(2602,40,122,7,'720',1,1),(2603,40,124,7,'726',1,1),(2604,40,125,7,'745',1,1),(2605,40,126,7,'735',1,1),(2606,41,116,7,'694',1,1),(2607,41,117,7,'696',1,NULL),(2608,41,118,7,'703',1,1),(2609,41,119,7,'706',1,1),(2610,41,120,7,'711',1,1),(2611,41,121,7,'714',1,1),(2612,41,122,7,'720',1,1),(2613,41,124,7,'726',1,1),(2614,41,125,7,'744',1,NULL),(2615,41,126,7,'735',1,1),(2616,38,116,7,'694',1,1),(2617,38,117,7,'697',1,1),(2618,38,118,7,'703',1,1),(2619,38,119,7,'706',1,1),(2620,38,120,7,'709',1,NULL),(2621,38,121,7,'714',1,1),(2622,38,122,7,'720',1,1),(2623,38,124,7,'726',1,1),(2624,38,125,7,'745',1,1),(2625,38,126,7,'735',1,1),(2626,38,181,13,'1031',1,1),(2627,38,182,13,'1033',1,1),(2628,38,183,13,'1038',1,NULL),(2629,38,184,13,'1045',1,1),(2630,38,185,13,'1047',1,NULL),(2631,38,186,13,'1053',1,1),(2632,38,187,13,'1059',1,1),(2633,38,188,13,'1070',1,1),(2634,38,189,13,'1072',1,1),(2635,38,190,13,'1080',1,NULL),(2636,38,191,13,'1081',1,NULL),(2637,38,192,13,'1084',1,1),(2638,38,193,13,'1090',1,1),(2639,38,194,13,'1096',1,NULL),(2640,38,195,13,'1098',1,1),(2641,38,196,13,'1104',1,1),(2642,38,197,13,'1112',1,1),(2643,38,198,13,'1122',1,1),(2644,38,199,13,'1125',1,1),(2645,38,200,13,'1130',1,NULL),(2646,38,211,15,'1180',1,1),(2647,38,212,15,'1183',1,NULL),(2648,38,213,15,'1189',1,1),(2649,38,214,15,'1192',1,1),(2650,38,215,15,'1193',1,1),(2651,45,116,7,'694',1,1),(2652,45,117,7,'697',1,1),(2653,45,118,7,'703',1,1),(2654,45,119,7,'706',1,1),(2655,45,120,7,'711',1,1),(2656,45,121,7,'714',1,1),(2657,45,122,7,'720',1,1),(2658,45,124,7,'726',1,1),(2659,45,125,7,'745',1,1),(2660,45,126,7,'735',1,1),(2661,33,116,7,'694',1,1),(2662,33,117,7,'697',1,1),(2663,33,118,7,'703',1,1),(2664,33,119,7,'706',1,1),(2665,33,120,7,'711',1,1),(2666,33,121,7,'714',1,1),(2667,33,122,7,'720',1,1),(2668,33,124,7,'726',1,1),(2669,33,125,7,'745',1,1),(2670,33,126,7,'735',1,1),(2671,45,181,13,'1031',1,1),(2672,45,182,13,'1033',1,1),(2673,45,183,13,'1041',1,1),(2674,45,184,13,'1045',1,1),(2675,45,185,13,'1049',1,NULL),(2676,45,186,13,'1053',1,1),(2677,45,187,13,'1059',1,1),(2678,45,188,13,'1070',1,1),(2679,45,189,13,'1072',1,1),(2680,45,190,13,'1076',1,1),(2681,45,191,13,'1081',1,NULL),(2682,45,192,13,'1084',1,1),(2683,45,193,13,'1090',1,1),(2684,45,194,13,'1095',1,1),(2685,45,195,13,'1098',1,1),(2686,45,196,13,'1104',1,1),(2687,45,197,13,'1112',1,1),(2688,45,198,13,'1122',1,1),(2689,45,199,13,'1125',1,1),(2690,45,200,13,'1129',1,1),(2691,45,181,13,'1031',2,1),(2692,45,182,13,'1033',2,1),(2693,45,183,13,'1041',2,1),(2694,45,184,13,'1045',2,1),(2695,45,185,13,'1049',2,NULL),(2696,45,186,13,'1053',2,1),(2697,45,187,13,'1059',2,1),(2698,45,188,13,'1070',2,1),(2699,45,189,13,'1072',2,1),(2700,45,190,13,'1076',2,1),(2701,45,191,13,'1081',2,NULL),(2702,45,192,13,'1084',2,1),(2703,45,193,13,'1090',2,1),(2704,45,194,13,'1095',2,1),(2705,45,195,13,'1098',2,1),(2706,45,196,13,'1104',2,1),(2707,45,197,13,'1112',2,1),(2708,45,198,13,'1122',2,1),(2709,45,199,13,'1125',2,1),(2710,45,200,13,'1129',2,1),(2711,45,181,13,'1031',3,1),(2712,45,182,13,'1033',3,1),(2713,45,183,13,'1041',3,1),(2714,45,184,13,'1045',3,1),(2715,45,185,13,'1049',3,NULL),(2716,45,186,13,'1053',3,1),(2717,45,187,13,'1059',3,1),(2718,45,188,13,'1070',3,1),(2719,45,189,13,'1072',3,1),(2720,45,190,13,'1076',3,1),(2721,45,191,13,'1081',3,NULL),(2722,45,192,13,'1084',3,1),(2723,45,193,13,'1090',3,1),(2724,45,194,13,'1095',3,1),(2725,45,195,13,'1098',3,1),(2726,45,196,13,'1104',3,1),(2727,45,197,13,'1112',3,1),(2728,45,198,13,'1122',3,1),(2729,45,199,13,'1125',3,1),(2730,45,200,13,'1129',3,1),(2731,45,181,13,'1031',4,1),(2732,45,182,13,'1033',4,1),(2733,45,183,13,'1041',4,1),(2734,45,184,13,'1045',4,1),(2735,45,185,13,'1049',4,NULL),(2736,45,186,13,'1053',4,1),(2737,45,187,13,'1059',4,1),(2738,45,188,13,'1070',4,1),(2739,45,189,13,'1072',4,1),(2740,45,190,13,'1076',4,1),(2741,45,191,13,'1081',4,NULL),(2742,45,192,13,'1084',4,1),(2743,45,193,13,'1090',4,1),(2744,45,194,13,'1095',4,1),(2745,45,195,13,'1098',4,1),(2746,45,196,13,'1104',4,1),(2747,45,197,13,'1112',4,1),(2748,45,198,13,'1122',4,1),(2749,45,199,13,'1125',4,1),(2750,45,200,13,'1129',4,1),(2751,45,211,15,'1180',1,1),(2752,45,212,15,'1185',1,1),(2753,45,213,15,'1189',1,1),(2754,45,214,15,'1192',1,1),(2755,45,215,15,'1193',1,1),(2756,33,181,13,'1031',1,1),(2757,33,182,13,'1033',1,1),(2758,33,183,13,'1041',1,1),(2759,33,184,13,'1045',1,1),(2760,33,185,13,'1048',1,1),(2761,33,186,13,'1053',1,1),(2762,33,187,13,'1059',1,1),(2763,33,188,13,'1070',1,1),(2764,33,189,13,'1072',1,1),(2765,33,190,13,'1076',1,1),(2766,33,191,13,'1081',1,NULL),(2767,33,192,13,'1084',1,1),(2768,33,193,13,'1090',1,1),(2769,33,194,13,'1095',1,1),(2770,33,195,13,'1098',1,1),(2771,33,196,13,'1104',1,1),(2772,33,197,13,'1112',1,1),(2773,33,198,13,'1122',1,1),(2774,33,199,13,'1125',1,1),(2775,33,200,13,'1129',1,1),(2776,15,116,7,'694',1,1),(2777,15,117,7,'697',1,1),(2778,15,118,7,'703',1,1),(2779,15,119,7,'706',1,1),(2780,15,120,7,'709',1,NULL),(2781,15,121,7,'714',1,1),(2782,15,122,7,'718',1,NULL),(2783,15,124,7,'726',1,1),(2784,15,125,7,'745',1,1),(2785,15,126,7,'735',1,1),(2786,15,116,7,'694',2,1),(2787,15,117,7,'697',2,1),(2788,15,118,7,'703',2,1),(2789,15,119,7,'706',2,1),(2790,15,120,7,'709',2,NULL),(2791,15,121,7,'714',2,1),(2792,15,122,7,'718',2,NULL),(2793,15,124,7,'726',2,1),(2794,15,125,7,'745',2,1),(2795,15,126,7,'735',2,1),(2796,33,211,15,'1180',1,1),(2797,33,212,15,'1183',1,NULL),(2798,33,213,15,'1189',1,1),(2799,33,214,15,'1192',1,1),(2800,33,215,15,'1193',1,1),(2801,26,67,5,'540',1,1),(2802,26,68,5,'544',1,1),(2803,26,69,5,'546',1,1),(2804,26,70,5,'552',1,NULL),(2805,26,71,5,'553',1,1),(2806,26,72,5,'557',1,1),(2807,26,73,5,'565',1,1),(2808,26,74,5,'569',1,1),(2809,26,75,5,'573',1,NULL),(2810,26,78,5,'582',1,1),(2811,26,79,5,'585',1,NULL),(2812,26,80,5,'593',1,NULL),(2813,26,81,5,'576',1,1),(2814,26,88,5,'596',1,1),(2815,26,89,5,'600',1,1),(2816,26,53,4,'296',1,1),(2817,26,54,4,'449',1,1),(2818,26,55,4,'300',1,1),(2819,26,57,4,'452',1,1),(2820,26,58,4,'410',1,NULL),(2821,26,59,4,'419',1,1),(2822,26,60,4,'325',1,1),(2823,26,61,4,'425',1,1),(2824,26,62,4,'327',1,1),(2825,26,63,4,'331',1,1),(2826,26,64,4,'333',1,1),(2827,26,65,4,'455',1,NULL),(2828,26,82,4,'343',1,1),(2829,26,83,4,'347',1,1),(2830,26,85,4,'459',1,1),(2831,26,26,3,'463',1,1),(2832,26,27,3,'465',1,1),(2833,26,28,3,'467',1,1),(2834,26,29,3,'469',1,1),(2835,26,30,3,'471',1,1),(2836,26,31,3,'474',1,1),(2837,26,32,3,'476',1,NULL),(2838,26,33,3,'477',1,1),(2839,26,34,3,'479',1,1),(2840,26,35,3,'485',1,1),(2841,26,36,3,'487',1,1),(2842,26,37,3,'490',1,1),(2843,26,38,3,'500',1,1),(2844,26,39,3,'508',1,1),(2845,26,40,3,'511',1,1),(2846,26,41,3,'517',1,NULL),(2847,26,42,3,'533',1,1),(2848,26,47,3,'521',1,1),(2849,26,48,3,'526',1,1),(2850,26,49,3,'532',1,1),(2851,25,53,4,'296',1,1),(2852,25,54,4,'449',1,1),(2853,25,55,4,'300',1,1),(2854,25,57,4,'452',1,1),(2855,25,58,4,'414',1,1),(2856,25,59,4,'419',1,1),(2857,25,60,4,'325',1,1),(2858,25,61,4,'425',1,1),(2859,25,62,4,'327',1,1),(2860,25,63,4,'331',1,1),(2861,25,64,4,'333',1,1),(2862,25,65,4,'458',1,1),(2863,25,82,4,'343',1,1),(2864,25,83,4,'347',1,1),(2865,25,85,4,'459',1,1),(2866,35,116,7,'694',1,1),(2867,35,117,7,'697',1,1),(2868,35,118,7,'704',1,NULL),(2869,35,119,7,'706',1,1),(2870,35,120,7,'711',1,1),(2871,35,121,7,'714',1,1),(2872,35,122,7,'718',1,NULL),(2873,35,124,7,'726',1,1),(2874,35,125,7,'745',1,1),(2875,35,126,7,'735',1,1),(2876,36,116,7,'694',1,1),(2877,36,117,7,'698',1,NULL),(2878,36,118,7,'699',1,NULL),(2879,36,119,7,'706',1,1),(2880,36,120,7,'711',1,1),(2881,36,121,7,'714',1,1),(2882,36,122,7,'718',1,NULL),(2883,36,124,7,'726',1,1),(2884,36,125,7,'745',1,1),(2885,36,126,7,'735',1,1),(2886,35,181,13,'1031',1,1),(2887,35,182,13,'1033',1,1),(2888,35,183,13,'1039',1,NULL),(2889,35,184,13,'1045',1,1),(2890,35,185,13,'1047',1,NULL),(2891,35,186,13,'1053',1,1),(2892,35,187,13,'1059',1,1),(2893,35,188,13,'1066',1,NULL),(2894,35,189,13,'1072',1,1),(2895,35,190,13,'1077',1,NULL),(2896,35,191,13,'1082',1,1),(2897,35,192,13,'1084',1,1),(2898,35,193,13,'1090',1,1),(2899,35,194,13,'1095',1,1),(2900,35,195,13,'1098',1,1),(2901,35,196,13,'1103',1,NULL),(2902,35,197,13,'1110',1,NULL),(2903,35,198,13,'1120',1,NULL),(2904,35,199,13,'1124',1,NULL),(2905,35,200,13,'1130',1,NULL),(2906,36,181,13,'1031',1,1),(2907,36,182,13,'1033',1,1),(2908,36,183,13,'1041',1,1),(2909,36,184,13,'1045',1,1),(2910,36,185,13,'1049',1,NULL),(2911,36,186,13,'1053',1,1),(2912,36,187,13,'1059',1,1),(2913,36,188,13,'1070',1,1),(2914,36,189,13,'1072',1,1),(2915,36,190,13,'1080',1,NULL),(2916,36,191,13,'1081',1,NULL),(2917,36,192,13,'1084',1,1),(2918,36,193,13,'1090',1,1),(2919,36,194,13,'1095',1,1),(2920,36,195,13,'1100',1,NULL),(2921,36,196,13,'1103',1,NULL),(2922,36,197,13,'1112',1,1),(2923,36,198,13,'1118',1,NULL),(2924,36,199,13,'1124',1,NULL),(2925,36,200,13,'1128',1,NULL),(2926,35,181,13,'1031',2,1),(2927,35,182,13,'1033',2,1),(2928,35,183,13,'1039',2,NULL),(2929,35,184,13,'1045',2,1),(2930,35,185,13,'1048',2,1),(2931,35,186,13,'1053',2,1),(2932,35,187,13,'1059',2,1),(2933,35,188,13,'1070',2,1),(2934,35,189,13,'1072',2,1),(2935,35,190,13,'1076',2,1),(2936,35,191,13,'1082',2,1),(2937,35,192,13,'1084',2,1),(2938,35,193,13,'1090',2,1),(2939,35,194,13,'1095',2,1),(2940,35,195,13,'1098',2,1),(2941,35,196,13,'1104',2,1),(2942,35,197,13,'1112',2,1),(2943,35,198,13,'1122',2,1),(2944,35,199,13,'1125',2,1),(2945,35,200,13,'1129',2,1),(2946,36,181,13,'1031',2,1),(2947,36,182,13,'1033',2,1),(2948,36,183,13,'1041',2,1),(2949,36,184,13,'1045',2,1),(2950,36,185,13,'1048',2,1),(2951,36,186,13,'1053',2,1),(2952,36,187,13,'1059',2,1),(2953,36,188,13,'1070',2,1),(2954,36,189,13,'1072',2,1),(2955,36,190,13,'1076',2,1),(2956,36,191,13,'1081',2,NULL),(2957,36,192,13,'1084',2,1),(2958,36,193,13,'1090',2,1),(2959,36,194,13,'1095',2,1),(2960,36,195,13,'1100',2,NULL),(2961,36,196,13,'1103',2,NULL),(2962,36,197,13,'1112',2,1),(2963,36,198,13,'1122',2,1),(2964,36,199,13,'1127',2,NULL),(2965,36,200,13,'1128',2,NULL),(2966,36,211,15,'1180',1,1),(2967,36,212,15,'1183',1,NULL),(2968,36,213,15,'1189',1,1),(2969,36,214,15,'1192',1,1),(2970,36,215,15,'1193',1,1),(2971,35,211,15,'1180',1,1),(2972,35,212,15,'1185',1,1),(2973,35,213,15,'1189',1,1),(2974,35,214,15,'1192',1,1),(2975,35,215,15,'1193',1,1),(2976,43,116,7,'694',1,1),(2977,43,117,7,'697',1,1),(2978,43,118,7,'703',1,1),(2979,43,119,7,'706',1,1),(2980,43,120,7,'711',1,1),(2981,43,121,7,'714',1,1),(2982,43,122,7,'720',1,1),(2983,43,124,7,'726',1,1),(2984,43,125,7,'745',1,1),(2985,43,126,7,'735',1,1),(2986,43,116,7,'694',2,1),(2987,43,117,7,'697',2,1),(2988,43,118,7,'703',2,1),(2989,43,119,7,'706',2,1),(2990,43,120,7,'711',2,1),(2991,43,121,7,'714',2,1),(2992,43,122,7,'720',2,1),(2993,43,124,7,'726',2,1),(2994,43,125,7,'745',2,1),(2995,43,126,7,'735',2,1),(2996,43,181,13,'1031',1,1),(2997,43,182,13,'1033',1,1),(2998,43,183,13,'1037',1,NULL),(2999,43,184,13,'1045',1,1),(3000,43,185,13,'1049',1,NULL),(3001,43,186,13,'1053',1,1),(3002,43,187,13,'1059',1,1),(3003,43,188,13,'1070',1,1),(3004,43,189,13,'1072',1,1),(3005,43,190,13,'1077',1,NULL),(3006,43,191,13,'1081',1,NULL),(3007,43,192,13,'1084',1,1),(3008,43,193,13,'1090',1,1),(3009,43,194,13,'1093',1,NULL),(3010,43,195,13,'1098',1,1),(3011,43,196,13,'1107',1,NULL),(3012,43,197,13,'1110',1,NULL),(3013,43,198,13,'1121',1,NULL),(3014,43,199,13,'1125',1,1),(3015,43,200,13,'1129',1,1),(3016,43,181,13,'1031',2,1),(3017,43,182,13,'1033',2,1),(3018,43,183,13,'1041',2,1),(3019,43,184,13,'1045',2,1),(3020,43,185,13,'1048',2,1),(3021,43,186,13,'1053',2,1),(3022,43,187,13,'1059',2,1),(3023,43,188,13,'1070',2,1),(3024,43,189,13,'1072',2,1),(3025,43,190,13,'1076',2,1),(3026,43,191,13,'1082',2,1),(3027,43,192,13,'1084',2,1),(3028,43,193,13,'1090',2,1),(3029,43,194,13,'1095',2,1),(3030,43,195,13,'1098',2,1),(3031,43,196,13,'1104',2,1),(3032,43,197,13,'1112',2,1),(3033,43,198,13,'1121',2,NULL),(3034,43,199,13,'1125',2,1),(3035,43,200,13,'1129',2,1),(3036,43,211,15,'1180',1,1),(3037,43,212,15,'1183',1,NULL),(3038,43,213,15,'1189',1,1),(3039,43,214,15,'1191',1,NULL),(3040,43,215,15,'1194',1,NULL),(3041,43,211,15,'1180',2,1),(3042,43,212,15,'1185',2,1),(3043,43,213,15,'1189',2,1),(3044,43,214,15,'1192',2,1),(3045,43,215,15,'1193',2,1),(3046,51,53,4,'296',1,1),(3047,51,54,4,'449',1,1),(3048,51,55,4,'300',1,1),(3049,51,57,4,'452',1,1),(3050,51,58,4,'414',1,1),(3051,51,59,4,'419',1,1),(3052,51,60,4,'325',1,1),(3053,51,61,4,'425',1,1),(3054,51,62,4,'327',1,1),(3055,51,63,4,'331',1,1),(3056,51,64,4,'333',1,1),(3057,51,65,4,'458',1,1),(3058,51,82,4,'343',1,1),(3059,51,83,4,'347',1,1),(3060,51,85,4,'459',1,1),(3061,51,26,3,'463',1,1),(3062,51,27,3,'465',1,1),(3063,51,28,3,'467',1,1),(3064,51,29,3,'469',1,1),(3065,51,30,3,'471',1,1),(3066,51,31,3,'474',1,1),(3067,51,32,3,'475',1,1),(3068,51,33,3,'477',1,1),(3069,51,34,3,'479',1,1),(3070,51,35,3,'485',1,1),(3071,51,36,3,'487',1,1),(3072,51,37,3,'490',1,1),(3073,51,38,3,'500',1,1),(3074,51,39,3,'508',1,1),(3075,51,40,3,'511',1,1),(3076,51,41,3,'515',1,1),(3077,51,42,3,'533',1,1),(3078,51,47,3,'521',1,1),(3079,51,48,3,'526',1,1),(3080,51,49,3,'532',1,1),(3081,51,67,5,'540',1,1),(3082,51,68,5,'544',1,1),(3083,51,69,5,'546',1,1),(3084,51,70,5,'552',1,NULL),(3085,51,71,5,'553',1,1),(3086,51,72,5,'557',1,1),(3087,51,73,5,'561',1,NULL),(3088,51,74,5,'569',1,1),(3089,51,75,5,'575',1,1),(3090,51,78,5,'582',1,1),(3091,51,79,5,'588',1,1),(3092,51,80,5,'593',1,NULL),(3093,51,81,5,'576',1,1),(3094,51,88,5,'597',1,NULL),(3095,51,89,5,'600',1,1),(3096,52,53,4,'296',1,1),(3097,52,54,4,'449',1,1),(3098,52,55,4,'300',1,1),(3099,52,57,4,'452',1,1),(3100,52,58,4,'414',1,1),(3101,52,59,4,'419',1,1),(3102,52,60,4,'325',1,1),(3103,52,61,4,'423',1,NULL),(3104,52,62,4,'327',1,1),(3105,52,63,4,'330',1,NULL),(3106,52,64,4,'333',1,1),(3107,52,65,4,'458',1,1),(3108,52,82,4,'343',1,1),(3109,52,83,4,'347',1,1),(3110,52,85,4,'459',1,1),(3111,52,53,4,'296',2,1),(3112,52,54,4,'449',2,1),(3113,52,55,4,'300',2,1),(3114,52,57,4,'452',2,1),(3115,52,58,4,'414',2,1),(3116,52,59,4,'419',2,1),(3117,52,60,4,'325',2,1),(3118,52,61,4,'423',2,NULL),(3119,52,62,4,'327',2,1),(3120,52,63,4,'330',2,NULL),(3121,52,64,4,'333',2,1),(3122,52,65,4,'458',2,1),(3123,52,82,4,'343',2,1),(3124,52,83,4,'347',2,1),(3125,52,85,4,'459',2,1),(3126,52,26,3,'463',1,1),(3127,52,27,3,'465',1,1),(3128,52,28,3,'467',1,1),(3129,52,29,3,'469',1,1),(3130,52,30,3,'471',1,1),(3131,52,31,3,'474',1,1),(3132,52,32,3,'475',1,1),(3133,52,33,3,'477',1,1),(3134,52,34,3,'479',1,1),(3135,52,35,3,'485',1,1),(3136,52,36,3,'487',1,1),(3137,52,37,3,'490',1,1),(3138,52,38,3,'500',1,1),(3139,52,39,3,'508',1,1),(3140,52,40,3,'511',1,1),(3141,52,41,3,'515',1,1),(3142,52,42,3,'533',1,1),(3143,52,47,3,'521',1,1),(3144,52,48,3,'525',1,NULL),(3145,52,49,3,'532',1,1),(3146,52,67,5,'540',1,1),(3147,52,68,5,'544',1,1),(3148,52,69,5,'546',1,1),(3149,52,70,5,'551',1,1),(3150,52,71,5,'553',1,1),(3151,52,72,5,'560',1,NULL),(3152,52,73,5,'565',1,1),(3153,52,74,5,'569',1,1),(3154,52,75,5,'575',1,1),(3155,52,78,5,'580',1,NULL),(3156,52,79,5,'588',1,1),(3157,52,80,5,'593',1,NULL),(3158,52,81,5,'576',1,1),(3159,52,88,5,'597',1,NULL),(3160,52,89,5,'600',1,1),(3161,52,116,7,'694',1,1),(3162,52,117,7,'695',1,NULL),(3163,52,118,7,'704',1,NULL),(3164,52,119,7,'706',1,1),(3165,52,120,7,'711',1,1),(3166,52,121,7,'714',1,1),(3167,52,122,7,'718',1,NULL),(3168,52,124,7,'726',1,1),(3169,52,125,7,'745',1,1),(3170,52,126,7,'735',1,1),(3171,52,181,13,'1031',1,1),(3172,52,182,13,'1033',1,1),(3173,52,183,13,'1041',1,1),(3174,52,184,13,'1045',1,1),(3175,52,185,13,'1047',1,NULL),(3176,52,186,13,'1053',1,1),(3177,52,187,13,'1059',1,1),(3178,52,188,13,'1070',1,1),(3179,52,189,13,'1072',1,1),(3180,52,190,13,'1076',1,1),(3181,52,191,13,'1081',1,NULL),(3182,52,192,13,'1084',1,1),(3183,52,193,13,'1090',1,1),(3184,52,194,13,'1095',1,1),(3185,52,195,13,'1102',1,NULL),(3186,52,196,13,'1104',1,1),(3187,52,197,13,'1112',1,1),(3188,52,198,13,'1122',1,1),(3189,52,199,13,'1125',1,1),(3190,52,200,13,'1131',1,NULL),(3191,52,211,15,'1181',1,NULL),(3192,52,212,15,'1185',1,1),(3193,52,213,15,'1186',1,NULL),(3194,52,214,15,'1192',1,1),(3195,52,215,15,'1193',1,1),(3196,52,211,15,'1180',2,1),(3197,52,212,15,'1185',2,1),(3198,52,213,15,'1186',2,NULL),(3199,52,214,15,'1192',2,1),(3200,52,215,15,'1193',2,1),(3201,52,211,15,'1180',3,1),(3202,52,212,15,'1185',3,1),(3203,52,213,15,'1186',3,NULL),(3204,52,214,15,'1192',3,1),(3205,52,215,15,'1193',3,1),(3206,34,116,7,'694',1,1),(3207,34,117,7,'697',1,1),(3208,34,118,7,'703',1,1),(3209,34,119,7,'706',1,1),(3210,34,120,7,'711',1,1),(3211,34,121,7,'714',1,1),(3212,34,122,7,'720',1,1),(3213,34,124,7,'726',1,1),(3214,34,125,7,'745',1,1),(3215,34,126,7,'735',1,1),(3216,34,181,13,'1031',1,1),(3217,34,182,13,'1033',1,1),(3218,34,183,13,'1041',1,1),(3219,34,184,13,'1045',1,1),(3220,34,185,13,'1050',1,NULL),(3221,34,186,13,'1053',1,1),(3222,34,187,13,'1059',1,1),(3223,34,188,13,'1070',1,1),(3224,34,189,13,'1072',1,1),(3225,34,190,13,'1076',1,1),(3226,34,191,13,'1081',1,NULL),(3227,34,192,13,'1084',1,1),(3228,34,193,13,'1090',1,1),(3229,34,194,13,'1093',1,NULL),(3230,34,195,13,'1098',1,1),(3231,34,196,13,'1104',1,1),(3232,34,197,13,'1112',1,1),(3233,34,198,13,'1122',1,1),(3234,34,199,13,'1125',1,1),(3235,34,200,13,'1129',1,1),(3236,34,211,15,'1180',1,1),(3237,34,212,15,'1185',1,1),(3238,34,213,15,'1189',1,1),(3239,34,214,15,'1192',1,1),(3240,34,215,15,'1193',1,1),(3241,53,53,4,'296',1,1),(3242,53,54,4,'450',1,NULL),(3243,53,55,4,'299',1,NULL),(3244,53,57,4,'452',1,1),(3245,53,58,4,'413',1,NULL),(3246,53,59,4,'419',1,1),(3247,53,60,4,'325',1,1),(3248,53,61,4,'425',1,1),(3249,53,62,4,'328',1,NULL),(3250,53,63,4,'331',1,1),(3251,53,64,4,'333',1,1),(3252,53,65,4,'458',1,1),(3253,53,82,4,'343',1,1),(3254,53,83,4,'347',1,1),(3255,53,85,4,'459',1,1),(3256,53,53,4,'296',2,1),(3257,53,54,4,'450',2,NULL),(3258,53,55,4,'299',2,NULL),(3259,53,57,4,'452',2,1),(3260,53,58,4,'414',2,1),(3261,53,59,4,'419',2,1),(3262,53,60,4,'325',2,1),(3263,53,61,4,'425',2,1),(3264,53,62,4,'328',2,NULL),(3265,53,63,4,'331',2,1),(3266,53,64,4,'334',2,NULL),(3267,53,65,4,'458',2,1),(3268,53,82,4,'343',2,1),(3269,53,83,4,'347',2,1),(3270,53,85,4,'459',2,1),(3271,53,26,3,'463',1,1),(3272,53,27,3,'465',1,1),(3273,53,28,3,'467',1,1),(3274,53,29,3,'469',1,1),(3275,53,30,3,'471',1,1),(3276,53,31,3,'474',1,1),(3277,53,32,3,'475',1,1),(3278,53,33,3,'477',1,1),(3279,53,34,3,'479',1,1),(3280,53,35,3,'485',1,1),(3281,53,36,3,'487',1,1),(3282,53,37,3,'490',1,1),(3283,53,38,3,'500',1,1),(3284,53,39,3,'508',1,1),(3285,53,40,3,'511',1,1),(3286,53,41,3,'515',1,1),(3287,53,42,3,'533',1,1),(3288,53,47,3,'521',1,1),(3289,53,48,3,'526',1,1),(3290,53,49,3,'532',1,1),(3291,37,211,15,'1180',1,1),(3292,37,212,15,'1185',1,1),(3293,37,213,15,'1189',1,1),(3294,37,214,15,'1192',1,1),(3295,37,215,15,'1193',1,1),(3296,37,181,13,'1031',1,1),(3297,37,182,13,'1033',1,1),(3298,37,183,13,'1041',1,1),(3299,37,184,13,'1045',1,1),(3300,37,185,13,'1049',1,NULL),(3301,37,186,13,'1053',1,1),(3302,37,187,13,'1059',1,1),(3303,37,188,13,'1070',1,1),(3304,37,189,13,'1072',1,1),(3305,37,190,13,'1076',1,1),(3306,37,191,13,'1081',1,NULL),(3307,37,192,13,'1084',1,1),(3308,37,193,13,'1090',1,1),(3309,37,194,13,'1095',1,1),(3310,37,195,13,'1098',1,1),(3311,37,196,13,'1104',1,1),(3312,37,197,13,'1112',1,1),(3313,37,198,13,'1122',1,1),(3314,37,199,13,'1125',1,1),(3315,37,200,13,'1129',1,1),(3316,37,116,7,'694',1,1),(3317,37,117,7,'697',1,1),(3318,37,118,7,'703',1,1),(3319,37,119,7,'706',1,1),(3320,37,120,7,'711',1,1),(3321,37,121,7,'714',1,1),(3322,37,122,7,'720',1,1),(3323,37,124,7,'726',1,1),(3324,37,125,7,'745',1,1),(3325,37,126,7,'735',1,1),(3326,28,116,7,'694',1,1),(3327,28,117,7,'697',1,1),(3328,28,118,7,'703',1,1),(3329,28,119,7,'706',1,1),(3330,28,120,7,'711',1,1),(3331,28,121,7,'714',1,1),(3332,28,122,7,'718',1,NULL),(3333,28,124,7,'726',1,1),(3334,28,125,7,'745',1,1),(3335,28,126,7,'735',1,1),(3336,27,181,13,'1031',1,1),(3337,27,182,13,'1033',1,1),(3338,27,183,13,'1041',1,1),(3339,27,184,13,'1045',1,1),(3340,27,185,13,'1049',1,NULL),(3341,27,186,13,'1053',1,1),(3342,27,187,13,'1059',1,1),(3343,27,188,13,'1070',1,1),(3344,27,189,13,'1072',1,1),(3345,27,190,13,'1080',1,NULL),(3346,27,191,13,'1081',1,NULL),(3347,27,192,13,'1084',1,1),(3348,27,193,13,'1090',1,1),(3349,27,194,13,'1095',1,1),(3350,27,195,13,'1098',1,1),(3351,27,196,13,'1104',1,1),(3352,27,197,13,'1112',1,1),(3353,27,198,13,'1122',1,1),(3354,27,199,13,'1125',1,1),(3355,27,200,13,'1129',1,1),(3356,28,181,13,'1031',1,1),(3357,28,182,13,'1033',1,1),(3358,28,183,13,'1041',1,1),(3359,28,184,13,'1045',1,1),(3360,28,185,13,'1048',1,1),(3361,28,186,13,'1053',1,1),(3362,28,187,13,'1056',1,NULL),(3363,28,188,13,'1070',1,1),(3364,28,189,13,'1073',1,NULL),(3365,28,190,13,'1076',1,1),(3366,28,191,13,'1081',1,NULL),(3367,28,192,13,'1084',1,1),(3368,28,193,13,'1090',1,1),(3369,28,194,13,'1093',1,NULL),(3370,28,195,13,'1098',1,1),(3371,28,196,13,'1104',1,1),(3372,28,197,13,'1112',1,1),(3373,28,198,13,'1120',1,NULL),(3374,28,199,13,'1125',1,1),(3375,28,200,13,'1129',1,1),(3376,27,211,15,'1180',1,1),(3377,27,212,15,'1185',1,1),(3378,27,213,15,'1189',1,1),(3379,27,214,15,'1192',1,1),(3380,27,215,15,'1193',1,1),(3381,28,211,15,'1180',1,1),(3382,28,212,15,'1185',1,1),(3383,28,213,15,'1189',1,1),(3384,28,214,15,'1192',1,1),(3385,28,215,15,'1193',1,1),(3386,42,181,13,'1031',1,1),(3387,42,182,13,'1033',1,1),(3388,42,183,13,'1041',1,1),(3389,42,184,13,'1042',1,NULL),(3390,42,185,13,'1047',1,NULL),(3391,42,186,13,'1053',1,1),(3392,42,187,13,'1059',1,1),(3393,42,188,13,'1070',1,1),(3394,42,189,13,'1073',1,NULL),(3395,42,190,13,'1076',1,1),(3396,42,191,13,'1081',1,NULL),(3397,42,192,13,'1084',1,1),(3398,42,193,13,'1090',1,1),(3399,42,194,13,'1095',1,1),(3400,42,195,13,'1100',1,NULL),(3401,42,196,13,'1104',1,1),(3402,42,197,13,'1112',1,1),(3403,42,198,13,'1122',1,1),(3404,42,199,13,'1125',1,1),(3405,42,200,13,'1128',1,NULL),(3406,40,181,13,'1031',1,1),(3407,40,182,13,'1033',1,1),(3408,40,183,13,'1041',1,1),(3409,40,184,13,'1045',1,1),(3410,40,185,13,'1047',1,NULL),(3411,40,186,13,'1053',1,1),(3412,40,187,13,'1059',1,1),(3413,40,188,13,'1070',1,1),(3414,40,189,13,'1073',1,NULL),(3415,40,190,13,'1076',1,1),(3416,40,191,13,'1082',1,1),(3417,40,192,13,'1084',1,1),(3418,40,193,13,'1090',1,1),(3419,40,194,13,'1095',1,1),(3420,40,195,13,'1098',1,1),(3421,40,196,13,'1104',1,1),(3422,40,197,13,'1112',1,1),(3423,40,198,13,'1122',1,1),(3424,40,199,13,'1125',1,1),(3425,40,200,13,'1129',1,1),(3426,25,181,13,'1031',1,1),(3427,25,182,13,'1033',1,1),(3428,25,183,13,'1041',1,1),(3429,25,184,13,'1045',1,1),(3430,25,185,13,'1048',1,1),(3431,25,186,13,'1053',1,1),(3432,25,187,13,'1059',1,1),(3433,25,188,13,'1070',1,1),(3434,25,189,13,'1073',1,NULL),(3435,25,190,13,'1076',1,1),(3436,25,191,13,'1082',1,1),(3437,25,192,13,'1084',1,1),(3438,25,193,13,'1090',1,1),(3439,25,194,13,'1095',1,1),(3440,25,195,13,'1098',1,1),(3441,25,196,13,'1104',1,1),(3442,25,197,13,'1112',1,1),(3443,25,198,13,'1122',1,1),(3444,25,199,13,'1125',1,1),(3445,25,200,13,'1129',1,1),(3446,40,211,15,'1180',1,1),(3447,40,212,15,'1183',1,NULL),(3448,40,213,15,'1189',1,1),(3449,40,214,15,'1191',1,NULL),(3450,40,215,15,'1193',1,1),(3451,40,211,15,'1180',2,1),(3452,40,212,15,'1185',2,1),(3453,40,213,15,'1189',2,1),(3454,40,214,15,'1192',2,1),(3455,40,215,15,'1193',2,1),(3456,25,211,15,'1180',1,1),(3457,25,212,15,'1185',1,1),(3458,25,213,15,'1189',1,1),(3459,25,214,15,'1192',1,1),(3460,25,215,15,'1193',1,1),(3461,24,116,7,'694',1,1),(3462,24,117,7,'697',1,1),(3463,24,118,7,'703',1,1),(3464,24,119,7,'706',1,1),(3465,24,120,7,'709',1,NULL),(3466,24,121,7,'714',1,1),(3467,24,122,7,'720',1,1),(3468,24,124,7,'726',1,1),(3469,24,125,7,'744',1,NULL),(3470,24,126,7,'735',1,1),(3471,24,181,13,'1031',1,1),(3472,24,182,13,'1033',1,1),(3473,24,183,13,'1041',1,1),(3474,24,184,13,'1045',1,1),(3475,24,185,13,'1048',1,1),(3476,24,186,13,'1053',1,1),(3477,24,187,13,'1059',1,1),(3478,24,188,13,'1070',1,1),(3479,24,189,13,'1073',1,NULL),(3480,24,190,13,'1076',1,1),(3481,24,191,13,'1082',1,1),(3482,24,192,13,'1084',1,1),(3483,24,193,13,'1090',1,1),(3484,24,194,13,'1095',1,1),(3485,24,195,13,'1098',1,1),(3486,24,196,13,'1104',1,1),(3487,24,197,13,'1112',1,1),(3488,24,198,13,'1122',1,1),(3489,24,199,13,'1125',1,1),(3490,24,200,13,'1129',1,1),(3491,24,211,15,'1181',1,NULL),(3492,24,212,15,'1185',1,1),(3493,24,213,15,'1189',1,1),(3494,24,214,15,'1192',1,1),(3495,24,215,15,'1193',1,1),(3496,25,116,7,'694',1,1),(3497,25,117,7,'697',1,1),(3498,25,118,7,'703',1,1),(3499,25,119,7,'706',1,1),(3500,25,120,7,'709',1,NULL),(3501,25,121,7,'714',1,1),(3502,25,122,7,'720',1,1),(3503,25,124,7,'726',1,1),(3504,25,125,7,'744',1,NULL),(3505,25,126,7,'734',1,NULL),(3506,25,26,3,'463',1,1),(3507,25,27,3,'465',1,1),(3508,25,28,3,'467',1,1),(3509,25,29,3,'469',1,1),(3510,25,30,3,'471',1,1),(3511,25,31,3,'474',1,1),(3512,25,32,3,'475',1,1),(3513,25,33,3,'477',1,1),(3514,25,34,3,'479',1,1),(3515,25,35,3,'485',1,1),(3516,25,36,3,'487',1,1),(3517,25,37,3,'490',1,1),(3518,25,38,3,'500',1,1),(3519,25,39,3,'508',1,1),(3520,25,40,3,'511',1,1),(3521,25,41,3,'517',1,NULL),(3522,25,42,3,'533',1,1),(3523,25,47,3,'521',1,1),(3524,25,48,3,'526',1,1),(3525,25,49,3,'532',1,1),(3526,25,67,5,'540',1,1),(3527,25,68,5,'544',1,1),(3528,25,69,5,'546',1,1),(3529,25,70,5,'551',1,1),(3530,25,71,5,'553',1,1),(3531,25,72,5,'558',1,NULL),(3532,25,73,5,'565',1,1),(3533,25,74,5,'569',1,1),(3534,25,75,5,'575',1,1),(3535,25,78,5,'582',1,1),(3536,25,79,5,'588',1,1),(3537,25,80,5,'592',1,1),(3538,25,81,5,'579',1,NULL),(3539,25,88,5,'597',1,NULL),(3540,25,89,5,'600',1,1),(3541,41,181,13,'1031',1,1),(3542,41,182,13,'1033',1,1),(3543,41,183,13,'1041',1,1),(3544,41,184,13,'1045',1,1),(3545,41,185,13,'1048',1,1),(3546,41,186,13,'1053',1,1),(3547,41,187,13,'1060',1,NULL),(3548,41,188,13,'1070',1,1),(3549,41,189,13,'1074',1,NULL),(3550,41,190,13,'1076',1,1),(3551,41,191,13,'1082',1,1),(3552,41,192,13,'1085',1,NULL),(3553,41,193,13,'1090',1,1),(3554,41,194,13,'1095',1,1),(3555,41,195,13,'1098',1,1),(3556,41,196,13,'1104',1,1),(3557,41,197,13,'1112',1,1),(3558,41,198,13,'1122',1,1),(3559,41,199,13,'1125',1,1),(3560,41,200,13,'1129',1,1),(3561,41,211,15,'1180',1,1),(3562,41,212,15,'1183',1,NULL),(3563,41,213,15,'1189',1,1),(3564,41,214,15,'1191',1,NULL),(3565,41,215,15,'1193',1,1),(3566,41,211,15,'1180',2,1),(3567,41,212,15,'1185',2,1),(3568,41,213,15,'1189',2,1),(3569,41,214,15,'1192',2,1),(3570,41,215,15,'1193',2,1),(3571,54,26,3,'463',1,1),(3572,54,27,3,'465',1,1),(3573,54,28,3,'467',1,1),(3574,54,29,3,'469',1,1),(3575,54,30,3,'471',1,1),(3576,54,31,3,'474',1,1),(3577,54,32,3,'475',1,1),(3578,54,33,3,'477',1,1),(3579,54,34,3,'479',1,1),(3580,54,35,3,'485',1,1),(3581,54,36,3,'487',1,1),(3582,54,37,3,'492',1,NULL),(3583,54,38,3,'500',1,1),(3584,54,39,3,'508',1,1),(3585,54,40,3,'511',1,1),(3586,54,41,3,'515',1,1),(3587,54,42,3,'533',1,1),(3588,54,47,3,'521',1,1),(3589,54,48,3,'526',1,1),(3590,54,49,3,'532',1,1),(3591,54,67,5,'540',1,1),(3592,54,68,5,'544',1,1),(3593,54,69,5,'546',1,1),(3594,54,70,5,'551',1,1),(3595,54,71,5,'553',1,1),(3596,54,72,5,'557',1,1),(3597,54,73,5,'565',1,1),(3598,54,74,5,'569',1,1),(3599,54,75,5,'575',1,1),(3600,54,78,5,'582',1,1),(3601,54,79,5,'588',1,1),(3602,54,80,5,'592',1,1),(3603,54,81,5,'576',1,1),(3604,54,88,5,'596',1,1),(3605,54,89,5,'600',1,1),(3606,54,116,7,'694',1,1),(3607,54,117,7,'697',1,1),(3608,54,118,7,'704',1,NULL),(3609,54,119,7,'706',1,1),(3610,54,120,7,'711',1,1),(3611,54,121,7,'714',1,1),(3612,54,122,7,'720',1,1),(3613,54,124,7,'726',1,1),(3614,54,125,7,'745',1,1),(3615,54,126,7,'734',1,NULL),(3616,42,116,7,'694',1,1),(3617,42,117,7,'697',1,1),(3618,42,118,7,'703',1,1),(3619,42,119,7,'706',1,1),(3620,42,120,7,'711',1,1),(3621,42,121,7,'714',1,1),(3622,42,122,7,'720',1,1),(3623,42,124,7,'726',1,1),(3624,42,125,7,'745',1,1),(3625,42,126,7,'735',1,1),(3626,42,211,15,'1180',1,1),(3627,42,212,15,'1185',1,1),(3628,42,213,15,'1189',1,1),(3629,42,214,15,'1192',1,1),(3630,42,215,15,'1193',1,1),(3631,55,53,4,'296',1,1),(3632,55,54,4,'449',1,1),(3633,55,55,4,'300',1,1),(3634,55,57,4,'452',1,1),(3635,55,58,4,'414',1,1),(3636,55,59,4,'419',1,1),(3637,55,60,4,'325',1,1),(3638,55,61,4,'425',1,1),(3639,55,62,4,'327',1,1),(3640,55,63,4,'331',1,1),(3641,55,64,4,'333',1,1),(3642,55,65,4,'458',1,1),(3643,55,82,4,'343',1,1),(3644,55,83,4,'347',1,1),(3645,55,85,4,'459',1,1),(3646,55,26,3,'463',1,1),(3647,55,27,3,'465',1,1),(3648,55,28,3,'467',1,1),(3649,55,29,3,'469',1,1),(3650,55,30,3,'471',1,1),(3651,55,31,3,'474',1,1),(3652,55,32,3,'475',1,1),(3653,55,33,3,'477',1,1),(3654,55,34,3,'479',1,1),(3655,55,35,3,'485',1,1),(3656,55,36,3,'487',1,1),(3657,55,37,3,'490',1,1),(3658,55,38,3,'500',1,1),(3659,55,39,3,'508',1,1),(3660,55,40,3,'511',1,1),(3661,55,41,3,'515',1,1),(3662,55,42,3,'533',1,1),(3663,55,47,3,'521',1,1),(3664,55,48,3,'526',1,1),(3665,55,49,3,'532',1,1),(3666,19,116,7,'694',1,1),(3667,19,117,7,'697',1,1),(3668,19,118,7,'703',1,1),(3669,19,119,7,'706',1,1),(3670,19,120,7,'711',1,1),(3671,19,121,7,'714',1,1),(3672,19,122,7,'720',1,1),(3673,19,124,7,'726',1,1),(3674,19,125,7,'745',1,1),(3675,19,126,7,'735',1,1),(3676,55,67,5,'540',1,1),(3677,55,68,5,'544',1,1),(3678,55,69,5,'546',1,1),(3679,55,70,5,'551',1,1),(3680,55,71,5,'553',1,1),(3681,55,72,5,'557',1,1),(3682,55,73,5,'565',1,1),(3683,55,74,5,'569',1,1),(3684,55,75,5,'575',1,1),(3685,55,78,5,'582',1,1),(3686,55,79,5,'588',1,1),(3687,55,80,5,'592',1,1),(3688,55,81,5,'576',1,1),(3689,55,88,5,'596',1,1),(3690,55,89,5,'600',1,1),(3691,55,116,7,'694',1,1),(3692,55,117,7,'697',1,1),(3693,55,118,7,'703',1,1),(3694,55,119,7,'706',1,1),(3695,55,120,7,'711',1,1),(3696,55,121,7,'714',1,1),(3697,55,122,7,'720',1,1),(3698,55,124,7,'726',1,1),(3699,55,125,7,'745',1,1),(3700,55,126,7,'735',1,1),(3701,56,26,3,'463',1,1),(3702,56,27,3,'465',1,1),(3703,56,28,3,'467',1,1),(3704,56,29,3,'469',1,1),(3705,56,30,3,'471',1,1),(3706,56,31,3,'474',1,1),(3707,56,32,3,'475',1,1),(3708,56,33,3,'477',1,1),(3709,56,34,3,'479',1,1),(3710,56,35,3,'485',1,1),(3711,56,36,3,'489',1,NULL),(3712,56,37,3,'490',1,1),(3713,56,38,3,'500',1,1),(3714,56,39,3,'508',1,1),(3715,56,40,3,'511',1,1),(3716,56,41,3,'515',1,1),(3717,56,42,3,'533',1,1),(3718,56,47,3,'521',1,1),(3719,56,48,3,'526',1,1),(3720,56,49,3,'532',1,1),(3721,56,67,5,'540',1,1),(3722,56,68,5,'544',1,1),(3723,56,69,5,'548',1,NULL),(3724,56,70,5,'551',1,1),(3725,56,71,5,'553',1,1),(3726,56,72,5,'557',1,1),(3727,56,73,5,'561',1,NULL),(3728,56,74,5,'569',1,1),(3729,56,75,5,'575',1,1),(3730,56,78,5,'582',1,1),(3731,56,79,5,'588',1,1),(3732,56,80,5,'593',1,NULL),(3733,56,81,5,'576',1,1),(3734,56,88,5,'597',1,NULL),(3735,56,89,5,'600',1,1),(3736,56,53,4,'296',1,1),(3737,56,54,4,'449',1,1),(3738,56,55,4,'299',1,NULL),(3739,56,57,4,'452',1,1),(3740,56,58,4,'414',1,1),(3741,56,59,4,'419',1,1),(3742,56,60,4,'325',1,1),(3743,56,61,4,'425',1,1),(3744,56,62,4,'327',1,1),(3745,56,63,4,'331',1,1),(3746,56,64,4,'333',1,1),(3747,56,65,4,'458',1,1),(3748,56,82,4,'343',1,1),(3749,56,83,4,'347',1,1),(3750,56,85,4,'459',1,1),(3751,29,116,7,'694',1,1),(3752,29,117,7,'697',1,1),(3753,29,118,7,'703',1,1),(3754,29,119,7,'706',1,1),(3755,29,120,7,'711',1,1),(3756,29,121,7,'714',1,1),(3757,29,122,7,'720',1,1),(3758,29,124,7,'726',1,1),(3759,29,125,7,'745',1,1),(3760,29,126,7,'735',1,1),(3761,29,181,13,'1031',1,1),(3762,29,182,13,'1035',1,NULL),(3763,29,183,13,'1041',1,1),(3764,29,184,13,'1042',1,NULL),(3765,29,185,13,'1049',1,NULL),(3766,29,186,13,'1053',1,1),(3767,29,187,13,'1059',1,1),(3768,29,188,13,'1070',1,1),(3769,29,189,13,'1073',1,NULL),(3770,29,190,13,'1076',1,1),(3771,29,191,13,'1082',1,1),(3772,29,192,13,'1084',1,1),(3773,29,193,13,'1090',1,1),(3774,29,194,13,'1095',1,1),(3775,29,195,13,'1098',1,1),(3776,29,196,13,'1104',1,1),(3777,29,197,13,'1112',1,1),(3778,29,198,13,'1122',1,1),(3779,29,199,13,'1125',1,1),(3780,29,200,13,'1129',1,1),(3781,29,211,15,'1180',1,1),(3782,29,212,15,'1185',1,1),(3783,29,213,15,'1189',1,1),(3784,29,214,15,'1192',1,1),(3785,29,215,15,'1194',1,NULL),(3786,55,181,13,'1031',1,1),(3787,55,182,13,'1033',1,1),(3788,55,183,13,'1041',1,1),(3789,55,184,13,'1045',1,1),(3790,55,185,13,'1048',1,1),(3791,55,186,13,'1053',1,1),(3792,55,187,13,'1059',1,1),(3793,55,188,13,'1070',1,1),(3794,55,189,13,'1072',1,1),(3795,55,190,13,'1076',1,1),(3796,55,191,13,'1081',1,NULL),(3797,55,192,13,'1084',1,1),(3798,55,193,13,'1090',1,1),(3799,55,194,13,'1095',1,1),(3800,55,195,13,'1098',1,1),(3801,55,196,13,'1104',1,1),(3802,55,197,13,'1112',1,1),(3803,55,198,13,'1122',1,1),(3804,55,199,13,'1125',1,1),(3805,55,200,13,'1129',1,1),(3806,55,211,15,'1180',1,1),(3807,55,212,15,'1185',1,1),(3808,55,213,15,'1189',1,1),(3809,55,214,15,'1192',1,1),(3810,55,215,15,'1193',1,1),(3811,32,116,7,'694',1,1),(3812,32,117,7,'697',1,1),(3813,32,118,7,'703',1,1),(3814,32,119,7,'706',1,1),(3815,32,120,7,'711',1,1),(3816,32,121,7,'714',1,1),(3817,32,122,7,'720',1,1),(3818,32,124,7,'726',1,1),(3819,32,125,7,'745',1,1),(3820,32,126,7,'735',1,1),(3821,32,181,13,'1031',1,1),(3822,32,182,13,'1033',1,1),(3823,32,183,13,'1041',1,1),(3824,32,184,13,'1045',1,1),(3825,32,185,13,'1048',1,1),(3826,32,186,13,'1053',1,1),(3827,32,187,13,'1059',1,1),(3828,32,188,13,'1070',1,1),(3829,32,189,13,'1072',1,1),(3830,32,190,13,'1076',1,1),(3831,32,191,13,'1082',1,1),(3832,32,192,13,'1084',1,1),(3833,32,193,13,'1090',1,1),(3834,32,194,13,'1095',1,1),(3835,32,195,13,'1098',1,1),(3836,32,196,13,'1104',1,1),(3837,32,197,13,'1112',1,1),(3838,32,198,13,'1122',1,1),(3839,32,199,13,'1125',1,1),(3840,32,200,13,'1129',1,1),(3841,32,211,15,'1180',1,1),(3842,32,212,15,'1185',1,1),(3843,32,213,15,'1189',1,1),(3844,32,214,15,'1192',1,1),(3845,32,215,15,'1193',1,1),(3846,17,211,15,'1180',1,1),(3847,17,212,15,'1185',1,1),(3848,17,213,15,'1189',1,1),(3849,17,214,15,'1191',1,NULL),(3850,17,215,15,'1194',1,NULL),(3851,17,211,15,'1180',2,1),(3852,17,212,15,'1185',2,1),(3853,17,213,15,'1189',2,1),(3854,17,214,15,'1192',2,1),(3855,17,215,15,'1193',2,1),(3856,17,181,13,'1031',1,1),(3857,17,182,13,'1033',1,1),(3858,17,183,13,'1041',1,1),(3859,17,184,13,'1045',1,1),(3860,17,185,13,'1050',1,NULL),(3861,17,186,13,'1053',1,1),(3862,17,187,13,'1059',1,1),(3863,17,188,13,'1070',1,1),(3864,17,189,13,'1072',1,1),(3865,17,190,13,'1080',1,NULL),(3866,17,191,13,'1081',1,NULL),(3867,17,192,13,'1084',1,1),(3868,17,193,13,'1090',1,1),(3869,17,194,13,'1095',1,1),(3870,17,195,13,'1098',1,1),(3871,17,196,13,'1104',1,1),(3872,17,197,13,'1112',1,1),(3873,17,198,13,'1122',1,1),(3874,17,199,13,'1125',1,1),(3875,17,200,13,'1131',1,NULL),(3876,17,116,7,'694',1,1),(3877,17,117,7,'695',1,NULL),(3878,17,118,7,'704',1,NULL),(3879,17,119,7,'706',1,1),(3880,17,120,7,'711',1,1),(3881,17,121,7,'714',1,1),(3882,17,122,7,'720',1,1),(3883,17,124,7,'726',1,1),(3884,17,125,7,'745',1,1),(3885,17,126,7,'735',1,1),(3886,57,53,4,'296',1,1),(3887,57,54,4,'449',1,1),(3888,57,55,4,'300',1,1),(3889,57,57,4,'452',1,1),(3890,57,58,4,'414',1,1),(3891,57,59,4,'419',1,1),(3892,57,60,4,'325',1,1),(3893,57,61,4,'425',1,1),(3894,57,62,4,'327',1,1),(3895,57,63,4,'331',1,1),(3896,57,64,4,'333',1,1),(3897,57,65,4,'458',1,1),(3898,57,82,4,'343',1,1),(3899,57,83,4,'347',1,1),(3900,57,85,4,'459',1,1),(3901,22,116,7,'694',1,1),(3902,22,117,7,'697',1,1),(3903,22,118,7,'703',1,1),(3904,22,119,7,'706',1,1),(3905,22,120,7,'711',1,1),(3906,22,121,7,'714',1,1),(3907,22,122,7,'720',1,1),(3908,22,124,7,'726',1,1),(3909,22,125,7,'745',1,1),(3910,22,126,7,'735',1,1),(3911,22,181,13,'1031',1,1),(3912,22,182,13,'1033',1,1),(3913,22,183,13,'1041',1,1),(3914,22,184,13,'1045',1,1),(3915,22,185,13,'1048',1,1),(3916,22,186,13,'1053',1,1),(3917,22,187,13,'1059',1,1),(3918,22,188,13,'1070',1,1),(3919,22,189,13,'1072',1,1),(3920,22,190,13,'1076',1,1),(3921,22,191,13,'1081',1,NULL),(3922,22,192,13,'1084',1,1),(3923,22,193,13,'1090',1,1),(3924,22,194,13,'1095',1,1),(3925,22,195,13,'1098',1,1),(3926,22,196,13,'1104',1,1),(3927,22,197,13,'1112',1,1),(3928,22,198,13,'1122',1,1),(3929,22,199,13,'1125',1,1),(3930,22,200,13,'1129',1,1),(3931,22,211,15,'1180',1,1),(3932,22,212,15,'1185',1,1),(3933,22,213,15,'1189',1,1),(3934,22,214,15,'1192',1,1),(3935,22,215,15,'1193',1,1),(3936,57,26,3,'463',1,1),(3937,57,27,3,'465',1,1),(3938,57,28,3,'467',1,1),(3939,57,29,3,'469',1,1),(3940,57,30,3,'471',1,1),(3941,57,31,3,'473',1,NULL),(3942,57,32,3,'476',1,NULL),(3943,57,33,3,'477',1,1),(3944,57,34,3,'479',1,1),(3945,57,35,3,'485',1,1),(3946,57,36,3,'487',1,1),(3947,57,37,3,'490',1,1),(3948,57,38,3,'500',1,1),(3949,57,39,3,'508',1,1),(3950,57,40,3,'511',1,1),(3951,57,41,3,'515',1,1),(3952,57,42,3,'533',1,1),(3953,57,47,3,'521',1,1),(3954,57,48,3,'526',1,1),(3955,57,49,3,'532',1,1),(3956,19,181,13,'1031',1,1),(3957,19,182,13,'1033',1,1),(3958,19,183,13,'1041',1,1),(3959,19,184,13,'1045',1,1),(3960,19,185,13,'1048',1,1),(3961,19,186,13,'1053',1,1),(3962,19,187,13,'1059',1,1),(3963,19,188,13,'1070',1,1),(3964,19,189,13,'1072',1,1),(3965,19,190,13,'1076',1,1),(3966,19,191,13,'1082',1,1),(3967,19,192,13,'1084',1,1),(3968,19,193,13,'1090',1,1),(3969,19,194,13,'1095',1,1),(3970,19,195,13,'1098',1,1),(3971,19,196,13,'1104',1,1),(3972,19,197,13,'1112',1,1),(3973,19,198,13,'1122',1,1),(3974,19,199,13,'1125',1,1),(3975,19,200,13,'1129',1,1),(3976,39,116,7,'694',1,1),(3977,39,117,7,'696',1,NULL),(3978,39,118,7,'703',1,1),(3979,39,119,7,'706',1,1),(3980,39,120,7,'711',1,1),(3981,39,121,7,'714',1,1),(3982,39,122,7,'720',1,1),(3983,39,124,7,'726',1,1),(3984,39,125,7,'745',1,1),(3985,39,126,7,'735',1,1),(3986,39,211,15,'1180',1,1),(3987,39,212,15,'1185',1,1),(3988,39,213,15,'1189',1,1),(3989,39,214,15,'1192',1,1),(3990,39,215,15,'1193',1,1),(3991,19,211,15,'1180',1,1),(3992,19,212,15,'1185',1,1),(3993,19,213,15,'1189',1,1),(3994,19,214,15,'1192',1,1),(3995,19,215,15,'1193',1,1),(3996,39,181,13,'1031',1,1),(3997,39,182,13,'1033',1,1),(3998,39,183,13,'1041',1,1),(3999,39,184,13,'1045',1,1),(4000,39,185,13,'1047',1,NULL),(4001,39,186,13,'1053',1,1),(4002,39,187,13,'1059',1,1),(4003,39,188,13,'1070',1,1),(4004,39,189,13,'1074',1,NULL),(4005,39,190,13,'1080',1,NULL),(4006,39,191,13,'1081',1,NULL),(4007,39,192,13,'1084',1,1),(4008,39,193,13,'1090',1,1),(4009,39,194,13,'1095',1,1),(4010,39,195,13,'1098',1,1),(4011,39,196,13,'1103',1,NULL),(4012,39,197,13,'1112',1,1),(4013,39,198,13,'1122',1,1),(4014,39,199,13,'1125',1,1),(4015,39,200,13,'1129',1,1),(4016,57,67,5,'540',1,1),(4017,57,68,5,'544',1,1),(4018,57,69,5,'546',1,1),(4019,57,70,5,'551',1,1),(4020,57,71,5,'553',1,1),(4021,57,72,5,'557',1,1),(4022,57,73,5,'565',1,1),(4023,57,74,5,'569',1,1),(4024,57,75,5,'575',1,1),(4025,57,78,5,'583',1,NULL),(4026,57,79,5,'588',1,1),(4027,57,80,5,'593',1,NULL),(4028,57,81,5,'576',1,1),(4029,57,88,5,'596',1,1),(4030,57,89,5,'600',1,1),(4031,57,116,7,'694',1,1),(4032,57,117,7,'697',1,1),(4033,57,118,7,'703',1,1),(4034,57,119,7,'706',1,1),(4035,57,120,7,'711',1,1),(4036,57,121,7,'714',1,1),(4037,57,122,7,'720',1,1),(4038,57,124,7,'726',1,1),(4039,57,125,7,'745',1,1),(4040,57,126,7,'735',1,1),(4041,57,181,13,'1031',1,1),(4042,57,182,13,'1033',1,1),(4043,57,183,13,'1041',1,1),(4044,57,184,13,'1045',1,1),(4045,57,185,13,'1047',1,NULL),(4046,57,186,13,'1053',1,1),(4047,57,187,13,'1059',1,1),(4048,57,188,13,'1070',1,1),(4049,57,189,13,'1075',1,NULL),(4050,57,190,13,'1080',1,NULL),(4051,57,191,13,'1081',1,NULL),(4052,57,192,13,'1084',1,1),(4053,57,193,13,'1090',1,1),(4054,57,194,13,'1094',1,NULL),(4055,57,195,13,'1098',1,1),(4056,57,196,13,'1103',1,NULL),(4057,57,197,13,'1112',1,1),(4058,57,198,13,'1122',1,1),(4059,57,199,13,'1125',1,1),(4060,57,200,13,'1129',1,1),(4061,57,211,15,'1180',1,1),(4062,57,212,15,'1185',1,1),(4063,57,213,15,'1189',1,1),(4064,57,214,15,'1192',1,1),(4065,57,215,15,'1194',1,NULL),(4066,30,181,13,'1031',1,1),(4067,30,182,13,'1033',1,1),(4068,30,183,13,'1041',1,1),(4069,30,184,13,'1042',1,NULL),(4070,30,185,13,'1047',1,NULL),(4071,30,186,13,'1053',1,1),(4072,30,187,13,'1059',1,1),(4073,30,188,13,'1070',1,1),(4074,30,189,13,'1072',1,1),(4075,30,190,13,'1076',1,1),(4076,30,191,13,'1081',1,NULL),(4077,30,192,13,'1084',1,1),(4078,30,193,13,'1090',1,1),(4079,30,194,13,'1095',1,1),(4080,30,195,13,'1098',1,1),(4081,30,196,13,'1104',1,1),(4082,30,197,13,'1112',1,1),(4083,30,198,13,'1122',1,1),(4084,30,199,13,'1125',1,1),(4085,30,200,13,'1129',1,1),(4086,30,116,7,'694',1,1),(4087,30,117,7,'697',1,1),(4088,30,118,7,'703',1,1),(4089,30,119,7,'706',1,1),(4090,30,120,7,'711',1,1),(4091,30,121,7,'714',1,1),(4092,30,122,7,'720',1,1),(4093,30,124,7,'726',1,1),(4094,30,125,7,'745',1,1),(4095,30,126,7,'735',1,1),(4096,30,211,15,'1181',1,NULL),(4097,30,212,15,'1185',1,1),(4098,30,213,15,'1189',1,1),(4099,30,214,15,'1192',1,1),(4100,30,215,15,'1193',1,1),(4101,56,116,7,'694',1,1),(4102,56,117,7,'697',1,1),(4103,56,118,7,'703',1,1),(4104,56,119,7,'706',1,1),(4105,56,120,7,'711',1,1),(4106,56,121,7,'714',1,1),(4107,56,122,7,'720',1,1),(4108,56,124,7,'726',1,1),(4109,56,125,7,'745',1,1),(4110,56,126,7,'735',1,1),(4111,56,181,13,'1031',1,1),(4112,56,182,13,'1033',1,1),(4113,56,183,13,'1041',1,1),(4114,56,184,13,'1045',1,1),(4115,56,185,13,'1050',1,NULL),(4116,56,186,13,'1053',1,1),(4117,56,187,13,'1059',1,1),(4118,56,188,13,'1070',1,1),(4119,56,189,13,'1072',1,1),(4120,56,190,13,'1080',1,NULL),(4121,56,192,13,'1084',1,1),(4122,56,193,13,'1090',1,1),(4123,56,194,13,'1094',1,NULL),(4124,56,195,13,'1098',1,1),(4125,56,196,13,'1103',1,NULL),(4126,56,197,13,'1112',1,1),(4127,56,198,13,'1122',1,1),(4128,56,199,13,'1124',1,NULL),(4129,56,200,13,'1129',1,1),(4130,56,211,15,'1180',1,1),(4131,56,212,15,'1183',1,NULL),(4132,56,213,15,'1189',1,1),(4133,56,214,15,'1192',1,1),(4134,56,215,15,'1193',1,1),(4135,21,116,7,'694',1,1),(4136,21,117,7,'695',1,NULL),(4137,21,118,7,'704',1,NULL),(4138,21,119,7,'706',1,1),(4139,21,120,7,'711',1,1),(4140,21,121,7,'714',1,1),(4141,21,122,7,'720',1,1),(4142,21,124,7,'726',1,1),(4143,21,125,7,'745',1,1),(4144,21,126,7,'735',1,1),(4145,21,181,13,'1031',1,1),(4146,21,182,13,'1033',1,1),(4147,21,183,13,'1041',1,1),(4148,21,184,13,'1045',1,1),(4149,21,185,13,'1047',1,NULL),(4150,21,186,13,'1054',1,NULL),(4151,21,187,13,'1059',1,1),(4152,21,188,13,'1070',1,1),(4153,21,189,13,'1072',1,1),(4154,21,190,13,'1076',1,1),(4155,21,191,13,'1081',1,NULL),(4156,21,192,13,'1083',1,NULL),(4157,21,193,13,'1090',1,1),(4158,21,194,13,'1094',1,NULL),(4159,21,195,13,'1098',1,1),(4160,21,196,13,'1104',1,1),(4161,21,197,13,'1112',1,1),(4162,21,198,13,'1121',1,NULL),(4163,21,199,13,'1125',1,1),(4164,21,200,13,'1131',1,NULL),(4165,21,181,13,'1031',2,1),(4166,21,182,13,'1033',2,1),(4167,21,183,13,'1041',2,1),(4168,21,184,13,'1045',2,1),(4169,21,185,13,'1048',2,1),(4170,21,186,13,'1055',2,NULL),(4171,21,187,13,'1059',2,1),(4172,21,188,13,'1070',2,1),(4173,21,189,13,'1071',2,NULL),(4174,21,190,13,'1076',2,1),(4175,21,191,13,'1081',2,NULL),(4176,21,192,13,'1083',2,NULL),(4177,21,193,13,'1090',2,1),(4178,21,194,13,'1094',2,NULL),(4179,21,195,13,'1098',2,1),(4180,21,196,13,'1104',2,1),(4181,21,197,13,'1112',2,1),(4182,21,198,13,'1121',2,NULL),(4183,21,199,13,'1126',2,NULL),(4184,21,200,13,'1129',2,1),(4185,21,181,13,'1031',3,1),(4186,21,182,13,'1033',3,1),(4187,21,183,13,'1041',3,1),(4188,21,184,13,'1045',3,1),(4189,21,185,13,'1048',3,1),(4190,21,186,13,'1055',3,NULL),(4191,21,187,13,'1059',3,1),(4192,21,188,13,'1070',3,1),(4193,21,189,13,'1071',3,NULL),(4194,21,190,13,'1076',3,1),(4195,21,191,13,'1081',3,NULL),(4196,21,192,13,'1083',3,NULL),(4197,21,193,13,'1090',3,1),(4198,21,194,13,'1094',3,NULL),(4199,21,195,13,'1098',3,1),(4200,21,196,13,'1104',3,1),(4201,21,197,13,'1112',3,1),(4202,21,198,13,'1121',3,NULL),(4203,21,199,13,'1126',3,NULL),(4204,21,200,13,'1129',3,1),(4205,21,181,13,'1031',4,1),(4206,21,182,13,'1033',4,1),(4207,21,183,13,'1041',4,1),(4208,21,184,13,'1045',4,1),(4209,21,185,13,'1048',4,1),(4210,21,186,13,'1053',4,1),(4211,21,187,13,'1059',4,1),(4212,21,188,13,'1070',4,1),(4213,21,189,13,'1072',4,1),(4214,21,190,13,'1076',4,1),(4215,21,191,13,'1082',4,1),(4216,21,192,13,'1084',4,1),(4217,21,193,13,'1090',4,1),(4218,21,194,13,'1095',4,1),(4219,21,195,13,'1098',4,1),(4220,21,196,13,'1104',4,1),(4221,21,197,13,'1112',4,1),(4222,21,198,13,'1122',4,1),(4223,21,199,13,'1125',4,1),(4224,21,200,13,'1129',4,1),(4225,21,211,15,'1180',1,1),(4226,21,212,15,'1183',1,NULL),(4227,21,213,15,'1189',1,1),(4228,21,214,15,'1192',1,1),(4229,21,215,15,'1194',1,NULL),(4230,21,211,15,'1180',2,1),(4231,21,212,15,'1183',2,NULL),(4232,21,213,15,'1189',2,1),(4233,21,214,15,'1192',2,1),(4234,21,215,15,'1194',2,NULL),(4235,21,211,15,'1180',3,1),(4236,21,212,15,'1185',3,1),(4237,21,213,15,'1189',3,1),(4238,21,214,15,'1192',3,1),(4239,21,215,15,'1194',3,NULL),(4240,23,116,7,'692',1,NULL),(4241,23,117,7,'696',1,NULL),(4242,23,118,7,'704',1,NULL),(4243,23,119,7,'706',1,1),(4244,23,120,7,'711',1,1),(4245,23,121,7,'714',1,1),(4246,23,122,7,'720',1,1),(4247,23,124,7,'726',1,1),(4248,23,125,7,'745',1,1),(4249,23,126,7,'735',1,1),(4250,23,181,13,'1031',1,1),(4251,23,182,13,'1033',1,1),(4252,23,183,13,'1041',1,1),(4253,23,184,13,'1042',1,NULL),(4254,23,185,13,'1049',1,NULL),(4255,23,186,13,'1053',1,1),(4256,23,187,13,'1059',1,1),(4257,23,188,13,'1070',1,1),(4258,23,189,13,'1072',1,1),(4259,23,190,13,'1077',1,NULL),(4260,23,191,13,'1081',1,NULL),(4261,23,192,13,'1084',1,1),(4262,23,193,13,'1090',1,1),(4263,23,194,13,'1095',1,1),(4264,23,195,13,'1101',1,NULL),(4265,23,196,13,'1104',1,1),(4266,23,197,13,'1110',1,NULL),(4267,23,198,13,'1119',1,NULL),(4268,23,199,13,'1127',1,NULL),(4269,23,200,13,'1131',1,NULL),(4270,23,181,13,'1031',2,1),(4271,23,182,13,'1033',2,1),(4272,23,183,13,'1041',2,1),(4273,23,184,13,'1045',2,1),(4274,23,185,13,'1048',2,1),(4275,23,186,13,'1053',2,1),(4276,23,187,13,'1059',2,1),(4277,23,188,13,'1070',2,1),(4278,23,189,13,'1072',2,1),(4279,23,190,13,'1076',2,1),(4280,23,191,13,'1082',2,1),(4281,23,192,13,'1084',2,1),(4282,23,193,13,'1090',2,1),(4283,23,194,13,'1095',2,1),(4284,23,195,13,'1098',2,1),(4285,23,196,13,'1104',2,1),(4286,23,197,13,'1112',2,1),(4287,23,198,13,'1122',2,1),(4288,23,199,13,'1125',2,1),(4289,23,200,13,'1129',2,1),(4290,23,211,15,'1180',1,1),(4291,23,212,15,'1184',1,NULL),(4292,23,213,15,'1189',1,1),(4293,23,214,15,'1192',1,1),(4294,23,215,15,'1194',1,NULL),(4295,23,211,15,'1180',2,1),(4296,23,212,15,'1185',2,1),(4297,23,213,15,'1189',2,1),(4298,23,214,15,'1192',2,1),(4299,23,215,15,'1193',2,1),(4300,58,53,4,'296',1,1),(4301,58,54,4,'449',1,1),(4302,58,55,4,'300',1,1),(4303,58,57,4,'452',1,1),(4304,58,58,4,'414',1,1),(4305,58,59,4,'419',1,1),(4306,58,60,4,'325',1,1),(4307,58,61,4,'425',1,1),(4308,58,62,4,'327',1,1),(4309,58,63,4,'331',1,1),(4310,58,64,4,'333',1,1),(4311,58,65,4,'458',1,1),(4312,58,82,4,'343',1,1),(4313,58,83,4,'347',1,1),(4314,58,85,4,'459',1,1),(4315,58,26,3,'463',1,1),(4316,58,27,3,'465',1,1),(4317,58,28,3,'467',1,1),(4318,58,29,3,'469',1,1),(4319,58,30,3,'471',1,1),(4320,58,31,3,'474',1,1),(4321,58,32,3,'475',1,1),(4322,58,33,3,'477',1,1),(4323,58,34,3,'479',1,1),(4324,58,35,3,'485',1,1),(4325,58,36,3,'487',1,1),(4326,58,37,3,'490',1,1),(4327,58,38,3,'500',1,1),(4328,58,39,3,'508',1,1),(4329,58,40,3,'511',1,1),(4330,58,41,3,'515',1,1),(4331,58,42,3,'533',1,1),(4332,58,47,3,'521',1,1),(4333,58,48,3,'526',1,1),(4334,58,49,3,'532',1,1),(4335,31,116,7,'694',1,1),(4336,31,117,7,'697',1,1),(4337,31,118,7,'703',1,1),(4338,31,119,7,'706',1,1),(4339,31,120,7,'711',1,1),(4340,31,121,7,'714',1,1),(4341,31,122,7,'718',1,NULL),(4342,31,124,7,'726',1,1),(4343,31,125,7,'745',1,1),(4344,31,126,7,'735',1,1),(4345,31,181,13,'1031',1,1),(4346,31,182,13,'1033',1,1),(4347,31,183,13,'1041',1,1),(4348,31,184,13,'1045',1,1),(4349,31,185,13,'1048',1,1),(4350,31,186,13,'1053',1,1),(4351,31,187,13,'1059',1,1),(4352,31,188,13,'1070',1,1),(4353,31,189,13,'1072',1,1),(4354,31,190,13,'1076',1,1),(4355,31,191,13,'1081',1,NULL),(4356,31,192,13,'1084',1,1),(4357,31,193,13,'1090',1,1),(4358,31,194,13,'1095',1,1),(4359,31,195,13,'1098',1,1),(4360,31,196,13,'1104',1,1),(4361,31,197,13,'1112',1,1),(4362,31,198,13,'1122',1,1),(4363,31,199,13,'1125',1,1),(4364,31,200,13,'1129',1,1),(4365,31,211,15,'1180',1,1),(4366,31,212,15,'1185',1,1),(4367,31,213,15,'1189',1,1),(4368,31,214,15,'1192',1,1),(4369,31,215,15,'1194',1,NULL),(4370,46,211,15,'1180',1,1),(4371,46,212,15,'1185',1,1),(4372,46,213,15,'1189',1,1),(4373,46,214,15,'1192',1,1),(4374,46,215,15,'1193',1,1),(4375,46,116,7,'694',1,1),(4376,46,117,7,'697',1,1),(4377,46,118,7,'703',1,1),(4378,46,119,7,'706',1,1),(4379,46,120,7,'711',1,1),(4380,46,121,7,'714',1,1),(4381,46,122,7,'718',1,NULL),(4382,46,124,7,'726',1,1),(4383,46,125,7,'745',1,1),(4384,46,126,7,'735',1,1),(4385,46,181,13,'1031',1,1),(4386,46,182,13,'1033',1,1),(4387,46,183,13,'1041',1,1),(4388,46,184,13,'1045',1,1),(4389,46,185,13,'1048',1,1),(4390,46,186,13,'1053',1,1),(4391,46,187,13,'1059',1,1),(4392,46,188,13,'1070',1,1),(4393,46,189,13,'1072',1,1),(4394,46,190,13,'1076',1,1),(4395,46,191,13,'1082',1,1),(4396,46,192,13,'1084',1,1),(4397,46,193,13,'1090',1,1),(4398,46,194,13,'1095',1,1),(4399,46,195,13,'1098',1,1),(4400,46,196,13,'1104',1,1),(4401,46,197,13,'1112',1,1),(4402,46,198,13,'1122',1,1),(4403,46,199,13,'1125',1,1),(4404,46,200,13,'1129',1,1),(4405,58,67,5,'540',1,1),(4406,58,68,5,'544',1,1),(4407,58,69,5,'546',1,1),(4408,58,70,5,'551',1,1),(4409,58,71,5,'553',1,1),(4410,58,72,5,'558',1,NULL),(4411,58,73,5,'565',1,1),(4412,58,74,5,'569',1,1),(4413,58,75,5,'575',1,1),(4414,58,78,5,'582',1,1),(4415,58,79,5,'588',1,1),(4416,58,80,5,'592',1,1),(4417,58,81,5,'576',1,1),(4418,58,88,5,'597',1,NULL),(4419,58,89,5,'600',1,1),(4420,58,116,7,'694',1,1),(4421,58,117,7,'697',1,1),(4422,58,118,7,'703',1,1),(4423,58,119,7,'706',1,1),(4424,58,120,7,'711',1,1),(4425,58,121,7,'714',1,1),(4426,58,122,7,'720',1,1),(4427,58,124,7,'726',1,1),(4428,58,125,7,'745',1,1),(4429,58,126,7,'735',1,1),(4430,58,181,13,'1031',1,1),(4431,58,182,13,'1033',1,1),(4432,58,183,13,'1041',1,1),(4433,58,184,13,'1045',1,1),(4434,58,185,13,'1048',1,1),(4435,58,186,13,'1053',1,1),(4436,58,187,13,'1059',1,1),(4437,58,188,13,'1070',1,1),(4438,58,189,13,'1072',1,1),(4439,58,190,13,'1076',1,1),(4440,58,191,13,'1081',1,NULL),(4441,58,192,13,'1084',1,1),(4442,58,193,13,'1090',1,1),(4443,58,194,13,'1095',1,1),(4444,58,195,13,'1098',1,1),(4445,58,196,13,'1104',1,1),(4446,58,197,13,'1112',1,1),(4447,58,198,13,'1122',1,1),(4448,58,199,13,'1125',1,1),(4449,58,200,13,'1132',1,NULL),(4450,58,211,15,'1181',1,NULL),(4451,58,212,15,'1185',1,1),(4452,58,213,15,'1189',1,1),(4453,58,214,15,'1192',1,1),(4454,58,215,15,'1194',1,NULL),(4455,58,211,15,'1180',2,1),(4456,58,212,15,'1185',2,1),(4457,58,213,15,'1189',2,1),(4458,58,214,15,'1192',2,1),(4459,58,215,15,'1193',2,1),(4460,47,116,7,'694',1,1),(4461,47,117,7,'697',1,1),(4462,47,118,7,'703',1,1),(4463,47,119,7,'706',1,1),(4464,47,120,7,'711',1,1),(4465,47,121,7,'714',1,1),(4466,47,122,7,'720',1,1),(4467,47,124,7,'726',1,1),(4468,47,126,7,'735',1,1),(4469,47,181,13,'1031',1,1),(4470,47,182,13,'1033',1,1),(4471,47,183,13,'1041',1,1),(4472,47,184,13,'1045',1,1),(4473,47,185,13,'1048',1,1),(4474,47,186,13,'1053',1,1),(4475,47,187,13,'1059',1,1),(4476,47,188,13,'1070',1,1),(4477,47,189,13,'1072',1,1),(4478,47,190,13,'1076',1,1),(4479,47,191,13,'1082',1,1),(4480,47,192,13,'1084',1,1),(4481,47,193,13,'1090',1,1),(4482,47,194,13,'1095',1,1),(4483,47,195,13,'1098',1,1),(4484,47,196,13,'1104',1,1),(4485,47,197,13,'1112',1,1),(4486,47,198,13,'1122',1,1),(4487,47,200,13,'1129',1,1),(4488,47,211,15,'1180',1,1),(4489,47,212,15,'1185',1,1),(4490,47,213,15,'1189',1,1),(4491,47,214,15,'1192',1,1),(4492,47,215,15,'1193',1,1),(4493,53,181,13,'1031',1,1),(4494,53,182,13,'1033',1,1),(4495,53,183,13,'1041',1,1),(4496,53,184,13,'1045',1,1),(4497,53,185,13,'1048',1,1),(4498,53,186,13,'1053',1,1),(4499,53,187,13,'1059',1,1),(4500,53,188,13,'1070',1,1),(4501,53,189,13,'1073',1,NULL),(4502,53,190,13,'1076',1,1),(4503,53,191,13,'1082',1,1),(4504,53,192,13,'1084',1,1),(4505,53,193,13,'1090',1,1),(4506,53,194,13,'1095',1,1),(4507,53,195,13,'1098',1,1),(4508,53,196,13,'1104',1,1),(4509,53,197,13,'1112',1,1),(4510,53,198,13,'1122',1,1),(4511,53,199,13,'1125',1,1),(4512,53,200,13,'1129',1,1),(4513,53,211,15,'1180',1,1),(4514,53,212,15,'1185',1,1),(4515,53,213,15,'1189',1,1),(4516,53,214,15,'1192',1,1),(4517,53,215,15,'1193',1,1),(4518,54,53,4,'296',1,1),(4519,54,54,4,'449',1,1),(4520,54,55,4,'300',1,1),(4521,54,57,4,'452',1,1),(4522,54,58,4,'413',1,NULL),(4523,54,59,4,'419',1,1),(4524,54,60,4,'325',1,1),(4525,54,62,4,'327',1,1),(4526,54,63,4,'329',1,NULL),(4527,54,64,4,'333',1,1),(4528,54,65,4,'455',1,NULL),(4529,54,82,4,'343',1,1),(4530,54,83,4,'347',1,1),(4531,54,85,4,'459',1,1),(4532,54,181,13,'1031',1,1),(4533,54,182,13,'1033',1,1),(4534,54,183,13,'1041',1,1),(4535,54,184,13,'1042',1,NULL),(4536,54,185,13,'1047',1,NULL),(4537,54,186,13,'1053',1,1),(4538,54,187,13,'1059',1,1),(4539,54,188,13,'1070',1,1),(4540,54,189,13,'1072',1,1),(4541,54,190,13,'1080',1,NULL),(4542,54,191,13,'1081',1,NULL),(4543,54,192,13,'1084',1,1),(4544,54,193,13,'1090',1,1),(4545,54,194,13,'1093',1,NULL),(4546,54,195,13,'1098',1,1),(4547,54,196,13,'1104',1,1),(4548,54,197,13,'1112',1,1),(4549,54,198,13,'1122',1,1),(4550,54,199,13,'1125',1,1),(4551,54,200,13,'1129',1,1),(4552,54,211,15,'1180',1,1),(4553,54,212,15,'1185',1,1),(4554,54,213,15,'1189',1,1),(4555,54,214,15,'1192',1,1),(4556,54,215,15,'1194',1,NULL),(4557,59,53,4,'296',1,1),(4558,59,54,4,'449',1,1),(4559,59,55,4,'300',1,1),(4560,59,57,4,'452',1,1),(4561,59,58,4,'414',1,1),(4562,59,59,4,'419',1,1),(4563,59,60,4,'325',1,1),(4564,59,61,4,'425',1,1),(4565,59,62,4,'327',1,1),(4566,59,63,4,'331',1,1),(4567,59,64,4,'333',1,1),(4568,59,65,4,'458',1,1),(4569,59,82,4,'343',1,1),(4570,59,83,4,'347',1,1),(4571,59,85,4,'459',1,1),(4572,59,26,3,'463',1,1),(4573,59,27,3,'465',1,1),(4574,59,28,3,'467',1,1),(4575,59,29,3,'470',1,NULL),(4576,59,30,3,'471',1,1),(4577,59,31,3,'474',1,1),(4578,59,32,3,'476',1,NULL),(4579,59,33,3,'477',1,1),(4580,59,35,3,'485',1,1),(4581,59,36,3,'487',1,1),(4582,59,37,3,'490',1,1),(4583,59,38,3,'500',1,1),(4584,59,39,3,'508',1,1),(4585,59,40,3,'511',1,1),(4586,59,41,3,'515',1,1),(4587,59,42,3,'533',1,1),(4588,59,47,3,'521',1,1),(4589,59,48,3,'526',1,1),(4590,59,49,3,'532',1,1),(4591,59,67,5,'540',1,1),(4592,59,68,5,'544',1,1),(4593,59,69,5,'546',1,1),(4594,59,70,5,'551',1,1),(4595,59,71,5,'553',1,1),(4596,59,72,5,'557',1,1),(4597,59,73,5,'565',1,1),(4598,59,74,5,'569',1,1),(4599,59,75,5,'575',1,1),(4600,59,78,5,'582',1,1),(4601,59,79,5,'588',1,1),(4602,59,80,5,'592',1,1),(4603,59,81,5,'576',1,1),(4604,59,88,5,'596',1,1),(4605,59,89,5,'600',1,1),(4606,59,211,15,'1180',1,1),(4607,59,212,15,'1185',1,1),(4608,59,213,15,'1189',1,1),(4609,59,214,15,'1192',1,1),(4610,59,215,15,'1193',1,1),(4611,59,181,13,'1031',1,1),(4612,59,182,13,'1033',1,1),(4613,59,183,13,'1041',1,1),(4614,59,184,13,'1045',1,1),(4615,59,185,13,'1048',1,1),(4616,59,186,13,'1053',1,1),(4617,59,187,13,'1059',1,1),(4618,59,188,13,'1067',1,NULL),(4619,59,189,13,'1072',1,1),(4620,59,190,13,'1080',1,NULL),(4621,59,191,13,'1081',1,NULL),(4622,59,192,13,'1084',1,1),(4623,59,193,13,'1090',1,1),(4624,59,194,13,'1095',1,1),(4625,59,195,13,'1098',1,1),(4626,59,196,13,'1104',1,1),(4627,59,197,13,'1110',1,NULL),(4628,59,198,13,'1122',1,1),(4629,59,199,13,'1124',1,NULL),(4630,59,200,13,'1129',1,1),(4631,59,116,7,'694',1,1),(4632,59,117,7,'697',1,1),(4633,59,118,7,'703',1,1),(4634,59,119,7,'706',1,1),(4635,59,120,7,'711',1,1),(4636,59,121,7,'714',1,1),(4637,59,122,7,'720',1,1),(4638,59,124,7,'726',1,1),(4639,59,125,7,'745',1,1),(4640,59,126,7,'735',1,1),(4641,60,26,3,'463',1,1),(4642,60,27,3,'465',1,1),(4643,60,28,3,'467',1,1),(4644,60,29,3,'469',1,1),(4645,60,30,3,'471',1,1),(4646,60,31,3,'474',1,1),(4647,60,32,3,'476',1,NULL),(4648,60,33,3,'477',1,1),(4649,60,34,3,'480',1,NULL),(4650,60,35,3,'485',1,1),(4651,60,36,3,'487',1,1),(4652,60,37,3,'490',1,1),(4653,60,38,3,'500',1,1),(4654,60,39,3,'508',1,1),(4655,60,40,3,'511',1,1),(4656,60,41,3,'517',1,NULL),(4657,60,42,3,'533',1,1),(4658,60,47,3,'521',1,1),(4659,60,48,3,'526',1,1),(4660,60,49,3,'532',1,1),(4661,60,67,5,'540',1,1),(4662,60,68,5,'544',1,1),(4663,60,69,5,'546',1,1),(4664,60,70,5,'551',1,1),(4665,60,71,5,'553',1,1),(4666,60,72,5,'558',1,NULL),(4667,60,73,5,'565',1,1),(4668,60,74,5,'569',1,1),(4669,60,75,5,'575',1,1),(4670,60,78,5,'582',1,1),(4671,60,79,5,'588',1,1),(4672,60,80,5,'592',1,1),(4673,60,81,5,'576',1,1),(4674,60,88,5,'596',1,1),(4675,60,89,5,'600',1,1),(4676,60,181,13,'1031',1,1),(4677,60,182,13,'1033',1,1),(4678,60,183,13,'1041',1,1),(4679,60,184,13,'1042',1,NULL),(4680,60,185,13,'1050',1,NULL),(4681,60,186,13,'1053',1,1),(4682,60,187,13,'1059',1,1),(4683,60,188,13,'1070',1,1),(4684,60,189,13,'1072',1,1),(4685,60,190,13,'1076',1,1),(4686,60,191,13,'1081',1,NULL),(4687,60,192,13,'1084',1,1),(4688,60,193,13,'1090',1,1),(4689,60,194,13,'1095',1,1),(4690,60,195,13,'1102',1,NULL),(4691,60,196,13,'1104',1,1),(4692,60,197,13,'1112',1,1),(4693,60,198,13,'1122',1,1),(4694,60,199,13,'1125',1,1),(4695,60,200,13,'1129',1,1),(4696,60,211,15,'1180',1,1),(4697,60,212,15,'1185',1,1),(4698,60,213,15,'1189',1,1),(4699,60,214,15,'1191',1,NULL),(4700,60,215,15,'1193',1,1),(4701,60,53,4,'296',1,1),(4702,60,54,4,'449',1,1),(4703,60,55,4,'299',1,NULL),(4704,60,57,4,'452',1,1),(4705,60,58,4,'414',1,1),(4706,60,59,4,'419',1,1),(4707,60,60,4,'325',1,1),(4708,60,61,4,'423',1,NULL),(4709,60,62,4,'327',1,1),(4710,60,63,4,'331',1,1),(4711,60,64,4,'333',1,1),(4712,60,65,4,'458',1,1),(4713,60,82,4,'343',1,1),(4714,60,83,4,'347',1,1),(4715,60,85,4,'459',1,1),(4716,60,116,7,'694',1,1),(4717,60,117,7,'697',1,1),(4718,60,118,7,'703',1,1),(4719,60,119,7,'706',1,1),(4720,60,120,7,'711',1,1),(4721,60,121,7,'714',1,1),(4722,60,122,7,'720',1,1),(4723,60,124,7,'726',1,1),(4724,60,125,7,'745',1,1),(4725,60,126,7,'735',1,1),(4726,62,53,4,'296',1,1),(4727,62,54,4,'449',1,1),(4728,62,55,4,'299',1,NULL),(4729,62,57,4,'452',1,1),(4730,62,58,4,'413',1,NULL),(4731,62,59,4,'419',1,1),(4732,62,60,4,'325',1,1),(4733,62,61,4,'425',1,1),(4734,62,62,4,'327',1,1),(4735,62,63,4,'331',1,1),(4736,62,64,4,'333',1,1),(4737,62,65,4,'458',1,1),(4738,62,82,4,'343',1,1),(4739,62,83,4,'347',1,1),(4740,62,85,4,'460',1,NULL),(4741,62,67,5,'540',1,1),(4742,62,68,5,'544',1,1),(4743,62,69,5,'546',1,1),(4744,62,70,5,'551',1,1),(4745,62,71,5,'553',1,1),(4746,62,72,5,'557',1,1),(4747,62,73,5,'565',1,1),(4748,62,74,5,'569',1,1),(4749,62,75,5,'575',1,1),(4750,62,78,5,'582',1,1),(4751,62,79,5,'588',1,1),(4752,62,80,5,'593',1,NULL),(4753,62,81,5,'576',1,1),(4754,62,88,5,'596',1,1),(4755,62,89,5,'600',1,1),(4756,62,67,5,'540',2,1),(4757,62,68,5,'544',2,1),(4758,62,69,5,'546',2,1),(4759,62,70,5,'551',2,1),(4760,62,71,5,'553',2,1),(4761,62,72,5,'557',2,1),(4762,62,73,5,'565',2,1),(4763,62,74,5,'569',2,1),(4764,62,75,5,'575',2,1),(4765,62,78,5,'582',2,1),(4766,62,79,5,'588',2,1),(4767,62,80,5,'593',2,NULL),(4768,62,81,5,'576',2,1),(4769,62,88,5,'596',2,1),(4770,62,89,5,'600',2,1),(4771,62,181,13,'1031',1,1),(4772,62,182,13,'1033',1,1),(4773,62,183,13,'1041',1,1),(4774,62,184,13,'1045',1,1),(4775,62,185,13,'1049',1,NULL),(4776,62,186,13,'1053',1,1),(4777,62,187,13,'1059',1,1),(4778,62,188,13,'1070',1,1),(4779,62,189,13,'1074',1,NULL),(4780,62,190,13,'1077',1,NULL),(4781,62,191,13,'1082',1,1),(4782,62,192,13,'1084',1,1),(4783,62,193,13,'1090',1,1),(4784,62,194,13,'1095',1,1),(4785,62,195,13,'1098',1,1),(4786,62,196,13,'1103',1,NULL),(4787,62,197,13,'1112',1,1),(4788,62,198,13,'1119',1,NULL),(4789,62,199,13,'1126',1,NULL),(4790,62,200,13,'1131',1,NULL),(4791,62,181,13,'1031',2,1),(4792,62,182,13,'1033',2,1),(4793,62,183,13,'1041',2,1),(4794,62,184,13,'1045',2,1),(4795,62,185,13,'1048',2,1),(4796,62,186,13,'1053',2,1),(4797,62,187,13,'1059',2,1),(4798,62,188,13,'1070',2,1),(4799,62,189,13,'1072',2,1),(4800,62,190,13,'1076',2,1),(4801,62,191,13,'1081',2,NULL),(4802,62,192,13,'1084',2,1),(4803,62,194,13,'1095',2,1),(4804,62,195,13,'1098',2,1),(4805,62,196,13,'1104',2,1),(4806,62,197,13,'1112',2,1),(4807,62,198,13,'1122',2,1),(4808,62,199,13,'1124',2,NULL),(4809,62,200,13,'1128',2,NULL),(4810,63,53,4,'296',1,1),(4811,63,54,4,'449',1,1),(4812,63,55,4,'300',1,1),(4813,63,57,4,'452',1,1),(4814,63,58,4,'414',1,1),(4815,63,59,4,'419',1,1),(4816,63,60,4,'325',1,1),(4817,63,61,4,'425',1,1),(4818,63,62,4,'328',1,NULL),(4819,63,63,4,'331',1,1),(4820,63,64,4,'333',1,1),(4821,63,65,4,'458',1,1),(4822,63,82,4,'343',1,1),(4823,63,83,4,'347',1,1),(4824,63,85,4,'459',1,1),(4825,62,26,3,'463',1,1),(4826,62,27,3,'466',1,NULL),(4827,62,28,3,'467',1,1),(4828,62,29,3,'469',1,1),(4829,62,30,3,'471',1,1),(4830,62,31,3,'474',1,1),(4831,62,32,3,'475',1,1),(4832,62,33,3,'477',1,1),(4833,62,34,3,'479',1,1),(4834,62,35,3,'485',1,1),(4835,62,36,3,'488',1,NULL),(4836,62,37,3,'490',1,1),(4837,62,38,3,'500',1,1),(4838,62,39,3,'508',1,1),(4839,62,40,3,'511',1,1),(4840,62,41,3,'515',1,1),(4841,62,42,3,'533',1,1),(4842,62,47,3,'521',1,1),(4843,62,48,3,'526',1,1),(4844,62,49,3,'532',1,1),(4845,61,53,4,'296',1,1),(4846,61,54,4,'449',1,1),(4847,61,55,4,'299',1,NULL),(4848,61,57,4,'452',1,1),(4849,61,58,4,'410',1,NULL),(4850,61,59,4,'419',1,1),(4851,61,60,4,'325',1,1),(4852,61,61,4,'425',1,1),(4853,61,62,4,'327',1,1),(4854,61,63,4,'330',1,NULL),(4855,61,64,4,'333',1,1),(4856,61,65,4,'455',1,NULL),(4857,61,82,4,'343',1,1),(4858,61,83,4,'347',1,1),(4859,61,85,4,'459',1,1),(4860,61,26,3,'463',1,1),(4861,61,27,3,'465',1,1),(4862,61,28,3,'467',1,1),(4863,61,29,3,'469',1,1),(4864,61,30,3,'471',1,1),(4865,61,31,3,'474',1,1),(4866,61,32,3,'475',1,1),(4867,61,33,3,'477',1,1),(4868,61,34,3,'479',1,1),(4869,61,35,3,'485',1,1),(4870,61,36,3,'489',1,NULL),(4871,61,37,3,'490',1,1),(4872,61,38,3,'500',1,1),(4873,61,39,3,'508',1,1),(4874,61,40,3,'511',1,1),(4875,61,41,3,'516',1,NULL),(4876,61,42,3,'533',1,1),(4877,61,47,3,'521',1,1),(4878,61,48,3,'526',1,1),(4879,61,49,3,'532',1,1),(4880,61,67,5,'540',1,1),(4881,61,68,5,'544',1,1),(4882,61,69,5,'546',1,1),(4883,61,70,5,'551',1,1),(4884,61,71,5,'553',1,1),(4885,61,72,5,'557',1,1),(4886,61,73,5,'565',1,1),(4887,61,74,5,'569',1,1),(4888,61,75,5,'575',1,1),(4889,61,78,5,'582',1,1),(4890,61,79,5,'588',1,1),(4891,61,80,5,'593',1,NULL),(4892,61,81,5,'576',1,1),(4893,61,88,5,'596',1,1),(4894,61,89,5,'600',1,1),(4895,61,116,7,'694',1,1),(4896,61,117,7,'695',1,NULL),(4897,61,118,7,'703',1,1),(4898,61,119,7,'706',1,1),(4899,61,120,7,'711',1,1),(4900,61,121,7,'714',1,1),(4901,61,122,7,'717',1,NULL),(4902,61,124,7,'726',1,1),(4903,61,125,7,'745',1,1),(4904,61,126,7,'735',1,1),(4905,61,181,13,'1031',1,1),(4906,61,182,13,'1036',1,NULL),(4907,61,183,13,'1041',1,1),(4908,61,184,13,'1045',1,1),(4909,61,185,13,'1046',1,NULL),(4910,61,186,13,'1055',1,NULL),(4911,61,187,13,'1056',1,NULL),(4912,61,188,13,'1070',1,1),(4913,61,189,13,'1072',1,1),(4914,61,190,13,'1080',1,NULL),(4915,61,191,13,'1081',1,NULL),(4916,61,192,13,'1084',1,1),(4917,61,193,13,'1090',1,1),(4918,61,194,13,'1095',1,1),(4919,61,195,13,'1098',1,1),(4920,61,197,13,'1112',1,1),(4921,61,198,13,'1122',1,1),(4922,61,199,13,'1125',1,1),(4923,61,200,13,'1129',1,1),(4924,61,181,13,'1031',2,1),(4925,61,182,13,'1033',2,1),(4926,61,183,13,'1041',2,1),(4927,61,184,13,'1045',2,1),(4928,61,185,13,'1048',2,1),(4929,61,186,13,'1053',2,1),(4930,61,187,13,'1059',2,1),(4931,61,188,13,'1070',2,1),(4932,61,189,13,'1072',2,1),(4933,61,190,13,'1076',2,1),(4934,61,191,13,'1082',2,1),(4935,61,192,13,'1084',2,1),(4936,61,193,13,'1090',2,1),(4937,61,194,13,'1095',2,1),(4938,61,195,13,'1098',2,1),(4939,61,196,13,'1104',2,1),(4940,61,197,13,'1112',2,1),(4941,61,198,13,'1122',2,1),(4942,61,199,13,'1125',2,1),(4943,61,200,13,'1129',2,1),(4944,61,181,13,'1031',3,1),(4945,61,182,13,'1033',3,1),(4946,61,183,13,'1041',3,1),(4947,61,184,13,'1045',3,1),(4948,61,185,13,'1048',3,1),(4949,61,186,13,'1053',3,1),(4950,61,187,13,'1059',3,1),(4951,61,188,13,'1070',3,1),(4952,61,189,13,'1072',3,1),(4953,61,190,13,'1076',3,1),(4954,61,191,13,'1082',3,1),(4955,61,192,13,'1084',3,1),(4956,61,193,13,'1090',3,1),(4957,61,194,13,'1095',3,1),(4958,61,195,13,'1098',3,1),(4959,61,196,13,'1104',3,1),(4960,61,197,13,'1112',3,1),(4961,61,198,13,'1122',3,1),(4962,61,199,13,'1125',3,1),(4963,61,200,13,'1129',3,1),(4964,61,181,13,'1031',4,1),(4965,61,182,13,'1033',4,1),(4966,61,183,13,'1041',4,1),(4967,61,184,13,'1045',4,1),(4968,61,185,13,'1048',4,1),(4969,61,186,13,'1053',4,1),(4970,61,187,13,'1059',4,1),(4971,61,188,13,'1070',4,1),(4972,61,189,13,'1072',4,1),(4973,61,190,13,'1076',4,1),(4974,61,191,13,'1082',4,1),(4975,61,192,13,'1084',4,1),(4976,61,193,13,'1090',4,1),(4977,61,194,13,'1095',4,1),(4978,61,195,13,'1098',4,1),(4979,61,196,13,'1104',4,1),(4980,61,197,13,'1112',4,1),(4981,61,198,13,'1122',4,1),(4982,61,199,13,'1125',4,1),(4983,61,200,13,'1129',4,1),(4984,61,211,15,'1180',1,1),(4985,61,212,15,'1182',1,NULL),(4986,61,213,15,'1189',1,1),(4987,61,214,15,'1192',1,1),(4988,61,215,15,'1194',1,NULL),(4989,61,211,15,'1180',2,1),(4990,61,212,15,'1185',2,1),(4991,61,213,15,'1189',2,1),(4992,61,214,15,'1192',2,1),(4993,61,215,15,'1193',2,1),(4994,63,67,5,'540',1,1),(4995,63,68,5,'544',1,1),(4996,63,69,5,'546',1,1),(4997,63,70,5,'551',1,1),(4998,63,71,5,'553',1,1),(4999,63,72,5,'557',1,1),(5000,63,73,5,'565',1,1),(5001,63,74,5,'569',1,1),(5002,63,75,5,'575',1,1),(5003,63,78,5,'581',1,NULL),(5004,63,79,5,'588',1,1),(5005,63,80,5,'593',1,NULL),(5006,63,81,5,'576',1,1),(5007,63,88,5,'596',1,1),(5008,63,89,5,'600',1,1),(5009,63,26,3,'464',1,NULL),(5010,63,27,3,'465',1,1),(5011,63,28,3,'468',1,NULL),(5012,63,29,3,'469',1,1),(5013,63,30,3,'471',1,1),(5014,63,31,3,'474',1,1),(5015,63,32,3,'476',1,NULL),(5016,63,33,3,'477',1,1),(5017,63,34,3,'479',1,1),(5018,63,35,3,'485',1,1),(5019,63,36,3,'489',1,NULL),(5020,63,37,3,'490',1,1),(5021,63,38,3,'500',1,1),(5022,63,39,3,'508',1,1),(5023,63,40,3,'511',1,1),(5024,63,41,3,'515',1,1),(5025,63,42,3,'533',1,1),(5026,63,47,3,'521',1,1),(5027,63,48,3,'526',1,1),(5028,63,49,3,'532',1,1),(5029,63,116,7,'694',1,1),(5030,63,117,7,'697',1,1),(5031,63,118,7,'703',1,1),(5032,63,119,7,'706',1,1),(5033,63,120,7,'711',1,1),(5034,63,121,7,'714',1,1),(5035,63,122,7,'720',1,1),(5036,63,124,7,'726',1,1),(5037,63,125,7,'745',1,1),(5038,63,126,7,'735',1,1),(5039,63,181,13,'1031',1,1),(5040,63,182,13,'1033',1,1),(5041,63,183,13,'1041',1,1),(5042,63,184,13,'1045',1,1),(5043,63,185,13,'1049',1,NULL),(5044,63,186,13,'1053',1,1),(5045,63,187,13,'1059',1,1),(5046,63,188,13,'1070',1,1),(5047,63,189,13,'1072',1,1),(5048,63,190,13,'1076',1,1),(5049,63,191,13,'1081',1,NULL),(5050,63,192,13,'1084',1,1),(5051,63,193,13,'1090',1,1),(5052,63,194,13,'1094',1,NULL),(5053,63,195,13,'1098',1,1),(5054,63,196,13,'1103',1,NULL),(5055,63,197,13,'1112',1,1),(5056,63,198,13,'1121',1,NULL),(5057,63,199,13,'1125',1,1),(5058,63,200,13,'1131',1,NULL),(5059,63,211,15,'1181',1,NULL),(5060,63,212,15,'1185',1,1),(5061,63,213,15,'1189',1,1),(5062,63,214,15,'1192',1,1),(5063,63,215,15,'1194',1,NULL),(5064,63,211,15,'1180',2,1),(5065,63,212,15,'1185',2,1),(5066,63,213,15,'1189',2,1),(5067,63,214,15,'1192',2,1),(5068,63,215,15,'1193',2,1),(5069,63,211,15,'1180',3,1),(5070,63,212,15,'1185',3,1),(5071,63,213,15,'1189',3,1),(5072,63,214,15,'1192',3,1),(5073,63,215,15,'1193',3,1),(5074,62,211,15,'1180',1,1),(5075,62,212,15,'1185',1,1),(5076,62,213,15,'1189',1,1),(5077,62,214,15,'1192',1,1),(5078,62,215,15,'1193',1,1),(5079,62,116,7,'694',1,1),(5080,62,117,7,'696',1,NULL),(5081,62,118,7,'703',1,1),(5082,62,119,7,'706',1,1),(5083,62,120,7,'711',1,1),(5084,62,121,7,'714',1,1),(5085,62,122,7,'720',1,1),(5086,62,124,7,'726',1,1),(5087,62,125,7,'745',1,1),(5088,62,126,7,'735',1,1),(5089,64,53,4,'296',1,1),(5090,64,54,4,'449',1,1),(5091,64,55,4,'300',1,1),(5092,64,57,4,'452',1,1),(5093,64,58,4,'413',1,NULL),(5094,64,59,4,'419',1,1),(5095,64,60,4,'325',1,1),(5096,64,61,4,'423',1,NULL),(5097,64,62,4,'327',1,1),(5098,64,63,4,'331',1,1),(5099,64,64,4,'333',1,1),(5100,64,65,4,'458',1,1),(5101,64,82,4,'343',1,1),(5102,64,83,4,'347',1,1),(5103,64,85,4,'459',1,1),(5104,64,26,3,'463',1,1),(5105,64,27,3,'465',1,1),(5106,64,28,3,'467',1,1),(5107,64,29,3,'469',1,1),(5108,64,30,3,'471',1,1),(5109,64,31,3,'474',1,1),(5110,64,32,3,'475',1,1),(5111,64,33,3,'477',1,1),(5112,64,34,3,'479',1,1),(5113,64,35,3,'485',1,1),(5114,64,36,3,'487',1,1),(5115,64,37,3,'490',1,1),(5116,64,38,3,'500',1,1),(5117,64,39,3,'508',1,1),(5118,64,40,3,'511',1,1),(5119,64,41,3,'515',1,1),(5120,64,42,3,'534',1,NULL),(5121,64,47,3,'521',1,1),(5122,64,48,3,'526',1,1),(5123,64,49,3,'532',1,1),(5124,64,181,13,'1031',1,1),(5125,64,182,13,'1033',1,1),(5126,64,183,13,'1041',1,1),(5127,64,184,13,'1042',1,NULL),(5128,64,185,13,'1049',1,NULL),(5129,64,186,13,'1055',1,NULL),(5130,64,187,13,'1059',1,1),(5131,64,188,13,'1070',1,1),(5132,64,189,13,'1072',1,1),(5133,64,190,13,'1076',1,1),(5134,64,191,13,'1081',1,NULL),(5135,64,192,13,'1084',1,1),(5136,64,193,13,'1090',1,1),(5137,64,194,13,'1095',1,1),(5138,64,195,13,'1098',1,1),(5139,64,196,13,'1104',1,1),(5140,64,197,13,'1110',1,NULL),(5141,64,198,13,'1122',1,1),(5142,64,199,13,'1125',1,1),(5143,64,200,13,'1129',1,1),(5144,64,211,15,'1181',1,NULL),(5145,64,212,15,'1185',1,1),(5146,64,213,15,'1189',1,1),(5147,64,214,15,'1192',1,1),(5148,64,215,15,'1193',1,1),(5149,64,116,7,'694',1,1),(5150,64,117,7,'696',1,NULL),(5151,64,118,7,'703',1,1),(5152,64,119,7,'706',1,1),(5153,64,120,7,'711',1,1),(5154,64,121,7,'714',1,1),(5155,64,122,7,'720',1,1),(5156,64,124,7,'726',1,1),(5157,64,125,7,'745',1,1),(5158,64,126,7,'735',1,1),(5159,64,67,5,'540',1,1),(5160,64,68,5,'544',1,1),(5161,64,69,5,'546',1,1),(5162,64,70,5,'551',1,1),(5163,64,71,5,'553',1,1),(5164,64,72,5,'558',1,NULL),(5165,64,73,5,'565',1,1),(5166,64,74,5,'569',1,1),(5167,64,75,5,'575',1,1),(5168,64,78,5,'582',1,1),(5169,64,79,5,'588',1,1),(5170,64,80,5,'593',1,NULL),(5171,64,81,5,'576',1,1),(5172,64,88,5,'596',1,1),(5173,64,89,5,'600',1,1),(5174,65,53,4,'296',1,1),(5175,65,54,4,'450',1,NULL),(5176,65,55,4,'299',1,NULL),(5177,65,57,4,'453',1,NULL),(5178,65,58,4,'414',1,1),(5179,65,59,4,'419',1,1),(5180,65,60,4,'325',1,1),(5181,65,61,4,'423',1,NULL),(5182,65,62,4,'328',1,NULL),(5183,65,64,4,'333',1,1),(5184,65,65,4,'457',1,NULL),(5185,65,82,4,'343',1,1),(5186,65,83,4,'347',1,1),(5187,65,85,4,'459',1,1),(5188,65,53,4,'296',2,1),(5189,65,54,4,'449',2,1),(5190,65,55,4,'300',2,1),(5191,65,57,4,'453',2,NULL),(5192,65,58,4,'414',2,1),(5193,65,59,4,'419',2,1),(5194,65,60,4,'325',2,1),(5195,65,61,4,'425',2,1),(5196,65,62,4,'327',2,1),(5197,65,63,4,'331',2,1),(5198,65,64,4,'333',2,1),(5199,65,65,4,'458',2,1),(5200,65,82,4,'342',2,NULL),(5201,65,83,4,'347',2,1),(5202,65,85,4,'459',2,1),(5203,65,67,5,'539',1,NULL),(5204,65,68,5,'544',1,1),(5205,65,69,5,'546',1,1),(5206,65,70,5,'552',1,NULL),(5207,65,71,5,'554',1,NULL),(5208,65,72,5,'560',1,NULL),(5209,65,73,5,'564',1,NULL),(5210,65,74,5,'569',1,1),(5211,65,75,5,'575',1,1),(5212,65,78,5,'582',1,1),(5213,65,79,5,'588',1,1),(5214,65,80,5,'591',1,NULL),(5215,65,81,5,'576',1,1),(5216,65,88,5,'594',1,NULL),(5217,65,89,5,'599',1,NULL),(5218,65,67,5,'539',2,NULL),(5219,65,68,5,'544',2,1),(5220,65,69,5,'546',2,1),(5221,65,70,5,'551',2,1),(5222,65,71,5,'553',2,1),(5223,65,72,5,'557',2,1),(5224,65,73,5,'565',2,1),(5225,65,74,5,'569',2,1),(5226,65,75,5,'575',2,1),(5227,65,78,5,'582',2,1),(5228,65,79,5,'588',2,1),(5229,65,80,5,'589',2,NULL),(5230,65,81,5,'578',2,NULL),(5231,65,88,5,'596',2,1),(5232,65,89,5,'600',2,1),(5233,65,181,13,'1031',1,1),(5234,65,182,13,'1033',1,1),(5235,65,184,13,'1045',1,1),(5236,65,185,13,'1048',1,1),(5237,65,186,13,'1053',1,1),(5238,65,187,13,'1056',1,NULL),(5239,65,188,13,'1070',1,1),(5240,65,189,13,'1074',1,NULL),(5241,65,190,13,'1079',1,NULL),(5242,65,191,13,'1082',1,1),(5243,65,192,13,'1084',1,1),(5244,65,193,13,'1091',1,NULL),(5245,65,194,13,'1094',1,NULL),(5246,65,195,13,'1101',1,NULL),(5247,65,196,13,'1104',1,1),(5248,65,197,13,'1109',1,NULL),(5249,65,198,13,'1120',1,NULL),(5250,65,199,13,'1127',1,NULL),(5251,65,200,13,'1129',1,1),(5252,65,181,13,'1031',2,1),(5253,65,182,13,'1033',2,1),(5254,65,183,13,'1041',2,1),(5255,65,184,13,'1045',2,1),(5256,65,185,13,'1048',2,1),(5257,65,186,13,'1053',2,1),(5258,65,187,13,'1059',2,1),(5259,65,188,13,'1070',2,1),(5260,65,189,13,'1072',2,1),(5261,65,190,13,'1076',2,1),(5262,65,191,13,'1082',2,1),(5263,65,192,13,'1084',2,1),(5264,65,193,13,'1090',2,1),(5265,65,194,13,'1095',2,1),(5266,65,195,13,'1098',2,1),(5267,65,196,13,'1104',2,1),(5268,65,197,13,'1112',2,1),(5269,65,198,13,'1122',2,1),(5270,65,199,13,'1125',2,1),(5271,65,200,13,'1129',2,1),(5272,65,26,3,'463',1,1),(5273,65,27,3,'465',1,1),(5274,65,28,3,'467',1,1),(5275,65,29,3,'469',1,1),(5276,65,30,3,'471',1,1),(5277,65,31,3,'474',1,1),(5278,65,32,3,'475',1,1),(5279,65,33,3,'477',1,1),(5280,65,34,3,'479',1,1),(5281,65,35,3,'485',1,1),(5282,65,36,3,'487',1,1),(5283,65,37,3,'490',1,1),(5284,65,38,3,'500',1,1),(5285,65,39,3,'508',1,1),(5286,65,40,3,'511',1,1),(5287,65,41,3,'517',1,NULL),(5288,65,42,3,'536',1,NULL),(5289,65,47,3,'521',1,1),(5290,65,48,3,'526',1,1),(5291,65,49,3,'532',1,1),(5292,65,116,7,'692',1,NULL),(5293,65,117,7,'696',1,NULL),(5294,65,118,7,'704',1,NULL),(5295,65,119,7,'706',1,1),(5296,65,120,7,'711',1,1),(5297,65,121,7,'714',1,1),(5298,65,122,7,'720',1,1),(5299,65,124,7,'726',1,1),(5300,65,125,7,'745',1,1),(5301,65,126,7,'735',1,1),(5302,65,211,15,'1180',1,1),(5303,65,212,15,'1183',1,NULL),(5304,65,213,15,'1189',1,1),(5305,65,214,15,'1191',1,NULL),(5306,65,215,15,'1193',1,1),(5307,65,211,15,'1180',2,1),(5308,65,212,15,'1185',2,1),(5309,65,213,15,'1189',2,1),(5310,65,214,15,'1192',2,1),(5311,65,215,15,'1193',2,1),(5312,66,53,4,'296',1,1),(5313,66,54,4,'449',1,1),(5314,66,55,4,'300',1,1),(5315,66,57,4,'452',1,1),(5316,66,58,4,'410',1,NULL),(5317,66,59,4,'419',1,1),(5318,66,60,4,'325',1,1),(5319,66,61,4,'423',1,NULL),(5320,66,62,4,'327',1,1),(5321,66,63,4,'332',1,NULL),(5322,66,64,4,'333',1,1),(5323,66,65,4,'455',1,NULL),(5324,66,82,4,'339',1,NULL),(5325,66,83,4,'347',1,1),(5326,66,85,4,'459',1,1),(5327,66,53,4,'296',2,1),(5328,66,54,4,'449',2,1),(5329,66,55,4,'300',2,1),(5330,66,57,4,'452',2,1),(5331,66,58,4,'413',2,NULL),(5332,66,59,4,'419',2,1),(5333,66,60,4,'325',2,1),(5334,66,61,4,'424',2,NULL),(5335,66,62,4,'327',2,1),(5336,66,63,4,'329',2,NULL),(5337,66,64,4,'333',2,1),(5338,66,65,4,'458',2,1),(5339,66,82,4,'343',2,1),(5340,66,83,4,'347',2,1),(5341,66,85,4,'459',2,1),(5342,66,116,7,'694',1,1),(5343,66,117,7,'697',1,1),(5344,66,118,7,'703',1,1),(5345,66,119,7,'706',1,1),(5346,66,120,7,'709',1,NULL),(5347,66,121,7,'714',1,1),(5348,66,122,7,'720',1,1),(5349,66,124,7,'726',1,1),(5350,66,125,7,'745',1,1),(5351,66,126,7,'735',1,1),(5352,67,53,4,'296',1,1),(5353,67,54,4,'449',1,1),(5354,67,55,4,'299',1,NULL),(5355,67,57,4,'452',1,1),(5356,67,58,4,'413',1,NULL),(5357,67,59,4,'419',1,1),(5358,67,60,4,'325',1,1),(5359,67,61,4,'424',1,NULL),(5360,67,62,4,'328',1,NULL),(5361,67,63,4,'331',1,1),(5362,67,64,4,'333',1,1),(5363,67,65,4,'458',1,1),(5364,67,82,4,'343',1,1),(5365,67,83,4,'348',1,NULL),(5366,67,85,4,'459',1,1),(5367,67,53,4,'296',2,1),(5368,67,54,4,'449',2,1),(5369,67,55,4,'300',2,1),(5370,67,57,4,'452',2,1),(5371,67,58,4,'414',2,1),(5372,67,59,4,'419',2,1),(5373,67,60,4,'325',2,1),(5374,67,61,4,'425',2,1),(5375,67,63,4,'331',2,1),(5376,67,64,4,'333',2,1),(5377,67,65,4,'458',2,1),(5378,67,82,4,'343',2,1),(5379,67,85,4,'459',2,1),(5380,67,27,3,'465',1,1),(5381,67,28,3,'467',1,1),(5382,67,29,3,'469',1,1),(5383,67,30,3,'471',1,1),(5384,67,31,3,'474',1,1),(5385,67,32,3,'475',1,1),(5386,67,33,3,'477',1,1),(5387,67,34,3,'479',1,1),(5388,67,35,3,'485',1,1),(5389,67,36,3,'489',1,NULL),(5390,67,37,3,'490',1,1),(5391,67,38,3,'500',1,1),(5392,67,39,3,'508',1,1),(5393,67,40,3,'510',1,NULL),(5394,67,41,3,'514',1,NULL),(5395,67,42,3,'533',1,1),(5396,67,47,3,'521',1,1),(5397,67,48,3,'526',1,1),(5398,67,49,3,'532',1,1),(5399,68,53,4,'296',1,1),(5400,68,54,4,'449',1,1),(5401,68,55,4,'300',1,1),(5402,68,57,4,'452',1,1),(5403,68,58,4,'413',1,NULL),(5404,68,59,4,'419',1,1),(5405,68,60,4,'325',1,1),(5406,68,61,4,'425',1,1),(5407,68,62,4,'327',1,1),(5408,68,63,4,'331',1,1),(5409,68,64,4,'333',1,1),(5410,68,65,4,'458',1,1),(5411,68,82,4,'343',1,1),(5412,68,83,4,'347',1,1),(5413,68,85,4,'459',1,1),(5414,69,53,4,'296',1,1),(5415,69,54,4,'449',1,1),(5416,69,55,4,'300',1,1),(5417,69,57,4,'452',1,1),(5418,69,58,4,'414',1,1),(5419,69,59,4,'419',1,1),(5420,69,60,4,'325',1,1),(5421,69,61,4,'425',1,1),(5422,69,62,4,'327',1,1),(5423,69,63,4,'329',1,NULL),(5424,69,64,4,'333',1,1),(5425,69,65,4,'457',1,NULL),(5426,69,82,4,'343',1,1),(5427,69,83,4,'347',1,1),(5428,69,85,4,'459',1,1),(5429,68,26,3,'463',1,1),(5430,68,27,3,'465',1,1),(5431,68,28,3,'467',1,1),(5432,68,29,3,'469',1,1),(5433,68,30,3,'471',1,1),(5434,68,31,3,'474',1,1),(5435,68,32,3,'475',1,1),(5436,68,33,3,'477',1,1),(5437,68,34,3,'479',1,1),(5438,68,35,3,'485',1,1),(5439,68,36,3,'487',1,1),(5440,68,37,3,'490',1,1),(5441,68,38,3,'500',1,1),(5442,68,39,3,'508',1,1),(5443,68,40,3,'510',1,NULL),(5444,68,42,3,'533',1,1),(5445,68,47,3,'521',1,1),(5446,68,48,3,'526',1,1),(5447,68,49,3,'532',1,1),(5448,68,67,5,'540',1,1),(5449,68,68,5,'544',1,1),(5450,68,69,5,'546',1,1),(5451,68,70,5,'551',1,1),(5452,68,71,5,'553',1,1),(5453,68,72,5,'557',1,1),(5454,68,73,5,'565',1,1),(5455,68,74,5,'569',1,1),(5456,68,75,5,'575',1,1),(5457,68,78,5,'583',1,NULL),(5458,68,79,5,'588',1,1),(5459,68,80,5,'593',1,NULL),(5460,68,81,5,'579',1,NULL),(5461,68,88,5,'595',1,NULL),(5462,68,89,5,'600',1,1),(5463,68,116,7,'694',1,1),(5464,68,117,7,'697',1,1),(5465,68,118,7,'703',1,1),(5466,68,119,7,'706',1,1),(5467,68,120,7,'711',1,1),(5468,68,121,7,'714',1,1),(5469,68,122,7,'720',1,1),(5470,68,124,7,'726',1,1),(5471,68,125,7,'745',1,1),(5472,68,126,7,'735',1,1),(5473,68,181,13,'1031',1,1),(5474,68,182,13,'1033',1,1),(5475,68,183,13,'1041',1,1),(5476,68,184,13,'1045',1,1),(5477,68,186,13,'1053',1,1),(5478,68,187,13,'1059',1,1),(5479,68,188,13,'1070',1,1),(5480,68,189,13,'1073',1,NULL),(5481,68,190,13,'1076',1,1),(5482,68,191,13,'1082',1,1),(5483,68,192,13,'1084',1,1),(5484,68,193,13,'1090',1,1),(5485,68,194,13,'1095',1,1),(5486,68,195,13,'1100',1,NULL),(5487,68,196,13,'1104',1,1),(5488,68,197,13,'1112',1,1),(5489,68,198,13,'1122',1,1),(5490,68,199,13,'1125',1,1),(5491,68,200,13,'1130',1,NULL),(5492,68,211,15,'1180',1,1),(5493,68,212,15,'1185',1,1),(5494,68,213,15,'1190',1,NULL),(5495,68,214,15,'1192',1,1),(5496,68,215,15,'1194',1,NULL),(5497,68,211,15,'1180',2,1),(5498,68,212,15,'1185',2,1),(5499,68,213,15,'1189',2,1),(5500,68,214,15,'1192',2,1),(5501,68,215,15,'1193',2,1),(5502,69,26,3,'463',1,1),(5503,69,27,3,'465',1,1),(5504,69,28,3,'467',1,1),(5505,69,29,3,'469',1,1),(5506,69,30,3,'471',1,1),(5507,69,31,3,'474',1,1),(5508,69,32,3,'475',1,1),(5509,69,33,3,'477',1,1),(5510,69,34,3,'479',1,1),(5511,69,35,3,'485',1,1),(5512,69,36,3,'486',1,NULL),(5513,69,37,3,'490',1,1),(5514,69,38,3,'500',1,1),(5515,69,39,3,'508',1,1),(5516,69,40,3,'511',1,1),(5517,69,41,3,'515',1,1),(5518,69,42,3,'536',1,NULL),(5519,69,47,3,'521',1,1),(5520,69,48,3,'526',1,1),(5521,69,49,3,'529',1,NULL),(5522,67,67,5,'540',1,1),(5523,67,68,5,'544',1,1),(5524,67,69,5,'546',1,1),(5525,67,70,5,'551',1,1),(5526,67,71,5,'554',1,NULL),(5527,67,72,5,'558',1,NULL),(5528,67,73,5,'565',1,1),(5529,67,74,5,'569',1,1),(5530,67,75,5,'575',1,1),(5531,67,78,5,'582',1,1),(5532,67,79,5,'588',1,1),(5533,67,80,5,'593',1,NULL),(5534,67,81,5,'579',1,NULL),(5535,67,88,5,'597',1,NULL),(5536,67,89,5,'600',1,1),(5537,67,67,5,'540',2,1),(5538,67,68,5,'544',2,1),(5539,67,69,5,'546',2,1),(5540,67,70,5,'551',2,1),(5541,67,71,5,'553',2,1),(5542,67,72,5,'557',2,1),(5543,67,73,5,'565',2,1),(5544,67,74,5,'569',2,1),(5545,67,78,5,'582',2,1),(5546,67,79,5,'588',2,1),(5547,67,80,5,'592',2,1),(5548,67,81,5,'576',2,1),(5549,67,88,5,'596',2,1),(5550,67,89,5,'600',2,1),(5551,67,116,7,'694',1,1),(5552,67,117,7,'695',1,NULL),(5553,67,118,7,'704',1,NULL),(5554,67,119,7,'706',1,1),(5555,67,120,7,'711',1,1),(5556,67,121,7,'714',1,1),(5557,67,122,7,'720',1,1),(5558,67,124,7,'726',1,1),(5559,67,125,7,'744',1,NULL),(5560,67,126,7,'735',1,1),(5561,66,26,3,'463',1,1),(5562,66,27,3,'465',1,1),(5563,66,28,3,'467',1,1),(5564,66,29,3,'469',1,1),(5565,66,30,3,'471',1,1),(5566,66,31,3,'474',1,1),(5567,66,32,3,'475',1,1),(5568,66,33,3,'477',1,1),(5569,66,34,3,'479',1,1),(5570,66,35,3,'485',1,1),(5571,66,36,3,'487',1,1),(5572,66,37,3,'490',1,1),(5573,66,38,3,'500',1,1),(5574,66,39,3,'508',1,1),(5575,66,40,3,'511',1,1),(5576,66,41,3,'515',1,1),(5577,66,42,3,'533',1,1),(5578,66,47,3,'521',1,1),(5579,66,48,3,'526',1,1),(5580,66,49,3,'532',1,1),(5581,66,26,3,'463',2,1),(5582,66,27,3,'465',2,1),(5583,66,28,3,'467',2,1),(5584,66,29,3,'469',2,1),(5585,66,30,3,'471',2,1),(5586,66,31,3,'474',2,1),(5587,66,32,3,'475',2,1),(5588,66,33,3,'477',2,1),(5589,66,34,3,'479',2,1),(5590,66,35,3,'485',2,1),(5591,66,36,3,'487',2,1),(5592,66,37,3,'490',2,1),(5593,66,38,3,'500',2,1),(5594,66,39,3,'508',2,1),(5595,66,40,3,'511',2,1),(5596,66,41,3,'515',2,1),(5597,66,42,3,'533',2,1),(5598,66,47,3,'521',2,1),(5599,66,48,3,'526',2,1),(5600,66,49,3,'532',2,1),(5601,67,181,13,'1031',1,1),(5602,67,182,13,'1033',1,1),(5603,67,183,13,'1041',1,1),(5604,67,184,13,'1045',1,1),(5605,67,186,13,'1052',1,NULL),(5606,67,187,13,'1056',1,NULL),(5607,67,188,13,'1070',1,1),(5608,67,189,13,'1072',1,1),(5609,67,190,13,'1080',1,NULL),(5610,67,191,13,'1081',1,NULL),(5611,67,192,13,'1086',1,NULL),(5612,67,193,13,'1090',1,1),(5613,67,194,13,'1097',1,NULL),(5614,67,195,13,'1099',1,NULL),(5615,67,196,13,'1105',1,NULL),(5616,67,197,13,'1112',1,1),(5617,67,198,13,'1119',1,NULL),(5618,67,199,13,'1126',1,NULL),(5619,67,200,13,'1129',1,1),(5620,67,181,13,'1031',2,1),(5621,67,182,13,'1033',2,1),(5622,67,183,13,'1041',2,1),(5623,67,184,13,'1045',2,1),(5624,67,185,13,'1048',2,1),(5625,67,186,13,'1053',2,1),(5626,67,187,13,'1059',2,1),(5627,67,188,13,'1070',2,1),(5628,67,189,13,'1072',2,1),(5629,67,190,13,'1076',2,1),(5630,67,191,13,'1082',2,1),(5631,67,192,13,'1084',2,1),(5632,67,193,13,'1090',2,1),(5633,67,194,13,'1095',2,1),(5634,67,195,13,'1098',2,1),(5635,67,196,13,'1104',2,1),(5636,67,197,13,'1112',2,1),(5637,67,198,13,'1122',2,1),(5638,67,199,13,'1125',2,1),(5639,67,200,13,'1129',2,1),(5640,67,211,15,'1180',1,1),(5641,67,212,15,'1183',1,NULL),(5642,67,213,15,'1187',1,NULL),(5643,67,214,15,'1191',1,NULL),(5644,67,215,15,'1193',1,1),(5645,67,211,15,'1180',2,1),(5646,67,212,15,'1184',2,NULL),(5647,67,213,15,'1189',2,1),(5648,67,214,15,'1192',2,1),(5649,67,215,15,'1194',2,NULL),(5650,67,211,15,'1180',3,1),(5651,67,212,15,'1183',3,NULL),(5652,67,213,15,'1189',3,1),(5653,67,214,15,'1192',3,1),(5654,67,215,15,'1193',3,1),(5655,66,67,5,'540',1,1),(5656,66,68,5,'544',1,1),(5657,66,69,5,'546',1,1),(5658,66,70,5,'551',1,1),(5659,66,71,5,'553',1,1),(5660,66,72,5,'558',1,NULL),(5661,66,73,5,'565',1,1),(5662,66,74,5,'569',1,1),(5663,66,75,5,'575',1,1),(5664,66,78,5,'582',1,1),(5665,66,79,5,'588',1,1),(5666,66,80,5,'592',1,1),(5667,66,81,5,'576',1,1),(5668,66,88,5,'596',1,1),(5669,66,89,5,'600',1,1),(5670,66,181,13,'1031',1,1),(5671,66,182,13,'1033',1,1),(5672,66,183,13,'1041',1,1),(5673,66,184,13,'1045',1,1),(5674,66,185,13,'1048',1,1),(5675,66,186,13,'1053',1,1),(5676,66,187,13,'1059',1,1),(5677,66,188,13,'1070',1,1),(5678,66,189,13,'1072',1,1),(5679,66,190,13,'1076',1,1),(5680,66,191,13,'1082',1,1),(5681,66,192,13,'1084',1,1),(5682,66,193,13,'1090',1,1),(5683,66,194,13,'1093',1,NULL),(5684,66,195,13,'1098',1,1),(5685,66,196,13,'1104',1,1),(5686,66,197,13,'1110',1,NULL),(5687,66,198,13,'1122',1,1),(5688,66,199,13,'1125',1,1),(5689,66,200,13,'1131',1,NULL),(5690,66,211,15,'1180',1,1),(5691,66,212,15,'1185',1,1),(5692,66,213,15,'1189',1,1),(5693,66,214,15,'1192',1,1),(5694,66,215,15,'1193',1,1),(5695,70,53,4,'296',1,1),(5696,70,54,4,'449',1,1),(5697,70,57,4,'452',1,1),(5698,70,58,4,'414',1,1),(5699,70,59,4,'419',1,1),(5700,70,60,4,'325',1,1),(5701,70,61,4,'425',1,1),(5702,70,62,4,'327',1,1),(5703,70,63,4,'331',1,1),(5704,70,64,4,'333',1,1),(5705,70,65,4,'458',1,1),(5706,70,82,4,'343',1,1),(5707,70,83,4,'347',1,1),(5708,70,85,4,'459',1,1),(5709,70,211,15,'1180',1,1),(5710,70,212,15,'1182',1,NULL),(5711,70,213,15,'1189',1,1),(5712,70,214,15,'1192',1,1),(5713,70,215,15,'1194',1,NULL),(5714,70,211,15,'1180',2,1),(5715,70,212,15,'1185',2,1),(5716,70,213,15,'1189',2,1),(5717,70,214,15,'1192',2,1),(5718,70,215,15,'1193',2,1),(5719,70,181,13,'1031',1,1),(5720,70,182,13,'1033',1,1),(5721,70,183,13,'1041',1,1),(5722,70,184,13,'1045',1,1),(5723,70,185,13,'1049',1,NULL),(5724,70,186,13,'1053',1,1),(5725,70,187,13,'1059',1,1),(5726,70,188,13,'1070',1,1),(5727,70,189,13,'1073',1,NULL),(5728,70,190,13,'1076',1,1),(5729,70,191,13,'1081',1,NULL),(5730,70,192,13,'1084',1,1),(5731,70,193,13,'1090',1,1),(5732,70,195,13,'1098',1,1),(5733,70,196,13,'1104',1,1),(5734,70,197,13,'1110',1,NULL),(5735,70,199,13,'1125',1,1),(5736,70,200,13,'1129',1,1),(5737,70,116,7,'694',1,1),(5738,70,117,7,'697',1,1),(5739,70,118,7,'703',1,1),(5740,70,119,7,'706',1,1),(5741,70,120,7,'709',1,NULL),(5742,70,121,7,'714',1,1),(5743,70,122,7,'720',1,1),(5744,70,124,7,'726',1,1),(5745,70,125,7,'745',1,1),(5746,70,126,7,'735',1,1),(5747,71,181,13,'1031',1,1),(5748,71,182,13,'1033',1,1),(5749,71,183,13,'1039',1,NULL),(5750,71,184,13,'1045',1,1),(5751,71,185,13,'1047',1,NULL),(5752,71,186,13,'1053',1,1),(5753,71,187,13,'1059',1,1),(5754,71,188,13,'1070',1,1),(5755,71,189,13,'1072',1,1),(5756,71,190,13,'1076',1,1),(5757,71,191,13,'1082',1,1),(5758,71,192,13,'1084',1,1),(5759,71,193,13,'1091',1,NULL),(5760,71,194,13,'1096',1,NULL),(5761,71,195,13,'1100',1,NULL),(5762,71,196,13,'1107',1,NULL),(5763,71,197,13,'1108',1,NULL),(5764,71,198,13,'1119',1,NULL),(5765,71,199,13,'1124',1,NULL),(5766,71,200,13,'1129',1,1),(5767,71,181,13,'1031',2,1),(5768,71,182,13,'1033',2,1),(5769,71,183,13,'1041',2,1),(5770,71,184,13,'1045',2,1),(5771,71,185,13,'1048',2,1),(5772,71,186,13,'1053',2,1),(5773,71,187,13,'1059',2,1),(5774,71,188,13,'1066',2,NULL),(5775,71,189,13,'1072',2,1),(5776,71,190,13,'1076',2,1),(5777,71,191,13,'1082',2,1),(5778,71,192,13,'1084',2,1),(5779,71,193,13,'1090',2,1),(5780,71,194,13,'1095',2,1),(5781,71,195,13,'1098',2,1),(5782,71,196,13,'1104',2,1),(5783,71,197,13,'1108',2,NULL),(5784,71,198,13,'1122',2,1),(5785,71,199,13,'1125',2,1),(5786,71,200,13,'1129',2,1),(5787,71,67,5,'540',1,1),(5788,71,68,5,'544',1,1),(5789,71,69,5,'546',1,1),(5790,71,70,5,'552',1,NULL),(5791,71,71,5,'553',1,1),(5792,71,72,5,'560',1,NULL),(5793,71,73,5,'561',1,NULL),(5794,71,74,5,'569',1,1),(5795,71,75,5,'575',1,1),(5796,71,78,5,'581',1,NULL),(5797,71,79,5,'588',1,1),(5798,71,80,5,'591',1,NULL),(5799,71,81,5,'576',1,1),(5800,71,88,5,'597',1,NULL),(5801,71,89,5,'601',1,NULL),(5802,71,67,5,'540',2,1),(5803,71,68,5,'544',2,1),(5804,71,69,5,'546',2,1),(5805,71,70,5,'551',2,1),(5806,71,71,5,'553',2,1),(5807,71,72,5,'557',2,1),(5808,71,73,5,'565',2,1),(5809,71,74,5,'569',2,1),(5810,71,75,5,'575',2,1),(5811,71,78,5,'582',2,1),(5812,71,79,5,'588',2,1),(5813,71,80,5,'592',2,1),(5814,71,81,5,'576',2,1),(5815,71,88,5,'596',2,1),(5816,71,89,5,'600',2,1),(5817,71,67,5,'540',3,1),(5818,71,68,5,'544',3,1),(5819,71,69,5,'546',3,1),(5820,71,70,5,'551',3,1),(5821,71,71,5,'553',3,1),(5822,71,72,5,'557',3,1),(5823,71,73,5,'565',3,1),(5824,71,74,5,'569',3,1),(5825,71,75,5,'575',3,1),(5826,71,78,5,'582',3,1),(5827,71,79,5,'588',3,1),(5828,71,80,5,'592',3,1),(5829,71,81,5,'576',3,1),(5830,71,88,5,'596',3,1),(5831,71,89,5,'600',3,1),(5832,71,116,7,'694',1,1),(5833,71,117,7,'696',1,NULL),(5834,71,118,7,'704',1,NULL),(5835,71,119,7,'706',1,1),(5836,71,120,7,'711',1,1),(5837,71,121,7,'713',1,NULL),(5838,71,122,7,'718',1,NULL),(5839,71,124,7,'726',1,1),(5840,71,125,7,'745',1,1),(5841,71,126,7,'735',1,1),(5842,71,116,7,'694',2,1),(5843,71,117,7,'697',2,1),(5844,71,118,7,'703',2,1),(5845,71,119,7,'706',2,1),(5846,71,120,7,'711',2,1),(5847,71,121,7,'714',2,1),(5848,71,122,7,'720',2,1),(5849,71,124,7,'726',2,1),(5850,71,125,7,'745',2,1),(5851,71,126,7,'735',2,1),(5852,71,26,3,'463',1,1),(5853,71,27,3,'466',1,NULL),(5854,71,28,3,'468',1,NULL),(5855,71,29,3,'469',1,1),(5856,71,30,3,'471',1,1),(5857,71,31,3,'474',1,1),(5858,71,32,3,'476',1,NULL),(5859,71,33,3,'477',1,1),(5860,71,34,3,'479',1,1),(5861,71,35,3,'485',1,1),(5862,71,36,3,'487',1,1),(5863,71,37,3,'490',1,1),(5864,71,38,3,'500',1,1),(5865,71,39,3,'508',1,1),(5866,71,40,3,'511',1,1),(5867,71,41,3,'515',1,1),(5868,71,42,3,'533',1,1),(5869,71,47,3,'521',1,1),(5870,71,48,3,'526',1,1),(5871,71,49,3,'532',1,1),(5872,71,211,15,'1180',1,1),(5873,71,212,15,'1182',1,NULL),(5874,71,213,15,'1189',1,1),(5875,71,214,15,'1191',1,NULL),(5876,71,215,15,'1193',1,1),(5877,71,211,15,'1180',2,1),(5878,71,212,15,'1185',2,1),(5879,71,213,15,'1189',2,1),(5880,71,214,15,'1192',2,1),(5881,71,215,15,'1193',2,1),(5882,71,53,4,'296',1,1),(5883,71,54,4,'449',1,1),(5884,71,55,4,'300',1,1),(5885,71,57,4,'452',1,1),(5886,71,58,4,'414',1,1),(5887,71,59,4,'419',1,1),(5888,71,60,4,'325',1,1),(5889,71,61,4,'425',1,1),(5890,71,62,4,'327',1,1),(5891,71,63,4,'329',1,NULL),(5892,71,64,4,'333',1,1),(5893,71,65,4,'458',1,1),(5894,71,82,4,'343',1,1),(5895,71,83,4,'347',1,1),(5896,71,85,4,'459',1,1),(5897,71,53,4,'296',2,1),(5898,71,54,4,'449',2,1),(5899,71,55,4,'300',2,1),(5900,71,57,4,'452',2,1),(5901,71,58,4,'414',2,1),(5902,71,59,4,'419',2,1),(5903,71,60,4,'325',2,1),(5904,71,61,4,'425',2,1),(5905,71,62,4,'327',2,1),(5906,71,63,4,'329',2,NULL),(5907,71,64,4,'333',2,1),(5908,71,65,4,'458',2,1),(5909,71,82,4,'343',2,1),(5910,71,83,4,'347',2,1),(5911,71,85,4,'459',2,1),(5912,72,26,3,'463',1,1),(5913,72,27,3,'465',1,1),(5914,72,28,3,'467',1,1),(5915,72,29,3,'469',1,1),(5916,72,30,3,'471',1,1),(5917,72,31,3,'474',1,1),(5918,72,32,3,'475',1,1),(5919,72,33,3,'477',1,1),(5920,72,34,3,'479',1,1),(5921,72,35,3,'485',1,1),(5922,72,36,3,'487',1,1),(5923,72,37,3,'490',1,1),(5924,72,38,3,'500',1,1),(5925,72,39,3,'508',1,1),(5926,72,40,3,'511',1,1),(5927,72,41,3,'514',1,NULL),(5928,72,42,3,'533',1,1),(5929,72,47,3,'521',1,1),(5930,72,48,3,'526',1,1),(5931,72,49,3,'532',1,1),(5932,72,211,15,'1180',1,1),(5933,72,212,15,'1185',1,1),(5934,72,213,15,'1189',1,1),(5935,72,214,15,'1192',1,1),(5936,72,215,15,'1194',1,NULL),(5937,72,181,13,'1031',1,1),(5938,72,182,13,'1033',1,1),(5939,72,183,13,'1041',1,1),(5940,72,184,13,'1045',1,1),(5941,72,185,13,'1050',1,NULL),(5942,72,186,13,'1055',1,NULL),(5943,72,187,13,'1059',1,1),(5944,72,188,13,'1070',1,1),(5945,72,189,13,'1072',1,1),(5946,72,190,13,'1076',1,1),(5947,72,191,13,'1081',1,NULL),(5948,72,192,13,'1084',1,1),(5949,72,193,13,'1088',1,NULL),(5950,72,194,13,'1093',1,NULL),(5951,72,195,13,'1100',1,NULL),(5952,72,196,13,'1103',1,NULL),(5953,72,197,13,'1112',1,1),(5954,72,198,13,'1121',1,NULL),(5955,72,199,13,'1125',1,1),(5956,72,200,13,'1128',1,NULL),(5957,72,181,13,'1031',2,1),(5958,72,182,13,'1033',2,1),(5959,72,183,13,'1041',2,1),(5960,72,184,13,'1045',2,1),(5961,72,185,13,'1048',2,1),(5962,72,186,13,'1053',2,1),(5963,72,187,13,'1059',2,1),(5964,72,188,13,'1070',2,1),(5965,72,189,13,'1072',2,1),(5966,72,190,13,'1076',2,1),(5967,72,191,13,'1082',2,1),(5968,72,192,13,'1084',2,1),(5969,72,193,13,'1090',2,1),(5970,72,194,13,'1095',2,1),(5971,72,195,13,'1098',2,1),(5972,72,196,13,'1104',2,1),(5973,72,197,13,'1112',2,1),(5974,72,198,13,'1122',2,1),(5975,72,199,13,'1125',2,1),(5976,72,200,13,'1129',2,1),(5977,72,181,13,'1031',3,1),(5978,72,182,13,'1033',3,1),(5979,72,183,13,'1041',3,1),(5980,72,184,13,'1045',3,1),(5981,72,185,13,'1048',3,1),(5982,72,186,13,'1053',3,1),(5983,72,187,13,'1059',3,1),(5984,72,188,13,'1070',3,1),(5985,72,189,13,'1072',3,1),(5986,72,190,13,'1076',3,1),(5987,72,191,13,'1082',3,1),(5988,72,192,13,'1084',3,1),(5989,72,193,13,'1090',3,1),(5990,72,194,13,'1095',3,1),(5991,72,195,13,'1098',3,1),(5992,72,196,13,'1104',3,1),(5993,72,197,13,'1112',3,1),(5994,72,198,13,'1122',3,1),(5995,72,199,13,'1125',3,1),(5996,72,200,13,'1129',3,1),(5997,72,53,4,'296',1,1),(5998,72,54,4,'449',1,1),(5999,72,55,4,'299',1,NULL),(6000,72,57,4,'452',1,1),(6001,72,58,4,'414',1,1),(6002,72,59,4,'416',1,NULL),(6003,72,60,4,'325',1,1),(6004,72,61,4,'425',1,1),(6005,72,62,4,'327',1,1),(6006,72,63,4,'329',1,NULL),(6007,72,64,4,'333',1,1),(6008,72,65,4,'456',1,NULL),(6009,72,82,4,'343',1,1),(6010,72,83,4,'347',1,1),(6011,72,85,4,'459',1,1),(6012,72,67,5,'540',1,1),(6013,72,68,5,'544',1,1),(6014,72,69,5,'546',1,1),(6015,72,70,5,'552',1,NULL),(6016,72,71,5,'553',1,1),(6017,72,72,5,'558',1,NULL),(6018,72,73,5,'561',1,NULL),(6019,72,74,5,'569',1,1),(6020,72,75,5,'575',1,1),(6021,72,78,5,'583',1,NULL),(6022,72,79,5,'588',1,1),(6023,72,80,5,'593',1,NULL),(6024,72,81,5,'576',1,1),(6025,72,88,5,'596',1,1),(6026,72,89,5,'600',1,1),(6027,72,67,5,'540',2,1),(6028,72,68,5,'544',2,1),(6029,72,69,5,'546',2,1),(6030,72,70,5,'551',2,1),(6031,72,71,5,'553',2,1),(6032,72,72,5,'557',2,1),(6033,72,73,5,'564',2,NULL),(6034,72,74,5,'569',2,1),(6035,72,75,5,'575',2,1),(6036,72,78,5,'582',2,1),(6037,72,79,5,'588',2,1),(6038,72,80,5,'592',2,1),(6039,72,81,5,'576',2,1),(6040,72,88,5,'596',2,1),(6041,72,89,5,'600',2,1),(6042,72,116,7,'694',1,1),(6043,72,117,7,'695',1,NULL),(6044,72,118,7,'703',1,1),(6045,72,119,7,'706',1,1),(6046,72,120,7,'711',1,1),(6047,72,121,7,'714',1,1),(6048,72,122,7,'720',1,1),(6049,72,124,7,'726',1,1),(6050,72,125,7,'745',1,1),(6051,72,126,7,'735',1,1),(6052,72,116,7,'694',2,1),(6053,72,117,7,'695',2,NULL),(6054,72,118,7,'703',2,1),(6055,72,119,7,'706',2,1),(6056,72,120,7,'711',2,1),(6057,72,121,7,'714',2,1),(6058,72,122,7,'720',2,1),(6059,72,124,7,'726',2,1),(6060,72,125,7,'745',2,1),(6061,72,126,7,'735',2,1),(6062,72,116,7,'694',3,1),(6063,72,117,7,'695',3,NULL),(6064,72,118,7,'703',3,1),(6065,72,119,7,'706',3,1),(6066,72,120,7,'711',3,1),(6067,72,121,7,'714',3,1),(6068,72,122,7,'720',3,1),(6069,72,124,7,'726',3,1),(6070,72,125,7,'745',3,1),(6071,72,126,7,'735',3,1),(6072,53,67,5,'540',1,1),(6073,53,68,5,'544',1,1),(6074,53,69,5,'546',1,1),(6075,53,70,5,'550',1,NULL),(6076,53,71,5,'555',1,NULL),(6077,53,72,5,'558',1,NULL),(6078,53,73,5,'561',1,NULL),(6079,53,74,5,'569',1,1),(6080,53,75,5,'575',1,1),(6081,53,78,5,'580',1,NULL),(6082,53,79,5,'588',1,1),(6083,53,80,5,'591',1,NULL),(6084,53,81,5,'576',1,1),(6085,53,88,5,'596',1,1),(6086,53,89,5,'600',1,1),(6087,53,67,5,'540',2,1),(6088,53,68,5,'544',2,1),(6089,53,69,5,'546',2,1),(6090,53,70,5,'551',2,1),(6091,53,71,5,'553',2,1),(6092,53,72,5,'557',2,1),(6093,53,73,5,'564',2,NULL),(6094,53,74,5,'569',2,1),(6095,53,75,5,'575',2,1),(6096,53,78,5,'582',2,1),(6097,53,79,5,'588',2,1),(6098,53,80,5,'592',2,1),(6099,53,81,5,'576',2,1),(6100,53,88,5,'596',2,1),(6101,53,89,5,'600',2,1),(6102,53,116,7,'692',1,NULL),(6103,53,117,7,'695',1,NULL),(6104,53,118,7,'704',1,NULL),(6105,53,119,7,'706',1,1),(6106,53,120,7,'711',1,1),(6107,53,121,7,'714',1,1),(6108,53,122,7,'720',1,1),(6109,53,124,7,'726',1,1),(6110,53,125,7,'744',1,NULL),(6111,53,126,7,'735',1,1),(6112,53,116,7,'694',2,1),(6113,53,117,7,'697',2,1),(6114,53,118,7,'703',2,1),(6115,53,119,7,'706',2,1),(6116,53,120,7,'711',2,1),(6117,53,121,7,'714',2,1),(6118,53,122,7,'720',2,1),(6119,53,124,7,'726',2,1),(6120,53,125,7,'745',2,1),(6121,53,126,7,'735',2,1),(6122,69,67,5,'540',1,1),(6123,69,68,5,'544',1,1),(6124,69,69,5,'546',1,1),(6125,69,70,5,'551',1,1),(6126,69,71,5,'553',1,1),(6127,69,72,5,'557',1,1),(6128,69,73,5,'561',1,NULL),(6129,69,74,5,'569',1,1),(6130,69,75,5,'575',1,1),(6131,69,78,5,'582',1,1),(6132,69,79,5,'588',1,1),(6133,69,80,5,'589',1,NULL),(6134,69,81,5,'576',1,1),(6135,69,88,5,'596',1,1),(6136,69,89,5,'600',1,1),(6137,69,116,7,'692',1,NULL),(6138,69,117,7,'697',1,1),(6139,69,118,7,'703',1,1),(6140,69,119,7,'706',1,1),(6141,69,120,7,'711',1,1),(6142,69,121,7,'714',1,1),(6143,69,122,7,'718',1,NULL),(6144,69,124,7,'726',1,1),(6145,69,125,7,'745',1,1),(6146,69,126,7,'735',1,1),(6147,69,181,13,'1031',1,1),(6148,69,182,13,'1033',1,1),(6149,69,183,13,'1041',1,1),(6150,69,184,13,'1045',1,1),(6151,69,185,13,'1048',1,1),(6152,69,186,13,'1053',1,1),(6153,69,187,13,'1059',1,1),(6154,69,188,13,'1070',1,1),(6155,69,189,13,'1072',1,1),(6156,69,190,13,'1076',1,1),(6157,69,191,13,'1082',1,1),(6158,69,192,13,'1084',1,1),(6159,69,193,13,'1090',1,1),(6160,69,194,13,'1095',1,1),(6161,69,195,13,'1098',1,1),(6162,69,196,13,'1104',1,1),(6163,69,197,13,'1112',1,1),(6164,69,198,13,'1122',1,1),(6165,69,199,13,'1125',1,1),(6166,69,200,13,'1129',1,1),(6167,69,211,15,'1180',1,1),(6168,69,212,15,'1185',1,1),(6169,69,213,15,'1189',1,1),(6170,69,214,15,'1192',1,1),(6171,69,215,15,'1194',1,NULL),(6172,74,26,3,'463',1,1),(6173,74,27,3,'465',1,1),(6174,74,28,3,'467',1,1),(6175,74,29,3,'469',1,1),(6176,74,30,3,'471',1,1),(6177,74,31,3,'474',1,1),(6178,74,32,3,'475',1,1),(6179,74,33,3,'477',1,1),(6180,74,34,3,'479',1,1),(6181,74,35,3,'485',1,1),(6182,74,36,3,'487',1,1),(6183,74,37,3,'490',1,1),(6184,74,38,3,'498',1,NULL),(6185,74,39,3,'508',1,1),(6186,74,40,3,'511',1,1),(6187,74,41,3,'517',1,NULL),(6188,74,42,3,'533',1,1),(6189,74,47,3,'519',1,NULL),(6190,74,48,3,'525',1,NULL),(6191,74,49,3,'532',1,1),(6192,74,116,7,'694',1,1),(6193,74,117,7,'695',1,NULL),(6194,74,118,7,'703',1,1),(6195,74,119,7,'706',1,1),(6196,74,120,7,'711',1,1),(6197,74,121,7,'714',1,1),(6198,74,122,7,'720',1,1),(6199,74,124,7,'726',1,1),(6200,74,125,7,'745',1,1),(6201,74,126,7,'735',1,1),(6202,74,181,13,'1031',1,1),(6203,74,182,13,'1033',1,1),(6204,74,184,13,'1045',1,1),(6205,74,185,13,'1047',1,NULL),(6206,74,186,13,'1053',1,1),(6207,74,187,13,'1059',1,1),(6208,74,188,13,'1070',1,1),(6209,74,189,13,'1072',1,1),(6210,74,190,13,'1079',1,NULL),(6211,74,191,13,'1081',1,NULL),(6212,74,192,13,'1084',1,1),(6213,74,193,13,'1090',1,1),(6214,74,194,13,'1095',1,1),(6215,74,195,13,'1100',1,NULL),(6216,74,196,13,'1104',1,1),(6217,74,197,13,'1112',1,1),(6218,74,198,13,'1122',1,1),(6219,74,199,13,'1125',1,1),(6220,74,200,13,'1130',1,NULL),(6221,74,53,4,'296',1,1),(6222,74,54,4,'449',1,1),(6223,74,55,4,'300',1,1),(6224,74,57,4,'452',1,1),(6225,74,58,4,'414',1,1),(6226,74,59,4,'419',1,1),(6227,74,60,4,'325',1,1),(6228,74,62,4,'327',1,1),(6229,74,63,4,'331',1,1),(6230,74,64,4,'333',1,1),(6231,74,65,4,'455',1,NULL),(6232,74,82,4,'343',1,1),(6233,74,83,4,'347',1,1),(6234,74,85,4,'459',1,1),(6235,74,211,15,'1180',1,1),(6236,74,212,15,'1185',1,1),(6237,74,213,15,'1189',1,1),(6238,74,214,15,'1192',1,1),(6239,74,215,15,'1194',1,NULL),(6240,74,67,5,'540',1,1),(6241,74,68,5,'544',1,1),(6242,74,69,5,'548',1,NULL),(6243,74,70,5,'552',1,NULL),(6244,74,71,5,'554',1,NULL),(6245,74,72,5,'557',1,1),(6246,74,73,5,'564',1,NULL),(6247,74,75,5,'575',1,1),(6248,74,78,5,'582',1,1),(6249,74,79,5,'586',1,NULL),(6250,74,80,5,'591',1,NULL),(6251,74,81,5,'579',1,NULL),(6252,74,88,5,'597',1,NULL),(6253,74,89,5,'600',1,1),(6254,74,67,5,'540',2,1),(6255,74,68,5,'544',2,1),(6256,74,69,5,'546',2,1),(6257,74,70,5,'551',2,1),(6258,74,71,5,'554',2,NULL),(6259,74,72,5,'557',2,1),(6260,74,73,5,'564',2,NULL),(6261,74,74,5,'569',2,1),(6262,74,75,5,'575',2,1),(6263,74,78,5,'582',2,1),(6264,74,79,5,'586',2,NULL),(6265,74,80,5,'591',2,NULL),(6266,74,81,5,'579',2,NULL),(6267,74,88,5,'597',2,NULL),(6268,74,89,5,'600',2,1),(6269,74,67,5,'540',3,1),(6270,74,68,5,'544',3,1),(6271,74,69,5,'547',3,NULL),(6272,74,70,5,'552',3,NULL),(6273,74,71,5,'553',3,1),(6274,74,72,5,'557',3,1),(6275,74,73,5,'565',3,1),(6276,74,74,5,'567',3,NULL),(6277,74,75,5,'575',3,1),(6278,74,78,5,'582',3,1),(6279,74,79,5,'588',3,1),(6280,74,80,5,'592',3,1),(6281,74,81,5,'579',3,NULL),(6282,74,88,5,'597',3,NULL),(6283,74,89,5,'600',3,1),(6284,74,67,5,'540',4,1),(6285,74,68,5,'544',4,1),(6286,74,69,5,'546',4,1),(6287,74,70,5,'551',4,1),(6288,74,71,5,'554',4,NULL),(6289,74,72,5,'557',4,1),(6290,74,73,5,'565',4,1),(6291,74,74,5,'567',4,NULL),(6292,74,75,5,'575',4,1),(6293,74,78,5,'582',4,1),(6294,74,79,5,'588',4,1),(6295,74,80,5,'593',4,NULL),(6296,74,81,5,'576',4,1),(6297,74,88,5,'594',4,NULL),(6298,74,89,5,'600',4,1),(6299,73,53,4,'296',1,1),(6300,73,54,4,'449',1,1),(6301,73,55,4,'299',1,NULL),(6302,73,57,4,'452',1,1),(6303,73,58,4,'413',1,NULL),(6304,73,59,4,'419',1,1),(6305,73,60,4,'325',1,1),(6306,73,61,4,'425',1,1),(6307,73,62,4,'327',1,1),(6308,73,63,4,'331',1,1),(6309,73,64,4,'333',1,1),(6310,73,65,4,'458',1,1),(6311,73,82,4,'343',1,1),(6312,73,83,4,'347',1,1),(6313,73,85,4,'459',1,1),(6314,75,53,4,'296',1,1),(6315,75,54,4,'449',1,1),(6316,75,55,4,'299',1,NULL),(6317,75,57,4,'454',1,NULL),(6318,75,58,4,'414',1,1),(6319,75,59,4,'417',1,NULL),(6320,75,60,4,'326',1,NULL),(6321,75,61,4,'425',1,1),(6322,75,62,4,'327',1,1),(6323,75,63,4,'332',1,NULL),(6324,75,64,4,'333',1,1),(6325,75,65,4,'455',1,NULL),(6326,75,82,4,'343',1,1),(6327,75,83,4,'347',1,1),(6328,75,85,4,'459',1,1),(6329,75,53,4,'296',2,1),(6330,75,54,4,'449',2,1),(6331,75,55,4,'300',2,1),(6332,75,57,4,'452',2,1),(6333,75,58,4,'414',2,1),(6334,75,59,4,'419',2,1),(6335,75,60,4,'325',2,1),(6336,75,61,4,'425',2,1),(6337,75,62,4,'327',2,1),(6338,75,63,4,'331',2,1),(6339,75,64,4,'333',2,1),(6340,75,65,4,'458',2,1),(6341,75,82,4,'343',2,1),(6342,75,83,4,'347',2,1),(6343,75,85,4,'459',2,1),(6344,75,26,3,'463',1,1),(6345,75,27,3,'465',1,1),(6346,75,28,3,'467',1,1),(6347,75,29,3,'469',1,1),(6348,75,30,3,'471',1,1),(6349,75,31,3,'474',1,1),(6350,75,32,3,'476',1,NULL),(6351,75,33,3,'477',1,1),(6352,75,34,3,'480',1,NULL),(6353,75,35,3,'485',1,1),(6354,75,36,3,'488',1,NULL),(6355,75,37,3,'490',1,1),(6356,75,38,3,'500',1,1),(6357,75,39,3,'508',1,1),(6358,75,40,3,'511',1,1),(6359,75,41,3,'516',1,NULL),(6360,75,42,3,'533',1,1),(6361,75,47,3,'521',1,1),(6362,75,48,3,'526',1,1),(6363,75,49,3,'532',1,1),(6364,75,67,5,'540',1,1),(6365,75,68,5,'544',1,1),(6366,75,69,5,'546',1,1),(6367,75,70,5,'552',1,NULL),(6368,75,71,5,'554',1,NULL),(6369,75,72,5,'557',1,1),(6370,75,73,5,'565',1,1),(6371,75,74,5,'569',1,1),(6372,75,75,5,'575',1,1),(6373,75,78,5,'582',1,1),(6374,75,79,5,'588',1,1),(6375,75,80,5,'593',1,NULL),(6376,75,81,5,'576',1,1),(6377,75,88,5,'597',1,NULL),(6378,75,89,5,'599',1,NULL),(6379,75,67,5,'540',2,1),(6380,75,68,5,'544',2,1),(6381,75,69,5,'546',2,1),(6382,75,70,5,'551',2,1),(6383,75,71,5,'553',2,1),(6384,75,72,5,'557',2,1),(6385,75,73,5,'564',2,NULL),(6386,75,74,5,'569',2,1),(6387,75,75,5,'575',2,1),(6388,75,78,5,'582',2,1),(6389,75,79,5,'588',2,1),(6390,75,80,5,'592',2,1),(6391,75,81,5,'576',2,1),(6392,75,88,5,'596',2,1),(6393,75,89,5,'600',2,1),(6394,75,116,7,'694',1,1),(6395,75,117,7,'698',1,NULL),(6396,75,118,7,'704',1,NULL),(6397,75,119,7,'706',1,1),(6398,75,120,7,'711',1,1),(6399,75,121,7,'714',1,1),(6400,75,122,7,'720',1,1),(6401,75,124,7,'726',1,1),(6402,75,125,7,'745',1,1),(6403,75,126,7,'735',1,1),(6404,75,181,13,'1031',1,1),(6405,75,182,13,'1036',1,NULL),(6406,75,183,13,'1041',1,1),(6407,75,184,13,'1042',1,NULL),(6408,75,185,13,'1050',1,NULL),(6409,75,186,13,'1055',1,NULL),(6410,75,187,13,'1060',1,NULL),(6411,75,188,13,'1070',1,1),(6412,75,189,13,'1075',1,NULL),(6413,75,181,13,'1031',2,1),(6414,75,182,13,'1033',2,1),(6415,75,183,13,'1041',2,1),(6416,75,184,13,'1045',2,1),(6417,75,185,13,'1048',2,1),(6418,75,186,13,'1053',2,1),(6419,75,187,13,'1059',2,1),(6420,75,188,13,'1070',2,1),(6421,75,189,13,'1072',2,1),(6422,75,190,13,'1076',2,1),(6423,75,191,13,'1082',2,1),(6424,75,192,13,'1084',2,1),(6425,75,193,13,'1090',2,1),(6426,75,194,13,'1095',2,1),(6427,75,195,13,'1098',2,1),(6428,75,196,13,'1107',2,NULL),(6429,75,197,13,'1109',2,NULL),(6430,75,198,13,'1119',2,NULL),(6431,75,199,13,'1125',2,1),(6432,75,200,13,'1131',2,NULL),(6433,75,211,15,'1181',1,NULL),(6434,75,212,15,'1183',1,NULL),(6435,75,213,15,'1188',1,NULL),(6436,75,214,15,'1191',1,NULL),(6437,75,215,15,'1193',1,1),(6438,75,211,15,'1180',2,1),(6439,75,212,15,'1185',2,1),(6440,75,213,15,'1188',2,NULL),(6441,75,214,15,'1192',2,1),(6442,75,215,15,'1193',2,1),(6443,15,181,13,'1031',1,1),(6444,15,182,13,'1033',1,1),(6445,15,183,13,'1041',1,1),(6446,15,184,13,'1045',1,1),(6447,15,185,13,'1048',1,1),(6448,15,186,13,'1053',1,1),(6449,15,187,13,'1060',1,NULL),(6450,15,188,13,'1070',1,1),(6451,15,189,13,'1072',1,1),(6452,15,190,13,'1076',1,1),(6453,15,191,13,'1081',1,NULL),(6454,15,192,13,'1084',1,1),(6455,15,193,13,'1090',1,1),(6456,15,194,13,'1095',1,1),(6457,15,195,13,'1098',1,1),(6458,15,196,13,'1103',1,NULL),(6459,15,197,13,'1112',1,1),(6460,15,198,13,'1122',1,1),(6461,15,199,13,'1125',1,1),(6462,15,200,13,'1130',1,NULL),(6463,15,211,15,'1180',1,1),(6464,15,212,15,'1185',1,1),(6465,15,213,15,'1189',1,1),(6466,15,214,15,'1192',1,1),(6467,15,215,15,'1193',1,1),(6468,70,26,3,'463',1,1),(6469,70,27,3,'465',1,1),(6470,70,28,3,'467',1,1),(6471,70,29,3,'469',1,1),(6472,70,30,3,'471',1,1),(6473,70,31,3,'474',1,1),(6474,70,32,3,'475',1,1),(6475,70,33,3,'477',1,1),(6476,70,34,3,'479',1,1),(6477,70,35,3,'485',1,1),(6478,70,36,3,'487',1,1),(6479,70,37,3,'490',1,1),(6480,70,38,3,'500',1,1),(6481,70,39,3,'508',1,1),(6482,70,40,3,'511',1,1),(6483,70,41,3,'515',1,1),(6484,70,42,3,'533',1,1),(6485,70,47,3,'521',1,1),(6486,70,48,3,'526',1,1),(6487,70,49,3,'532',1,1),(6488,70,67,5,'540',1,1),(6489,70,68,5,'544',1,1),(6490,70,69,5,'546',1,1),(6491,70,70,5,'551',1,1),(6492,70,71,5,'553',1,1),(6493,70,72,5,'557',1,1),(6494,70,73,5,'565',1,1),(6495,70,74,5,'569',1,1),(6496,70,75,5,'575',1,1),(6497,70,78,5,'582',1,1),(6498,70,79,5,'588',1,1),(6499,70,80,5,'593',1,NULL),(6500,70,81,5,'576',1,1),(6501,70,88,5,'597',1,NULL),(6502,70,89,5,'600',1,1),(6503,73,26,3,'463',1,1),(6504,73,27,3,'465',1,1),(6505,73,28,3,'467',1,1),(6506,73,29,3,'469',1,1),(6507,73,30,3,'471',1,1),(6508,73,31,3,'474',1,1),(6509,73,32,3,'475',1,1),(6510,73,33,3,'477',1,1),(6511,73,34,3,'479',1,1),(6512,73,35,3,'485',1,1),(6513,73,36,3,'487',1,1),(6514,73,37,3,'490',1,1),(6515,73,38,3,'500',1,1),(6516,73,39,3,'508',1,1),(6517,73,40,3,'511',1,1),(6518,73,41,3,'515',1,1),(6519,73,42,3,'533',1,1),(6520,73,47,3,'521',1,1),(6521,73,48,3,'526',1,1),(6522,73,49,3,'532',1,1),(6523,73,67,5,'540',1,1),(6524,73,68,5,'544',1,1),(6525,73,69,5,'548',1,NULL),(6526,73,70,5,'551',1,1),(6527,73,71,5,'553',1,1),(6528,73,72,5,'557',1,1),(6529,73,73,5,'564',1,NULL),(6530,73,74,5,'569',1,1),(6531,73,75,5,'575',1,1),(6532,73,78,5,'581',1,NULL),(6533,73,79,5,'588',1,1),(6534,73,81,5,'579',1,NULL),(6535,73,88,5,'597',1,NULL),(6536,73,89,5,'600',1,1),(6537,73,67,5,'540',2,1),(6538,73,68,5,'544',2,1),(6539,73,69,5,'546',2,1),(6540,73,70,5,'551',2,1),(6541,73,71,5,'553',2,1),(6542,73,72,5,'557',2,1),(6543,73,73,5,'564',2,NULL),(6544,73,74,5,'569',2,1),(6545,73,75,5,'575',2,1),(6546,73,79,5,'588',2,1),(6547,73,80,5,'593',2,NULL),(6548,73,81,5,'579',2,NULL),(6549,73,88,5,'594',2,NULL),(6550,73,89,5,'600',2,1),(6551,73,67,5,'540',3,1),(6552,73,68,5,'544',3,1),(6553,73,69,5,'546',3,1),(6554,73,70,5,'551',3,1),(6555,73,71,5,'553',3,1),(6556,73,73,5,'565',3,1),(6557,73,74,5,'569',3,1),(6558,73,75,5,'575',3,1),(6559,73,78,5,'581',3,NULL),(6560,73,79,5,'588',3,1),(6561,73,80,5,'592',3,1),(6562,73,81,5,'576',3,1),(6563,73,88,5,'596',3,1),(6564,73,89,5,'600',3,1),(6565,73,116,7,'694',1,1),(6566,73,117,7,'696',1,NULL),(6567,73,118,7,'703',1,1),(6568,73,119,7,'706',1,1),(6569,73,120,7,'711',1,1),(6570,73,121,7,'714',1,1),(6571,73,122,7,'720',1,1),(6572,73,124,7,'726',1,1),(6573,73,125,7,'745',1,1),(6574,73,126,7,'735',1,1),(6575,76,116,7,'694',1,1),(6576,76,117,7,'695',1,NULL),(6577,76,118,7,'703',1,1),(6578,76,119,7,'706',1,1),(6579,76,120,7,'711',1,1),(6580,76,121,7,'714',1,1),(6581,76,122,7,'720',1,1),(6582,76,124,7,'726',1,1),(6583,76,125,7,'745',1,1),(6584,76,126,7,'735',1,1),(6585,76,211,15,'1180',1,1),(6586,76,212,15,'1185',1,1),(6587,76,213,15,'1189',1,1),(6588,76,214,15,'1192',1,1),(6589,76,215,15,'1194',1,NULL),(6590,77,116,7,'694',1,1),(6591,77,117,7,'695',1,NULL),(6592,77,118,7,'704',1,NULL),(6593,77,119,7,'706',1,1),(6594,77,120,7,'709',1,NULL),(6595,77,121,7,'714',1,1),(6596,77,122,7,'718',1,NULL),(6597,77,124,7,'726',1,1),(6598,77,125,7,'745',1,1),(6599,77,126,7,'734',1,NULL),(6600,77,116,7,'694',2,1),(6601,77,117,7,'697',2,1),(6602,77,118,7,'704',2,NULL),(6603,77,119,7,'706',2,1),(6604,77,120,7,'711',2,1),(6605,77,121,7,'714',2,1),(6606,77,122,7,'720',2,1),(6607,77,124,7,'726',2,1),(6608,77,125,7,'745',2,1),(6609,77,126,7,'734',2,NULL),(6610,77,211,15,'1181',1,NULL),(6611,77,212,15,'1185',1,1),(6612,77,213,15,'1188',1,NULL),(6613,77,214,15,'1191',1,NULL),(6614,77,215,15,'1194',1,NULL),(6615,77,211,15,'1180',2,1),(6616,77,212,15,'1185',2,1),(6617,77,213,15,'1189',2,1),(6618,77,214,15,'1191',2,NULL),(6619,77,215,15,'1194',2,NULL),(6620,77,211,15,'1180',3,1),(6621,77,212,15,'1185',3,1),(6622,77,213,15,'1189',3,1),(6623,77,214,15,'1192',3,1),(6624,77,215,15,'1193',3,1),(6625,78,53,4,'296',1,1),(6626,78,54,4,'449',1,1),(6627,78,55,4,'300',1,1),(6628,78,57,4,'452',1,1),(6629,78,58,4,'413',1,NULL),(6630,78,59,4,'419',1,1),(6631,78,60,4,'325',1,1),(6632,78,61,4,'425',1,1),(6633,78,62,4,'327',1,1),(6634,78,63,4,'331',1,1),(6635,78,64,4,'334',1,NULL),(6636,78,65,4,'458',1,1),(6637,78,82,4,'343',1,1),(6638,78,83,4,'347',1,1),(6639,78,85,4,'459',1,1),(6640,78,26,3,'463',1,1),(6641,78,27,3,'465',1,1),(6642,78,28,3,'467',1,1),(6643,78,29,3,'469',1,1),(6644,78,30,3,'471',1,1),(6645,78,31,3,'474',1,1),(6646,78,32,3,'475',1,1),(6647,78,33,3,'477',1,1),(6648,78,34,3,'479',1,1),(6649,78,35,3,'485',1,1),(6650,78,36,3,'489',1,NULL),(6651,78,37,3,'491',1,NULL),(6652,78,38,3,'500',1,1),(6653,78,39,3,'508',1,1),(6654,78,40,3,'511',1,1),(6655,78,41,3,'517',1,NULL),(6656,78,42,3,'536',1,NULL),(6657,78,47,3,'521',1,1),(6658,78,48,3,'526',1,1),(6659,78,49,3,'532',1,1),(6660,78,26,3,'463',2,1),(6661,78,27,3,'465',2,1),(6662,78,28,3,'467',2,1),(6663,78,29,3,'469',2,1),(6664,78,30,3,'471',2,1),(6665,78,31,3,'474',2,1),(6666,78,32,3,'475',2,1),(6667,78,33,3,'477',2,1),(6668,78,34,3,'479',2,1),(6669,78,35,3,'485',2,1),(6670,78,36,3,'489',2,NULL),(6671,78,37,3,'491',2,NULL),(6672,78,38,3,'500',2,1),(6673,78,39,3,'508',2,1),(6674,78,40,3,'511',2,1),(6675,78,41,3,'517',2,NULL),(6676,78,42,3,'536',2,NULL),(6677,78,47,3,'521',2,1),(6678,78,48,3,'526',2,1),(6679,78,49,3,'532',2,1),(6680,78,26,3,'463',3,1),(6681,78,27,3,'465',3,1),(6682,78,28,3,'467',3,1),(6683,78,29,3,'469',3,1),(6684,78,30,3,'471',3,1),(6685,78,31,3,'474',3,1),(6686,78,32,3,'475',3,1),(6687,78,33,3,'477',3,1),(6688,78,34,3,'479',3,1),(6689,78,35,3,'485',3,1),(6690,78,36,3,'489',3,NULL),(6691,78,37,3,'491',3,NULL),(6692,78,38,3,'500',3,1),(6693,78,39,3,'508',3,1),(6694,78,40,3,'511',3,1),(6695,78,41,3,'517',3,NULL),(6696,78,42,3,'536',3,NULL),(6697,78,47,3,'521',3,1),(6698,78,48,3,'526',3,1),(6699,78,49,3,'532',3,1),(6700,78,67,5,'540',1,1),(6701,78,68,5,'544',1,1),(6702,78,69,5,'545',1,NULL),(6703,78,70,5,'552',1,NULL),(6704,78,71,5,'554',1,NULL),(6705,78,72,5,'557',1,1),(6706,78,73,5,'565',1,1),(6707,78,74,5,'569',1,1),(6708,78,75,5,'575',1,1),(6709,78,78,5,'583',1,NULL),(6710,78,79,5,'588',1,1),(6711,78,80,5,'593',1,NULL),(6712,78,81,5,'576',1,1),(6713,78,88,5,'597',1,NULL),(6714,78,89,5,'600',1,1),(6715,78,116,7,'692',1,NULL),(6716,78,117,7,'698',1,NULL),(6717,78,118,7,'703',1,1),(6718,78,119,7,'706',1,1),(6719,78,120,7,'711',1,1),(6720,78,121,7,'714',1,1),(6721,78,122,7,'720',1,1),(6722,78,124,7,'726',1,1),(6723,78,125,7,'745',1,1),(6724,78,126,7,'735',1,1),(6725,78,181,13,'1031',1,1),(6726,78,182,13,'1033',1,1),(6727,78,183,13,'1041',1,1),(6728,78,184,13,'1042',1,NULL),(6729,78,185,13,'1049',1,NULL),(6730,78,186,13,'1053',1,1),(6731,78,187,13,'1059',1,1),(6732,78,188,13,'1070',1,1),(6733,78,189,13,'1072',1,1),(6734,78,190,13,'1077',1,NULL),(6735,78,191,13,'1081',1,NULL),(6736,78,192,13,'1084',1,1),(6737,78,193,13,'1090',1,1),(6738,78,194,13,'1095',1,1),(6739,78,195,13,'1100',1,NULL),(6740,78,196,13,'1104',1,1),(6741,78,197,13,'1112',1,1),(6742,78,198,13,'1121',1,NULL),(6743,78,199,13,'1125',1,1),(6744,78,200,13,'1129',1,1),(6745,78,211,15,'1180',1,1),(6746,78,212,15,'1182',1,NULL),(6747,78,213,15,'1189',1,1),(6748,78,214,15,'1191',1,NULL),(6749,78,215,15,'1193',1,1),(6750,78,211,15,'1180',2,1),(6751,78,212,15,'1183',2,NULL),(6752,78,213,15,'1189',2,1),(6753,78,214,15,'1192',2,1),(6754,78,215,15,'1193',2,1),(6755,78,67,5,'540',2,1),(6756,78,68,5,'544',2,1),(6757,78,69,5,'548',2,NULL),(6758,78,70,5,'551',2,1),(6759,78,71,5,'553',2,1),(6760,78,72,5,'557',2,1),(6761,78,73,5,'561',2,NULL),(6762,78,74,5,'569',2,1),(6763,78,75,5,'575',2,1),(6764,78,78,5,'581',2,NULL),(6765,78,79,5,'588',2,1),(6766,78,80,5,'591',2,NULL),(6767,78,81,5,'576',2,1),(6768,78,88,5,'595',2,NULL),(6769,78,89,5,'599',2,NULL),(6770,78,67,5,'540',3,1),(6771,78,68,5,'544',3,1),(6772,78,69,5,'546',3,1),(6773,78,70,5,'551',3,1),(6774,78,71,5,'554',3,NULL),(6775,78,72,5,'557',3,1),(6776,78,73,5,'564',3,NULL),(6777,78,74,5,'569',3,1),(6778,78,75,5,'575',3,1),(6779,78,78,5,'582',3,1),(6780,78,79,5,'587',3,NULL),(6781,78,80,5,'593',3,NULL),(6782,78,81,5,'576',3,1),(6783,78,88,5,'595',3,NULL),(6784,78,89,5,'598',3,NULL),(6785,78,67,5,'540',4,1),(6786,78,68,5,'544',4,1),(6787,78,69,5,'545',4,NULL),(6788,78,70,5,'552',4,NULL),(6789,78,71,5,'553',4,1),(6790,78,72,5,'557',4,1),(6791,78,73,5,'564',4,NULL),(6792,78,74,5,'569',4,1),(6793,78,75,5,'575',4,1),(6794,78,78,5,'583',4,NULL),(6795,78,79,5,'587',4,NULL),(6796,78,80,5,'593',4,NULL),(6797,78,81,5,'576',4,1),(6798,78,88,5,'594',4,NULL),(6799,78,89,5,'600',4,1),(6800,78,67,5,'540',5,1),(6801,78,68,5,'544',5,1),(6802,78,69,5,'546',5,1),(6803,78,70,5,'551',5,1),(6804,78,71,5,'554',5,NULL),(6805,78,72,5,'557',5,1),(6806,78,73,5,'564',5,NULL),(6807,78,74,5,'569',5,1),(6808,78,75,5,'575',5,1),(6809,78,78,5,'582',5,1),(6810,78,79,5,'587',5,NULL),(6811,78,80,5,'593',5,NULL),(6812,78,81,5,'576',5,1),(6813,78,88,5,'595',5,NULL),(6814,78,89,5,'600',5,1),(6815,78,67,5,'540',6,1),(6816,78,68,5,'544',6,1),(6817,78,69,5,'546',6,1),(6818,78,70,5,'552',6,NULL),(6819,78,71,5,'554',6,NULL),(6820,78,72,5,'557',6,1),(6821,78,73,5,'564',6,NULL),(6822,78,74,5,'569',6,1),(6823,78,75,5,'575',6,1),(6824,78,78,5,'582',6,1),(6825,78,79,5,'587',6,NULL),(6826,78,80,5,'592',6,1),(6827,78,81,5,'576',6,1),(6828,78,88,5,'597',6,NULL),(6829,78,89,5,'600',6,1),(6830,78,67,5,'540',7,1),(6831,78,68,5,'544',7,1),(6832,78,69,5,'545',7,NULL),(6833,78,70,5,'551',7,1),(6834,78,71,5,'553',7,1),(6835,78,72,5,'557',7,1),(6836,78,73,5,'564',7,NULL),(6837,78,74,5,'569',7,1),(6838,78,75,5,'575',7,1),(6839,78,78,5,'582',7,1),(6840,78,79,5,'587',7,NULL),(6841,78,80,5,'592',7,1),(6842,78,81,5,'576',7,1),(6843,78,88,5,'596',7,1),(6844,78,89,5,'600',7,1),(6845,79,53,4,'296',1,1),(6846,79,54,4,'449',1,1),(6847,79,55,4,'300',1,1),(6848,79,57,4,'452',1,1),(6849,79,58,4,'414',1,1),(6850,79,59,4,'419',1,1),(6851,79,60,4,'325',1,1),(6852,79,61,4,'425',1,1),(6853,79,62,4,'327',1,1),(6854,79,63,4,'332',1,NULL),(6855,79,64,4,'333',1,1),(6856,79,65,4,'455',1,NULL),(6857,79,82,4,'343',1,1),(6858,79,83,4,'347',1,1),(6859,79,85,4,'459',1,1),(6860,79,26,3,'463',1,1),(6861,79,27,3,'465',1,1),(6862,79,28,3,'467',1,1),(6863,79,29,3,'469',1,1),(6864,79,30,3,'471',1,1),(6865,79,31,3,'474',1,1),(6866,79,32,3,'476',1,NULL),(6867,79,33,3,'477',1,1),(6868,79,34,3,'479',1,1),(6869,79,35,3,'485',1,1),(6870,79,36,3,'489',1,NULL),(6871,79,37,3,'490',1,1),(6872,79,38,3,'500',1,1),(6873,79,39,3,'508',1,1),(6874,79,40,3,'511',1,1),(6875,79,41,3,'514',1,NULL),(6876,79,42,3,'533',1,1),(6877,79,47,3,'521',1,1),(6878,79,48,3,'526',1,1),(6879,79,49,3,'532',1,1),(6880,79,67,5,'540',1,1),(6881,79,68,5,'544',1,1),(6882,79,69,5,'546',1,1),(6883,79,70,5,'552',1,NULL),(6884,79,71,5,'553',1,1),(6885,79,72,5,'557',1,1),(6886,79,73,5,'565',1,1),(6887,79,74,5,'569',1,1),(6888,79,75,5,'575',1,1),(6889,79,78,5,'583',1,NULL),(6890,79,79,5,'588',1,1),(6891,79,80,5,'593',1,NULL),(6892,79,81,5,'576',1,1),(6893,79,88,5,'597',1,NULL),(6894,79,89,5,'600',1,1),(6895,79,181,13,'1031',1,1),(6896,79,182,13,'1035',1,NULL),(6897,79,183,13,'1041',1,1),(6898,79,184,13,'1045',1,1),(6899,79,185,13,'1049',1,NULL),(6900,79,186,13,'1053',1,1),(6901,79,187,13,'1059',1,1),(6902,79,188,13,'1070',1,1),(6903,79,189,13,'1072',1,1),(6904,79,190,13,'1076',1,1),(6905,79,191,13,'1081',1,NULL),(6906,79,192,13,'1084',1,1),(6907,79,193,13,'1090',1,1),(6908,79,194,13,'1093',1,NULL),(6909,79,195,13,'1098',1,1),(6910,79,196,13,'1103',1,NULL),(6911,79,197,13,'1110',1,NULL),(6912,79,198,13,'1119',1,NULL),(6913,79,199,13,'1125',1,1),(6914,79,200,13,'1131',1,NULL),(6915,79,211,15,'1181',1,NULL),(6916,79,212,15,'1185',1,1),(6917,79,213,15,'1189',1,1),(6918,79,214,15,'1191',1,NULL),(6919,79,215,15,'1193',1,1),(6920,79,211,15,'1180',2,1),(6921,79,212,15,'1185',2,1),(6922,79,213,15,'1189',2,1),(6923,79,214,15,'1192',2,1),(6924,79,215,15,'1193',2,1),(6925,79,181,13,'1031',2,1),(6926,79,182,13,'1033',2,1),(6927,79,183,13,'1041',2,1),(6928,79,184,13,'1045',2,1),(6929,79,185,13,'1048',2,1),(6930,79,186,13,'1053',2,1),(6931,79,187,13,'1059',2,1),(6932,79,188,13,'1070',2,1),(6933,79,189,13,'1072',2,1),(6934,79,190,13,'1076',2,1),(6935,79,191,13,'1082',2,1),(6936,79,192,13,'1084',2,1),(6937,79,193,13,'1090',2,1),(6938,79,194,13,'1095',2,1),(6939,79,195,13,'1098',2,1),(6940,79,196,13,'1104',2,1),(6941,79,197,13,'1112',2,1),(6942,79,198,13,'1122',2,1),(6943,79,199,13,'1125',2,1),(6944,79,200,13,'1129',2,1),(6945,79,116,7,'694',1,1),(6946,79,117,7,'695',1,NULL),(6947,79,118,7,'703',1,1),(6948,79,119,7,'706',1,1),(6949,79,120,7,'711',1,1),(6950,79,121,7,'714',1,1),(6951,79,122,7,'720',1,1),(6952,79,124,7,'726',1,1),(6953,79,125,7,'745',1,1),(6954,79,126,7,'735',1,1),(6955,80,53,4,'296',1,1),(6956,80,54,4,'449',1,1),(6957,80,55,4,'300',1,1),(6958,80,57,4,'454',1,NULL),(6959,80,58,4,'414',1,1),(6960,80,59,4,'419',1,1),(6961,80,60,4,'325',1,1),(6962,80,61,4,'425',1,1),(6963,80,62,4,'327',1,1),(6964,80,63,4,'332',1,NULL),(6965,80,64,4,'333',1,1),(6966,80,65,4,'458',1,1),(6967,80,82,4,'343',1,1),(6968,80,83,4,'347',1,1),(6969,80,85,4,'459',1,1),(6970,80,26,3,'463',1,1),(6971,80,27,3,'465',1,1),(6972,80,28,3,'467',1,1),(6973,80,29,3,'469',1,1),(6974,80,30,3,'471',1,1),(6975,80,31,3,'474',1,1),(6976,80,32,3,'475',1,1),(6977,80,33,3,'477',1,1),(6978,80,34,3,'479',1,1),(6979,80,35,3,'485',1,1),(6980,80,36,3,'489',1,NULL),(6981,80,37,3,'492',1,NULL),(6982,80,38,3,'500',1,1),(6983,80,39,3,'508',1,1),(6984,80,40,3,'511',1,1),(6985,80,41,3,'514',1,NULL),(6986,80,42,3,'533',1,1),(6987,80,47,3,'521',1,1),(6988,80,48,3,'526',1,1),(6989,80,49,3,'532',1,1),(6990,80,67,5,'540',1,1),(6991,80,68,5,'544',1,1),(6992,80,69,5,'546',1,1),(6993,80,70,5,'551',1,1),(6994,80,71,5,'553',1,1),(6995,80,72,5,'558',1,NULL),(6996,80,73,5,'565',1,1),(6997,80,74,5,'569',1,1),(6998,80,75,5,'575',1,1),(6999,80,78,5,'582',1,1),(7000,80,79,5,'588',1,1),(7001,80,80,5,'593',1,NULL),(7002,80,81,5,'579',1,NULL),(7003,80,88,5,'596',1,1),(7004,80,89,5,'600',1,1),(7005,80,67,5,'540',2,1),(7006,80,68,5,'544',2,1),(7007,80,69,5,'546',2,1),(7008,80,70,5,'551',2,1),(7009,80,71,5,'553',2,1),(7010,80,72,5,'558',2,NULL),(7011,80,73,5,'565',2,1),(7012,80,74,5,'569',2,1),(7013,80,75,5,'575',2,1),(7014,80,78,5,'582',2,1),(7015,80,79,5,'588',2,1),(7016,80,80,5,'593',2,NULL),(7017,80,81,5,'579',2,NULL),(7018,80,88,5,'596',2,1),(7019,80,89,5,'600',2,1),(7020,80,67,5,'540',3,1),(7021,80,68,5,'544',3,1),(7022,80,69,5,'546',3,1),(7023,80,70,5,'551',3,1),(7024,80,71,5,'553',3,1),(7025,80,72,5,'558',3,NULL),(7026,80,73,5,'565',3,1),(7027,80,74,5,'569',3,1),(7028,80,75,5,'575',3,1),(7029,80,78,5,'582',3,1),(7030,80,79,5,'588',3,1),(7031,80,80,5,'593',3,NULL),(7032,80,81,5,'579',3,NULL),(7033,80,88,5,'596',3,1),(7034,80,89,5,'600',3,1),(7035,80,116,7,'692',1,NULL),(7036,80,117,7,'695',1,NULL),(7037,80,118,7,'703',1,1),(7038,80,119,7,'706',1,1),(7039,80,120,7,'711',1,1),(7040,80,121,7,'714',1,1),(7041,80,122,7,'720',1,1),(7042,80,124,7,'726',1,1),(7043,80,125,7,'745',1,1),(7044,80,126,7,'735',1,1),(7045,80,181,13,'1031',1,1),(7046,80,182,13,'1033',1,1),(7047,80,183,13,'1041',1,1),(7048,80,184,13,'1045',1,1),(7049,80,185,13,'1049',1,NULL),(7050,80,186,13,'1053',1,1),(7051,80,187,13,'1059',1,1),(7052,80,188,13,'1070',1,1),(7053,80,189,13,'1074',1,NULL),(7054,80,190,13,'1076',1,1),(7055,80,191,13,'1081',1,NULL),(7056,80,192,13,'1084',1,1),(7057,80,193,13,'1090',1,1),(7058,80,194,13,'1093',1,NULL),(7059,80,195,13,'1099',1,NULL),(7060,80,196,13,'1106',1,NULL),(7061,80,197,13,'1112',1,1),(7062,80,198,13,'1119',1,NULL),(7063,80,199,13,'1125',1,1),(7064,80,200,13,'1130',1,NULL),(7065,80,181,13,'1031',2,1),(7066,80,182,13,'1033',2,1),(7067,80,183,13,'1041',2,1),(7068,80,184,13,'1045',2,1),(7069,80,185,13,'1048',2,1),(7070,80,186,13,'1053',2,1),(7071,80,187,13,'1059',2,1),(7072,80,188,13,'1070',2,1),(7073,80,189,13,'1072',2,1),(7074,80,190,13,'1076',2,1),(7075,80,191,13,'1082',2,1),(7076,80,192,13,'1084',2,1),(7077,80,193,13,'1090',2,1),(7078,80,194,13,'1093',2,NULL),(7079,80,195,13,'1098',2,1),(7080,80,196,13,'1104',2,1),(7081,80,197,13,'1112',2,1),(7082,80,198,13,'1122',2,1),(7083,80,199,13,'1125',2,1),(7084,80,200,13,'1130',2,NULL),(7085,80,211,15,'1180',1,1),(7086,80,212,15,'1185',1,1),(7087,80,213,15,'1189',1,1),(7088,80,214,15,'1192',1,1),(7089,80,215,15,'1193',1,1),(7090,81,53,4,'296',1,1),(7091,81,54,4,'449',1,1),(7092,81,55,4,'299',1,NULL),(7093,81,57,4,'452',1,1),(7094,81,58,4,'414',1,1),(7095,81,59,4,'419',1,1),(7096,81,60,4,'325',1,1),(7097,81,61,4,'424',1,NULL),(7098,81,62,4,'328',1,NULL),(7099,81,63,4,'329',1,NULL),(7100,81,64,4,'333',1,1),(7101,81,65,4,'458',1,1),(7102,81,82,4,'343',1,1),(7103,81,83,4,'347',1,1),(7104,81,85,4,'459',1,1),(7105,81,26,3,'463',1,1),(7106,81,27,3,'465',1,1),(7107,81,28,3,'467',1,1),(7108,81,29,3,'469',1,1),(7109,81,30,3,'471',1,1),(7110,81,31,3,'474',1,1),(7111,81,32,3,'475',1,1),(7112,81,33,3,'477',1,1),(7113,81,35,3,'485',1,1),(7114,81,36,3,'488',1,NULL),(7115,81,37,3,'490',1,1),(7116,81,38,3,'500',1,1),(7117,81,39,3,'508',1,1),(7118,81,40,3,'511',1,1),(7119,81,41,3,'514',1,NULL),(7120,81,42,3,'533',1,1),(7121,81,47,3,'521',1,1),(7122,81,48,3,'526',1,1),(7123,81,49,3,'532',1,1),(7124,81,67,5,'540',1,1),(7125,81,68,5,'544',1,1),(7126,81,69,5,'548',1,NULL),(7127,81,70,5,'552',1,NULL),(7128,81,71,5,'554',1,NULL),(7129,81,72,5,'558',1,NULL),(7130,81,73,5,'565',1,1),(7131,81,74,5,'569',1,1),(7132,81,75,5,'575',1,1),(7133,81,78,5,'580',1,NULL),(7134,81,79,5,'584',1,NULL),(7135,81,80,5,'593',1,NULL),(7136,81,81,5,'576',1,1),(7137,81,88,5,'597',1,NULL),(7138,81,89,5,'599',1,NULL),(7139,81,67,5,'540',2,1),(7140,81,68,5,'544',2,1),(7141,81,69,5,'546',2,1),(7142,81,70,5,'551',2,1),(7143,81,71,5,'553',2,1),(7144,81,72,5,'557',2,1),(7145,81,73,5,'565',2,1),(7146,81,74,5,'569',2,1),(7147,81,75,5,'575',2,1),(7148,81,78,5,'582',2,1),(7149,81,79,5,'588',2,1),(7150,81,80,5,'592',2,1),(7151,81,81,5,'577',2,NULL),(7152,81,88,5,'597',2,NULL),(7153,81,89,5,'600',2,1),(7154,81,116,7,'692',1,NULL),(7155,81,117,7,'698',1,NULL),(7156,81,118,7,'704',1,NULL),(7157,81,119,7,'706',1,1),(7158,81,120,7,'711',1,1),(7159,81,121,7,'714',1,1),(7160,81,122,7,'718',1,NULL),(7161,81,124,7,'726',1,1),(7162,81,125,7,'745',1,1),(7163,81,126,7,'735',1,1),(7164,81,116,7,'694',2,1),(7165,81,117,7,'697',2,1),(7166,81,118,7,'703',2,1),(7167,81,119,7,'706',2,1),(7168,81,120,7,'711',2,1),(7169,81,121,7,'714',2,1),(7170,81,122,7,'720',2,1),(7171,81,124,7,'726',2,1),(7172,81,125,7,'745',2,1),(7173,81,126,7,'735',2,1),(7174,81,181,13,'1031',1,1),(7175,81,182,13,'1033',1,1),(7176,81,183,13,'1041',1,1),(7177,81,184,13,'1045',1,1),(7178,81,185,13,'1049',1,NULL),(7179,81,186,13,'1053',1,1),(7180,81,187,13,'1059',1,1),(7181,81,188,13,'1070',1,1),(7182,81,189,13,'1072',1,1),(7183,81,190,13,'1076',1,1),(7184,81,191,13,'1082',1,1),(7185,81,192,13,'1084',1,1),(7186,81,196,13,'1103',1,NULL),(7187,81,197,13,'1112',1,1),(7188,81,198,13,'1119',1,NULL),(7189,81,199,13,'1123',1,NULL),(7190,81,200,13,'1129',1,1),(7191,81,181,13,'1031',2,1),(7192,81,182,13,'1033',2,1),(7193,81,183,13,'1041',2,1),(7194,81,184,13,'1045',2,1),(7195,81,185,13,'1048',2,1),(7196,81,186,13,'1053',2,1),(7197,81,187,13,'1059',2,1),(7198,81,188,13,'1070',2,1),(7199,81,189,13,'1072',2,1),(7200,81,190,13,'1076',2,1),(7201,81,191,13,'1082',2,1),(7202,81,192,13,'1084',2,1),(7203,81,193,13,'1090',2,1),(7204,81,194,13,'1095',2,1),(7205,81,195,13,'1098',2,1),(7206,81,196,13,'1104',2,1),(7207,81,197,13,'1112',2,1),(7208,81,198,13,'1122',2,1),(7209,81,199,13,'1125',2,1),(7210,81,200,13,'1130',2,NULL),(7211,81,211,15,'1180',1,1),(7212,81,212,15,'1185',1,1),(7213,81,213,15,'1189',1,1),(7214,81,214,15,'1191',1,NULL),(7215,81,215,15,'1193',1,1),(7216,82,53,4,'296',1,1),(7217,82,54,4,'449',1,1),(7218,82,55,4,'300',1,1),(7219,82,57,4,'452',1,1),(7220,82,58,4,'414',1,1),(7221,82,59,4,'419',1,1),(7222,82,60,4,'325',1,1),(7223,82,61,4,'425',1,1),(7224,82,62,4,'327',1,1),(7225,82,63,4,'331',1,1),(7226,82,64,4,'333',1,1),(7227,82,65,4,'458',1,1),(7228,82,82,4,'343',1,1),(7229,82,83,4,'347',1,1),(7230,82,85,4,'459',1,1),(7231,82,26,3,'463',1,1),(7232,82,28,3,'467',1,1),(7233,82,29,3,'469',1,1),(7234,82,30,3,'471',1,1),(7235,82,31,3,'474',1,1),(7236,82,32,3,'475',1,1),(7237,82,33,3,'477',1,1),(7238,82,34,3,'479',1,1),(7239,82,35,3,'485',1,1),(7240,82,36,3,'488',1,NULL),(7241,82,37,3,'490',1,1),(7242,82,38,3,'500',1,1),(7243,82,39,3,'508',1,1),(7244,82,40,3,'510',1,NULL),(7245,82,41,3,'515',1,1),(7246,82,42,3,'533',1,1),(7247,82,47,3,'521',1,1),(7248,82,48,3,'526',1,1),(7249,82,49,3,'532',1,1),(7250,82,26,3,'463',2,1),(7251,82,28,3,'467',2,1),(7252,82,29,3,'469',2,1),(7253,82,30,3,'471',2,1),(7254,82,31,3,'474',2,1),(7255,82,32,3,'475',2,1),(7256,82,33,3,'477',2,1),(7257,82,34,3,'479',2,1),(7258,82,35,3,'485',2,1),(7259,82,36,3,'488',2,NULL),(7260,82,37,3,'490',2,1),(7261,82,38,3,'500',2,1),(7262,82,39,3,'508',2,1),(7263,82,40,3,'510',2,NULL),(7264,82,41,3,'515',2,1),(7265,82,42,3,'533',2,1),(7266,82,47,3,'521',2,1),(7267,82,48,3,'526',2,1),(7268,82,49,3,'532',2,1),(7269,82,181,13,'1031',1,1),(7270,82,182,13,'1033',1,1),(7271,82,183,13,'1041',1,1),(7272,82,184,13,'1045',1,1),(7273,82,185,13,'1048',1,1),(7274,82,186,13,'1053',1,1),(7275,82,187,13,'1059',1,1),(7276,82,188,13,'1070',1,1),(7277,82,189,13,'1072',1,1),(7278,82,190,13,'1076',1,1),(7279,82,191,13,'1081',1,NULL),(7280,82,192,13,'1084',1,1),(7281,82,193,13,'1090',1,1),(7282,82,194,13,'1095',1,1),(7283,82,195,13,'1098',1,1),(7284,82,196,13,'1104',1,1),(7285,82,197,13,'1112',1,1),(7286,82,198,13,'1122',1,1),(7287,82,199,13,'1125',1,1),(7288,82,200,13,'1129',1,1),(7289,82,211,15,'1180',1,1),(7290,82,212,15,'1185',1,1),(7291,82,213,15,'1189',1,1),(7292,82,214,15,'1192',1,1),(7293,82,215,15,'1193',1,1),(7294,82,67,5,'540',1,1),(7295,82,68,5,'544',1,1),(7296,82,69,5,'546',1,1),(7297,82,70,5,'551',1,1),(7298,82,71,5,'553',1,1),(7299,82,72,5,'557',1,1),(7300,82,73,5,'565',1,1),(7301,82,74,5,'569',1,1),(7302,82,75,5,'575',1,1),(7303,82,78,5,'580',1,NULL),(7304,82,79,5,'588',1,1),(7305,82,80,5,'589',1,NULL),(7306,82,81,5,'576',1,1),(7307,82,88,5,'596',1,1),(7308,82,89,5,'600',1,1),(7309,82,67,5,'540',2,1),(7310,82,68,5,'544',2,1),(7311,82,69,5,'546',2,1),(7312,82,70,5,'551',2,1),(7313,82,71,5,'553',2,1),(7314,82,72,5,'557',2,1),(7315,82,73,5,'565',2,1),(7316,82,74,5,'569',2,1),(7317,82,75,5,'575',2,1),(7318,82,78,5,'580',2,NULL),(7319,82,79,5,'588',2,1),(7320,82,80,5,'589',2,NULL),(7321,82,81,5,'576',2,1),(7322,82,88,5,'596',2,1),(7323,82,89,5,'600',2,1);

--
