-- Table structure for table `settings`
--

CREATE TABLE `settings` (
  `id` int(11) unsigned NOT NULL AUTO_INCREMENT,
  `access_code` varchar(60) DEFAULT NULL,
  `staff_type_select` varchar(60) DEFAULT NULL,
  `footer_column_1` blob,
  `footer_column_2` blob,
  `payment_activated` int(11) DEFAULT '0',
  PRIMARY KEY (`id`)
) ENGINE=InnoDB AUTO_INCREMENT=2 DEFAULT CHARSET=utf8;

--
-- Dumping data for table `settings`
--

INSERT INTO `settings` VALUES (1,'shd2015',NULL,'6555 NW 9th Avenue, Suite 210<br>\nFt. Lauderdale, FL 33309<br>\nPhone: (877) 944-4235<br>\nFax: (954) 771-2098','',0);

--
-- Table structure for table `user`
--

CREATE TABLE `user` (
  `id` int(11) unsigned NOT NULL AUTO_INCREMENT,
  `fname` varchar(60) CHARACTER SET utf8 NOT NULL,
  `lname` varchar(60) CHARACTER SET utf8 NOT NULL,
  `email` varchar(60) CHARACTER SET utf8 NOT NULL,
  `pass` char(64) CHARACTER SET utf8 NOT NULL DEFAULT '',
  `birthdate_day` int(11) NOT NULL,
  `birthdate_month` int(11) NOT NULL,
  `birthdate_year` int(11) NOT NULL,
  `join_date` timestamp NOT NULL DEFAULT CURRENT_TIMESTAMP,
  `confirmation_code` int(11) DEFAULT NULL,
  `confirmed` int(1) NOT NULL DEFAULT '1',
  `CEU_count` int(11) DEFAULT NULL,
  `access_level` int(11) DEFAULT '0',
  `staff_type` varchar(60) CHARACTER SET utf8 DEFAULT NULL,
  PRIMARY KEY (`id`)
) ENGINE=InnoDB AUTO_INCREMENT=83 DEFAULT CHARSET=latin1;

--
-- Dumping data for table `user`
--

INSERT INTO `user` VALUES (10,'John','Sheppard','jcshep@gmail.com','78bfd17437cb85e2d2acb28c01717fe5f8b13d1fd54fe9fc974934403d79a205',2,2,1941,'2014-03-04 20:52:18',46863347,1,2,1,NULL),(11,'Cornell','Peters','cjp@fortriscorp.com','02ddfa996b303cd6e1f57c9a51243e5f2b9ef3c5133959cda431d4395f39b3db',2,6,1982,'2014-03-08 02:31:35',63198034,1,0,1,NULL),(13,'CJ','Peters','info@fortriscorp.com','fe2e757802f5cff053eb5307ea69e65203bfff78e82b9144d47600008902a547',2,6,1991,'2014-08-05 22:35:19',72423850,1,0,1,NULL),(14,'Cornell','Peters','fortriscorp@gmail.com','fe2e757802f5cff053eb5307ea69e65203bfff78e82b9144d47600008902a547',2,6,1948,'2014-08-06 02:19:45',60313016,1,4,1,NULL),(15,'Patrice','Callender','pcallender@serenityhousedetox.com','571030ae54b7c878471aca4865eeca7a50076c9fbad36e68dea0678c5e220f1a',11,4,1970,'2015-06-23 17:38:35',24427626,1,13,0,NULL),(16,'Shira','Ackerman','shira@addictionacademy.com','NULL',4,10,1970,'2015-06-23 18:29:31',51399765,1,0,0,NULL),(17,'Jennifer','Bassa','jbassa@serenityhousedetox.com','b2ef54661db58087f2764cad75d901890dc3c9d1916113f15ed1a42d4951c141',19,7,1987,'2015-06-26 19:43:11',53791423,1,13,0,NULL),(18,'Jennifer','Little','jlittle@serenityhousedetox.com','37693f540293a450cedadfc3397a842f88a97e6af16afbbcfc26e1e503f08139',21,10,1992,'2015-06-27 22:25:35',13527926,1,11,0,NULL),(19,'Paul','Dempsey','pdempsey@serenityhousedetox.com','d7c9971cf8dbfc589121feb21fcc725051ad2bfb6be4d2e9b8c17613094b1bc8',2,7,1969,'2015-07-03 14:27:01',90001379,1,11,0,NULL),(20,'Ellen','Foster','ynurepf@aol.com','7e738cb29afda566ced0dca390ab1f879500927251b2724375bfbf386d8737bd',0,11,1962,'2015-07-03 21:31:55',68802516,1,0,0,NULL),(21,'Ellen','Foster','efoster@serenityhousedetox.com','7e738cb29afda566ced0dca390ab1f879500927251b2724375bfbf386d8737bd',0,11,1962,'2015-07-03 21:34:40',21492702,1,9,0,NULL),(22,'Nielly','Melville','nmelville@serenityhousedetox.com','e6f8791e04da7450b8159ffdd2c67ee9666cb08f5d438b119b31c281ee46e7b6',25,1,1987,'2015-07-09 16:25:25',56622296,1,11,0,NULL),(23,'Terrie','Hornick','thornick@serenityhousedetox.com','e6bfdfc7707d6bb3a9fafb0ddc7b419c673ff5ca422db8b08bacac27fb3fc886',6,8,1964,'2015-07-10 09:16:27',86519666,1,11,0,NULL),(24,'Geoffrey','Hyser','ghyser@serenityhousedetox.com','8a27d903d09442a0315d75fc9df3c605bf13a7e2b81cbda170ec4e4bab860ef3',3,4,1973,'2015-07-10 17:10:51',30801719,1,11,0,NULL),(25,'Dean','Moran','dmoran@serenityhousedetox.com','a465287f98e965e12c7e2715c43169ce7f38cd3e1764c2d38716337cfe828cf4',1,8,1960,'2015-07-10 21:45:01',49031994,1,11,0,NULL),(26,'Timothy','Ward','tward@serenityhousedetox.com','d2a169dcc8ad36f710f26ef532181527ff2261b607c0f03cd4e0df10176a2083',13,12,1974,'2015-07-11 21:36:14',23452421,1,5,0,NULL),(27,'Deon','Josephson','djosephson@serenityhousedetox.com','12ab1482424d19de7e964cc4ad3fe131220a3b614bf09864f9c1f00fbd8ad912',0,10,1959,'2015-07-13 05:04:19',38098439,1,11,0,NULL),(28,'Mariah','Lynch','Mlynch@serenityhousedetox.com','783ed32713a6a1899129e6b4a20dd0e3d887533eccad91a7cd18f62faf0dc565',29,4,1991,'2015-07-13 05:08:54',17069823,1,11,0,NULL),(29,'C David','Shelton','dshelton@serenityhousedetox.com','2ea4a91ff07802b072287c007872baee9be7f5afe1cc429438f5cece6da16771',12,9,1979,'2015-07-13 15:07:19',37529395,1,11,0,NULL),(30,'Sarah','Masson','massonsm@hotmail.com','179cfab7ddd2caa651de92fa3f8e633153abcfdba1e21b28105dde304d71c0dd',18,11,1975,'2015-07-14 02:12:38',11054221,1,11,0,NULL),(31,'Lisa','Sheehan','lsheehan@serenityhousedetox.com','67b19a30abce843128f9c6bae06597fc7d871edfce23423b9f4e44e23251f375',5,8,1968,'2015-07-14 14:27:54',70388789,1,11,0,NULL),(32,'Jason','Sexton','jsexton@serenityhousedetox.com','5b92bcdd3d6cefb400f957d35f66dd0db1c0cd3c2bf23563831007bf2d2b1b14',11,12,1970,'2015-07-14 16:46:45',38521056,1,11,0,NULL),(33,'Steven','Mason','smason@serenityhousedetox.com','5ec7f6db26dc07435e23733d4cc7ead76cc671d425a847363f5152993519ec87',1,10,1966,'2015-07-15 01:35:35',12855171,1,11,0,NULL),(34,'Ashley','Arrechea','aarrechea@serenityhousedetox.com','c55e8318864b8c2a0a8e31e97f3ca14d8514e6020c6237c954ded3cd8cab5aa4',25,11,1988,'2015-07-15 02:14:37',32299158,1,11,0,NULL),(35,'Scott','Mann','smann@serenityhousedetox.com','40cf39db7c7c80574ea0e8831fefce6013d11eb851201dc7afcea351301c3a4d',15,10,1959,'2015-07-15 04:57:49',21518737,1,11,0,NULL),(36,'ibrahim','azogi','iazogi@serenityhousedetox.com','ec9c2517aafa8b6d3e462ad4879184a58288405832cc13096926f458b088549f',15,10,1988,'2015-07-15 05:47:12',16623534,1,11,0,NULL),(37,'Kristin','Jackson','kjackson@serenityhousedetox.com','b012cfb273558eea77d368368359dd0202576981cc2bbee45830bc61a192c356',2,6,1991,'2015-07-15 12:14:54',67818201,1,11,0,NULL),(38,'Cheri','Ruffo','cruffo@serenityhousedetox.com','c5f9e702721b7d7b9f567fcacf56bfdb8278a8c647d56c4e0dacca164f1787a4',10,12,1967,'2015-07-15 12:15:19',85472938,1,11,0,NULL),(39,'Desiree','Campos','dcampos@serenityhousedetox.com','571030ae54b7c878471aca4865eeca7a50076c9fbad36e68dea0678c5e220f1a',16,12,1987,'2015-07-17 22:37:37',23452395,1,11,0,NULL),(40,'Roderick','Thomas','rthomas@serenityhousedetox.com','854a6d742ae978fabc2248c139869f5c487d5038e6a24eff11c659f71c2baed2',0,9,1969,'2015-07-23 13:35:27',13883021,1,11,0,NULL),(41,'Lore','Malloy','lrabsatt@serenityhousedetox.com','47dd8ba1810cbb25a5365d4693e28d902d7b4683e600cf8cf2726c7e80e3669b',4,8,1964,'2015-07-23 14:43:08',51716755,1,11,0,NULL),(42,'Katia','Loomis','kloomis@serenityhousedetox.com','99db4290f4ff9a955170a3d9f1f3561ab61afd07e1c9d320734ff33ead0c3aa7',19,4,1969,'2015-07-23 16:51:38',49532487,1,11,0,NULL),(43,'Sherrie','johnson','johnsonsherrie06@gmail.com','7565bb4defe9cde3646a68e314d1d1428d3b9d8377967a9fcb6fe7f27b3c8837',10,9,1960,'2015-07-24 03:54:06',27544203,1,13,0,NULL),(44,'Morgan','Glassman','morgan.b.glassman@gmail.com','eb2196964fccc2c1179ae2fdf45d336659026789d8a3ff22d1abe9ea332ee2a3',27,3,1991,'2015-07-26 20:35:18',78400041,1,0,0,NULL),(45,'Morgan','Glassman','mglassman@serenityhousedetox.com','17b45e969982ce53904030800aa88de3a86880791587a9be56ccae871e4f7939',27,3,1991,'2015-07-26 20:36:29',35076985,1,17,0,NULL),(46,'Marvin','Brown','mbrown@serenityhousedetox.com','a21be2e5bcf52e87ac3567e2f2fd669810f67a9c71f8468fe26ddd1bddb913bb',3,4,1960,'2015-07-29 19:50:16',29270388,1,11,0,NULL),(47,'Kery','Donovan','kdonovan@serenityhousedetox.com','155d8270a99423cf7e83b2a7d43857505e6bb4d0405507764b24532dde7e5452',6,5,1961,'2015-07-29 21:36:45',71477897,1,11,0,NULL),(48,'timothy ','Ward','tijaward@yahoo.com','521a6764244e9fb12ecf33da78da083b01bbfcb90adc9315ddf00abe9a6e6aa2',13,12,1974,'2015-07-30 03:07:17',63478376,1,0,0,NULL),(49,'Therman','Howard, Jr.','Thoward@serenityhousedetox.com','1d5c880c74dd5af5cc1f0c253151ea386fdb326f40e3bfd037dd407eafc1b0dc',3,9,1959,'2015-07-30 03:12:08',19011355,1,11,0,NULL),(50,'Jacob','Forrest','jforrest@serenityhousedetox.com','27f6f8c25f7cd40c4e4e68883b60a3cc0accd0ba924291c9ad0d5021e7e6a1d6',18,1,1993,'2015-07-30 05:37:05',20100719,1,12,0,NULL),(51,'Carrie','Lew','clew@serenityhousedetox.com','17f73b3bd6ba3d2cc5edc8473b4bd225f3818caefb46d36e2c3b192d4bf2bdfc',6,4,1954,'2015-07-31 17:58:14',75768061,1,5,0,NULL),(52,'Wilbertinie ','Dumervil','wdumervil@serenityhousedetox.com','3ffd7eb6903c3b284ab0a5bd7471391e72df40726006484ef2b0723f531460fa',3,2,1992,'2015-08-01 00:34:04',71769344,1,15,0,NULL),(53,'Fernando','Flores','fflores@serenityhousedetox.com','ab604b3909f47e1d90a01a625b2b969ee1d9c16f1eea492fce33f073bb6eba71',25,1,1977,'2015-08-01 07:18:39',38918957,1,13,0,NULL),(54,'CYNTHIA','BROWN','cbrown@serenityhousedetox.com','84e30c7ec7880114ee4a4580f5770f7214c68eaadc07d29fab902158a7853dc0',4,4,1961,'2015-08-05 23:44:32',35790423,1,11,0,NULL),(55,'Erica','Hunt','ehunt@serenityhousedetox.com','4a60a6708ff129a687a80b4871452639edd22f53da26af2e50cdce02917731c1',12,9,1992,'2015-08-10 12:33:17',74289037,1,11,0,NULL),(56,'Quindoline','Tabot','qtabot@serenityhousedetox.com','9f055c64eca3317dc42bb90b7cab988213be4447fba1570b0b4d2c51c6698a95',6,6,1974,'2015-08-11 16:22:10',75979501,1,11,0,NULL),(57,'Missy','Cassamajor','mcassamajor@serenityhousedetox.com','0a4c3a1d4403b87df08d340d7e5e623c03041dce08d9980e46589ceb68be6a13',25,9,1989,'2015-08-17 15:02:15',69694334,1,11,0,NULL),(58,'Rochelly','Giraud','rgiraud@serenityhousedetox.com','dd25d8cfcd1f43a1867808c7592afc7a919d59cbbf8e8f321d233ea684f57efd',25,8,1975,'2015-08-26 16:55:46',24162917,1,11,0,NULL),(59,'Erika','Taegar','etaegar@serenityhousedetox.com','7358a9dc1963c3c72d268bbb3cf5bf6812838c7da317ea0ed894d58acc1e5c87',25,2,1993,'2015-09-24 05:45:21',23754068,1,11,0,NULL),(60,'Christopher','Martins','cmartins@serenityhousedetox.com','89ca436f98bd98707c27b3892aa9c233c5fdad163f1e5e118a4a3c31b7cefab3',12,4,1991,'2015-09-25 16:09:50',49748576,1,11,0,NULL),(61,'Colton','Gort','cgort@serenityhousedetox.com','9f5ae55e2c3f14f2a7d0fd85c023f5729d4a893f45b9f6ae6f09463f06dacaaa',8,6,1990,'2015-09-29 21:03:02',34672243,1,15,0,NULL),(62,'Jennifer','Cericola','jcericola@serenityhousedetox.com','8b01e27e414ad376eef7bc9fed576b173c499386995589d540d54b197fecb35a',5,11,1986,'2015-09-30 14:11:37',89440314,1,12,0,NULL),(63,'Shasha','Brooks','sbrooks@serenityhousedetox.com','6c902459dea7793895cbc081da58e61de7e2f608a55ca4502439cf65012f4357',2,9,1983,'2015-10-02 07:26:17',44892168,1,13,0,NULL),(64,'Lauren','Raykowski','laurrack725@hotmail.com','f5ace80bf88a08f7c892f10719029a2900d4cd2357e63a3e1f8feab67e503de5',24,7,1990,'2015-10-23 04:17:06',58346632,1,11,0,NULL),(65,'jennifer','leath','jleath@serenityhousedetox.com','c4d4a216129a89832e45e3633c48e89df4b675b6135f03aa23814ff538d0eac1',9,1,1993,'2015-10-23 20:13:18',29071211,1,11,0,NULL),(66,'Karen','Sharp','ksharp@serenityhousedetox.com','b4b806d7b6a910cf46178c95b005e488ff3bdfade7c5a40babdd4a35ddbaa6d6',26,7,1955,'2015-10-28 23:52:12',28011236,1,13,0,NULL),(67,'Wadnel','Joseph','josephw22@my.palmbeachstate.edu','66e4deb4169b53fec0e5fcf40af3dcc790c02da43b2a0abe9947f1ce2221f846',6,5,1983,'2015-10-29 23:18:56',86963780,1,11,0,NULL),(68,'Leslie','Centeno','leslie.cen@gmail.com','4a30036369ebf45232bf73c7dfd13b78eed98e35dd635a0ed9533cb631d71caf',1,11,1985,'2015-10-30 15:25:30',67768934,1,11,0,NULL),(69,'Nathan','Dougherty','ndougherty@serenityhousedetox.com','37282568b1211bccd43e4f7802c9cd74a6a6cebed1c001abc15289455c6bd889',28,4,1969,'2015-10-30 15:41:45',95211423,1,11,0,NULL),(70,'Teeah','Williams','twilliams@serenityhousedetox.com','4560f8f136e1209b760e8fec1787201f2a46ea78209678296cbe3703a6c7761d',15,9,1980,'2015-11-18 10:22:26',99929568,1,11,0,NULL),(71,'Vanessa','Wilson','vwilson@serenityhousedetox.com','f35d8e99353bdb7f5081b0f714b28c67559dccc1b59208b29adc39823b26a774',12,1,1964,'2015-11-19 00:49:18',49854762,1,14,0,NULL),(72,'Anthony','Giardina','AGiardina@serenityhousedetox.com','0369ed76190765d75ed627d687d4e9759a26350d8f5711411c7709205f9c2827',27,8,1990,'2015-11-20 04:45:33',28683575,1,17,0,NULL),(73,'Jessica','Wells','jwells@serenityhousedetox.com','fdad8c85edef03f5b5b7832e775f21ca1b2fc0f7fceeb52302c34076feba963c',30,12,1987,'2015-11-29 01:39:25',87664809,1,7,0,NULL),(74,'Jessica','Harrison','jharrison@serenityhousedetox.com','ccf893d54cdf7a8e893dd935d38fb71732cd9ea30a8489b4d399c1d72ec2a231',16,8,1969,'2015-12-03 20:10:31',83386986,1,11,0,NULL),(75,'Frank','Messina','fmessina@serenityhousedetox.com','dbe596d954d35366cbf5367c88b99bd6e69c5381ed075706ede8133317ac832b',24,11,1994,'2015-12-10 00:32:52',38752106,1,11,0,NULL),(76,'Alexandra','Birenbaum','abirenbaum@serenityhousedetox.com','61730b5c26d0999be5aee2752fa47f0535f08bf86f70c1c081d1b970b77541cb',15,10,1974,'2016-01-27 16:02:42',81283464,1,4,0,NULL),(77,'Tracy','Ratliff','tratliff@serenityhousedetox.com','476c17d4a1dedf0ce423bd1c33a97847f76c2f6457e4da5a84e2275cf6aae865',7,11,1973,'2016-02-12 20:29:08',78864530,1,4,0,NULL),(78,'kevin','phelps','kphelps@serenityhousedetox.com','7843d66ad808d4e95d79f1f00bb18785e327c679f69b8327985920a5dc7760bd',24,6,1990,'2016-02-25 02:36:28',10743552,1,15,0,NULL),(79,'collin','eshleman','ceshleman@serenityhousedetox.com','05c0c190ecc21ac2e647a871c084ff0c3d25f3212f3985a5171f577b88914ef7',13,9,1992,'2016-03-08 01:28:53',38403181,1,11,0,NULL),(80,'Joshua','Daily','jdaily@serenityhousedetox.com','624b38a582cbc086db3829f2497f746a9e81f4e3d58ccfaf2073227ec48e0e96',1,2,1993,'2016-03-25 06:41:57',42616078,1,13,0,NULL),(81,'Morgan','Simmons','msimmons@serenityhousedetox.com','21ff2f01a8ddb8fff22ea0f4ba61a4e2698a0efa94073aef07fd28e193a83627',7,10,1984,'2016-04-03 15:40:45',91098456,1,11,0,NULL),(82,'Amy ','Colicci','acolicci@serenityhousedetox.com','00852ecc7b7818454982bcaafb322fc6e81e7b73ee9198f7454c9a2f75b1ba3d',23,7,1975,'2016-05-03 19:54:06',98337673,1,12,0,NULL);

--
-- Table structure for table `user_course_access`
--

CREATE TABLE `user_course_access` (
  `id` int(11) unsigned NOT NULL AUTO_INCREMENT,
  `user_id` int(11) unsigned NOT NULL,
  `course_id` int(11) unsigned NOT NULL,
  `status` varchar(60) CHARACTER SET utf8mb4 DEFAULT NULL,
  `time_completed` int(11) unsigned DEFAULT NULL,
  `evaluated` int(11) DEFAULT '0',
  PRIMARY KEY (`id`),
  KEY `user_id` (`user_id`),
  KEY `course_id` (`course_id`),
  CONSTRAINT `user_course_access_ibfk_1` FOREIGN KEY (`user_id`) REFERENCES `user` (`id`) ON DELETE CASCADE ON UPDATE NO ACTION,
  CONSTRAINT `user_course_access_ibfk_3` FOREIGN KEY (`course_id`) REFERENCES `course` (`id`) ON DELETE CASCADE ON UPDATE NO ACTION
) ENGINE=InnoDB AUTO_INCREMENT=386 DEFAULT CHARSET=utf8;

--
-- Dumping data for table `user_course_access`
--

INSERT INTO `user_course_access` VALUES (1,15,4,'Completed',1435081429,0),(2,16,4,'In Progress',NULL,0),(3,10,4,'Completed',1435597168,0),(4,17,4,'Completed',1435357352,1),(5,18,4,'Completed',1435454398,1),(6,14,5,'In Progress',NULL,0),(7,19,4,'Completed',1435941383,0),(8,19,5,'Completed',1435950582,0),(9,21,4,'Completed',1435960096,0),(10,18,3,'Completed',1435963675,0),(11,18,5,'Completed',1436042729,0),(12,22,4,'Completed',1436459419,0),(13,22,3,'Completed',1436460326,0),(14,22,5,'Completed',1436460791,0),(15,23,4,'Completed',1436522103,0),(16,23,3,'Completed',1436525400,0),(17,23,5,'Completed',1436529111,0),(18,25,4,'Completed',1438306343,0),(19,24,4,'Completed',1436629644,0),(20,24,3,'Completed',1436630502,0),(21,24,5,'Completed',1436631402,0),(22,26,4,'Completed',1438303434,0),(23,26,3,'Completed',1438304083,0),(24,26,5,'Completed',1438302774,0),(25,27,4,'Completed',1436764888,0),(26,28,4,'Completed',1436767838,0),(27,27,4,'In Progress',NULL,0),(28,27,3,'Completed',1436766228,0),(29,27,3,'In Progress',NULL,0),(30,27,5,'Completed',1436767236,0),(31,28,3,'Completed',1436770523,0),(32,28,5,'Completed',1436769170,0),(33,29,4,'Completed',1436800799,0),(34,29,3,'Completed',1436801719,0),(35,29,5,'Completed',1436802932,0),(36,15,3,'Completed',1436819117,0),(37,15,5,'Completed',1436820455,0),(38,30,4,'Completed',1436840425,0),(39,31,4,'Completed',1436885788,0),(40,32,4,'Completed',1436893495,0),(41,32,3,'Completed',1436894565,0),(42,32,5,'Completed',1436898888,0),(43,19,3,'Completed',1436978462,0),(44,33,4,'Completed',1436925484,0),(45,34,4,'Completed',1436928199,1),(46,34,3,'Completed',1436930734,1),(47,34,5,'Completed',1436932029,0),(48,33,5,'Completed',1436996692,0),(49,33,3,'Completed',1436997855,0),(50,35,4,'Completed',1436936687,0),(51,35,3,'Completed',1436938168,0),(52,35,5,'Completed',1436940167,0),(53,36,4,'Completed',1436939619,0),(54,36,3,'Completed',1436940182,0),(55,36,5,'Completed',1436940602,0),(56,37,5,'Completed',1436965406,0),(57,38,4,'Completed',1436965056,1),(58,38,3,'Completed',1436966040,1),(59,37,3,'Completed',1436967424,0),(60,38,5,'Completed',1436966792,0),(61,37,4,'Completed',1436967967,0),(62,30,3,'Completed',1437107631,0),(63,30,5,'Completed',1437609349,0),(64,39,4,'Completed',1437173964,0),(65,39,3,'Completed',1437177177,0),(66,39,5,'Completed',1437181546,0),(67,40,4,'Completed',1437659154,0),(68,40,3,'Completed',1437659755,0),(69,40,5,'Completed',1437660518,0),(70,41,4,'Completed',1437662987,0),(71,41,3,'Completed',1437663364,0),(72,41,5,'Completed',1437664027,0),(73,42,4,'Completed',1437670609,0),(74,42,3,'Completed',1437671109,0),(75,42,5,'Completed',1437671542,0),(76,43,4,'Completed',1437713039,0),(77,43,3,'Completed',1437717688,0),(78,43,5,'Completed',1437721327,0),(79,45,4,'Completed',1437944183,0),(80,45,3,'Completed',1437945202,0),(81,45,5,'Completed',1437945870,0),(82,31,3,'Completed',1438111880,0),(83,31,5,'Completed',1438112417,0),(84,21,5,'Completed',1438127875,0),(85,17,3,'Completed',1438193618,0),(86,17,5,'Completed',1438194545,0),(87,46,4,'Completed',1438199835,0),(88,46,3,'Completed',1438200018,0),(89,46,5,'Completed',1438200186,0),(90,47,4,'Completed',1438208406,0),(91,18,7,'Completed',1438207999,0),(92,18,13,'Completed',1438232220,0),(93,18,15,'Completed',1438216626,0),(94,47,3,'Completed',1438210292,0),(95,47,5,'Completed',1438212641,0),(96,49,4,'Completed',1438226847,0),(97,49,3,'Completed',1438227600,0),(98,49,5,'Completed',1438228715,0),(99,49,7,'Completed',1438230103,0),(100,49,13,'Completed',1438232170,0),(101,49,15,'Completed',1438232419,0),(102,50,4,'Completed',1438236316,0),(103,50,3,'Completed',1438237278,0),(104,50,5,'Completed',1438238540,0),(105,50,7,'Completed',1438241858,0),(106,50,13,'Completed',1438244687,0),(107,50,15,'Completed',1438251035,0),(108,27,7,'Completed',1438260409,0),(109,40,7,'Completed',1438261234,0),(110,41,7,'Completed',1438261894,0),(111,38,7,'Completed',1438266674,1),(112,38,13,'Completed',1438268813,0),(113,38,15,'Completed',1438268908,0),(114,33,7,'Completed',1438288107,0),(115,45,7,'Completed',1438288038,0),(116,45,13,'Completed',1438288909,0),(117,33,13,'Completed',1438290168,0),(118,45,15,'Completed',1438289172,0),(119,15,7,'Completed',1438290767,0),(120,33,15,'Completed',1438290847,0),(121,15,13,'Completed',1450114584,0),(122,25,3,'Completed',1438783535,0),(123,30,7,'Completed',1440152574,0),(124,30,13,'Completed',1440151846,0),(125,30,15,'Completed',1440153159,0),(126,25,5,'Completed',1438784761,0),(127,25,7,'Completed',1438781939,0),(128,25,13,'Completed',1438627575,0),(129,25,15,'Completed',1438628725,0),(130,36,7,'Completed',1438316505,0),(131,35,7,'Completed',1438316366,0),(132,36,13,'Completed',1438318330,0),(133,35,13,'Completed',1438318039,0),(134,36,15,'Completed',1438318497,0),(135,35,15,'Completed',1438318819,0),(136,43,7,'Completed',1438320302,0),(137,43,13,'Completed',1438321867,0),(138,43,15,'Completed',1438322776,0),(139,51,4,'Completed',1438365771,0),(140,51,3,'Completed',1438366005,0),(141,51,5,'Completed',1438366254,0),(142,51,7,'In Progress',NULL,0),(143,51,13,'In Progress',NULL,0),(144,51,15,'In Progress',NULL,0),(145,52,4,'Completed',1438390010,0),(146,52,3,'Completed',1438390243,0),(147,52,5,'Completed',1438390468,0),(148,52,7,'Completed',1438390618,0),(149,52,13,'Completed',1438390868,0),(150,52,15,'Completed',1438391000,0),(151,34,7,'Completed',1438403536,1),(152,34,13,'Completed',1438407789,1),(153,34,15,'Completed',1438408385,1),(154,53,4,'Completed',1438416372,0),(155,53,4,'In Progress',NULL,0),(156,53,3,'Completed',1438419304,0),(157,53,3,'In Progress',NULL,0),(158,37,7,'Completed',1438520593,0),(159,37,13,'Completed',1438520113,0),(160,37,15,'Completed',1438519414,0),(161,28,7,'Completed',1438591373,0),(162,28,7,'Completed',1438591373,0),(163,28,13,'Completed',1438593882,0),(164,28,15,'Completed',1438594125,0),(165,27,13,'Completed',1438593844,0),(166,27,15,'Completed',1438594020,0),(167,42,13,'Completed',1438625833,0),(168,40,13,'Completed',1438626369,0),(169,40,15,'Completed',1438628505,0),(170,24,7,'Completed',1438780192,0),(171,24,13,'Completed',1438780448,0),(172,24,15,'Completed',1438781699,0),(173,41,13,'Completed',1438785713,0),(174,41,15,'Completed',1438786812,0),(175,54,4,'Completed',1441481076,0),(176,54,4,'Completed',1441481076,0),(177,54,3,'Completed',1438819402,1),(178,54,5,'Completed',1438820468,0),(179,54,7,'Completed',1438821276,0),(180,42,7,'Completed',1438873759,0),(181,42,15,'Completed',1438873903,0),(182,55,4,'Completed',1439214304,0),(183,55,3,'Completed',1439219751,0),(184,55,5,'Completed',1439299178,0),(185,55,7,'Completed',1439305535,0),(186,55,13,'Completed',1439488590,0),(187,55,15,'Completed',1439488986,0),(188,19,7,'Completed',1439225152,0),(189,19,13,'Completed',1439846053,0),(190,56,3,'Completed',1439311851,1),(191,56,5,'Completed',1439313987,1),(192,56,4,'Completed',1439316238,0),(193,29,7,'Completed',1439404262,0),(194,29,13,'Completed',1439405085,0),(195,29,15,'Completed',1439405236,0),(196,32,7,'Completed',1439558371,0),(197,32,13,'Completed',1439558594,0),(198,32,15,'Completed',1439558854,0),(199,17,15,'Completed',1439561892,0),(200,17,13,'Completed',1439562781,0),(201,17,7,'Completed',1439563450,0),(202,57,4,'Completed',1439825237,0),(203,22,7,'Completed',1439825679,0),(204,22,13,'Completed',1439829428,0),(205,22,15,'Completed',1439829618,0),(206,57,3,'Completed',1439838540,0),(207,19,15,'Completed',1439927977,0),(208,39,7,'Completed',1439926935,0),(209,39,15,'Completed',1439927975,0),(210,39,13,'Completed',1439932317,0),(211,57,5,'Completed',1440077772,0),(212,57,7,'Completed',1440085535,0),(213,57,13,'Completed',1440090686,0),(214,57,15,'Completed',1440099955,0),(215,56,7,'Completed',1440326593,1),(216,56,13,'Completed',1440328333,1),(217,56,15,'Completed',1440328599,0),(218,21,7,'Completed',1440431449,0),(219,21,13,'Completed',1440432642,0),(220,21,15,'Completed',1440433025,0),(221,58,4,'Completed',1441207072,0),(222,23,7,'Completed',1440686544,0),(223,23,13,'Completed',1440687544,0),(224,23,15,'Completed',1440687735,0),(225,58,3,'Completed',1441217950,0),(226,31,7,'Completed',1441218303,0),(227,58,5,'Completed',1441223511,0),(228,31,13,'Completed',1441220078,0),(229,31,15,'Completed',1441220316,0),(230,31,15,'Completed',1441220316,0),(231,46,15,'Completed',1441221016,0),(232,46,7,'Completed',1441221370,0),(233,46,13,'Completed',1441221939,0),(234,58,7,'Completed',1441242279,0),(235,58,13,'Completed',1441244137,0),(236,58,15,'Completed',1441245273,0),(237,47,7,'Completed',1441292221,0),(238,47,13,'Completed',1441292435,0),(239,47,15,'Completed',1441292547,0),(240,53,13,'Completed',1441435304,0),(241,53,15,'Completed',1441435431,0),(242,54,13,'Completed',1441483827,0),(243,54,15,'Completed',1441484069,0),(244,59,4,'Completed',1443074030,0),(245,59,3,'Completed',1443074709,0),(246,59,5,'Completed',1443075459,0),(247,59,7,'Completed',1443076959,0),(248,59,13,'Completed',1443076684,0),(249,59,15,'Completed',1443075714,0),(250,60,3,'Completed',1443197820,0),(251,60,5,'Completed',1443198886,0),(252,60,13,'Completed',1443199804,0),(253,60,15,'Completed',1443199887,0),(254,60,7,'Completed',1443200704,0),(255,60,4,'Completed',1443200417,0),(256,62,4,'Completed',1443623513,0),(257,62,5,'Completed',1443624369,0),(258,62,13,'Completed',1443628798,0),(259,63,4,'Completed',1443772158,0),(260,63,5,'Completed',1444197312,0),(261,62,3,'Completed',1443797969,0),(262,62,3,'In Progress',NULL,0),(263,62,7,'Completed',1444243760,0),(264,61,4,'Completed',1444055343,0),(265,61,3,'Completed',1444055830,0),(266,61,5,'Completed',1444056527,0),(267,61,7,'Completed',1444056761,0),(268,61,13,'Completed',1444057749,0),(269,61,15,'Completed',1444057863,0),(270,63,3,'Completed',1444198200,0),(271,63,7,'Completed',1444198904,0),(272,63,13,'Completed',1444200190,0),(273,63,15,'Completed',1444201017,0),(274,62,15,'Completed',1444243323,0),(275,64,4,'Completed',1445574957,0),(276,64,3,'Completed',1445576341,0),(277,64,7,'Completed',1445580352,0),(278,64,5,'Completed',1445583744,0),(279,64,13,'Completed',1445578241,0),(280,64,15,'Completed',1445579568,0),(281,65,4,'Completed',1445634390,1),(282,65,5,'Completed',1445636207,0),(283,65,13,'Completed',1445647175,0),(284,65,3,'Completed',1445647998,0),(285,65,7,'Completed',1445648670,0),(286,65,15,'Completed',1445649320,0),(287,66,4,'Completed',1446079596,0),(288,66,7,'Completed',1446089249,0),(289,67,4,'Completed',1446162049,0),(290,67,3,'Completed',1446162722,0),(291,67,5,'Completed',1446258332,0),(292,68,4,'Completed',1446219054,0),(293,68,3,'Completed',1446221008,0),(294,69,4,'Completed',1446220640,0),(295,69,3,'Completed',1446222877,0),(296,68,5,'Completed',1446221633,0),(297,68,7,'Completed',1446221852,0),(298,68,13,'Completed',1446222544,0),(299,68,15,'Completed',1446222872,0),(300,67,7,'Completed',1446258649,0),(301,67,13,'Completed',1446501151,0),(302,66,3,'Completed',1446346598,0),(303,67,15,'Completed',1446501351,0),(304,66,5,'Completed',1446512510,0),(305,66,13,'Completed',1446956605,0),(306,66,15,'Completed',1447211726,0),(307,70,4,'Completed',1447842695,1),(308,70,15,'Completed',1447844061,0),(309,70,13,'Completed',1447846119,0),(310,70,7,'Completed',1447847105,0),(311,71,13,'Completed',1447896264,1),(312,71,13,'In Progress',NULL,0),(313,71,5,'Completed',1447897713,0),(314,71,7,'Completed',1447898255,0),(315,71,3,'Completed',1447898707,0),(316,71,15,'Completed',1447898957,0),(317,71,4,'Completed',1447900107,0),(318,72,3,'Completed',1447995195,0),(319,72,15,'Completed',1447995460,0),(320,72,13,'Completed',1447996633,0),(321,72,13,'Completed',1447996633,0),(322,72,13,'Completed',1447996633,0),(323,72,4,'Completed',1447996743,0),(324,72,5,'Completed',1447997026,0),(325,72,7,'Completed',1447997134,0),(326,53,5,'Completed',1448084986,0),(327,53,7,'Completed',1448085506,0),(328,69,5,'Completed',1448725329,0),(329,69,7,'Completed',1448727167,0),(330,69,13,'Completed',1448732855,0),(331,69,15,'Completed',1448733175,0),(332,74,3,'Completed',1449173711,0),(333,74,7,'Completed',1449173851,0),(334,74,13,'Completed',1449174094,0),(335,74,4,'Completed',1449174386,0),(336,74,15,'Completed',1449174479,0),(337,74,5,'Completed',1449245601,0),(338,73,4,'Completed',1449535202,0),(339,75,4,'Completed',1449708138,0),(340,75,3,'Completed',1449708895,0),(341,75,5,'Completed',1449709213,0),(342,75,7,'Completed',1449709343,0),(343,75,13,'Completed',1449709582,0),(344,75,15,'Completed',1449709689,0),(345,15,15,'Completed',1450115072,0),(346,70,3,'Completed',1450136356,0),(347,70,5,'Completed',1450139153,0),(348,73,3,'Completed',1451418353,0),(349,73,5,'Completed',1451418691,0),(350,73,7,'Completed',1451418818,0),(351,73,13,'In Progress',NULL,0),(352,76,7,'Completed',1454536835,0),(353,76,15,'Completed',1454597160,0),(354,77,7,'Completed',1455310108,0),(355,77,15,'Completed',1455311323,0),(356,78,4,'Completed',1456515843,0),(357,78,3,'Completed',1456516580,0),(358,78,5,'Completed',1457230426,0),(359,78,7,'Completed',1456517561,0),(360,78,13,'Completed',1456518048,0),(361,78,15,'Completed',1456518239,0),(362,79,4,'Completed',1457631177,0),(363,79,3,'Completed',1457631480,0),(364,79,5,'Completed',1457631802,0),(365,79,13,'Completed',1457633035,0),(366,79,15,'Completed',1457632712,0),(367,79,7,'Completed',1457633243,0),(368,80,4,'Completed',1458888306,0),(369,80,3,'Completed',1458888460,0),(370,80,5,'Completed',1458888597,0),(371,80,7,'Completed',1458888682,0),(372,80,13,'Completed',1458889088,0),(373,80,15,'Completed',1458889129,0),(374,81,4,'Completed',1459698457,0),(375,81,3,'Completed',1459698717,0),(376,81,5,'Completed',1459699097,0),(377,81,7,'Completed',1459699331,0),(378,81,13,'Completed',1459699923,0),(379,81,15,'Completed',1459699993,0),(380,82,4,'Completed',1462305921,0),(381,82,3,'Completed',1462530542,0),(382,82,13,'Completed',1462993218,0),(383,82,15,'Completed',1462994426,0),(384,82,5,'Completed',1465499235,0),(385,82,7,'In Progress',NULL,0);

--
-- Current Database: `sfrc_school`
--

CREATE DATABASE /*!32312 IF NOT EXISTS*/ `sfrc_school` /*!40100 DEFAULT CHARACTER SET latin1 */;

USE `sfrc_school`;

--
-- Table structure for table `course`
--

CREATE TABLE `course` (
  `id` int(11) unsigned NOT NULL AUTO_INCREMENT,
  `name` varchar(60) CHARACTER SET utf8 NOT NULL,
  `short_description` text CHARACTER SET utf8,
  `description` text CHARACTER SET utf8,
  `passing_percentage` int(11) DEFAULT NULL,
  `cost` varchar(60) CHARACTER SET utf8 DEFAULT NULL,
  `instruction_methods` text CHARACTER SET utf8,
  `evaluation_method` text CHARACTER SET utf8,
  `study_guide` varchar(60) CHARACTER SET utf8 DEFAULT NULL,
  `study_guide_2` varchar(60) CHARACTER SET utf8 DEFAULT NULL,
  `case_study` varchar(60) CHARACTER SET utf8 DEFAULT NULL,
  `powerpoint` varchar(60) CHARACTER SET utf8 DEFAULT NULL,
  `powerpoint_2` varchar(60) CHARACTER SET utf8 DEFAULT NULL,
  `syllabus` varchar(60) CHARACTER SET utf8 DEFAULT NULL,
  `video` text CHARACTER SET utf8,
  `ceu_credit` int(11) unsigned DEFAULT '0',
  `promo_code` varchar(60) DEFAULT NULL,
  `frequency_required` varchar(90) DEFAULT NULL,
  `staff_requirement` varchar(90) DEFAULT NULL,
  `required_within_time` varchar(90) DEFAULT NULL,
  `in_person` varchar(11) DEFAULT NULL,
  PRIMARY KEY (`id`)
) ENGINE=InnoDB AUTO_INCREMENT=26 DEFAULT CHARSET=latin1;

--
-- Dumping data for table `course`
--

INSERT INTO `course` VALUES (3,'HIV / AIDS - 2 CEU','HIV is an acronym for human immunodeficiency virus and it is the disease that often leads to AIDS. Continuing Education Course (2 CEUs)','<p style=\"margin: 0px; padding: 0px; font-size: 12px; color: rgb(68, 68, 68); line-height: 18px; font-family: helvetica, arial, sans-serif;\">This class provides information on HIV and AIDS- related illnesses. Materials will be presented on the symptoms, causes, pathophysiology, diagnosis, transmission and prevention, treatment, epidemiology, prognosis, and history of HIV and AIDS.</p>',80,'0','Online Only',NULL,'Online-HIVAIDS-021815.pdf',NULL,NULL,NULL,NULL,NULL,NULL,2,'','730',NULL,'30','0'),(4,'Aggression Management - 2 CEU','The effective handling of aggression is one of the most demanding aspects of working in Behavioral Health. It is an area in which the ability to manage self and assertively communicate with others is essential. This course will explore identifying, preventing and managing aggressive behavior through the use of verbal de-escalation interventions. ','<strong>Course Overview and Objectives</strong><br><br>The effective handling of aggression is one of the most demanding aspects of working in Behavioral Health. It is an area in which the ability to manage self and assertively communicate with others is essential. This course will explore identifying, preventing and managing aggressive behavior through the use of verbal de-escalation interventions. <br><br>Upon successful completion of this course the learner will be able to: <br><br><ol><li>Define “Aggression” and “Verbal De-escalation\" <br></li><li>Identify warning signs for aggressive behavior. <br></li><li>Give examples of verbal\r\nde-escalation techniques to use in a crisis situation\r\n   </li></ol>',80,'0','Online Only',NULL,'online-aggression-management-021815.pdf',NULL,NULL,NULL,NULL,NULL,NULL,2,'',NULL,NULL,NULL,NULL),(5,'Infection Control - 1 CEU','Healthcare workers are required to participate in an annual training on infection prevention and control. 1 CEU','<p>Healthcare workers are required to participate in an annual training on infection prevention and control. At the end of this study guide participants will be able to:</p>\r\n<ul>\r\n<li>Understand modes of transmission of bacteria and infections</li><li>Understand universal precautions</li><li>Practice proper hand washing techniques</li>\r\n<li>Take action to prevention of the spread of disease in your workplace</li>\r\n</ul>\r\n\r\n\r\n\r\n',80,'0','Online Only',NULL,'Online-InfectionControl-021815.pdf',NULL,NULL,NULL,NULL,NULL,NULL,1,'',NULL,NULL,NULL,NULL),(7,'HIPAA - 2 CEU','Confidentiality is one of the most basic rights that our clients have. All healthcare workers are legally and morally bound to protect the confidentiality of others.','<p style=\"margin: 0px; font-size: 12px; font-family: Helvetica;\">Confidentiality is one of the most basic rights that our clients have. All healthcare workers are legally and morally bound to protect the confidentiality of others.</p><p style=\"margin: 0px; font-size: 12px; font-family: Helvetica;\"><br></p>\r\n<p style=\"margin: 0px; font-size: 12px; font-family: Helvetica;\">This course is designed to:</p><p style=\"margin: 0px; font-size: 12px; font-family: Helvetica;\"></p><ol><li>Give you an overview of The Health Insurance Portability and Accountability Act of 1996 (HIPAA).</li><li>Familiarize you with any major changes that have been implemented with the new 2013 Omnibus Rule Changes.</li><li>Help you recognize the serious consequences if you fail to comply with HIPAA.</li></ol><p></p>\r\n\r\n',80,'0','Online Only',NULL,'Online-HIPAA-021815.pdf',NULL,NULL,NULL,NULL,NULL,NULL,2,'',NULL,NULL,NULL,NULL),(8,'The American’s With Disability Act - 1 CEU','The Americans with Disabilities Act (ADA), which was signed into law on July 26, 1990, is the nation’s first comprehensive civil rights law addressing the needs of people with disabilities, prohibiting discrimination in employment, public services, public accommodations, and telecommunications. The ADA assures equality of opportunity, full participation, independent living, and economic self-sufficiency to persons with disabilities.','The Americans with Disabilities Act (ADA), which was signed into law on July 26, 1990, is the nation’s first comprehensive civil rights law addressing the needs of people with disabilities, prohibiting discrimination in employment, public services, public accommodations, and telecommunications. The ADA assures equality of opportunity, full participation, independent living, and economic self-sufficiency to persons with disabilities.',80,'0','Online',NULL,'ADAonlinefinal.pdf',NULL,NULL,NULL,NULL,NULL,NULL,1,'',NULL,NULL,NULL,NULL),(9,'Abuse Reporting & Affirmative Duties - 1 CEU','Every individual in Florida has a responsibility to report suspected abuse or neglect. In addition, Florida Law specifies professionals in certain occupations as required to report abuse or neglect. This course will take you through the legal requirements in Florida regarding abuse reporting and affirmative duties.','<p>Everyone in Florida is a mandated reporter but some people are professionally mandated reporters. Every person has a responsibility to report suspected abuse or neglect. In addition, Florida Law specifies professionals in certain occupations as required to do so. These professionals are mandated to make a report if they have reasonable  cause to suspect abuse, neglect or exploitation is of a child or a vulnerable adult. Providers of substance abuse services shall adhere to the statutory requirements for reporting abuse, neglect, and deaths of children under Chapter 39, F.S., and of adults under Section 415.1034 and paragraph 397.501(7)(c), F.S.</p>',80,'0','Online',NULL,'finalcurrentchapter 415.pdf',NULL,NULL,NULL,NULL,NULL,NULL,1,'','730',NULL,'90','0'),(10,'Sexual Harassment - 2 CEU','After completing this self-study session, you will be able to: Define sexual harassment, Identify the types of sexual harassment and Identify behaviors that may be interpreted as sexual harassment.','<p>After completing this self-study session, you will be able to:</p><ul>\r\n<li>Define sexual harassment.</li><li>Identify the types of sexual harassment.</li><li>Identify behaviors that may be interpreted as sexual harassment.</li></ul>',80,'0','Online',NULL,'finalsexualharassment.pdf',NULL,NULL,NULL,NULL,NULL,NULL,2,'','730',NULL,'90','0'),(11,'Domestic Violence - 2 CEU','This course is designed to assist the behavioral healthcare worker in understanding domestic violence and the mandates that involve behavioral healthcare workers. In addition to defining domestic violence, this course will review the effects of domestic violence, the cycle of violence, associated risk factors, safety planning, confidentiality and the legalities of domestic violence.','This course is designed to assist the behavioral healthcare worker in understanding domestic violence and the mandates that involve behavioral healthcare workers. In addition to defining domestic violence, this course will review the effects of domestic violence, the cycle of violence, associated risk factors, safety planning, confidentiality and the legalities of domestic violence.&nbsp;\r\n<div><br></div><div>Upon completion of this course the participant will:&nbsp;</div><div><ul><li><span style=\"font-size: 10pt;\">Be able to define domestic violence.</span></li><li><span style=\"font-size: 10pt;\">Be able to discuss the statistics related to domestic violence.</span></li><li><span style=\"font-size: 10pt;\">Develop an understanding of the impact and consequences of domestic violence on the\r\nvictim from a health, psychological, and emotional perspective.</span></li><li><span style=\"font-size: 10pt;\">Be able to assess, counsel and formulate safety plans for clients at risk of domestic violence\r\nor who are currently in a violence relationship.&nbsp;</span></li><li><span style=\"font-size: 10pt;\">Be able to identify national and local domestic violence resources.</span></li></ul></div>',80,'0','Online Only',NULL,'finaldomesticviolence.pdf',NULL,NULL,NULL,NULL,NULL,NULL,2,'',NULL,NULL,NULL,NULL),(12,'Understanding Co-occurring Disorders - 2 CEU','Prevalence rates show that individuals with co-occurring disorders are common in both the substance abuse and mental health treatment systems. This course will provide participants with an understanding of the concept and term: co-occurring disorders.','Prevalence rates show that individuals with co-occurring disorders are common in both the substance abuse and mental health treatment systems. This course will provide participants with an understanding of the concept and term: co-occurring disorders. Participants will become familiar with the assessment, symptoms, and treatment of co-occurring disorders, and will be provided with an example of a special population that exists within the realm of co-occurring disorders. &nbsp;<div><br></div><div>On completion of this course, participants will be able to identify/demonstrate familiarity with:&nbsp;</div><div><ol><li><span style=\"font-size: 10pt;\">The definition and terms related to co-occurring disorders.&nbsp;</span></li><li><span style=\"font-size: 10pt;\">The assessment of co-occurring disorders and common symptoms.&nbsp;</span></li><li><span style=\"font-size: 10pt;\">The relationship between substance abuse and mental health concerns.&nbsp;</span></li><li><span style=\"font-size: 10pt;\">The symptoms of specific co-occurring disorders.&nbsp;</span></li><li><span style=\"font-size: 10pt;\">Available treatments for clients with co-occurring disorders.&nbsp;</span></li><li><span style=\"font-size: 10pt;\">A special population example and co-occurring disorders.</span></li></ol></div>',80,'0','Online',NULL,'Co-Occuring Disorders.pdf',NULL,NULL,NULL,NULL,NULL,NULL,2,'',NULL,NULL,NULL,NULL),(13,'Ethics & Boundaries - 2 CEU','The purpose of this training is to clarify professional ethical expectations for addiction professionals, assist in defining professional boundaries, and highlight potential boundary problems.','<p style=\"font-family: -apple-system-font; font-size: 12px; line-height: 16px;\">The purpose of this training is to clarify professional ethical expectations for addiction professionals, assist in defining professional boundaries, and highlight potential boundary problems.</p><p style=\"font-family: -apple-system-font; font-size: 12px; line-height: 16px;\">Upon completion of this course the participant will:</p><p style=\"font-family: -apple-system-font; font-size: 12px; line-height: 16px;\"></p><ol><li>Be able to understand and define ethics.</li><li>Understand and be able to demonstrate ethical and professional behavior.</li><li>Be able to define, implement and practice client informed consent.</li><li>Be able to define and recognize boundary issues between client and counselor.</li><li>Be able to define and interpret the roles of transference, counter-transference and other potential boundary issues in clinical practice.</li></ol><p></p>',80,'0','Online Only',NULL,'ethicsfinal.pdf',NULL,NULL,NULL,NULL,NULL,NULL,2,'',NULL,NULL,NULL,NULL),(14,'Suicide and Self-Harm - 2 CEU','Nearly everyone at some time in his or her life thinks about suicide. Most everyone decides to live because they come to realize that the crisis is temporary, but death in not. On the other hand, people in the midst of a crisis often perceive their dilemma as inescapable and feel an utter loss of control.','Nearly everyone at some time in his or her life thinks about suicide. Most everyone decides to live because they come to realize that the crisis is\r\ntemporary, but death in not. On the other hand, people in the midst of a crisis often perceive their dilemma as inescapable and feel an utter loss of control.',80,'0','',NULL,'AAP-Suicide-Self-Harm.pdf',NULL,NULL,NULL,NULL,NULL,NULL,2,'',NULL,NULL,NULL,NULL),(15,'Cultural Diversity - 2 CEU','','',80,'0','Online Only',NULL,NULL,NULL,NULL,'Cultural-Diversity.ppsx',NULL,NULL,NULL,2,'',NULL,NULL,NULL,NULL),(25,'Incident Reporting Requirements - 1 CEU','All public or private substance abuse service providers, licensed by The Department of Children and Families (DCF) must create and maintain policies and procedures for Incident Reporting.','<p>All public or private substance abuse service providers, licensed by The Department of Children and Families (DCF) must create and maintain policies and procedures for Incident Reporting. This course details the internal procedure for completing and filing an incident report form for an unusual event, as well as, the procedure for reporting a critical incident to the DCF and Joint Commission.</p>',80,'0','',NULL,'AAP-Incident-Reporting.pdf','Incident-Reporting-Appendix.pdf',NULL,NULL,NULL,NULL,NULL,1,'',NULL,NULL,NULL,'0');

--
-- Table structure for table `course_category`
--

CREATE TABLE `course_category` (
  `id` int(11) unsigned NOT NULL AUTO_INCREMENT,
  `name` varchar(60) CHARACTER SET utf8 NOT NULL,
  PRIMARY KEY (`id`)
) ENGINE=InnoDB AUTO_INCREMENT=8 DEFAULT CHARSET=latin1;

--
-- Dumping data for table `course_category`
--

INSERT INTO `course_category` VALUES (1,'Continuing Education'),(2,'Personal Development'),(3,'Communication'),(4,'Management & Leadership'),(5,'Marketing'),(6,'Organizational Efficiency'),(7,'Certified Behavioral Health Technician (CBHT)');

--
-- Table structure for table `course_has_category`
--

CREATE TABLE `course_has_category` (
  `id` int(11) unsigned NOT NULL AUTO_INCREMENT,
  `course_id` int(11) unsigned NOT NULL,
  `course_category_id` int(11) unsigned NOT NULL,
  `course_offering_id` int(11) unsigned NOT NULL,
  PRIMARY KEY (`id`),
  KEY `course_id` (`course_id`),
  KEY `course_offering_id` (`course_offering_id`),
  KEY `course_category_id` (`course_category_id`),
  CONSTRAINT `course_has_category_ibfk_3` FOREIGN KEY (`course_offering_id`) REFERENCES `offerings` (`id`) ON DELETE NO ACTION ON UPDATE NO ACTION,
  CONSTRAINT `course_has_category_ibfk_5` FOREIGN KEY (`course_id`) REFERENCES `course` (`id`) ON DELETE CASCADE ON UPDATE NO ACTION,
  CONSTRAINT `course_has_category_ibfk_6` FOREIGN KEY (`course_category_id`) REFERENCES `course_category` (`id`) ON DELETE CASCADE ON UPDATE NO ACTION
) ENGINE=InnoDB AUTO_INCREMENT=25 DEFAULT CHARSET=latin1;

--
-- Dumping data for table `course_has_category`
--

INSERT INTO `course_has_category` VALUES (9,4,1,1),(13,5,1,1),(14,11,1,1),(15,12,1,1),(16,15,1,1),(17,13,1,1),(18,14,1,1),(19,7,1,1),(20,8,1,1),(21,10,1,1),(22,3,1,1),(23,25,1,1),(24,9,1,1);

--
-- Table structure for table `evaluation`
--

CREATE TABLE `evaluation` (
  `id` int(11) unsigned NOT NULL AUTO_INCREMENT,
  `course_id` int(11) DEFAULT NULL,
  `date` int(11) NOT NULL,
  `student_name` varchar(60) DEFAULT NULL,
  `question_1` text,
  `question_2` text,
  `question_3` text,
  `question_4` text,
  `question_5` text,
  `rating` int(11) NOT NULL,
  PRIMARY KEY (`id`)
) ENGINE=InnoDB AUTO_INCREMENT=62 DEFAULT CHARSET=utf8;

--
-- Dumping data for table `evaluation`
--

INSERT INTO `evaluation` VALUES (15,4,1427386170,'kris schupbach','learning','nothing\r\n','nothing','yes','same',5),(16,4,1427421842,'Deshaun Jones','The Different types of barriers.','Nothing,Everything was informative. ','I think this was well but together.','Yes it was.','First time taken this course in the future I will no a little more about these courses and will be able to choice..',4),(17,5,1427423480,'Deshaun Jones ','The different types of diseases that\'s out there','Everything was very informative','Nothing','Yes is was','',4),(18,5,1427423580,'Deshaun Jones ','The different types of diseases that\'s out there','Everything was very informative','Nothing','Yes is was','First time take course',5),(19,4,1427435159,'William Robinson ','Very easy to understand ','Nothing','Nothing','Yes','Searching a client ',3),(20,4,1427498282,'a','everythig','othing','nothing','yes','cpr',3),(21,5,1431426018,'Joyns Fleming','ease of use','information was valuable','nothing','yes','computerized',5),(22,11,1433064894,'Robert Elvir','The clear presentation.','Lack of A/V aides.','Add A/V aids.','yes','Laws',3),(23,13,1433270595,'','','','','','',5),(24,12,1433271685,'Ron Cook','','','','','',4),(25,11,1433864218,'Albert Diaz','Wording.','Obvious','None','Yes','Same',4),(26,5,1433864456,'Albert Diaz','Yes','Yes','Nothing','Yes','All',4),(27,5,1433864459,'Albert Diaz','Yes','Yes','Nothing','Yes','All',4),(28,9,1433946160,'Ron Cook','','','','','',4),(29,14,1433946716,'Ron Cook','','','','','',4),(30,12,1434374865,'Pedro Diaz','','','','','',5),(31,13,1434375773,'Pedro Diaz','','','','','',4),(32,9,1434375995,'Pedro Diaz','','','','','',5),(33,14,1434376329,'Pedro Diaz','','','','','',4),(34,15,1434376575,'Pedro Diaz','','','','','',4),(35,5,1435166762,'','','','','','',5),(36,4,1454952013,'Eric Crear','it was quick','nothing','nothing','yes','The same',5),(37,4,1455022353,'Al Diaz','Everything.','Reading.','Nothing.','Yes.','All types.',5),(38,4,1455045695,'','','','','','',5),(39,5,1455491901,'Melanie Duffy','Very informative.','It was all fine. No complaints.','I have no answer for that.','Yes, it was well written.','Psychopharmacology',4),(40,5,1455640585,'Burt Boyle','All','All','Good','Yes it was','',5),(41,11,1458136526,'Pedro Diaz','Convenience. ','It was all good.','Don\'t know.','It was interesting.','Don\'t know.',4),(42,4,1459528711,'Sonya Skinner','Everything.','None.','Nothing, great course!!','Very stimulating, thank you.','',5),(43,14,1460250321,'Sonya Skinner','Everything','N/A','Nothing','Yes','',5),(44,7,1460252018,'Sonya Skinner','Everything','Nothing','Nothing','Yes','',5),(45,5,1461184659,'Sonya Skinner','Everything','Nothing','Nothing','Very stimulating.','Required courses to renew our credentials.',5),(46,11,1461186639,'Sonya Skinner','Everything','Nothing','Nothing','Very stimulating.','Required courses to renew our credentials.',5),(47,15,1461465425,'Sonya Skinner','Everything','Nothing','Nothing','Very stimulating.','CEU\'s that are needed to nenew our nursing credentials.',5),(48,12,1461468529,'Sonya Skinner','Everything','Nothing','Nothing','Very stimulating','CEU\'s that pertain to our nursing credentials.',5),(49,13,1461776358,'Sonya Skinner','Everything','None','Nothing','Very stimulating.','CEU\'s needed for licensure.',5),(50,8,1461860606,'Sonya Skinner','Everything','Nothing','Nothing','Very stimulating.','CEU\'s pertaining to renewal of licensure.',5),(51,8,1462002614,'Joyns Fleming','everything','nothing','nothing','very','same',5),(52,10,1462487919,'Sonya Skinner','Everything','Nothing','Nothing','Very stimulating','CEU on Medical Errors, required for our licensure!',5),(53,3,1463162417,'Sonya Skinner','Everything','Nothing','Nothing','Very stimulating','CEU\'s  that are required for licensure.',5),(54,5,1487618637,'Martin Martuscelli','I could work at my own pace','Nothing really, it went well','Nothing','Yes','This list seems good',4),(55,5,1487618706,'Martin Martuscelli','Work at my own pace','Nothing','Nothing','Yes','This list seems good',4),(56,5,1487618784,'Martin Martuscelli','Work at my own pace','Nothing','Nothing','Yes','This list seems good',4),(57,5,1487620220,'Martin Martuscelli','Work at my own pace','Nothing','Nothing','Yes','This list of courses is sufficient',4),(58,5,1487620307,'Martin Martuscelli','Work at my own pace','Nothing','Nothing','Yes','This list is sufficient currently',4),(59,5,1487620811,'Martin Martuscelli','Work at my own pace','Nothing','Nothing','Yes','None',4),(60,5,1487621007,'Martin Martuscelli','Work at my own pace','Nothing','Nothing','Yes','None',5),(61,5,1487621270,'Martin Martuscelli','   ','   ','   ','   ','   ',4);

--
-- Table structure for table `exam_results`
--

CREATE TABLE `exam_results` (
  `id` int(11) unsigned NOT NULL AUTO_INCREMENT,
  `user_id` int(11) unsigned NOT NULL,
  `course_id` int(11) unsigned NOT NULL,
  `grade` float NOT NULL,
  PRIMARY KEY (`id`),
  KEY `user_id` (`user_id`),
  KEY `course_id` (`course_id`),
  CONSTRAINT `exam_results_ibfk_1` FOREIGN KEY (`user_id`) REFERENCES `user` (`id`) ON DELETE CASCADE ON UPDATE NO ACTION,
  CONSTRAINT `exam_results_ibfk_3` FOREIGN KEY (`course_id`) REFERENCES `course` (`id`) ON DELETE CASCADE ON UPDATE NO ACTION
) ENGINE=InnoDB AUTO_INCREMENT=388 DEFAULT CHARSET=utf8;

--
-- Dumping data for table `exam_results`
--

INSERT INTO `exam_results` VALUES (1,111,5,93),(2,111,5,93),(3,111,5,93),(4,10,5,20),(5,10,5,87),(6,10,5,87),(7,111,5,93),(8,113,4,80),(9,111,11,55),(10,111,11,50),(11,111,11,85),(12,111,11,85),(13,111,4,80),(14,113,5,53),(15,113,5,93),(16,114,4,100),(17,112,4,93),(18,111,13,70),(19,114,5,53),(20,114,5,87),(21,111,13,85),(22,114,9,37),(23,114,9,42),(24,111,9,37),(25,111,9,47),(26,112,5,80),(27,116,4,67),(28,117,13,80),(29,117,3,80),(30,116,4,93),(31,110,9,53),(32,110,9,63),(33,117,11,75),(34,111,9,58),(35,111,9,63),(36,10,9,0),(37,111,9,63),(38,117,11,85),(39,10,9,89),(40,111,9,100),(41,120,4,93),(42,119,4,60),(43,120,5,100),(44,120,5,100),(45,119,4,87),(46,114,9,63),(47,114,11,65),(48,114,11,80),(49,115,4,93),(50,115,4,93),(51,115,4,93),(52,115,4,93),(53,114,12,93),(54,114,15,60),(55,114,15,100),(56,114,13,90),(57,111,25,67),(58,111,25,93),(59,111,25,93),(60,111,3,65),(61,111,3,90),(62,119,5,80),(63,119,11,60),(64,119,11,90),(65,112,11,70),(66,112,11,85),(67,119,12,87),(68,118,4,93),(69,118,5,100),(70,120,11,85),(71,119,15,80),(72,120,12,87),(73,115,10,87),(74,115,11,85),(75,115,5,100),(76,114,8,90),(77,114,25,73),(78,114,25,93),(79,114,9,84),(80,114,14,70),(81,114,14,80),(82,114,7,80),(83,114,10,87),(84,114,3,85),(85,119,13,70),(86,119,13,100),(87,119,14,80),(88,119,7,70),(89,119,7,90),(90,111,15,60),(91,111,15,100),(92,111,7,90),(93,111,10,60),(94,111,10,87),(95,119,8,80),(96,115,15,80),(97,115,13,90),(98,118,11,95),(99,118,12,100),(100,118,15,100),(101,120,15,100),(102,120,13,95),(103,115,12,93),(104,115,14,60),(105,115,14,90),(106,115,7,90),(107,115,3,100),(108,115,3,100),(109,115,8,100),(110,115,9,68),(111,115,9,95),(112,112,12,73),(113,112,12,100),(114,112,15,80),(115,112,13,65),(116,112,13,95),(117,119,10,67),(118,116,5,67),(119,119,10,93),(120,116,5,73),(121,116,5,73),(122,116,5,53),(123,116,5,73),(124,116,5,100),(125,121,4,87),(126,121,7,80),(127,121,10,73),(128,116,11,40),(129,112,14,70),(130,112,14,100),(131,116,11,90),(132,112,7,60),(133,112,7,100),(134,118,13,100),(135,118,14,90),(136,112,8,20),(137,112,8,100),(138,113,11,80),(139,113,12,100),(140,112,10,40),(141,112,10,93),(142,121,11,50),(143,112,3,75),(144,112,3,100),(145,122,4,93),(146,122,5,87),(147,111,12,67),(148,111,12,93),(149,111,8,70),(150,111,8,100),(151,111,14,60),(152,111,14,100),(153,113,13,100),(154,116,12,100),(155,116,15,60),(156,116,15,80),(157,116,13,100),(158,121,12,93),(159,121,13,100),(160,121,15,60),(161,121,15,80),(162,118,10,93),(163,122,11,90),(164,113,8,100),(165,119,3,90),(166,119,25,80),(167,119,9,79),(168,119,9,95),(169,121,10,87),(170,118,3,100),(171,118,25,80),(172,118,9,95),(173,118,9,95),(174,118,9,95),(175,118,9,95),(176,121,11,55),(177,116,8,100),(178,120,14,90),(179,112,25,27),(180,112,25,100),(181,120,7,90),(182,120,7,90),(183,120,8,90),(184,112,9,26),(185,113,10,93),(186,121,25,100),(187,112,9,74),(188,113,25,100),(189,112,9,79),(190,121,3,100),(191,116,10,93),(192,116,25,100),(193,116,25,100),(194,120,10,87),(195,112,9,95),(196,116,3,95),(197,120,3,95),(198,120,25,100),(199,120,9,100),(200,122,12,100),(201,122,13,100),(202,122,15,100),(203,122,14,90),(204,122,7,90),(205,122,8,90),(206,118,7,90),(207,118,8,90),(208,123,4,87),(209,123,5,87),(210,123,11,65),(211,123,11,100),(212,113,3,100),(213,113,9,63),(214,113,9,89),(215,123,12,87),(216,123,15,100),(217,116,9,63),(218,116,9,74),(219,116,9,74),(220,116,9,79),(221,116,9,89),(222,123,13,85),(223,123,14,50),(224,123,14,90),(225,123,7,90),(226,123,8,100),(227,123,10,87),(228,123,3,90),(229,123,25,47),(230,123,25,100),(231,123,9,84),(232,122,10,93),(233,122,3,100),(234,122,25,80),(235,113,15,60),(236,113,15,80),(237,122,9,89),(238,113,14,50),(239,113,14,90),(240,113,14,90),(241,113,14,90),(242,113,14,90),(243,116,14,50),(244,116,14,80),(245,116,7,60),(246,116,7,70),(247,116,7,100),(248,116,7,100),(249,121,8,100),(250,121,9,74),(251,121,9,84),(252,121,11,100),(253,121,5,60),(254,121,5,73),(255,121,5,93),(256,121,14,60),(257,121,14,90),(258,124,4,87),(259,124,12,60),(260,113,7,40),(261,113,7,40),(262,113,7,100),(263,117,4,100),(264,117,5,73),(265,117,5,93),(266,117,12,100),(267,117,15,80),(268,117,14,90),(269,117,7,100),(270,117,8,100),(271,117,10,67),(272,117,10,93),(273,117,25,73),(274,117,25,93),(275,117,9,74),(276,117,9,100),(277,115,25,27),(278,115,25,100),(279,124,12,93),(280,124,14,60),(281,124,14,90),(282,124,5,87),(283,124,5,87),(284,124,5,87),(285,124,15,80),(286,124,7,100),(287,124,10,73),(288,124,10,80),(289,124,11,65),(290,124,11,95),(291,125,14,50),(292,125,14,90),(293,125,4,93),(294,124,13,85),(295,125,5,73),(296,125,5,100),(297,124,8,100),(298,125,11,55),(299,124,3,85),(300,125,11,95),(301,124,25,60),(302,124,25,87),(303,125,3,85),(304,124,9,74),(305,124,9,95),(306,125,25,100),(307,125,9,89),(308,125,7,100),(309,125,12,87),(310,125,15,100),(311,125,13,70),(312,125,13,85),(313,125,8,90),(314,125,10,80),(315,126,4,80),(316,126,5,60),(317,126,5,93),(318,126,11,65),(319,126,11,100),(320,126,12,80),(321,126,15,100),(322,126,13,65),(323,126,13,100),(324,126,14,80),(325,126,7,60),(326,126,7,100),(327,126,8,40),(328,126,8,90),(329,126,10,93),(330,126,3,100),(331,126,25,93),(332,126,9,68),(333,126,9,89),(334,127,4,100),(335,127,5,100),(336,127,11,100),(337,127,12,100),(338,127,15,100),(339,127,13,95),(340,127,14,100),(341,127,7,100),(342,127,8,100),(343,128,4,87),(344,128,5,67),(345,128,5,87),(346,128,11,65),(347,128,11,100),(348,127,10,53),(349,127,10,93),(350,127,3,70),(351,127,3,100),(352,127,25,27),(353,127,25,93),(354,127,9,68),(355,127,9,84),(356,129,4,100),(357,129,5,100),(358,129,11,100),(359,129,12,93),(360,129,15,100),(361,129,13,100),(362,129,14,100),(363,129,7,100),(364,129,8,100),(365,129,10,80),(366,129,3,100),(367,129,25,100),(368,129,9,95),(369,128,12,87),(370,128,15,100),(371,128,13,55),(372,128,13,55),(373,128,13,100),(374,128,14,60),(375,128,14,80),(376,128,7,70),(377,128,7,100),(378,128,8,80),(379,128,10,67),(380,128,10,87),(381,128,3,85),(382,128,9,47),(383,128,9,47),(384,128,9,74),(385,128,9,95),(386,128,25,33),(387,128,25,93);

--
-- Table structure for table `materials`
--

CREATE TABLE `materials` (
  `id` int(11) NOT NULL AUTO_INCREMENT,
  `course_id` int(11) unsigned NOT NULL,
  `name` varchar(60) NOT NULL,
  `filename` varchar(60) NOT NULL,
  PRIMARY KEY (`id`),
  KEY `course_id` (`course_id`),
  CONSTRAINT `materials_ibfk_1` FOREIGN KEY (`course_id`) REFERENCES `course` (`id`) ON DELETE CASCADE ON UPDATE NO ACTION
) ENGINE=InnoDB DEFAULT CHARSET=utf8;

--
-- Dumping data for table `materials`
--


--
-- Table structure for table `offering_has_category`
--

CREATE TABLE `offering_has_category` (
  `offering_id` int(11) unsigned NOT NULL,
  `course_category_id` int(11) unsigned NOT NULL,
  KEY `offering_id` (`offering_id`),
  KEY `course_id` (`course_category_id`),
  CONSTRAINT `offering_has_category_ibfk_1` FOREIGN KEY (`offering_id`) REFERENCES `offerings` (`id`) ON DELETE CASCADE ON UPDATE NO ACTION,
  CONSTRAINT `offering_has_category_ibfk_2` FOREIGN KEY (`course_category_id`) REFERENCES `course_category` (`id`) ON DELETE CASCADE ON UPDATE NO ACTION
) ENGINE=InnoDB DEFAULT CHARSET=utf8;

--
-- Dumping data for table `offering_has_category`
--

INSERT INTO `offering_has_category` VALUES (1,1),(1,2),(1,3),(1,4),(1,5);

--
-- Table structure for table `offerings`
--

CREATE TABLE `offerings` (
  `id` int(11) unsigned NOT NULL AUTO_INCREMENT,
  `name` varchar(60) NOT NULL DEFAULT '',
  PRIMARY KEY (`id`)
) ENGINE=InnoDB AUTO_INCREMENT=2 DEFAULT CHARSET=utf8;

--
-- Dumping data for table `offerings`
--

INSERT INTO `offerings` VALUES (1,'Professional Development');

--
-- Table structure for table `option`
--

CREATE TABLE `option` (
  `id` int(11) NOT NULL AUTO_INCREMENT,
  `question_id` int(11) NOT NULL,
  `content` text NOT NULL,
  `correct` int(11) DEFAULT NULL,
  PRIMARY KEY (`id`),
  KEY `question_id` (`question_id`),
  CONSTRAINT `option_ibfk_1` FOREIGN KEY (`question_id`) REFERENCES `question` (`id`) ON DELETE CASCADE ON UPDATE NO ACTION
) ENGINE=InnoDB AUTO_INCREMENT=11969 DEFAULT CHARSET=utf8;

--
-- Dumping data for table `option`
--

INSERT INTO `option` VALUES (4,6,'1 in 2',NULL),(5,6,'1 in 5',NULL),(6,6,'1 in 3',NULL),(7,6,'1 in 4',NULL),(8,7,'An effective vaccine is now available to prevent the disease.',NULL),(9,7,'HIV testing is not only free but compulsory for everyone over age 18.',NULL),(10,7,'People believe that antiretroviral drugs have solved the HIV problem.',NULL),(11,7,'The number of new infections is continuing to decline.',NULL),(12,8,'Free HIV testing of all patients over age 13.',NULL),(13,8,'Developing a vaccine to prevent HIV infection.',NULL),(14,8,'Reducing the rate of new infections.',NULL),(15,8,'Compulsory HIV testing of all patients in emergency departments.',NULL),(16,9,'Black/African Americans.',NULL),(17,9,'Seniors.',NULL),(18,9,'Hispanics.',NULL),(19,9,'Native Americans.',NULL),(20,10,'Women and children, seniors, and transgender persons',NULL),(21,10,'Men who have sex with men, women who have sex with women, prisoners',NULL),(22,10,'Men who have sex with men, injecting-drug users, and men who have sex with men and also use injection drugs',NULL),(23,10,'Women who have sex with women, homeless people, and seniors',NULL),(24,11,'Adopt compulsory hand-washing policies for staff and inmates.',NULL),(25,11,'Provide inmates with condoms and access to bleach for cleaning injection equipment.',NULL),(26,11,'Increase the number of correctional officers who monitor inmate activity.',NULL),(27,11,'Enroll inmates in HIV vaccine clinical trials.',NULL),(28,12,'When they enter prison.',NULL),(29,12,'Within 60 days prior to release.',NULL),(30,12,'Within 30 days prior to release.',NULL),(31,12,'Never; it is not required by law.',NULL),(32,13,'Healthcare workers are more focused on mental health issues in seniors.',NULL),(33,13,'Seniors avoid answering questions about sexual activity.',NULL),(34,13,'Seniors believe they are immune to HIV/AIDS.',NULL),(35,13,'Symptoms of AIDS such as fatigue and weight loss mimic those of normal aging.',NULL),(36,14,'Saliva and cervical secretions',NULL),(37,14,'Saliva, tears, serous fluid, and vaginal secretions',NULL),(38,14,'Blood, semen, breast milk, and vaginal and cervical secretions',NULL),(39,14,'Blood, semen, and urine',NULL),(40,15,'Blood collected for transfusion',NULL),(41,15,'Used needles and syringes',NULL),(42,15,'Casual contact with an infected patient',NULL),(43,15,'A public toilet seat',NULL),(44,16,'Increases the risk of HIV transmission.',NULL),(45,16,'Reduces the risk of HIV transmission.',NULL),(46,16,'Makes no difference in the risk of HIV transmission.',NULL),(47,16,'Increases the risk of pregnancy in women.',NULL),(48,17,'Syphilis',NULL),(49,17,'Hepatitis B (HBV)',NULL),(50,17,'Chlamydia',NULL),(51,17,'Tuberculosis (TB)',NULL),(52,18,'Relatively simple if the patient has health insurance.',NULL),(53,18,'A complex, multi-drug process that takes at least 6 months.',NULL),(54,18,'Usually not successful in African American patients.',NULL),(55,18,'Successful in most patients.',NULL),(56,19,'Unnecessary in HIV patient situations.',NULL),(57,19,'Warranted only if a patient has been diagnosed with TB.',NULL),(58,19,'Effective only if properly fitted and appropriately worn in all areas where risk of exposure is high.',NULL),(59,19,'Primarily used with patients who are coinfected with hepatitis.',NULL),(60,20,'Brain tumors from syphilis.',NULL),(61,20,'Liver disease from chronic hepatitis C.',NULL),(62,20,'Heart disease from antiretroviral drugs.',NULL),(63,20,'Stroke related to antiretroviral drugs.',NULL),(295,53,'True',NULL),(296,53,'False',1),(299,55,'True',NULL),(300,55,'False',1),(325,60,'True',1),(326,60,'False',NULL),(327,62,'True',1),(328,62,'False',NULL),(329,63,'Defensive level, anxiety level, acting out, tension reduction',NULL),(330,63,'Tension inducing, anxiety level, defensive level, acting out',NULL),(331,63,'Anxiety level, defensive level, acting out, tension reduction',1),(332,63,'Acting out, anxiety level, defensive level, tension reduction',NULL),(333,64,'True',1),(334,64,'False',NULL),(339,82,'Clenched fists',NULL),(340,82,'Pacing',NULL),(341,82,'Rapid breathing',NULL),(342,82,'Withdrawn behavior',NULL),(343,82,'All of the Above',1),(344,83,'The person is under the influence of a substance',NULL),(345,83,'The person has a history of psychiatric illness',NULL),(346,83,'The person is facing a high level of stress',NULL),(347,83,'All of the Above',1),(348,83,'A and B',NULL),(409,58,'Using a calm voice and acronyms or jargon',NULL),(410,58,'Giving the person your full attention',NULL),(411,58,'Paraphrasing what the person is saying',NULL),(412,58,'Validating the person’s feelings about the situation',NULL),(413,58,'All of the above',NULL),(414,58,'B, C, and D',1),(415,59,'Speak slowly clearly and gently',NULL),(416,59,'Walk fast away from client to avoid an altercation',NULL),(417,59,'Appear confident and display calmness',NULL),(418,59,'Show you are listening',NULL),(419,59,'A, C, and D',1),(420,59,'A and B',NULL),(421,61,'Don’t use jargon',NULL),(422,61,'Avoid demeaning language',NULL),(423,61,'Find someone that speaks that person’s language',NULL),(424,61,'A and B',NULL),(425,61,'All of the above',1),(449,54,'True',1),(450,54,'False',NULL),(451,57,'Telling the patient what he/she is feeling.',NULL),(452,57,'Summarize what the patient stated and repeat back to verify accuracy ',1),(453,57,'Make client aware of the incongruities from their statement',NULL),(454,57,'None of the above',NULL),(455,65,'Acting out',NULL),(456,65,'Tension Reduction',NULL),(457,65,'Anxiety Level',NULL),(458,65,'Defensive Level',1),(459,85,'True',1),(460,85,'False',NULL),(463,26,'True',1),(464,26,'False',NULL),(465,27,'False',1),(466,27,'True',NULL),(467,28,'True',1),(468,28,'False',NULL),(469,29,'False',1),(470,29,'True',NULL),(471,30,'True',1),(472,30,'False',NULL),(473,31,'True',NULL),(474,31,'False',1),(475,32,'True',1),(476,32,'False',NULL),(477,33,'True',1),(478,33,'False',NULL),(479,34,'True',1),(480,34,'False',NULL),(481,35,'Abstinence',NULL),(482,35,'Monogamous Relationship with partners not infected with HIV/AIDS',NULL),(483,35,'Protected Sex',NULL),(484,35,'Sterile needles',NULL),(485,35,'All of the above',1),(486,36,'a)	1 in 2',NULL),(487,36,'b)	1 in 6',1),(488,36,'c)	1 in 3',NULL),(489,36,'d)	1 in 4',NULL),(490,37,'Black/African Americans',1),(491,37,'Seniors',NULL),(492,37,'Hispanics',NULL),(493,37,'Native Americans',NULL),(498,38,'Women and children, seniors, and transgender persons',NULL),(499,38,'Men who have sex with men, women who have sex with women, prisoners',NULL),(500,38,'Men who have sex with men, injecting-drug users, and men who have sex with men and also use injection drugs',1),(501,38,'Women who have sex with women, homeless people, and seniors',NULL),(506,39,'Saliva and cervical secretions',NULL),(507,39,'Saliva, tears, serous fluid, and vaginal secretions',NULL),(508,39,'Blood, semen, breast milk, and vaginal and cervical secretions',1),(509,39,'Blood, semen, and urine',NULL),(510,40,'Blood collected for transfusion',NULL),(511,40,'Used needles and syringes',1),(512,40,'Casual contact with an infected patient',NULL),(513,40,'A public toilet seat',NULL),(514,41,'Are entitled to know their child\'s HIV test results without their child\'s consent.',NULL),(515,41,'May not be informed directly or indirectly of their child\'s HIV test results without the child\'s consent.',1),(516,41,'May be informed indirectly of their child\'s HIV test results when sent a bill for said testing.',NULL),(517,41,'Must give consent for their child to be tested for HIV.',NULL),(519,47,'Bona fide medical emergencies',NULL),(520,47,'Court order',NULL),(521,47,'All of the above',1),(522,48,'Sudden shift in mood or behavior',NULL),(523,48,'Skin rash',NULL),(524,48,'Muscle weakness',NULL),(525,48,'Confusion',NULL),(526,48,'a, c, and d ',1),(527,49,'Medical personnel involved with the diagnosis or treatment of the person tested; ',NULL),(528,49,'Licensed medical professionals who regularly participate as part of an interdisciplinary team ',NULL),(529,49,'Staff that handle body fluids ',NULL),(530,49,'Personnel involved in utilization review, risk management or peer review activities; ',NULL),(531,49,'Financial staff who compile or review medical records as part of routine billing activities',NULL),(532,49,'All of the above',1),(533,42,'Be tested for HIV at their initial prenatal visit and at 28-32 weeks.',1),(534,42,'Be tested for HCV at the first prenatal visit.',NULL),(535,42,'Not be offered HIV testing on an opt-out basis (right to refuse).',NULL),(536,42,'Request to be tested for HIV',NULL),(537,67,'A source',NULL),(538,67,'A mode of transmission',NULL),(539,67,'A host',NULL),(540,67,'All of the above',1),(541,68,'Every healthcare worker plays a vital role ',NULL),(542,68,'Staff education is an important aspect',NULL),(543,68,'Utilizes measures used to minimize the risk of transmission',NULL),(544,68,'All of the above',1),(545,69,'Droplets are generated by coughs, sneezes, talking',NULL),(546,69,'Droplet transmission is the most frequent mode of transmission in the healthcare setting',1),(547,69,'You can become infected when they land in eyes, mouth or nose',NULL),(548,69,'They can transmit infection when propelled a short distance and land on a surface',NULL),(549,70,'HIV',NULL),(550,70,'Hepatitis B',NULL),(551,70,'Tuberculosis',1),(552,70,'Herpes',NULL),(553,71,'From mosquitos or insect bites',1),(554,71,'From blood or body fluids',NULL),(555,71,'From food or water',NULL),(556,71,'From coughs and sneezes ',NULL),(557,72,'Wear a fit-tested NIOSH-approved N95',1),(558,72,'Wear a surgical mask',NULL),(559,72,'Take 15 minute hot shower after exposure',NULL),(560,72,'Wash your hands with soap and water for 10 minutes',NULL),(561,73,'Direct contact',NULL),(562,73,'Indirect contact',NULL),(563,73,'Respiratory transmission',NULL),(564,73,'Vector-born transmission',NULL),(565,73,'All of the above',1),(566,74,'Gloves, gowns, respirators',NULL),(567,74,'Face masks, goggles, face shields',NULL),(568,74,'Shoes and socks',NULL),(569,74,'A and B',1),(570,74,'A and C',NULL),(571,75,'Wear protective gloves',NULL),(572,75,'Run away from spill in order to not get contaminated ',NULL),(573,75,'Use a 1:100 or 1:10 bleach based dilution to decontaminate surfaces ',NULL),(574,75,'A and B',NULL),(575,75,'A and C',1),(576,81,'Sweat',1),(577,81,'Saliva',NULL),(578,81,'Blood',NULL),(579,81,'None of the above',NULL),(580,78,'30 seconds',NULL),(581,78,'15 seconds',NULL),(582,78,'At least for 20 seconds',1),(583,78,'60 seconds',NULL),(584,79,'Viruses',NULL),(585,79,'Parasites',NULL),(586,79,'Bacteria',NULL),(587,79,'Fungus',NULL),(588,79,'All of the above',1),(589,80,'Air',NULL),(590,80,'Water',NULL),(591,80,'Bodily fluids',NULL),(592,80,'A and B',1),(593,80,'A and C',NULL),(594,88,'Airborne',NULL),(595,88,'Droplet',NULL),(596,88,'Contact',1),(597,88,'A and B',NULL),(598,89,'Airborne Precautions',NULL),(599,89,'Contact Precautions',NULL),(600,89,'Standard Precautions',1),(601,89,'Droplet Precautions',NULL),(602,90,'True',NULL),(603,90,'False',1),(604,91,'Where clinical professionals, in this case in the addiction industry, have multiple relationship roles with their clients',1),(605,91,'An unaviodable part of doing business in the addiction treatment industry',NULL),(606,91,'A multiple role relationship that is generally suitable for the therapist-client relationship',NULL),(607,91,'All of the above',NULL),(608,92,'To give authorization for treatment center employees to use private information',NULL),(609,92,'To secure a person\'s private financial information',NULL),(610,92,'To define the the proper use of an individual\'s health records',1),(611,92,'To punish addiction treatment centers that misuse personal information',NULL),(612,93,'Health Information Portability Protection Act',NULL),(613,93,'Health Insurance Portability and Accountability Act',1),(614,93,'Human Interest Protection  Act',NULL),(615,93,'None of the above',NULL),(616,94,'True',NULL),(617,94,'False',1),(618,95,'A fraudulent accounting scheme',NULL),(619,95,'The requirement for an arrested person to be brought into court or before a judge',1),(620,95,'The legal definition of self-inflicted bodily harm',NULL),(621,95,'None of the above',NULL),(622,96,'The clinician is the professional',NULL),(623,96,'Proper boundaries cannot be defined therefore this is a moot point',NULL),(624,96,'The client may not understand proper boundaries and may not be able to defend themselves against violations',NULL),(625,96,'The counselor must report to their supervisor',NULL),(626,96,'A and C',1),(627,96,'A and D',NULL),(628,97,'True',1),(629,97,'False',NULL),(630,98,'Quid Pro Quo',NULL),(631,98,'Professional Business',NULL),(632,98,'Dual Relationship',1),(633,98,'None of the Above',NULL),(634,99,'On a need to know basis within the facility',NULL),(635,99,'Medical emergencies',NULL),(636,99,'When parents ask',NULL),(637,99,'Client information can never be disclosed without written consent',NULL),(638,99,'B and C',NULL),(639,99,'A and B',1),(640,100,'Crossed Legs',NULL),(641,100,'Standing Tall',NULL),(642,100,'Slouching',NULL),(643,100,'Red face',NULL),(644,100,'B and D',1),(645,100,'A and B',NULL),(646,101,'True',NULL),(647,101,'False',1),(648,102,'Stress and history of violence',1),(649,102,'Stress and a long marriage',NULL),(650,102,'A long marriage and a high degree of social interaction',NULL),(651,102,'A high degree of social interaction and a history of violence',NULL),(652,103,'Perception and prejudice',NULL),(653,103,'Noise',NULL),(654,103,'Language',NULL),(655,103,'All of the above',1),(656,104,'Common depression',NULL),(657,104,'bipolar disorder doesn\'t fall under the DSMIV-TR purview',NULL),(658,104,'Mood changes that last for 48 hours or less',NULL),(659,104,'Significant mood changes that last for weeks or months',1),(660,105,'True',NULL),(661,105,'False',1),(662,106,'Use',NULL),(663,106,'Abuse',1),(664,106,'Misuse',NULL),(665,106,'Addiction',NULL),(666,107,'A good idea to use as proof',NULL),(667,107,'Not a problem if the copies are lost',NULL),(668,107,'A bad idea unless needed for an important purpose.',1),(669,107,'Something that should never be done',NULL),(670,108,'True',NULL),(671,108,'False',1),(674,110,'True',NULL),(675,110,'False',1),(676,111,'True',NULL),(677,111,'False',1),(678,112,'True',1),(679,112,'False',NULL),(680,113,'True',NULL),(681,113,'False',1),(682,109,'True',1),(683,109,'False',NULL),(684,114,'It eliminates the possibility of infection',NULL),(685,114,'It helps determine the exposure risk of staff members',1),(686,114,'A and B',NULL),(687,114,'None of the above',NULL),(688,115,'Common cold, Pinkeye, Flu',1),(689,115,'Common cold, Flu, HIV',NULL),(690,115,'HIV, Common cold, Pinkeye, Flu',NULL),(691,115,'AIDS, Pinkeye, Flu',NULL),(692,116,'Health Information Property Accountability Association',NULL),(693,116,'Human Insurance Process Accumulation Act',NULL),(694,116,'Health Insurance Portability and Accountability Act',1),(695,117,'Electronic Medical Record ',NULL),(696,117,'Security ',NULL),(697,117,'HITECH',1),(698,117,'HHS',NULL),(699,118,'Medical record number',NULL),(700,118,'Telephone number',NULL),(701,118,'Fax number',NULL),(702,118,'Social security number',NULL),(703,118,'All of the above',1),(704,118,'a, b, d',NULL),(705,119,'True',NULL),(706,119,'False',1),(707,120,'Disciplinary action',NULL),(708,120,'Loss of access privileges',NULL),(709,120,'Fines and penalties',NULL),(710,120,'Imprisonment',NULL),(711,120,'All of the above',1),(712,121,'Yes, if he is an employee and you know him.',NULL),(713,121,'Yes, if your manager says that it’s okay.',NULL),(714,121,'No, sharing log-in IDs and passwords is a security violation.',1),(715,121,'a and b',NULL),(716,122,'I am only expected to complete the minimum requirements of my job.',NULL),(717,122,' A workforce member\'s access to PHI is limited to only what is needed to perform his/her responsibilities.',NULL),(718,122,'Requests for and disclosures of PHI are limited to what is needed to perform the task.',NULL),(719,122,'A medical center is no longer allowed to provide information about patients to the media under any circumstances.',NULL),(720,122,'b and c',1),(725,124,'Yes',NULL),(726,124,'No',1),(734,126,'Yes for example I may need to  communicate client information to my boss for shift change.',NULL),(735,126,'No, because the intended users phone could be lost or stolen and exposed to a third party.',1),(744,125,'Yes.  They can be used interchangeably.',NULL),(745,125,'No. Consents are used to get the patient\'s permission to use or disclose health information for treatment, payment or business operations. Authorizations are used to obtain permission to disclose PHI for activities outside the realm of treatment, payment or business operations.',1),(746,127,'State and local governments',NULL),(747,127,'Private employers',NULL),(748,127,'Employment agencies',NULL),(749,127,'Labor organizations',NULL),(750,127,'All of the above',1),(751,128,'No means of transportation',NULL),(752,128,'A criminal history',NULL),(753,128,'A physical or mental impairment that substantially limits one or more life activities',1),(754,128,'None of the above',NULL),(755,128,'All of the above',NULL),(756,129,'Sexual preference',NULL),(757,129,'Kleptomania',NULL),(758,129,'Illegal Drug use',NULL),(759,129,'All of the above',1),(764,131,'Changing a training manual',NULL),(765,131,'Letting employee sleep during work hours',NULL),(766,131,'Providing an interpreter',NULL),(767,131,'A and C',1),(768,130,'True',1),(769,130,'False',NULL),(770,132,'True',1),(771,132,'False',NULL),(772,133,'True',NULL),(773,133,'False',1),(774,134,'True',1),(775,134,'False',NULL),(776,135,'True',NULL),(777,135,'False',1),(778,136,'Walking',NULL),(779,136,'Breathing',NULL),(780,136,'Eating',NULL),(781,136,'Major bodily functions',NULL),(782,136,'All of the above',1),(783,137,'FS 387.219 (1)',NULL),(784,137,'FS 456.222 (4)',NULL),(785,137,'FS 397.419 (2)',1),(786,137,'FS 298.419 (1)',NULL),(787,138,'Organizations',NULL),(788,138,'FS 456.222 (4)',NULL),(789,138,'Supervisors',NULL),(790,138,'Risk Managers',NULL),(791,138,'All Staff',1),(792,139,'Verification of corrective action',NULL),(793,139,'Results of Root Cause Analyses',NULL),(794,139,'Provision for reporting to the Department',NULL),(795,139,'a and b',NULL),(796,139,'a and c',1),(797,140,'True',NULL),(798,140,'False',1),(799,141,'Any area of the Incident Report Form not requiring a response specific to the incident must be marked as “N/A” (Not applicable).',NULL),(800,141,'Incident Report Forms are always included in the client’s medical records on file. ',1),(801,141,'All staff members of a service provider are required to document all unusual events that occur to either a patient and/or staff member on an Incident Report Form ',NULL),(802,141,'Incident Report Forms are confidential reports ',NULL),(803,142,'Promptly report a critical incidence within 6 hours',NULL),(804,142,'Promptly report a critical incident within 24 hours',NULL),(805,142,'Promptly report a critical incident within one business day',1),(806,142,'None of the above',NULL),(818,144,'True',NULL),(819,144,'False',1),(825,145,'Promptly report a critical incidence within 6 hours',NULL),(826,145,'Promptly report a critical incident within 24 hours',NULL),(827,145,'Promptly report a critical incident within one business day',1),(828,145,'None of the above',NULL),(831,146,'A public health problem, impacting large numbers of the population',1),(832,146,'A family problem, best dealt with within the family ',NULL),(833,146,'A reportable crime in Florida regardless of whether or not a weapon was used in the abuse',NULL),(834,146,'All of the above',NULL),(847,150,'Verbal abuse',NULL),(848,150,'Physical acting out',NULL),(849,150,'Difficulty getting along with others',1),(850,150,'All of the above',NULL),(851,151,'Forcing sexual acts',NULL),(852,151,'Isolating the victim',NULL),(853,151,'The abuser threatening suicide',NULL),(854,151,'All of the above',1),(855,152,'Drug or alcohol abuse',NULL),(856,152,'Intense jealousy',NULL),(857,152,'Welcoming of others into relationship',1),(858,152,'Will not allow a break-up of the relationship',NULL),(859,153,'Emotional insecurity and depression',1),(860,153,'Belief in the bonds of marriage and monogamy',NULL),(861,153,'Maturity and self-reliance',NULL),(862,153,'Strong ego and many friends',NULL),(867,154,'Withhold money',NULL),(868,154,'Intimidate',NULL),(869,154,'Use children to deliver messages',NULL),(870,154,'All of the above',1),(871,155,'Signs of a victim',NULL),(872,155,'Parts of the cycle of violence',NULL),(873,155,'Signs of an abuser',1),(874,155,'Signs of marital conflict',NULL),(891,160,'Intervening directly with the abuser',NULL),(892,160,'Acknowledging client barriers for seeking help',1),(893,160,'Filing police reports on behalf of the victim',NULL),(894,160,'None of the above',NULL),(903,163,'Increasing safety at home',NULL),(904,163,'Planning for emotional support',NULL),(905,163,'Immediate and long term safety',NULL),(906,163,'All of the above',1),(907,164,'That physicians, nurses and employees or hospitals, clinics, nursing homes and sanitariums must report treating any person sustaining a gunshot wound, or life threatening injury indicating an act of violence.',1),(908,164,'That physicians, nurses and employees or hospitals, clinics, nursing homes and sanitariums must report treating any person sustaining a broken arm, leg etc.',NULL),(909,164,'That physicians, nurses and employees or hospitals, clinics, nursing homes and sanitariums must report treating any person sustaining a fall',NULL),(910,164,'None of the above',NULL),(919,149,'Low self-esteem, low income and drug and alcohol abuse',NULL),(920,149,'Individual, societal, relational and community',1),(921,149,'Anger, passivity, Anti-social personality traits and Borderline personality traits',NULL),(922,149,'All of the above',NULL),(927,158,'Emotional discomfort',NULL),(928,158,'Blaming the victim',1),(929,158,'Cultural barriers',NULL),(930,158,'Uncooperative behavior by the victim',NULL),(931,159,'Accurate documentation and safe guarding evidence',1),(932,159,'Staying disconnected',NULL),(933,159,'Demand the criminal justice system get involved',NULL),(934,159,'All of the above',NULL),(939,161,'Helping victim create a safety plan',NULL),(940,161,'Give advice whether to leave or stay in abusive relationship',1),(941,161,'Validate victims experience',NULL),(942,161,'Respect confidentiality of victim',NULL),(943,165,'That the assessment was conducted and no Domestic Violence signs were indicated',NULL),(944,165,'That the assessment was conducted and the worker did not get an answer about DV from the patient',NULL),(945,165,'That the assessment was conducted and that the patient did not disclose abuse',1),(946,165,'None of the above',NULL),(947,156,'911—If you are in immediate danger',NULL),(948,156,'The National Domestic Violence Hotline at 1-800-799-SAFE (7233)',NULL),(949,156,'The National Sexual Assault Hotline at 1-800-656-4673',NULL),(950,156,'All of the above',1),(955,162,'800-799-7233',NULL),(956,162,'800-500-1119',1),(957,162,'800-656-4673',NULL),(958,162,'800-656-6767',NULL),(959,147,'Stalking, psychological violence; neglect and physical violence',NULL),(960,147,'Physical violence, sexual violence; stalking; and emotional violence',NULL),(961,147,'Physical violence; sexual violence; threats of physical and sexual violence; emotional and psychological violence',1),(962,147,'None of the above',NULL),(963,148,'Witnessing or experiencing violence as a child',NULL),(964,148,'Economic security',1),(965,148,'Weak community sanctions against Domestic Violence such as police being unwilling to intervene',NULL),(966,148,'Dominance and control by one partner in the relationship',NULL),(967,157,'9.2% to 30.5%',1),(968,157,'15%',NULL),(969,157,'24.3%',NULL),(970,157,'14.8%',NULL),(971,166,'a. The presence of two or more disorders at the same time',1),(972,166,'b. The presence of at least 2 mental health disorders',NULL),(973,166,'c. The presence of at least 2 substance related disorders',NULL),(974,166,'d. None of the above',NULL),(979,168,'a. Alcohol and drugs can increase underlying risk for mental disorders.',NULL),(980,168,'b. Alcohol or drugs are often used to self-medicate symptoms of depression or anxiety.',NULL),(981,168,'c. Psychiatric problems do not get worse by using drugs or alcohol.',1),(982,168,'d. Alcohol and drug abuse can make symptoms of a mental health problem worse.',NULL),(983,167,'a. Schizophrenia and Depression ',NULL),(984,167,'b. Bipolar Disorder and Anxiety Disorder',1),(985,167,'c. Depression and Fibromyalgia',NULL),(986,167,'d. Bipolar Disorder and Chronic Fatigue',NULL),(987,169,'a. Lying about one’s addiction',NULL),(988,169,'b. Denial frequently occurs in mental disorders',NULL),(989,169,'c. If the problem is not acknowledged, it doesn\'t exist.',NULL),(990,169,'d. All of the above',1),(991,170,'a. Feeling restless or jumpy',NULL),(992,170,'b. Trouble concentrating',NULL),(993,170,'c. Decreased need for sleep',NULL),(994,170,'d. A and B',1),(995,171,'a. Sequential model of treatment',NULL),(996,171,'b. Parallel model of treatment',NULL),(997,171,'c. Integrated model of treatment',1),(998,171,'d. All of the above',NULL),(999,172,'a. Abusing alcohol and/or other drugs',NULL),(1000,172,'b. A complex interplay of genetics, the environment, and other outside factors. ',1),(1001,172,'c. The environment',NULL),(1002,172,'d. Genetics',NULL),(1011,175,'a. Depression?',NULL),(1012,175,'b. Bipolar Disorder?',NULL),(1013,175,'c. Obsessive Compulsive Disorder?',1),(1014,175,'d. Social Anxiety Disorder? ',NULL),(1015,176,'a. Obsessive Compulsive Disorder?',NULL),(1016,176,'b. Anxiety Disorder?',NULL),(1017,176,'c. Mania phase in Bipolar Disorder?',1),(1018,176,'d. Depression?',NULL),(1019,177,'True',1),(1020,177,'False',NULL),(1021,178,'True',1),(1022,178,'False',NULL),(1023,179,'True',1),(1024,179,'False',NULL),(1025,180,'True',1),(1026,180,'False',NULL),(1042,184,'a. A counselor\'s beliefs',NULL),(1043,184,'b. A counselor\'s moral compass',NULL),(1044,184,'c. A counselor\'s values',NULL),(1045,184,'d. A counselor\'s daily routine',1),(1071,189,'a. Are not worth understanding',NULL),(1072,189,'b. Mean that a counselor must be able to make ethical decisions on the fly.',1),(1073,189,'c. Are unavoidable but largely irrelevant.',NULL),(1074,189,'d. Don\'t exist - there are standard responses to every problem.',NULL),(1075,189,'e. All of the above',NULL),(1076,190,'a. Confidentiality',1),(1077,190,'b. Issuance of a Certificate of Financial Responsibility',NULL),(1078,190,'c. Oral records only',NULL),(1079,190,'d. Current clients only',NULL),(1080,190,'e. All of the above',NULL),(1083,192,'a. Should be encouraged',NULL),(1084,192,'b. Can increase the risk of exploitation or misinterpretation',1),(1085,192,'c. Is rarely a problem',NULL),(1086,192,'d. Can keep the client-counselor relationship more interesting',NULL),(1087,192,'e. All of the above',NULL),(1088,193,'a. Administered by the counselor with minimal client input.',NULL),(1089,193,'b. Not a part of professional ethics.',NULL),(1090,193,'c. Helpful in allowing the client to understand the direction of their treatment.',1),(1091,193,'d. Just about signing paperwork',NULL),(1092,193,'e. All of the above',NULL),(1133,173,'a. Behaviors to prevent weight gain such as self-induced vomiting',NULL),(1134,173,'b. Frequent episodes of consuming very large amounts of food ',1),(1135,173,'c. Intense fear of weight gain',NULL),(1136,173,'d. All of the above',NULL),(1137,174,'a. Restricting food intake',NULL),(1138,174,'b. Frequent episodes of consuming  large amount of food followed by self-induced vomiting',1),(1139,174,'c. Extreme loss of weight',NULL),(1140,174,'d. All of the above',NULL),(1141,201,'Self-Harm is most common in early adolescence',NULL),(1142,201,'Self-Harm is most common in college age students',1),(1143,201,'Self-Harm is most common at the age of 20',NULL),(1144,201,'Self-Harm is most common at the age of 40',NULL),(1145,201,'Self-Harm is most common in early twenties.',NULL),(1146,202,'True    ',1),(1147,202,'False',NULL),(1148,203,'Suicide is highest in college students',NULL),(1149,203,'Suicide is highest in white males over 85',NULL),(1150,203,'Suicide is highest for people aged 10-24',NULL),(1151,203,'Suicide is highest for people aged 25-34',NULL),(1152,203,'Suicide is highest for people aged 45-64',1),(1153,204,'Unrelenting low mood',NULL),(1154,204,'Anxiety, psychic pain, inner tension',NULL),(1155,204,'Sleep problems',NULL),(1156,204,'Threatening suicide or expressing strong wish to die',NULL),(1157,204,'All of the above',1),(1158,205,'Ask directly about suicide, be specific in your inquiry',NULL),(1159,205,'Determine level of suicide risk; low, moderate or high',NULL),(1160,205,'Medications, what they are currently taking, what they have taken in the past and what did or did not work',NULL),(1161,205,'Prior attempts increase possibility of successful suicide',NULL),(1162,205,'All of the above',1),(1163,206,'Yes',1),(1164,206,'No',NULL),(1165,207,'Substance Abuse and Mental Health Disorders',1),(1166,207,'Self-Harm and Substance Abuse',NULL),(1167,207,'Eating Disorder and Mental Health Disorder',NULL),(1168,208,'Victims of Domestic Violence are 5 times more likely to commit suicide.',NULL),(1169,208,'Victims of Domestic Violence are 12 times more likely to commit suicide.',1),(1170,208,'Victims of Domestic Violence are 21 times more likely to commit suicide.',NULL),(1171,209,'10 times',NULL),(1172,209,'17 times',NULL),(1173,209,'42 times',NULL),(1174,209,'23 times',1),(1175,210,'Can’t get out of the depression',NULL),(1176,210,'Can’t think clearly',NULL),(1177,210,'Can’t stop the pain',NULL),(1178,210,'Can’t see themselves as worthwhile',NULL),(1179,210,'All of the above',1),(1180,211,'True',1),(1181,211,'False',NULL),(1182,212,'Cultural Tolerance',NULL),(1183,212,'Cultural Acculturation',NULL),(1184,212,'Cultural Competence',NULL),(1185,212,'Cultural Assimilation',1),(1186,213,'African American',NULL),(1187,213,'American Indian',NULL),(1188,213,'Asian American',NULL),(1189,213,'Caucasian',1),(1190,213,'Hispanic',NULL),(1191,214,'True',NULL),(1192,214,'False',1),(1193,215,'True',1),(1194,215,'False',NULL),(1195,181,'a. Fines under federal law',NULL),(1196,181,'b. Losing your job',NULL),(1197,181,'c. Prison time',NULL),(1198,181,'d. Legal issues',NULL),(1199,181,'e. All of the above',1),(1200,182,'a. Is our moral but not legal obligation',NULL),(1201,182,'b. Is our legal and moral obligation',1),(1202,182,'c. Is neither our legal nor moral obligation',NULL),(1203,182,'d. Is our legal but not moral obligation',NULL),(1204,182,'e. All of the above',NULL),(1205,183,'a. Keep functions separate based on location',NULL),(1206,183,'b. Understand your role as a counselor',NULL),(1207,183,'c. By having an honest conversation with the client about your relationship',NULL),(1208,183,'d. Stay wary of possible confidentiality breaches',NULL),(1209,183,'e. All of the above',1),(1210,185,'a. Basic requiring no knowledge of law and precedent',NULL),(1211,185,'b. Generally easy and apply to every client',NULL),(1212,185,'c. Nuanced making them often very difficult',1),(1213,185,'d. Cut and dried when following the law',NULL),(1214,185,'e. All of the above',NULL),(1220,186,'a. The counselor cannot make up their mind',NULL),(1221,186,'b. Counselors have more than one client',NULL),(1222,186,'c. Counselors have more than one relationship with the client',1),(1223,186,'d. The counselor is empathetic towards a client',NULL),(1224,186,'e. All of the above',NULL),(1225,187,'a. Are set by the client',NULL),(1226,187,'b. Don’t generally apply to counselors',NULL),(1227,187,'c. Were more important in the past',NULL),(1228,187,'d. Are an important part of counseling',1),(1229,187,'e. All of the above',NULL),(1230,188,'a. May require a counselor to sign an agreement to uphold certain standards.',NULL),(1231,188,'b. Are important',NULL),(1232,188,'c. Require counselor training, in most states',NULL),(1233,188,'d. Are generally self-regulated by the industry',NULL),(1234,188,'e. All of the above',1),(1235,191,'True',NULL),(1236,191,'False',1),(1242,200,'a. Clinical, moral, legal',NULL),(1243,200,'b. Legal, moral, ethical',1),(1244,200,'c. Ethical, moral, clinical',NULL),(1245,200,'d. Ethical, legal, clinical',NULL),(1246,200,'e. None of the above',NULL),(1247,199,'a. Areas a professional counselor is interested in working in',NULL),(1248,199,'b. All areas of clinical practice',NULL),(1249,199,'c. Actions that a member of the profession is trained and authorized to perform',1),(1250,199,'d. Clinical practice in areas where the counselor can receive clinical supervision',NULL),(1251,199,'e. None of the above',NULL),(1252,198,'a. Counselor and hair stylist',NULL),(1253,198,'b. Counselor to your best friends brother',NULL),(1254,198,'c. Counselor and supervisor',NULL),(1255,198,'d. Counselor and 12-step sponsor',NULL),(1256,198,'e. All of the above',1),(1257,197,'a. May make clinical mistakes',NULL),(1258,197,'b. May begin to burn out',NULL),(1259,197,'c. May cross professional boundaries',NULL),(1260,197,'d. May exploit the client',NULL),(1261,197,'e. All of the above',1),(1262,196,'a. A counselor sharing their personal feelings with their client',NULL),(1263,196,'b. A counselor experiencing an emotional connection beyond what is acceptable in the client-counselor relationship.',1),(1264,196,'c. A client focusing on their feelings for the counselor',NULL),(1265,196,'d. A counselor having a dual relationship with their client',NULL),(1266,196,'e. A client placing feelings about others from their lies onto the counselor',NULL),(1267,195,'a. A client placing feelings about others from their lives onto the counselor',1),(1268,195,'b. A client focusing on their feelings for the counselor',NULL),(1269,195,'c. A client transferring their feelings with the feelings of the counselor',NULL),(1270,195,'d. A client falling in love with the counselor',NULL),(1271,195,'e. All of the above',NULL),(1272,194,'a. Should never be done',NULL),(1273,194,'b. Should be done with every client',NULL),(1274,194,'c. Should be done when counselor has strong belief client will benefit',1),(1275,194,'d. Should be done when the client asks a personal questions',NULL),(1276,194,'e. All of the above',NULL),(1789,1142,'Making derogatory or sexually explicit comments',NULL),(1790,1142,'Displaying sexually suggestive posters',NULL),(1791,1142,'Making unwanted physical contact',NULL),(1792,1142,'All of the above',1),(1869,1141,'Welcomed, physical in nature, and occur in or impact the workplace',NULL),(1870,1141,'Unwelcome, sexual in nature, and occur in or impact the workplace.',1),(1871,1141,'Unwelcome, sexual in nature and occur in the workplace',NULL),(1872,1141,'Unwelcome, physical in nature and occur in the workplace',NULL),(1873,1143,'Rewards or threats in the areas of hiring/firing, promotion, and performance review',1),(1874,1143,'Behavior that makes the workplace uncomfortable ',NULL),(1875,1143,'Unwelcome suggestive, sexually explicit or obscene letters, notes, emails or invitations.',NULL),(1876,1143,'Sexually explicit offensive comments',NULL),(1877,1144,'Express yourself verbally',NULL),(1878,1144,'Tell the harasser the behavior is making you uncomfortable',NULL),(1879,1144,'Express yourself non verbally',NULL),(1880,1144,'If you are afraid of retaliation say nothing and go straight to HR',NULL),(1881,1144,'All of the above',1),(1882,1145,'Disagrees with employers that discriminate based on sex, gender, race, religion or any other protected class.',NULL),(1883,1145,'Files a discrimination charge',NULL),(1884,1145,'Offers testimony or partakes in an investigation or court proceeding',NULL),(1885,1145,'All of the above',1),(1886,1146,'True',1),(1887,1146,'False',NULL),(1888,1147,'True',1),(1889,1147,'False',NULL),(1890,1148,'True',1),(1891,1148,'False',NULL),(1892,1149,'True',1),(1893,1149,'False',NULL),(1894,1150,'True',1),(1895,1150,'False',NULL),(1896,1151,'True',NULL),(1897,1151,'False',1),(1898,1152,'True',NULL),(1899,1152,'False',1),(1900,1154,'Yes',1),(1901,1154,'No',NULL),(1902,1155,'Yes',NULL),(1903,1155,'No',1),(1904,1156,'Yes',1),(1905,1156,'No',NULL),(11836,143,'The Critical Incident Reporting System (CIRS)',NULL),(11837,143,'The Critical Incident Analyses System (CIAS)',NULL),(11838,143,'The Incident Analysis and Reporting System (IRAS)',NULL),(11839,143,'The Incident Reporting and Analysis System (IRAS). ',1),(11859,1131,'To report it to your supervisor',NULL),(11860,1131,'To report it only if you believe it is an emergency',NULL),(11861,1131,'To report it to the Florida Abuse Hotline of Children and Families',1),(11862,1131,'You are only required to report it to the person’s insurance company',NULL),(11871,1132,'Abandonment',NULL),(11872,1132,'Abuse',NULL),(11873,1132,'Exploitation',NULL),(11874,1132,'Neglect',1),(11875,1133,'Law enforcement officer',NULL),(11876,1133,'Nurse in an assisted living facility',NULL),(11877,1133,'School teacher',NULL),(11878,1133,'All of the above',1),(11883,1134,'They are ashamed ',NULL),(11884,1134,'They feel no one will believe them',NULL),(11885,1134,'They are afraid someone may retaliate if they report them',NULL),(11886,1134,'All of the above',1),(11887,1135,'True',1),(11888,1135,'False',NULL),(11889,1136,'True',NULL),(11890,1136,'False',1),(11891,1137,'Unauthorized taking of personal assets',NULL),(11892,1137,'Sale of the vulnerable adults home without their authorization',NULL),(11893,1137,'Caregiver failing to provide appropriate food to vulnerable adult',NULL),(11894,1137,'A and B',1),(11895,1137,'B and C',NULL),(11896,1138,'Exploitation',NULL),(11897,1138,'Abuse',1),(11898,1138,'Neglect',NULL),(11899,1138,'All of the above',NULL),(11900,1140,'800-222-2873',NULL),(11901,1140,'800-962-2873',1),(11902,1140,'800-914-0004',NULL),(11903,1140,'800-453-5145',NULL),(11904,1139,'Section 415.1034',NULL),(11905,1139,'Chapter 40, F.S.',NULL),(11906,1139,'Chapter 39, F.S.',1),(11907,1139,'Section 48 F.S.',NULL),(11908,591,'FS 387.219 (1)',NULL),(11909,591,'FS 456.222 (4)',NULL),(11910,591,'FS 397.419 (2)',1),(11911,591,'FS 298.419 (1)',NULL),(11912,592,'Organizations',NULL),(11913,592,'Supervisors',NULL),(11914,592,'Risk Managers',NULL),(11915,592,'All Staff',1),(11916,593,'Verification of corrective action',NULL),(11917,593,'Results of Root Cause Analyses',NULL),(11918,593,'Provision for reporting to the Department',NULL),(11919,593,'a and b',NULL),(11920,593,'a and c',1),(11921,702,'As soon as possible and no later than 48 hours',NULL),(11922,702,'As soon as possible and no later than 72 hours',NULL),(11923,702,'As soon as possible and no later than 24 hours',1),(11924,702,'As soon as possible',NULL),(11925,703,'Collaborate for accuracy of events witnessed',NULL),(11926,703,'Both sign the Incident Report Form',NULL),(11927,703,'Each file a separate Incident Report Form',1),(11928,703,'Jointly prepare one Incident Report Form',NULL),(11929,704,'True',NULL),(11930,704,'False',1),(11931,705,'Complete one Incident Report listing all clients involved in the incident',NULL),(11932,705,'Complete a separate Incident Report for each client involved',1),(11933,705,'Have client’s Primary Therapist complete an incident report',NULL),(11934,705,'None of the above',NULL),(11935,706,'Any area of the Incident Report Form not requiring a response specific to the incident must be marked as “N/A” (Not applicable).',NULL),(11936,706,'A copy of the IRF is always included in the client’s medical records on file. ',1),(11937,706,'All staff members of a service provider are required to document all unusual events that occur to either a patient and/or staff member on an Incident Report Form ',NULL),(11938,706,'Incident Report Forms are confidential reports ',NULL),(11939,707,'Enter concise subjective statements of fact',NULL),(11940,707,'Express their own opinion of the occurrence',NULL),(11941,707,'Enter concise objective statements of fact',1),(11942,707,'a and b',NULL),(11943,708,'Promptly report a critical incidence within 6 hours',NULL),(11944,708,'Promptly report a critical incident within 24 hours',NULL),(11945,708,'Promptly report a critical incident within one business day',1),(11946,708,'None of the above',NULL),(11947,709,'The Critical Incident Reporting System (CIRS)',NULL),(11948,709,'The Critical Incident Analyses System (CIAS)',NULL),(11949,709,'The Incident Analysis and Reporting System (IRAS)',NULL),(11950,709,'The Incident Reporting and Analysis System (IRAS)',1),(11956,711,'True',1),(11957,711,'False',NULL),(11958,712,'1994',NULL),(11959,712,'1998',NULL),(11960,712,'1996',1),(11961,712,'1997',NULL),(11962,713,'True',NULL),(11963,713,'False',1),(11964,710,'All Substance Abuse Providers licensed by the DCF',NULL),(11965,710,'Managing Entities',NULL),(11966,710,'State  mental health treatment facilities  ',NULL),(11967,710,'A and B',1),(11968,710,'A and C',NULL);

--
-- Table structure for table `question`
--

CREATE TABLE `question` (
  `id` int(11) NOT NULL AUTO_INCREMENT,
  `content` text NOT NULL,
  `course_id` int(11) NOT NULL,
  `correct_answer_id` int(11) DEFAULT NULL,
  `order` int(11) DEFAULT NULL,
  PRIMARY KEY (`id`)
) ENGINE=InnoDB AUTO_INCREMENT=1157 DEFAULT CHARSET=utf8;

--
-- Dumping data for table `question`
--

INSERT INTO `question` VALUES (6,'According to CDC estimates, what proportion of people in the United States who are infected with HIV are unaware of their infection?',1,5,NULL),(7,'Americans have become complacent about HIV/AIDS because:',1,8,NULL),(8,'The 2010 National AIDS Strategy has three overarching goals, one of which is:',1,12,NULL),(9,'The Florida population hardest hit by HIV/AIDS is:',1,18,NULL),(10,'Which risk groups account for 75 percent of new HIV/AIDS infections?',1,22,NULL),(11,'Higher than average rates of AIDS and other STDs among correctional populations could be reduced by following the World Health Organization recommendation to:',1,24,NULL),(12,'Florida state law requires HIV testing of inmates:',1,28,NULL),(13,'Health professionals may fail to recognize the signs of HIV/AIDS infection in seniors because:',1,32,NULL),(14,'Which body fluids have been proven to transmit HIV infection?',1,36,NULL),(15,'Which of the following would most likely transmit an HIV infection?',1,40,NULL),(16,'Coinfection with STDs such as syphilis, gonorrhea, and genital warts:',1,44,NULL),(17,'The most common and most deadly coinfection for HIV-positive individuals is:',1,48,NULL),(18,'Treatment of HIV/TB coinfected patients is:',1,52,NULL),(19,'Respiratory protection equipment for healthcare workers is:',1,56,NULL),(20,'One of the leading causes of death among HIV-infected people is:',1,60,NULL),(26,'More than 1 million people in the U.S. are living with HIV. ',3,463,NULL),(27,'AIDS and HIV are the same',3,465,NULL),(28,'You can’t always tell by appearance if someone has HIV. ',3,467,NULL),(29,'Medications can cure HIV/AIDS.',3,469,NULL),(30,'All 50 states have people living with AIDS.',3,471,NULL),(31,'HIV is transmitted through casual contact such as sharing utensils. ',3,474,NULL),(32,'Abstinence is the only 100% effective method of not acquiring HIV/AIDS               ',3,475,NULL),(33,'Health care workers should assume that the blood and other body fluids               from all patients are potentially infectious.    \r\n               ',3,477,NULL),(34,'The results of HIV antibody tests are confidential and may not be publicly disclosed except with the resident’s written permission or as otherwise provided in Chapter 384, Florida Statues.\r\n',3,479,NULL),(35,'Way to protect yourself from HIV/AIDS include: \r\n',3,485,NULL),(36,'According to CDC estimates, what proportions of people in the United States who are infected with HIV are unaware of their infection?\r\n',3,487,NULL),(37,'The Florida population hardest hit by HIV/AIDS is:',3,490,NULL),(38,'Which risk groups account for 75 percent of new HIV/AIDS infections?',3,500,NULL),(39,'Which body fluids have been proven to transmit HIV infection?',3,508,NULL),(40,'Which of the following would most likely transmit an HIV infection?',3,511,NULL),(41,'Under Florida law, parents of a child under 18:',3,515,NULL),(42,'Florida law mandates that all pregnant women:',3,533,NULL),(47,'A provider may test without consent in which of the following:',3,521,NULL),(48,'Symptoms of AIDS Dementia Complex (ADC) include:',3,526,NULL),(49,'Need to know is outlined in section 64D-.003 F.A.C. and includes but is not limited to:',3,532,NULL),(53,'Staring a client down is a sign of being in charge and can help calm an aggressive person.',4,296,NULL),(54,'The amount of space required to allow someone to feel comfortable can depend on gender, mood, familiarity, or culture. ',4,449,NULL),(55,'Apologizing to an angry client simply validates their anger and perpetuates a stressful situation.',4,300,NULL),(57,'To paraphrase means?',4,452,NULL),(58,'Active listening involves:',4,414,NULL),(59,'How should staff act when faced with an aggressive person?',4,419,NULL),(60,'Assertive Communication is based on balance and mutual respect.',4,325,NULL),(61,'What can you do when you detect a language barrier between you and a client?',4,425,NULL),(62,'Power struggles are an example of a communication barrier.',4,327,NULL),(63,'What 4 stages of crisis management were discussed and listed in the correct occurrence?',4,331,NULL),(64,'You should avoid power struggles by offering a person choices.',4,333,NULL),(65,'During which stage of crisis management would the client challenge you, push buttons and not respond to your words?',4,458,NULL),(67,'The transmission of infectious agents requires?',5,540,NULL),(68,'What is true about infection prevention and control?',5,544,NULL),(69,'Which statement is NOT true about Droplet transmission?',5,546,NULL),(70,'Which of the following is NOT an example of a Bloodborne Pathogen?',5,551,NULL),(71,'When does Vector-borne transmission occur?',5,553,NULL),(72,'To protect yourself from airborne diseases, you should?',5,557,NULL),(73,' Bloodborne pathogens can be spread through',5,565,NULL),(74,'What is considered Personal Protective Equipment?',5,569,NULL),(75,'When cleaning a spill:',5,575,NULL),(78,'How long should you wash your hands for with soap and water?',5,582,NULL),(79,'Infectious diseases are caused by',5,588,NULL),(80,'Infectious diseases are transmitted most quickly through:',5,592,NULL),(81,'What is the body fluid NOT considered infectious?',5,576,NULL),(82,'Which of the following are signs of aggression?',4,343,NULL),(83,'What is/are possible risk factors to aggression?',4,347,NULL),(85,'Verbal de-escalation is the communication skills we use during a potentially dangerous, or threatening, situation in an attempt to prevent a person from causing harm to us, themselves or others. ',4,459,NULL),(88,'The most frequent mode of infection transmission in the healthcare setting is',5,596,NULL),(89,'Precautions recommended by CDC for the care of all patients is known as:',5,600,NULL),(90,'A counselor and client can enter into a personal relationship after five years has elapsed.',6,603,NULL),(91,'What is a “Dual Relationship”?',6,604,NULL),(92,'Explain the purpose of HIPAA guidelines.',6,610,NULL),(93,'What does the acronym HIPAA stand for?',6,613,NULL),(94,'Counselors who are physically attracted to clients are only trying to fulfill an unmet need in their personal life.',6,617,NULL),(95,'What is the Right of Habeas Corpus?',6,619,NULL),(96,'Give two reason why maintaining proper boundaries is the responsibility of the staff.',6,626,NULL),(97,'Anger is a choice in a range of available behaviors',6,628,NULL),(98,'Your client owns a mechanic shop and offers to repair your car for free out of appreciation for your help.  This is an example of what type of relationship?',6,632,NULL),(99,'Give two instances when client confidential information can be disclosed without their consent.',6,639,NULL),(100,'Name 2 signs of Aggression',6,644,NULL),(101,'Staring a client down is a sign of being in charge and can help to calm an aggressive person',6,647,NULL),(102,'Name 2 Risk Factors to Aggression',6,648,NULL),(103,'Which of the following can inhibit communication?',6,655,NULL),(104,'How does DSMIV-TR characterize bipolar disorder?',6,659,NULL),(105,'Apologizing to an angry client simply validates their anger and perpetuates a stressful situation',6,661,NULL),(106,'Stage 3 of susbtance dependence is',6,663,NULL),(107,'Copying confidential information is:',6,668,NULL),(108,'Behavioral Healthcare facilities are able, by law to bill insurance companies without actual written consent from client',6,671,NULL),(109,'With written permission behavioral healthcare facilities can share information with parents and spouses',6,682,NULL),(110,'After a client has been discharged from treatment for five years it is no longer necessary to have written permission to discuss information',6,675,NULL),(111,'Oral information is not protected by HIPAA guidelines',6,677,NULL),(112,'There is a fine for healthcare facilities that violate HIPAA guidelines',6,678,NULL),(113,'It is permissible to discuss specifics of cases in 12 step meetings because the meetings are confidential',6,681,NULL),(114,'Why is infection control important?',6,685,NULL),(115,'What illnesses are spread through contact? ',6,688,NULL),(116,'What does HIPAA stand for?',7,694,NULL),(117,'The __________ Act widens the scope of privacy and security protections under HIPAA for electronic protected health information (ePHI).',7,697,NULL),(118,'What is an example/examples of PHI (Protected Health Information?',7,703,NULL),(119,'It is ok to discuss a patient with my spouse of he/she won’t tell anyone.',7,706,NULL),(120,'What can happen to a person who knowingly violates patient privacy for personal gain or malicious harm?',7,711,NULL),(121,'If someone forgets his log-in ID, can I let him use mine?',7,714,NULL),(122,'What does \"minimum necessary\" mean?',7,720,NULL),(124,'Are members of your organization who are not involved in a patient\'s care allowed to review the patient\'s chart out of curiosity?',7,726,NULL),(125,'Are Consents and Authorizations the same?',7,745,NULL),(126,'Is text messaging is a secure way to transmit patient information within your facility.',7,735,NULL),(127,'Who must comply with the ADA?',8,750,NULL),(128,'According to the ADA, a person with a disability has:',8,753,NULL),(129,'What is a condition not covered by the ADA?',8,759,NULL),(130,'Under the ADA, an employer is required to make a reasonable accommodation to the known disability of a qualified applicant or employee if it does not impose “undue hardship”?',8,768,NULL),(131,'What is an example of a “reasonable accommodation”?',8,767,NULL),(132,'Under Title V, ADA prohibits coercion and retaliation to anyone who has assisted, encouraged or made a charge under the Act.',8,770,NULL),(133,'The ADA requires that organizations hire the disabled.',8,773,NULL),(134,'If an employer believes that a medical condition is causing a performance or conduct problem, it may ask the employee how to solve the problem.',8,774,NULL),(135,'According to the ADA, all people with disabilities (or even all people with the same disability) will require the same accommodation.',8,777,NULL),(136,'According to the ADA, “major life activities” include',8,782,NULL),(137,'The Florida Statute (FS) requiring a licensed public or private substance abuse service provider to create an internal quality improvement program is:',9,785,NULL),(138,'Incident Reporting is the affirmative duty of',9,791,NULL),(139,'According to Chapter 65D-30 of the Florida Administrative Code, Incident Reporting must include:',9,796,NULL),(140,'If a staff member is uncertain as to whether an event should be documented and reported, an Incident Report Form should NOT be completed.',9,798,NULL),(141,'Which of the following statements is NOT true of Incident Reporting ',9,800,NULL),(142,'When entering narrative documentation on an Incident Report Form staff MUST ',9,805,NULL),(143,'DCF has created an online reporting system called:',9,11839,NULL),(144,'The DCF incident reporting procedures replace exploitation reporting protocols, as required by law. ',9,819,NULL),(145,'In accordance with The Children and Families Operating Procedure 215-6 Department licensed providers MUST',9,827,NULL),(146,'Domestic Violence is best conceptualized as:',11,831,NULL),(147,'The four main types of Domestic Violence are:',11,961,NULL),(148,'Risk factors for Domestic Violence victimization include all the following EXCEPT:',11,964,NULL),(149,'What combination contributes to the risk of becoming a victim or a perpetrator of Domestic Violence?',11,920,NULL),(150,'Children from violent homes may demonstrate:',11,849,NULL),(151,'Patterns of controlling behavior can include:',11,854,NULL),(152,'Signs of a potential abuser in a dating relationship include all of the following EXCEPT',11,857,NULL),(153,'Which of the following are characteristics of a potential abuser:',11,859,NULL),(154,'To gain power and control an abuser may:',11,870,NULL),(155,'Tension building and making up are:',11,873,NULL),(156,'In dealing with Domestic Violence the most important phone numbers are:',11,950,NULL),(157,'The rate of Domestic Violence detection among behavioral health practitioners and healthcare workers is:',11,967,NULL),(158,'Missed cases of Domestic Violence may be due to all of the following EXCEPT:',11,928,NULL),(159,'Healthcare workers can help in detecting Domestic Violence by:',11,931,NULL),(160,'Mental health staff can become effective advocates by:',11,892,NULL),(161,'Advocating for Domestic Violence victims includes all of the following EXCEPT:',11,940,NULL),(162,'In Florida, the Domestic Violence Hotline Number is:',11,956,NULL),(163,'Safety plans cover: ',11,906,NULL),(164,'Florida state reporting laws require:',11,907,NULL),(165,'If a patient does not disclose Domestic Violence to a behavioral healthcare worker, the worker should document:',11,945,NULL),(166,'What does co-occurring disorder mean?',12,971,NULL),(167,'What mental conditions are more likely to abuse substances?',12,984,NULL),(168,'Which of the following statements are False?',12,981,NULL),(169,'What describes the term Denial?',12,990,NULL),(170,'What are signs and symptoms of anxiety disorders?',12,994,NULL),(171,'SAMSHA recommends the following treatment model for co-occurring disorders:',12,997,NULL),(172,'Mental disorders are caused by:',12,1000,NULL),(173,'A common sign of binge eating disorder is:',12,1134,NULL),(174,'A common sign of bulimia nervosa is',12,1138,NULL),(175,'Hand-washing until your skin becomes raw is a sign of which of the following disorders:',12,1013,NULL),(176,'Hyperactivity is a symptom of which of the following disorders:',12,1017,NULL),(177,'Some people develop mental health issues after excessive drinking or drug use.',12,1019,NULL),(178,'A mental disorder can complicate the challenge in overcoming an addiction to drugs or alcohol.',12,1021,NULL),(179,'About 50% of people with severe mental disorders are affected by substance abuse.',12,1023,NULL),(180,'People with a mental health illness are more likely to experience an alcohol or substance use disorder than those not affected by a mental illness.',12,1025,NULL),(181,'The ramifications of allowing/causing a breach in confidentiality can include:',13,1199,NULL),(182,'Adhering to confidentiality',13,1201,NULL),(183,'Some dual roles are unavoidable. How do you deal with them?',13,1209,NULL),(184,'Which of the following is not generally a basis of decision making?',13,1045,NULL),(185,'Ethical decisions in treatment are:',13,1212,NULL),(186,'Dual relationships occur when',13,1222,NULL),(187,'Boundaries',13,1228,NULL),(188,'Professional Ethics:',13,1234,NULL),(189,'Ethical Nuances',13,1072,NULL),(190,'42 CFR applies to:',13,1076,NULL),(191,'Both HIPAA and 42 CFR are concerned with client confidentiality as it relates to substance use disorder. ',13,1236,NULL),(192,'Blurring boundaries',13,1084,NULL),(193,'Informed consent is:',13,1090,NULL),(194,'Counselor self-disclosure:',13,1274,NULL),(195,'Transference is:',13,1267,NULL),(196,'Counter-transference is:',13,1263,NULL),(197,'When a counselor is not aware of transference & counter-transference issues, the counselor:',13,1261,NULL),(198,'Which of the following are examples of dual relationships?',13,1256,NULL),(199,'Scope of Practice is defined as:',13,1249,NULL),(200,'Ethical considerations can typically be viewed from which of the following three different perspectives?',13,1243,NULL),(201,'What are the usual Demographics of Self-Harm?',14,1142,NULL),(202,'The suicide rate is higher than the rate of homicide',14,1146,NULL),(203,'What is the age group with highest suicide risk?',14,1152,NULL),(204,'What are observable signs of serious depression that are correlated to Suicidality? ',14,1157,NULL),(205,'What are the components of a good Suicide Assessment?',14,1162,NULL),(206,'Do behavioral addictions increase a person’s risk of suicide?',14,1163,NULL),(207,'What are the two most prevalent risk factors associated with suicide?',14,1165,NULL),(208,'How much more likely to commit suicide are victims of domestic abuse?',14,1169,NULL),(209,'How much higher is the rate of Suicide with Eating Disorder clients’?',14,1174,NULL),(210,'What are some crisis elements that increase suicidality?',14,1179,NULL),(211,'Both race and ethnicity represent cultures',15,1180,NULL),(212,'The process that represents the absorption of many different cultures into a given area',15,1185,NULL),(213,'Which of the following is not a racial and ethnic minority group',15,1189,NULL),(214,'Eye contact has a similar meaning among most cultures',15,1192,NULL),(215,'Spirituality is part of every ethnic group',15,1193,NULL),(591,'The Florida Statute (FS) requiring a licensed public or private substance abuse service provider to create an internal quality improvement program is:	',25,11910,NULL),(592,'Incident Reporting is the affirmative duty of',25,11915,NULL),(593,'According to Chapter 65D-30 of the Florida Administrative Code, Incident Reporting must include:',25,11920,NULL),(702,'The staff member most immediately involved in and/or observing an unusual incident is required to complete an Incident Report Form.  ',25,11923,NULL),(703,'If two staff members are involved in or witness an unusual event the staff members are required to',25,11927,NULL),(704,'If a staff member is uncertain as to whether an event should be documented and reported, an Incident Report Form should NOT be completed.',25,11930,NULL),(705,'If more than one client is involved in an unusual event staff must ',25,11932,NULL),(706,'Which of the following statements is NOT true of Incident Reporting ',25,11936,NULL),(707,'When entering narrative documentation on an Incident Report Form staff MUST ',25,11941,NULL),(708,'In accordance with The Children and Families Operating Procedure 215-6 Department licensed providers MUST',25,11945,NULL),(709,'DCF has created an online reporting system called:',25,11950,NULL),(710,'Providers who must report critical incidents through IRAS include:',25,11967,NULL),(711,'The entry of the critical incident into IRAS DOES NOT substitute for a direct phone call to the Department’s leadership staff when the incident type or severity of the incident warrants such contact.',25,11956,NULL),(712,'The Joint Commission adopted a formal Sentinel Event Policy to assist healthcare providers ',25,11960,NULL),(713,'It is mandatory for all substance abuse providers  have to report sentinel events to The Joint Commission',25,11963,NULL),(1131,'If you reasonably suspect child abuse you are required:',9,11861,NULL),(1132,'If a child is deprived of clothing, shelter, or medical services it is called:',9,11874,NULL),(1133,'Who is considered a professional mandatory reporter?',9,11878,NULL),(1134,'What is the reason that victims may not report their abusers?',9,11886,NULL),(1135,'A False Report is a report of abuse, neglect, or abandonment of a child to the central abuse hotline, in which the report is made maliciously.',9,11887,NULL),(1136,'A person who is required to report, and who knowingly and willfully fails to do so, or who knowingly and willfully prevents another person from doing so, is guilty of a misdemeanor of the first degree.',9,11890,NULL),(1137,'What is consider exploitation of a vulnerable adult?',9,11894,NULL),(1138,'Any willful act or threatened act by a relative, caregiver, or household member which causes or is likely to cause significant impairment to a vulnerable adult’s physical, mental, or emotional health is called',9,11897,NULL),(1139,'Providers shall adhere to the statutory requirements for reporting abuse, neglect, and deaths of children under:',9,11906,NULL),(1140,'The Abuse Hotline Phone Number is:',9,11901,NULL),(1141,'According to EEOC in order for behavior to be considered sexual harassment it must be ',10,1870,NULL),(1142,'A co-worker or supervisor can create a hostile work environment when they engage in one or more of the following behaviors:',10,792,NULL),(1143,'The Quid Pro Quo theory of sexual harassment involves:',10,1873,NULL),(1144,'IF you feel you are the victim of unwelcome sexual behavior you are encouraged to:',10,1881,NULL),(1145,'It is illegal for an employer or other employees to retaliate against any individual who:',10,1885,NULL),(1146,'Sexual Harassment in employment is legally recognized as a form of sex discrimination and is illegal.',10,1886,NULL),(1147,'Sexual harassment can occur outside the work site and still be considered work related.',10,1888,NULL),(1148,'Quid Pro Quo harassment is a form of sexual harassment when there is a request or demand of sexual favors in exchange for employment benefits or threatening reprisals if the favors are not given.',10,1890,NULL),(1149,'Friendly flirting is not sexual harassment when flirting is practiced between mutually consenting individuals who are equal in power or authority.',10,1892,NULL),(1150,'An employee witnesses another employee being harassed. Even though this involved a co-worker, the witness can be considered a victim in this case.',10,1894,NULL),(1151,'In order for it to be determined sexual harassment, the victim has to be of the opposite sex of the harasser.',10,1897,NULL),(1152,'It is solely the company’s responsibility to prevent sexual harassment',10,1899,NULL),(1154,'Adella wants Antonio to feel part of the team and tries to encourage his participation. She approaches him more frequently than the other workers and she is constantly touching his shoulder and arm. Antonio feels uncomfortable with Adella invading his personal space and grimaces as she touches his shoulders. His facial and body expressions clearly indicate his annoyance. Could this be considered sexual harassment?”',10,1900,NULL),(1155,'Karen Linda and Elis have become good friends and sit together at lunch. They decided to have some fun by rating the men in the lunchroom. Joking, they rate the men who walk into the lunchroom and discuss the ratings with each other. Ted, a male therapist, who is sitting at a nearby table overhears their remarks. He finds the behavior offensive and unprofessional. Ted reports the incident to HR when he returns from lunch. Was the women’s behavior sexual harassment?',10,1903,NULL),(1156,'Susan, the director of marketing, has several employees reporting to her. One of the employees, John, has been called into her office right before lunch. Susan requests that John have lunch with her to discuss one of the major accounts that he is trying to acquire. John agrees to the lunch and realizes that this is a good opportunity to explain some of the problems he has encountered. While John and Susan are out at lunch she puts her hand on his leg and says she wants him to do well in the company and would like him to come over to her place tonight. Is this considered sexual harassment?',10,1904,NULL);

--
-- Table structure for table `response`
--

CREATE TABLE `response` (
  `id` int(11) NOT NULL AUTO_INCREMENT,
  `user_id` int(11) unsigned NOT NULL,
  `question_id` int(11) unsigned NOT NULL,
  `course_id` int(11) unsigned NOT NULL,
  `response` varchar(60) NOT NULL,
  `attempt` int(11) NOT NULL,
  `correct` int(11) DEFAULT NULL,
  PRIMARY KEY (`id`),
  KEY `user_id` (`user_id`,`question_id`,`course_id`),
  KEY `question_id` (`question_id`),
  KEY `test_id` (`course_id`),
  KEY `response` (`response`),
  CONSTRAINT `response_ibfk_2` FOREIGN KEY (`user_id`) REFERENCES `user` (`id`) ON DELETE CASCADE ON UPDATE NO ACTION,
  CONSTRAINT `response_ibfk_4` FOREIGN KEY (`course_id`) REFERENCES `course` (`id`) ON DELETE CASCADE ON UPDATE NO ACTION
) ENGINE=InnoDB AUTO_INCREMENT=5722 DEFAULT CHARSET=utf8;

--
-- Dumping data for table `response`
--

INSERT INTO `response` VALUES (1,111,67,5,'540',1,1),(2,111,68,5,'544',1,1),(3,111,69,5,'546',1,1),(4,111,70,5,'551',1,1),(5,111,71,5,'553',1,1),(6,111,72,5,'557',1,1),(7,111,73,5,'565',1,1),(8,111,74,5,'569',1,1),(9,111,75,5,'575',1,1),(10,111,78,5,'582',1,1),(11,111,79,5,'588',1,1),(12,111,80,5,'591',1,NULL),(13,111,81,5,'576',1,1),(14,111,88,5,'596',1,1),(15,111,89,5,'600',1,1),(16,111,67,5,'540',2,1),(17,111,68,5,'544',2,1),(18,111,69,5,'546',2,1),(19,111,70,5,'551',2,1),(20,111,71,5,'553',2,1),(21,111,72,5,'557',2,1),(22,111,73,5,'565',2,1),(23,111,74,5,'569',2,1),(24,111,75,5,'575',2,1),(25,111,78,5,'582',2,1),(26,111,79,5,'588',2,1),(27,111,80,5,'591',2,NULL),(28,111,81,5,'576',2,1),(29,111,88,5,'596',2,1),(30,111,89,5,'600',2,1),(31,111,67,5,'540',3,1),(32,111,68,5,'544',3,1),(33,111,69,5,'546',3,1),(34,111,70,5,'551',3,1),(35,111,71,5,'553',3,1),(36,111,72,5,'557',3,1),(37,111,73,5,'565',3,1),(38,111,74,5,'569',3,1),(39,111,75,5,'575',3,1),(40,111,78,5,'582',3,1),(41,111,79,5,'588',3,1),(42,111,80,5,'591',3,NULL),(43,111,81,5,'576',3,1),(44,111,88,5,'596',3,1),(45,111,89,5,'600',3,1),(46,10,67,5,'537',1,NULL),(47,10,68,5,'541',1,NULL),(48,10,69,5,'545',1,NULL),(49,10,70,5,'549',1,NULL),(50,10,71,5,'553',1,1),(51,10,72,5,'557',1,1),(52,10,73,5,'561',1,NULL),(53,10,74,5,'566',1,NULL),(54,10,75,5,'571',1,NULL),(55,10,78,5,'580',1,NULL),(56,10,79,5,'584',1,NULL),(57,10,80,5,'589',1,NULL),(58,10,81,5,'576',1,1),(59,10,88,5,'594',1,NULL),(60,10,89,5,'598',1,NULL),(61,10,67,5,'540',2,1),(62,10,68,5,'544',2,1),(63,10,69,5,'546',2,1),(64,10,70,5,'551',2,1),(65,10,71,5,'553',2,1),(66,10,72,5,'557',2,1),(67,10,73,5,'565',2,1),(68,10,74,5,'569',2,1),(69,10,75,5,'575',2,1),(70,10,78,5,'582',2,1),(71,10,79,5,'588',2,1),(72,10,80,5,'589',2,NULL),(73,10,81,5,'578',2,NULL),(74,10,88,5,'596',2,1),(75,10,89,5,'600',2,1),(76,10,67,5,'540',3,1),(77,10,68,5,'544',3,1),(78,10,69,5,'546',3,1),(79,10,70,5,'551',3,1),(80,10,71,5,'553',3,1),(81,10,72,5,'557',3,1),(82,10,73,5,'565',3,1),(83,10,74,5,'569',3,1),(84,10,75,5,'575',3,1),(85,10,78,5,'582',3,1),(86,10,79,5,'588',3,1),(87,10,80,5,'589',3,NULL),(88,10,81,5,'578',3,NULL),(89,10,88,5,'596',3,1),(90,10,89,5,'600',3,1),(91,111,67,5,'540',4,1),(92,111,68,5,'544',4,1),(93,111,69,5,'546',4,1),(94,111,70,5,'551',4,1),(95,111,71,5,'553',4,1),(96,111,72,5,'557',4,1),(97,111,73,5,'565',4,1),(98,111,74,5,'569',4,1),(99,111,75,5,'575',4,1),(100,111,78,5,'582',4,1),(101,111,79,5,'588',4,1),(102,111,80,5,'591',4,NULL),(103,111,81,5,'576',4,1),(104,111,88,5,'596',4,1),(105,111,89,5,'600',4,1),(106,113,53,4,'295',1,NULL),(107,113,54,4,'449',1,1),(108,113,55,4,'300',1,1),(109,113,57,4,'452',1,1),(110,113,58,4,'414',1,1),(111,113,59,4,'419',1,1),(112,113,60,4,'325',1,1),(113,113,61,4,'425',1,1),(114,113,62,4,'328',1,NULL),(115,113,63,4,'331',1,1),(116,113,64,4,'334',1,NULL),(117,113,65,4,'458',1,1),(118,113,82,4,'343',1,1),(119,113,83,4,'347',1,1),(120,113,85,4,'459',1,1),(121,111,146,11,'833',1,NULL),(122,111,147,11,'961',1,1),(123,111,148,11,'964',1,1),(124,111,149,11,'922',1,NULL),(125,111,150,11,'850',1,NULL),(126,111,151,11,'854',1,1),(127,111,152,11,'857',1,1),(128,111,153,11,'859',1,1),(129,111,154,11,'870',1,1),(130,111,155,11,'872',1,NULL),(131,111,156,11,'950',1,1),(132,111,157,11,'970',1,NULL),(133,111,158,11,'929',1,NULL),(134,111,159,11,'931',1,1),(135,111,160,11,'893',1,NULL),(136,111,161,11,'941',1,NULL),(137,111,162,11,'955',1,NULL),(138,111,163,11,'906',1,1),(139,111,164,11,'907',1,1),(140,111,165,11,'945',1,1),(141,111,146,11,'833',2,NULL),(142,111,147,11,'961',2,1),(143,111,148,11,'964',2,1),(144,111,149,11,'922',2,NULL),(145,111,150,11,'850',2,NULL),(146,111,151,11,'854',2,1),(147,111,152,11,'857',2,1),(148,111,153,11,'859',2,1),(149,111,154,11,'870',2,1),(150,111,155,11,'872',2,NULL),(151,111,156,11,'950',2,1),(152,111,157,11,'970',2,NULL),(153,111,158,11,'929',2,NULL),(154,111,159,11,'931',2,1),(155,111,160,11,'893',2,NULL),(156,111,161,11,'941',2,NULL),(157,111,162,11,'955',2,NULL),(158,111,163,11,'906',2,1),(159,111,164,11,'907',2,1),(160,111,165,11,'946',2,NULL),(161,111,146,11,'831',3,1),(162,111,147,11,'961',3,1),(163,111,148,11,'964',3,1),(164,111,149,11,'919',3,NULL),(165,111,150,11,'849',3,1),(166,111,151,11,'854',3,1),(167,111,152,11,'857',3,1),(168,111,153,11,'859',3,1),(169,111,154,11,'870',3,1),(170,111,155,11,'871',3,NULL),(171,111,156,11,'950',3,1),(172,111,157,11,'968',3,NULL),(173,111,158,11,'928',3,1),(174,111,159,11,'931',3,1),(175,111,160,11,'892',3,1),(176,111,161,11,'940',3,1),(177,111,162,11,'956',3,1),(178,111,163,11,'906',3,1),(179,111,164,11,'907',3,1),(180,111,165,11,'945',3,1),(181,111,146,11,'831',4,1),(182,111,147,11,'961',4,1),(183,111,148,11,'964',4,1),(184,111,149,11,'919',4,NULL),(185,111,150,11,'849',4,1),(186,111,151,11,'854',4,1),(187,111,152,11,'857',4,1),(188,111,153,11,'859',4,1),(189,111,154,11,'870',4,1),(190,111,155,11,'871',4,NULL),(191,111,156,11,'950',4,1),(192,111,157,11,'968',4,NULL),(193,111,158,11,'928',4,1),(194,111,159,11,'931',4,1),(195,111,160,11,'892',4,1),(196,111,161,11,'940',4,1),(197,111,162,11,'956',4,1),(198,111,163,11,'906',4,1),(199,111,164,11,'907',4,1),(200,111,165,11,'945',4,1),(201,111,53,4,'296',1,1),(202,111,54,4,'449',1,1),(203,111,55,4,'300',1,1),(204,111,57,4,'452',1,1),(205,111,58,4,'410',1,NULL),(206,111,59,4,'419',1,1),(207,111,60,4,'325',1,1),(208,111,61,4,'423',1,NULL),(209,111,62,4,'327',1,1),(210,111,63,4,'331',1,1),(211,111,64,4,'333',1,1),(212,111,65,4,'457',1,NULL),(213,111,82,4,'343',1,1),(214,111,83,4,'347',1,1),(215,111,85,4,'459',1,1),(216,113,67,5,'540',1,1),(217,113,68,5,'544',1,1),(218,113,69,5,'548',1,NULL),(219,113,70,5,'552',1,NULL),(220,113,71,5,'554',1,NULL),(221,113,72,5,'560',1,NULL),(222,113,73,5,'565',1,1),(223,113,74,5,'569',1,1),(224,113,75,5,'575',1,1),(225,113,78,5,'582',1,1),(226,113,79,5,'588',1,1),(227,113,80,5,'589',1,NULL),(228,113,81,5,'579',1,NULL),(229,113,88,5,'594',1,NULL),(230,113,89,5,'600',1,1),(231,113,67,5,'540',2,1),(232,113,68,5,'544',2,1),(233,113,69,5,'546',2,1),(234,113,70,5,'551',2,1),(235,113,71,5,'553',2,1),(236,113,72,5,'557',2,1),(237,113,73,5,'565',2,1),(238,113,74,5,'569',2,1),(239,113,75,5,'575',2,1),(240,113,78,5,'582',2,1),(241,113,79,5,'588',2,1),(242,113,80,5,'593',2,NULL),(243,113,81,5,'576',2,1),(244,113,88,5,'596',2,1),(245,113,89,5,'600',2,1),(246,114,53,4,'296',1,1),(247,114,54,4,'449',1,1),(248,114,55,4,'300',1,1),(249,114,57,4,'452',1,1),(250,114,58,4,'414',1,1),(251,114,59,4,'419',1,1),(252,114,60,4,'325',1,1),(253,114,61,4,'425',1,1),(254,114,62,4,'327',1,1),(255,114,63,4,'331',1,1),(256,114,64,4,'333',1,1),(257,114,65,4,'458',1,1),(258,114,82,4,'343',1,1),(259,114,83,4,'347',1,1),(260,114,85,4,'459',1,1),(261,112,53,4,'296',1,1),(262,112,54,4,'449',1,1),(263,112,55,4,'300',1,1),(264,112,57,4,'452',1,1),(265,112,58,4,'414',1,1),(266,112,59,4,'419',1,1),(267,112,60,4,'325',1,1),(268,112,61,4,'423',1,NULL),(269,112,62,4,'327',1,1),(270,112,63,4,'331',1,1),(271,112,64,4,'333',1,1),(272,112,65,4,'458',1,1),(273,112,82,4,'343',1,1),(274,112,83,4,'347',1,1),(275,112,85,4,'459',1,1),(276,111,181,13,'1199',1,1),(277,111,182,13,'1201',1,1),(278,111,183,13,'1209',1,1),(279,111,184,13,'1045',1,1),(280,111,185,13,'1213',1,NULL),(281,111,186,13,'1222',1,1),(282,111,187,13,'1228',1,1),(283,111,188,13,'1234',1,1),(284,111,189,13,'1073',1,NULL),(285,111,190,13,'1076',1,1),(286,111,191,13,'1235',1,NULL),(287,111,192,13,'1084',1,1),(288,111,193,13,'1090',1,1),(289,111,194,13,'1272',1,NULL),(290,111,195,13,'1267',1,1),(291,111,196,13,'1262',1,NULL),(292,111,197,13,'1261',1,1),(293,111,198,13,'1256',1,1),(294,111,199,13,'1249',1,1),(295,111,200,13,'1245',1,NULL),(296,114,67,5,'540',1,1),(297,114,68,5,'544',1,1),(298,114,69,5,'548',1,NULL),(299,114,70,5,'552',1,NULL),(300,114,71,5,'553',1,1),(301,114,72,5,'558',1,NULL),(302,114,73,5,'564',1,NULL),(303,114,74,5,'569',1,1),(304,114,75,5,'575',1,1),(305,114,78,5,'583',1,NULL),(306,114,79,5,'588',1,1),(307,114,80,5,'589',1,NULL),(308,114,81,5,'576',1,1),(309,114,88,5,'597',1,NULL),(310,114,89,5,'600',1,1),(311,114,67,5,'540',2,1),(312,114,68,5,'544',2,1),(313,114,69,5,'546',2,1),(314,114,70,5,'551',2,1),(315,114,71,5,'553',2,1),(316,114,72,5,'557',2,1),(317,114,73,5,'565',2,1),(318,114,74,5,'569',2,1),(319,114,75,5,'575',2,1),(320,114,78,5,'582',2,1),(321,114,79,5,'588',2,1),(322,114,80,5,'593',2,NULL),(323,114,81,5,'576',2,1),(324,114,88,5,'597',2,NULL),(325,114,89,5,'600',2,1),(326,111,181,13,'1199',2,1),(327,111,182,13,'1201',2,1),(328,111,183,13,'1209',2,1),(329,111,184,13,'1045',2,1),(330,111,185,13,'1212',2,1),(331,111,186,13,'1222',2,1),(332,111,187,13,'1228',2,1),(333,111,188,13,'1234',2,1),(334,111,189,13,'1072',2,1),(335,111,190,13,'1076',2,1),(336,111,191,13,'1236',2,1),(337,111,192,13,'1084',2,1),(338,111,193,13,'1090',2,1),(339,111,194,13,'1275',2,NULL),(340,111,195,13,'1267',2,1),(341,111,196,13,'1264',2,NULL),(342,111,197,13,'1261',2,1),(343,111,198,13,'1256',2,1),(344,111,199,13,'1249',2,1),(345,111,200,13,'1242',2,NULL),(346,114,137,9,'785',1,1),(347,114,138,9,'791',1,1),(348,114,139,9,'796',1,1),(349,114,140,9,'798',1,1),(350,114,141,9,'800',1,1),(351,114,142,9,'804',1,NULL),(352,114,143,9,'810',1,1),(353,114,144,9,'819',1,1),(354,114,145,9,'826',1,NULL),(355,114,1131,9,'1750',1,NULL),(356,114,1132,9,'1755',1,NULL),(357,114,1134,9,'1763',1,NULL),(358,114,1135,9,'1765',1,NULL),(359,114,1137,9,'1771',1,NULL),(360,114,1139,9,'1779',1,NULL),(361,114,1140,9,'1782',1,NULL),(362,114,137,9,'785',2,1),(363,114,138,9,'791',2,1),(364,114,139,9,'796',2,1),(365,114,140,9,'798',2,1),(366,114,141,9,'800',2,1),(367,114,142,9,'805',2,1),(368,114,143,9,'810',2,1),(369,114,144,9,'818',2,NULL),(370,114,145,9,'827',2,1),(371,114,1131,9,'1748',2,NULL),(372,114,1132,9,'1753',2,NULL),(373,114,1134,9,'1762',2,NULL),(374,114,1135,9,'1765',2,NULL),(375,114,1137,9,'1772',2,NULL),(376,114,1139,9,'1779',2,NULL),(377,114,1140,9,'1782',2,NULL),(378,111,137,9,'783',1,NULL),(379,111,138,9,'791',1,1),(380,111,139,9,'796',1,1),(381,111,140,9,'798',1,1),(382,111,141,9,'800',1,1),(383,111,142,9,'805',1,1),(384,111,143,9,'810',1,1),(385,111,144,9,'819',1,1),(386,111,145,9,'825',1,NULL),(387,111,1131,9,'1750',1,NULL),(388,111,1132,9,'1755',1,NULL),(389,111,1134,9,'1763',1,NULL),(390,111,1135,9,'1764',1,NULL),(391,111,1137,9,'1771',1,NULL),(392,111,1139,9,'1777',1,NULL),(393,111,1140,9,'1782',1,NULL),(394,111,137,9,'785',2,1),(395,111,138,9,'791',2,1),(396,111,139,9,'796',2,1),(397,111,140,9,'798',2,1),(398,111,141,9,'800',2,1),(399,111,142,9,'805',2,1),(400,111,143,9,'810',2,1),(401,111,144,9,'819',2,1),(402,111,145,9,'827',2,1),(403,111,1131,9,'1749',2,NULL),(404,111,1132,9,'1753',2,NULL),(405,111,1134,9,'1763',2,NULL),(406,111,1135,9,'1765',2,NULL),(407,111,1137,9,'1771',2,NULL),(408,111,1139,9,'1778',2,NULL),(409,111,1140,9,'1782',2,NULL),(410,112,67,5,'540',1,1),(411,112,68,5,'544',1,1),(412,112,69,5,'546',1,1),(413,112,70,5,'551',1,1),(414,112,71,5,'553',1,1),(415,112,72,5,'557',1,1),(416,112,73,5,'565',1,1),(417,112,74,5,'569',1,1),(418,112,75,5,'575',1,1),(419,112,78,5,'582',1,1),(420,112,79,5,'588',1,1),(421,112,80,5,'593',1,NULL),(422,112,81,5,'576',1,1),(423,112,88,5,'595',1,NULL),(424,112,89,5,'599',1,NULL),(425,116,53,4,'296',1,1),(426,116,54,4,'449',1,1),(427,116,55,4,'299',1,NULL),(428,116,57,4,'453',1,NULL),(429,116,58,4,'413',1,NULL),(430,116,59,4,'419',1,1),(431,116,60,4,'325',1,1),(432,116,61,4,'425',1,1),(433,116,62,4,'327',1,1),(434,116,63,4,'332',1,NULL),(435,116,64,4,'333',1,1),(436,116,65,4,'458',1,1),(437,116,82,4,'343',1,1),(438,116,85,4,'459',1,1),(439,117,181,13,'1199',1,1),(440,117,182,13,'1201',1,1),(441,117,183,13,'1209',1,1),(442,117,184,13,'1045',1,1),(443,117,185,13,'1212',1,1),(444,117,186,13,'1222',1,1),(445,117,187,13,'1228',1,1),(446,117,188,13,'1234',1,1),(447,117,189,13,'1072',1,1),(448,117,190,13,'1077',1,NULL),(449,117,191,13,'1235',1,NULL),(450,117,192,13,'1084',1,1),(451,117,193,13,'1090',1,1),(452,117,194,13,'1274',1,1),(453,117,195,13,'1267',1,1),(454,117,196,13,'1262',1,NULL),(455,117,197,13,'1261',1,1),(456,117,198,13,'1256',1,1),(457,117,199,13,'1249',1,1),(458,117,200,13,'1245',1,NULL),(459,117,26,3,'463',1,1),(460,117,27,3,'465',1,1),(461,117,28,3,'467',1,1),(462,117,29,3,'469',1,1),(463,117,30,3,'471',1,1),(464,117,31,3,'474',1,1),(465,117,32,3,'475',1,1),(466,117,33,3,'477',1,1),(467,117,34,3,'479',1,1),(468,117,35,3,'485',1,1),(469,117,36,3,'488',1,NULL),(470,117,37,3,'490',1,1),(471,117,38,3,'500',1,1),(472,117,39,3,'509',1,NULL),(473,117,40,3,'511',1,1),(474,117,41,3,'514',1,NULL),(475,117,42,3,'535',1,NULL),(476,117,47,3,'521',1,1),(477,117,48,3,'526',1,1),(478,117,49,3,'532',1,1),(479,116,53,4,'296',2,1),(480,116,54,4,'449',2,1),(481,116,55,4,'299',2,NULL),(482,116,57,4,'452',2,1),(483,116,58,4,'414',2,1),(484,116,59,4,'419',2,1),(485,116,60,4,'325',2,1),(486,116,61,4,'425',2,1),(487,116,62,4,'327',2,1),(488,116,63,4,'331',2,1),(489,116,64,4,'333',2,1),(490,116,65,4,'458',2,1),(491,116,82,4,'343',2,1),(492,116,83,4,'347',2,1),(493,116,85,4,'459',2,1),(494,110,137,9,'785',1,1),(495,110,138,9,'791',1,1),(496,110,139,9,'796',1,1),(497,110,140,9,'798',1,1),(498,110,141,9,'800',1,1),(499,110,142,9,'805',1,1),(500,110,143,9,'809',1,NULL),(501,110,144,9,'819',1,1),(502,110,145,9,'827',1,1),(503,110,1131,9,'1750',1,NULL),(504,110,1132,9,'1755',1,NULL),(505,110,1134,9,'1763',1,NULL),(506,110,1135,9,'1764',1,NULL),(507,110,1136,9,'11831',1,1),(508,110,1137,9,'1771',1,NULL),(509,110,1138,9,'11833',1,1),(510,110,1139,9,'1779',1,NULL),(511,110,1140,9,'1782',1,NULL),(512,110,137,9,'785',2,1),(513,110,138,9,'791',2,1),(514,110,139,9,'796',2,1),(515,110,140,9,'798',2,1),(516,110,141,9,'800',2,1),(517,110,142,9,'805',2,1),(518,110,143,9,'11839',2,1),(519,110,144,9,'819',2,1),(520,110,145,9,'827',2,1),(521,110,1131,9,'1750',2,NULL),(522,110,1132,9,'1755',2,NULL),(523,110,1133,9,'11843',2,1),(524,110,1134,9,'1763',2,NULL),(525,110,1135,9,'1764',2,NULL),(526,110,1136,9,'11831',2,1),(527,110,1137,9,'1771',2,NULL),(528,110,1138,9,'11833',2,1),(529,110,1139,9,'1779',2,NULL),(530,110,1140,9,'1782',2,NULL),(531,117,146,11,'833',1,NULL),(532,117,147,11,'961',1,1),(533,117,148,11,'964',1,1),(534,117,149,11,'919',1,NULL),(535,117,150,11,'850',1,NULL),(536,117,151,11,'854',1,1),(537,117,152,11,'857',1,1),(538,117,153,11,'859',1,1),(539,117,154,11,'870',1,1),(540,117,155,11,'872',1,NULL),(541,117,156,11,'950',1,1),(542,117,157,11,'967',1,1),(543,117,158,11,'927',1,NULL),(544,117,159,11,'931',1,1),(545,117,160,11,'892',1,1),(546,117,161,11,'940',1,1),(547,117,162,11,'956',1,1),(548,117,163,11,'906',1,1),(549,117,164,11,'907',1,1),(550,117,165,11,'945',1,1),(551,111,137,9,'785',3,1),(552,111,138,9,'791',3,1),(553,111,139,9,'796',3,1),(554,111,140,9,'798',3,1),(555,111,141,9,'800',3,1),(556,111,142,9,'805',3,1),(557,111,143,9,'11839',3,1),(558,111,144,9,'819',3,1),(559,111,145,9,'827',3,1),(560,111,1131,9,'1749',3,NULL),(561,111,1132,9,'1753',3,NULL),(562,111,1133,9,'11843',3,1),(563,111,1134,9,'1763',3,NULL),(564,111,1135,9,'1765',3,NULL),(565,111,1136,9,'11830',3,NULL),(566,111,1137,9,'1771',3,NULL),(567,111,1138,9,'11833',3,1),(568,111,1139,9,'1777',3,NULL),(569,111,1140,9,'1782',3,NULL),(570,111,137,9,'785',4,1),(571,111,138,9,'791',4,1),(572,111,139,9,'796',4,1),(573,111,140,9,'798',4,1),(574,111,141,9,'800',4,1),(575,111,142,9,'805',4,1),(576,111,143,9,'11839',4,1),(577,111,144,9,'819',4,1),(578,111,145,9,'827',4,1),(579,111,1131,9,'1748',4,NULL),(580,111,1132,9,'1753',4,NULL),(581,111,1133,9,'11843',4,1),(582,111,1134,9,'1763',4,NULL),(583,111,1135,9,'1765',4,NULL),(584,111,1136,9,'11831',4,1),(585,111,1137,9,'1769',4,NULL),(586,111,1138,9,'11833',4,1),(587,111,1139,9,'1777',4,NULL),(588,111,1140,9,'1781',4,NULL),(589,10,137,9,'783',1,NULL),(590,10,138,9,'787',1,NULL),(591,10,139,9,'792',1,NULL),(592,10,140,9,'797',1,NULL),(593,10,141,9,'799',1,NULL),(594,10,142,9,'803',1,NULL),(595,10,143,9,'11837',1,NULL),(596,10,144,9,'818',1,NULL),(597,10,145,9,'825',1,NULL),(598,10,1131,9,'1748',1,NULL),(599,10,1132,9,'1752',1,NULL),(600,10,1133,9,'11840',1,NULL),(601,10,1134,9,'1760',1,NULL),(602,10,1135,9,'1764',1,NULL),(603,10,1136,9,'11830',1,NULL),(604,10,1137,9,'1768',1,NULL),(605,10,1138,9,'11832',1,NULL),(606,10,1139,9,'1777',1,NULL),(607,10,1140,9,'1781',1,NULL),(608,111,137,9,'785',5,1),(609,111,138,9,'791',5,1),(610,111,139,9,'796',5,1),(611,111,140,9,'798',5,1),(612,111,141,9,'800',5,1),(613,111,142,9,'805',5,1),(614,111,143,9,'11839',5,1),(615,111,144,9,'819',5,1),(616,111,145,9,'827',5,1),(617,111,1131,9,'1750',5,NULL),(618,111,1132,9,'1755',5,NULL),(619,111,1133,9,'11843',5,1),(620,111,1134,9,'1763',5,NULL),(621,111,1135,9,'1764',5,NULL),(622,111,1136,9,'11831',5,1),(623,111,1137,9,'1771',5,NULL),(624,111,1138,9,'11833',5,1),(625,111,1139,9,'1779',5,NULL),(626,111,1140,9,'1782',5,NULL),(627,117,146,11,'831',2,1),(628,117,147,11,'961',2,1),(629,117,148,11,'964',2,1),(630,117,149,11,'922',2,NULL),(631,117,150,11,'848',2,NULL),(632,117,151,11,'854',2,1),(633,117,152,11,'857',2,1),(634,117,153,11,'859',2,1),(635,117,154,11,'870',2,1),(636,117,155,11,'873',2,1),(637,117,156,11,'950',2,1),(638,117,157,11,'967',2,1),(639,117,158,11,'930',2,NULL),(640,117,159,11,'931',2,1),(641,117,160,11,'892',2,1),(642,117,161,11,'940',2,1),(643,117,162,11,'956',2,1),(644,117,163,11,'906',2,1),(645,117,164,11,'907',2,1),(646,117,165,11,'945',2,1),(647,10,137,9,'785',2,1),(648,10,138,9,'791',2,1),(649,10,139,9,'796',2,1),(650,10,140,9,'798',2,1),(651,10,141,9,'800',2,1),(652,10,142,9,'805',2,1),(653,10,143,9,'11839',2,1),(654,10,144,9,'819',2,1),(655,10,145,9,'827',2,1),(656,10,1131,9,'11861',2,1),(657,10,1132,9,'11874',2,1),(658,10,1133,9,'11878',2,1),(659,10,1134,9,'11886',2,1),(660,10,1135,9,'11887',2,1),(661,10,1136,9,'11890',2,1),(662,10,1137,9,'11894',2,1),(663,10,1138,9,'11897',2,1),(664,10,1139,9,'11849',2,NULL),(665,10,1140,9,'11853',2,NULL),(666,111,137,9,'785',6,1),(667,111,138,9,'791',6,1),(668,111,139,9,'796',6,1),(669,111,140,9,'798',6,1),(670,111,141,9,'800',6,1),(671,111,142,9,'805',6,1),(672,111,143,9,'11839',6,1),(673,111,144,9,'819',6,1),(674,111,145,9,'827',6,1),(675,111,1131,9,'11861',6,1),(676,111,1132,9,'11874',6,1),(677,111,1133,9,'11878',6,1),(678,111,1134,9,'11886',6,1),(679,111,1135,9,'11887',6,1),(680,111,1136,9,'11890',6,1),(681,111,1137,9,'11894',6,1),(682,111,1138,9,'11897',6,1),(683,111,1139,9,'11906',6,1),(684,111,1140,9,'11901',6,1),(685,120,53,4,'296',1,1),(686,120,54,4,'450',1,NULL),(687,120,55,4,'300',1,1),(688,120,57,4,'452',1,1),(689,120,58,4,'414',1,1),(690,120,59,4,'419',1,1),(691,120,60,4,'325',1,1),(692,120,61,4,'425',1,1),(693,120,62,4,'327',1,1),(694,120,63,4,'331',1,1),(695,120,64,4,'333',1,1),(696,120,65,4,'458',1,1),(697,120,82,4,'343',1,1),(698,120,83,4,'347',1,1),(699,120,85,4,'459',1,1),(700,119,53,4,'296',1,1),(701,119,54,4,'449',1,1),(702,119,55,4,'299',1,NULL),(703,119,58,4,'410',1,NULL),(704,119,59,4,'419',1,1),(705,119,60,4,'325',1,1),(706,119,61,4,'424',1,NULL),(707,119,62,4,'327',1,1),(708,119,63,4,'332',1,NULL),(709,119,64,4,'333',1,1),(710,119,65,4,'455',1,NULL),(711,119,82,4,'343',1,1),(712,119,83,4,'347',1,1),(713,119,85,4,'459',1,1),(714,120,67,5,'540',1,1),(715,120,68,5,'544',1,1),(716,120,69,5,'546',1,1),(717,120,70,5,'551',1,1),(718,120,71,5,'553',1,1),(719,120,72,5,'557',1,1),(720,120,73,5,'565',1,1),(721,120,74,5,'569',1,1),(722,120,75,5,'575',1,1),(723,120,78,5,'582',1,1),(724,120,79,5,'588',1,1),(725,120,80,5,'592',1,1),(726,120,81,5,'576',1,1),(727,120,88,5,'596',1,1),(728,120,89,5,'600',1,1),(729,120,67,5,'540',2,1),(730,120,68,5,'544',2,1),(731,120,69,5,'546',2,1),(732,120,70,5,'551',2,1),(733,120,71,5,'553',2,1),(734,120,72,5,'557',2,1),(735,120,73,5,'565',2,1),(736,120,74,5,'569',2,1),(737,120,75,5,'575',2,1),(738,120,78,5,'582',2,1),(739,120,79,5,'588',2,1),(740,120,80,5,'592',2,1),(741,120,81,5,'576',2,1),(742,120,88,5,'596',2,1),(743,120,89,5,'600',2,1),(744,119,53,4,'296',2,1),(745,119,54,4,'449',2,1),(746,119,55,4,'300',2,1),(747,119,57,4,'452',2,1),(748,119,58,4,'414',2,1),(749,119,59,4,'419',2,1),(750,119,60,4,'325',2,1),(751,119,61,4,'423',2,NULL),(752,119,62,4,'327',2,1),(753,119,63,4,'331',2,1),(754,119,64,4,'333',2,1),(755,119,65,4,'455',2,NULL),(756,119,82,4,'343',2,1),(757,119,83,4,'347',2,1),(758,119,85,4,'459',2,1),(759,114,137,9,'785',3,1),(760,114,138,9,'791',3,1),(761,114,139,9,'796',3,1),(762,114,140,9,'798',3,1),(763,114,141,9,'800',3,1),(764,114,142,9,'804',3,NULL),(765,114,143,9,'11839',3,1),(766,114,144,9,'819',3,1),(767,114,145,9,'826',3,NULL),(768,114,1131,9,'11859',3,NULL),(769,114,1132,9,'11874',3,1),(770,114,1133,9,'11878',3,1),(771,114,1134,9,'11885',3,NULL),(772,114,1135,9,'11888',3,NULL),(773,114,1136,9,'11889',3,NULL),(774,114,1137,9,'11894',3,1),(775,114,1138,9,'11896',3,NULL),(776,114,1139,9,'11906',3,1),(777,114,1140,9,'11901',3,1),(778,114,146,11,'833',1,NULL),(779,114,147,11,'961',1,1),(780,114,148,11,'965',1,NULL),(781,114,149,11,'922',1,NULL),(782,114,150,11,'850',1,NULL),(783,114,151,11,'854',1,1),(784,114,152,11,'857',1,1),(785,114,153,11,'859',1,1),(786,114,154,11,'870',1,1),(787,114,155,11,'872',1,NULL),(788,114,156,11,'950',1,1),(789,114,157,11,'967',1,1),(790,114,158,11,'927',1,NULL),(791,114,159,11,'931',1,1),(792,114,160,11,'892',1,1),(793,114,161,11,'940',1,1),(794,114,162,11,'955',1,NULL),(795,114,163,11,'906',1,1),(796,114,164,11,'907',1,1),(797,114,165,11,'945',1,1),(798,114,146,11,'831',2,1),(799,114,147,11,'961',2,1),(800,114,148,11,'964',2,1),(801,114,149,11,'921',2,NULL),(802,114,150,11,'850',2,NULL),(803,114,151,11,'854',2,1),(804,114,152,11,'857',2,1),(805,114,153,11,'859',2,1),(806,114,154,11,'870',2,1),(807,114,155,11,'873',2,1),(808,114,156,11,'950',2,1),(809,114,157,11,'967',2,1),(810,114,158,11,'930',2,NULL),(811,114,159,11,'931',2,1),(812,114,160,11,'892',2,1),(813,114,161,11,'940',2,1),(814,114,162,11,'955',2,NULL),(815,114,163,11,'906',2,1),(816,114,164,11,'907',2,1),(817,114,165,11,'945',2,1),(818,115,53,4,'296',1,1),(819,115,54,4,'449',1,1),(820,115,55,4,'300',1,1),(821,115,57,4,'452',1,1),(822,115,58,4,'414',1,1),(823,115,59,4,'419',1,1),(824,115,60,4,'325',1,1),(825,115,61,4,'425',1,1),(826,115,62,4,'327',1,1),(827,115,63,4,'331',1,1),(828,115,64,4,'333',1,1),(829,115,82,4,'343',1,1),(830,115,83,4,'347',1,1),(831,115,85,4,'459',1,1),(832,115,53,4,'296',2,1),(833,115,54,4,'449',2,1),(834,115,55,4,'300',2,1),(835,115,57,4,'452',2,1),(836,115,58,4,'414',2,1),(837,115,59,4,'419',2,1),(838,115,60,4,'325',2,1),(839,115,61,4,'425',2,1),(840,115,62,4,'327',2,1),(841,115,63,4,'331',2,1),(842,115,64,4,'333',2,1),(843,115,82,4,'343',2,1),(844,115,83,4,'347',2,1),(845,115,85,4,'459',2,1),(846,115,53,4,'296',3,1),(847,115,54,4,'449',3,1),(848,115,55,4,'300',3,1),(849,115,57,4,'452',3,1),(850,115,58,4,'414',3,1),(851,115,59,4,'419',3,1),(852,115,60,4,'325',3,1),(853,115,61,4,'425',3,1),(854,115,62,4,'327',3,1),(855,115,63,4,'331',3,1),(856,115,64,4,'333',3,1),(857,115,82,4,'343',3,1),(858,115,83,4,'347',3,1),(859,115,85,4,'459',3,1),(860,115,53,4,'296',4,1),(861,115,54,4,'449',4,1),(862,115,55,4,'300',4,1),(863,115,57,4,'452',4,1),(864,115,58,4,'414',4,1),(865,115,59,4,'419',4,1),(866,115,60,4,'325',4,1),(867,115,61,4,'425',4,1),(868,115,62,4,'327',4,1),(869,115,63,4,'331',4,1),(870,115,64,4,'333',4,1),(871,115,82,4,'343',4,1),(872,115,83,4,'347',4,1),(873,115,85,4,'459',4,1),(874,114,166,12,'972',1,NULL),(875,114,167,12,'984',1,1),(876,114,168,12,'981',1,1),(877,114,169,12,'990',1,1),(878,114,170,12,'994',1,1),(879,114,171,12,'997',1,1),(880,114,172,12,'1000',1,1),(881,114,173,12,'1134',1,1),(882,114,174,12,'1138',1,1),(883,114,175,12,'1013',1,1),(884,114,176,12,'1017',1,1),(885,114,177,12,'1019',1,1),(886,114,178,12,'1021',1,1),(887,114,179,12,'1023',1,1),(888,114,180,12,'1025',1,1),(889,114,211,15,'1180',1,1),(890,114,212,15,'1183',1,NULL),(891,114,213,15,'1189',1,1),(892,114,214,15,'1192',1,1),(893,114,215,15,'1194',1,NULL),(894,114,211,15,'1180',2,1),(895,114,212,15,'1185',2,1),(896,114,213,15,'1189',2,1),(897,114,214,15,'1192',2,1),(898,114,215,15,'1193',2,1),(899,114,181,13,'1199',1,1),(900,114,182,13,'1201',1,1),(901,114,183,13,'1209',1,1),(902,114,184,13,'1045',1,1),(903,114,185,13,'1212',1,1),(904,114,186,13,'1222',1,1),(905,114,187,13,'1228',1,1),(906,114,188,13,'1234',1,1),(907,114,189,13,'1072',1,1),(908,114,190,13,'1076',1,1),(909,114,191,13,'1235',1,NULL),(910,114,192,13,'1084',1,1),(911,114,193,13,'1090',1,1),(912,114,194,13,'1274',1,1),(913,114,195,13,'1267',1,1),(914,114,196,13,'1263',1,1),(915,114,197,13,'1261',1,1),(916,114,198,13,'1256',1,1),(917,114,199,13,'1249',1,1),(918,114,200,13,'1245',1,NULL),(919,111,591,25,'11910',1,1),(920,111,592,25,'11915',1,1),(921,111,593,25,'11919',1,NULL),(922,111,702,25,'11923',1,1),(923,111,703,25,'11927',1,1),(924,111,704,25,'11930',1,1),(925,111,705,25,'11931',1,NULL),(926,111,706,25,'11936',1,1),(927,111,707,25,'11939',1,NULL),(928,111,708,25,'11945',1,1),(929,111,709,25,'11950',1,1),(930,111,710,25,'11968',1,NULL),(931,111,711,25,'11956',1,1),(932,111,712,25,'11960',1,1),(933,111,713,25,'11962',1,NULL),(934,111,591,25,'11910',2,1),(935,111,592,25,'11915',2,1),(936,111,593,25,'11920',2,1),(937,111,702,25,'11923',2,1),(938,111,703,25,'11927',2,1),(939,111,704,25,'11930',2,1),(940,111,705,25,'11932',2,1),(941,111,706,25,'11936',2,1),(942,111,707,25,'11941',2,1),(943,111,708,25,'11945',2,1),(944,111,709,25,'11950',2,1),(945,111,710,25,'11964',2,NULL),(946,111,711,25,'11956',2,1),(947,111,712,25,'11960',2,1),(948,111,713,25,'11963',2,1),(949,111,591,25,'11910',3,1),(950,111,592,25,'11915',3,1),(951,111,593,25,'11920',3,1),(952,111,702,25,'11923',3,1),(953,111,703,25,'11927',3,1),(954,111,704,25,'11930',3,1),(955,111,705,25,'11932',3,1),(956,111,706,25,'11936',3,1),(957,111,707,25,'11941',3,1),(958,111,708,25,'11945',3,1),(959,111,709,25,'11950',3,1),(960,111,710,25,'11964',3,NULL),(961,111,711,25,'11956',3,1),(962,111,712,25,'11960',3,1),(963,111,713,25,'11963',3,1),(964,111,26,3,'463',1,1),(965,111,27,3,'465',1,1),(966,111,28,3,'467',1,1),(967,111,29,3,'470',1,NULL),(968,111,30,3,'471',1,1),(969,111,31,3,'474',1,1),(970,111,32,3,'476',1,NULL),(971,111,33,3,'477',1,1),(972,111,34,3,'479',1,1),(973,111,35,3,'485',1,1),(974,111,36,3,'488',1,NULL),(975,111,37,3,'490',1,1),(976,111,38,3,'500',1,1),(977,111,39,3,'508',1,1),(978,111,40,3,'511',1,1),(979,111,41,3,'517',1,NULL),(980,111,42,3,'534',1,NULL),(981,111,47,3,'521',1,1),(982,111,48,3,'524',1,NULL),(983,111,49,3,'527',1,NULL),(984,111,26,3,'463',2,1),(985,111,27,3,'465',2,1),(986,111,28,3,'467',2,1),(987,111,29,3,'469',2,1),(988,111,30,3,'471',2,1),(989,111,31,3,'474',2,1),(990,111,32,3,'475',2,1),(991,111,33,3,'477',2,1),(992,111,34,3,'479',2,1),(993,111,35,3,'485',2,1),(994,111,36,3,'486',2,NULL),(995,111,37,3,'490',2,1),(996,111,38,3,'500',2,1),(997,111,39,3,'508',2,1),(998,111,40,3,'511',2,1),(999,111,41,3,'514',2,NULL),(1000,111,42,3,'533',2,1),(1001,111,47,3,'521',2,1),(1002,111,48,3,'526',2,1),(1003,111,49,3,'532',2,1),(1004,119,67,5,'540',1,1),(1005,119,68,5,'544',1,1),(1006,119,69,5,'546',1,1),(1007,119,70,5,'552',1,NULL),(1008,119,71,5,'553',1,1),(1009,119,72,5,'557',1,1),(1010,119,73,5,'565',1,1),(1011,119,74,5,'569',1,1),(1012,119,75,5,'575',1,1),(1013,119,78,5,'582',1,1),(1014,119,79,5,'588',1,1),(1015,119,80,5,'593',1,NULL),(1016,119,81,5,'579',1,NULL),(1017,119,88,5,'596',1,1),(1018,119,89,5,'600',1,1),(1019,119,146,11,'831',1,1),(1020,119,147,11,'961',1,1),(1021,119,148,11,'965',1,NULL),(1022,119,149,11,'922',1,NULL),(1023,119,150,11,'850',1,NULL),(1024,119,151,11,'854',1,1),(1025,119,152,11,'857',1,1),(1026,119,153,11,'859',1,1),(1027,119,154,11,'870',1,1),(1028,119,155,11,'872',1,NULL),(1029,119,156,11,'950',1,1),(1030,119,157,11,'967',1,1),(1031,119,158,11,'927',1,NULL),(1032,119,159,11,'931',1,1),(1033,119,160,11,'894',1,NULL),(1034,119,161,11,'940',1,1),(1035,119,162,11,'955',1,NULL),(1036,119,163,11,'906',1,1),(1037,119,164,11,'907',1,1),(1038,119,165,11,'946',1,NULL),(1039,119,146,11,'831',2,1),(1040,119,147,11,'961',2,1),(1041,119,148,11,'964',2,1),(1042,119,149,11,'922',2,NULL),(1043,119,150,11,'849',2,1),(1044,119,151,11,'854',2,1),(1045,119,152,11,'857',2,1),(1046,119,153,11,'859',2,1),(1047,119,154,11,'870',2,1),(1048,119,155,11,'873',2,1),(1049,119,156,11,'950',2,1),(1050,119,157,11,'967',2,1),(1051,119,158,11,'930',2,NULL),(1052,119,159,11,'931',2,1),(1053,119,160,11,'892',2,1),(1054,119,161,11,'940',2,1),(1055,119,162,11,'956',2,1),(1056,119,163,11,'906',2,1),(1057,119,164,11,'907',2,1),(1058,119,165,11,'945',2,1),(1059,112,146,11,'834',1,NULL),(1060,112,147,11,'961',1,1),(1061,112,148,11,'964',1,1),(1062,112,149,11,'919',1,NULL),(1063,112,150,11,'850',1,NULL),(1064,112,151,11,'854',1,1),(1065,112,152,11,'857',1,1),(1066,112,153,11,'859',1,1),(1067,112,154,11,'870',1,1),(1068,112,155,11,'872',1,NULL),(1069,112,156,11,'950',1,1),(1070,112,157,11,'969',1,NULL),(1071,112,158,11,'928',1,1),(1072,112,159,11,'931',1,1),(1073,112,160,11,'891',1,NULL),(1074,112,161,11,'940',1,1),(1075,112,162,11,'956',1,1),(1076,112,163,11,'906',1,1),(1077,112,164,11,'907',1,1),(1078,112,165,11,'945',1,1),(1079,112,146,11,'834',2,NULL),(1080,112,147,11,'961',2,1),(1081,112,148,11,'964',2,1),(1082,112,149,11,'922',2,NULL),(1083,112,150,11,'849',2,1),(1084,112,151,11,'854',2,1),(1085,112,152,11,'857',2,1),(1086,112,153,11,'859',2,1),(1087,112,154,11,'870',2,1),(1088,112,155,11,'873',2,1),(1089,112,156,11,'950',2,1),(1090,112,157,11,'967',2,1),(1091,112,158,11,'928',2,1),(1092,112,159,11,'931',2,1),(1093,112,160,11,'892',2,1),(1094,112,161,11,'940',2,1),(1095,112,162,11,'956',2,1),(1096,112,163,11,'906',2,1),(1097,112,164,11,'907',2,1),(1098,112,165,11,'944',2,NULL),(1099,119,166,12,'971',1,1),(1100,119,167,12,'984',1,1),(1101,119,168,12,'981',1,1),(1102,119,169,12,'989',1,NULL),(1103,119,170,12,'994',1,1),(1104,119,171,12,'997',1,1),(1105,119,172,12,'1000',1,1),(1106,119,173,12,'1134',1,1),(1107,119,175,12,'1013',1,1),(1108,119,176,12,'1017',1,1),(1109,119,177,12,'1019',1,1),(1110,119,178,12,'1021',1,1),(1111,119,179,12,'1023',1,1),(1112,119,180,12,'1025',1,1),(1113,118,53,4,'296',1,1),(1114,118,54,4,'449',1,1),(1115,118,55,4,'300',1,1),(1116,118,57,4,'452',1,1),(1117,118,58,4,'412',1,NULL),(1118,118,59,4,'419',1,1),(1119,118,60,4,'325',1,1),(1120,118,61,4,'425',1,1),(1121,118,62,4,'327',1,1),(1122,118,63,4,'331',1,1),(1123,118,64,4,'333',1,1),(1124,118,65,4,'458',1,1),(1125,118,82,4,'343',1,1),(1126,118,83,4,'347',1,1),(1127,118,85,4,'459',1,1),(1128,118,67,5,'540',1,1),(1129,118,68,5,'544',1,1),(1130,118,69,5,'546',1,1),(1131,118,70,5,'551',1,1),(1132,118,71,5,'553',1,1),(1133,118,72,5,'557',1,1),(1134,118,73,5,'565',1,1),(1135,118,74,5,'569',1,1),(1136,118,75,5,'575',1,1),(1137,118,78,5,'582',1,1),(1138,118,79,5,'588',1,1),(1139,118,80,5,'592',1,1),(1140,118,81,5,'576',1,1),(1141,118,88,5,'596',1,1),(1142,118,89,5,'600',1,1),(1143,120,146,11,'834',1,NULL),(1144,120,147,11,'961',1,1),(1145,120,148,11,'964',1,1),(1146,120,149,11,'920',1,1),(1147,120,150,11,'850',1,NULL),(1148,120,151,11,'854',1,1),(1149,120,152,11,'857',1,1),(1150,120,153,11,'859',1,1),(1151,120,154,11,'870',1,1),(1152,120,155,11,'872',1,NULL),(1153,120,156,11,'950',1,1),(1154,120,157,11,'967',1,1),(1155,120,158,11,'928',1,1),(1156,120,159,11,'931',1,1),(1157,120,160,11,'892',1,1),(1158,120,161,11,'940',1,1),(1159,120,162,11,'956',1,1),(1160,120,163,11,'906',1,1),(1161,120,164,11,'907',1,1),(1162,120,165,11,'945',1,1),(1163,119,211,15,'1181',1,NULL),(1164,119,212,15,'1185',1,1),(1165,119,213,15,'1189',1,1),(1166,119,214,15,'1192',1,1),(1167,119,215,15,'1193',1,1),(1168,120,166,12,'974',1,NULL),(1169,120,167,12,'984',1,1),(1170,120,168,12,'981',1,1),(1171,120,169,12,'990',1,1),(1172,120,170,12,'994',1,1),(1173,120,171,12,'997',1,1),(1174,120,172,12,'1000',1,1),(1175,120,173,12,'1136',1,NULL),(1176,120,174,12,'1138',1,1),(1177,120,175,12,'1013',1,1),(1178,120,176,12,'1017',1,1),(1179,120,177,12,'1019',1,1),(1180,120,178,12,'1021',1,1),(1181,120,179,12,'1023',1,1),(1182,120,180,12,'1025',1,1),(1183,115,1141,10,'1870',1,1),(1184,115,1142,10,'1792',1,NULL),(1185,115,1143,10,'1873',1,1),(1186,115,1144,10,'1881',1,1),(1187,115,1145,10,'1885',1,1),(1188,115,1146,10,'1886',1,1),(1189,115,1147,10,'1888',1,1),(1190,115,1148,10,'1890',1,1),(1191,115,1149,10,'1892',1,1),(1192,115,1150,10,'1894',1,1),(1193,115,1151,10,'1897',1,1),(1194,115,1152,10,'1899',1,1),(1195,115,1154,10,'1900',1,1),(1196,115,1155,10,'1902',1,NULL),(1197,115,1156,10,'1904',1,1),(1198,115,146,11,'831',1,1),(1199,115,147,11,'961',1,1),(1200,115,148,11,'964',1,1),(1201,115,149,11,'922',1,NULL),(1202,115,150,11,'850',1,NULL),(1203,115,151,11,'854',1,1),(1204,115,152,11,'857',1,1),(1205,115,153,11,'859',1,1),(1206,115,154,11,'870',1,1),(1207,115,155,11,'872',1,NULL),(1208,115,156,11,'950',1,1),(1209,115,157,11,'967',1,1),(1210,115,158,11,'928',1,1),(1211,115,159,11,'931',1,1),(1212,115,160,11,'892',1,1),(1213,115,161,11,'940',1,1),(1214,115,162,11,'956',1,1),(1215,115,163,11,'906',1,1),(1216,115,164,11,'907',1,1),(1217,115,165,11,'945',1,1),(1218,115,67,5,'540',1,1),(1219,115,68,5,'544',1,1),(1220,115,69,5,'546',1,1),(1221,115,70,5,'551',1,1),(1222,115,71,5,'553',1,1),(1223,115,72,5,'557',1,1),(1224,115,73,5,'565',1,1),(1225,115,74,5,'569',1,1),(1226,115,75,5,'575',1,1),(1227,115,78,5,'582',1,1),(1228,115,79,5,'588',1,1),(1229,115,80,5,'592',1,1),(1230,115,81,5,'576',1,1),(1231,115,88,5,'596',1,1),(1232,115,89,5,'600',1,1),(1233,114,127,8,'750',1,1),(1234,114,128,8,'753',1,1),(1235,114,129,8,'758',1,NULL),(1236,114,130,8,'768',1,1),(1237,114,131,8,'767',1,1),(1238,114,132,8,'770',1,1),(1239,114,133,8,'773',1,1),(1240,114,134,8,'774',1,1),(1241,114,135,8,'777',1,1),(1242,114,136,8,'782',1,1),(1243,114,591,25,'11910',1,1),(1244,114,592,25,'11915',1,1),(1245,114,593,25,'11919',1,NULL),(1246,114,702,25,'11923',1,1),(1247,114,703,25,'11927',1,1),(1248,114,704,25,'11930',1,1),(1249,114,705,25,'11932',1,1),(1250,114,706,25,'11936',1,1),(1251,114,707,25,'11941',1,1),(1252,114,708,25,'11944',1,NULL),(1253,114,709,25,'11950',1,1),(1254,114,710,25,'11968',1,NULL),(1255,114,711,25,'11956',1,1),(1256,114,712,25,'11959',1,NULL),(1257,114,713,25,'11963',1,1),(1258,114,591,25,'11910',2,1),(1259,114,592,25,'11915',2,1),(1260,114,593,25,'11920',2,1),(1261,114,702,25,'11923',2,1),(1262,114,703,25,'11927',2,1),(1263,114,704,25,'11930',2,1),(1264,114,705,25,'11932',2,1),(1265,114,706,25,'11936',2,1),(1266,114,707,25,'11941',2,1),(1267,114,708,25,'11945',2,1),(1268,114,709,25,'11950',2,1),(1269,114,710,25,'11964',2,NULL),(1270,114,711,25,'11956',2,1),(1271,114,712,25,'11960',2,1),(1272,114,713,25,'11963',2,1),(1273,114,137,9,'785',4,1),(1274,114,138,9,'791',4,1),(1275,114,139,9,'796',4,1),(1276,114,140,9,'798',4,1),(1277,114,141,9,'800',4,1),(1278,114,142,9,'805',4,1),(1279,114,143,9,'11839',4,1),(1280,114,144,9,'819',4,1),(1281,114,145,9,'827',4,1),(1282,114,1131,9,'11861',4,1),(1283,114,1132,9,'11874',4,1),(1284,114,1133,9,'11878',4,1),(1285,114,1134,9,'11886',4,1),(1286,114,1135,9,'11888',4,NULL),(1287,114,1136,9,'11889',4,NULL),(1288,114,1137,9,'11892',4,NULL),(1289,114,1138,9,'11897',4,1),(1290,114,1139,9,'11906',4,1),(1291,114,1140,9,'11901',4,1),(1292,114,201,14,'1141',1,NULL),(1293,114,202,14,'1146',1,1),(1294,114,203,14,'1152',1,1),(1295,114,204,14,'1157',1,1),(1296,114,205,14,'1162',1,1),(1297,114,206,14,'1163',1,1),(1298,114,207,14,'1165',1,1),(1299,114,208,14,'1168',1,NULL),(1300,114,209,14,'1171',1,NULL),(1301,114,210,14,'1179',1,1),(1302,114,201,14,'1145',2,NULL),(1303,114,202,14,'1146',2,1),(1304,114,203,14,'1152',2,1),(1305,114,204,14,'1157',2,1),(1306,114,205,14,'1162',2,1),(1307,114,206,14,'1163',2,1),(1308,114,207,14,'1165',2,1),(1309,114,208,14,'1169',2,1),(1310,114,209,14,'1172',2,NULL),(1311,114,210,14,'1179',2,1),(1312,114,116,7,'694',1,1),(1313,114,117,7,'695',1,NULL),(1314,114,118,7,'702',1,NULL),(1315,114,119,7,'706',1,1),(1316,114,120,7,'711',1,1),(1317,114,121,7,'714',1,1),(1318,114,122,7,'720',1,1),(1319,114,124,7,'726',1,1),(1320,114,125,7,'745',1,1),(1321,114,126,7,'735',1,1),(1322,114,1141,10,'1870',1,1),(1323,114,1142,10,'1792',1,NULL),(1324,114,1143,10,'1873',1,1),(1325,114,1144,10,'1881',1,1),(1326,114,1145,10,'1885',1,1),(1327,114,1146,10,'1886',1,1),(1328,114,1147,10,'1888',1,1),(1329,114,1148,10,'1890',1,1),(1330,114,1149,10,'1892',1,1),(1331,114,1150,10,'1894',1,1),(1332,114,1151,10,'1897',1,1),(1333,114,1152,10,'1899',1,1),(1334,114,1154,10,'1900',1,1),(1335,114,1155,10,'1902',1,NULL),(1336,114,1156,10,'1904',1,1),(1337,114,26,3,'463',1,1),(1338,114,27,3,'465',1,1),(1339,114,28,3,'467',1,1),(1340,114,29,3,'469',1,1),(1341,114,30,3,'471',1,1),(1342,114,31,3,'474',1,1),(1343,114,32,3,'476',1,NULL),(1344,114,33,3,'477',1,1),(1345,114,34,3,'479',1,1),(1346,114,35,3,'485',1,1),(1347,114,36,3,'487',1,1),(1348,114,37,3,'490',1,1),(1349,114,38,3,'500',1,1),(1350,114,39,3,'509',1,NULL),(1351,114,40,3,'511',1,1),(1352,114,41,3,'517',1,NULL),(1353,114,42,3,'533',1,1),(1354,114,47,3,'521',1,1),(1355,114,48,3,'526',1,1),(1356,114,49,3,'532',1,1),(1357,119,181,13,'1199',1,1),(1358,119,182,13,'1201',1,1),(1359,119,183,13,'1209',1,1),(1360,119,184,13,'1045',1,1),(1361,119,185,13,'1213',1,NULL),(1362,119,186,13,'1222',1,1),(1363,119,187,13,'1228',1,1),(1364,119,188,13,'1234',1,1),(1365,119,189,13,'1074',1,NULL),(1366,119,190,13,'1076',1,1),(1367,119,191,13,'1235',1,NULL),(1368,119,192,13,'1084',1,1),(1369,119,193,13,'1090',1,1),(1370,119,194,13,'1274',1,1),(1371,119,195,13,'1271',1,NULL),(1372,119,196,13,'1265',1,NULL),(1373,119,197,13,'1259',1,NULL),(1374,119,198,13,'1256',1,1),(1375,119,199,13,'1249',1,1),(1376,119,200,13,'1243',1,1),(1377,119,181,13,'1199',2,1),(1378,119,182,13,'1201',2,1),(1379,119,183,13,'1209',2,1),(1380,119,184,13,'1045',2,1),(1381,119,185,13,'1212',2,1),(1382,119,186,13,'1222',2,1),(1383,119,187,13,'1228',2,1),(1384,119,188,13,'1234',2,1),(1385,119,189,13,'1072',2,1),(1386,119,190,13,'1076',2,1),(1387,119,191,13,'1236',2,1),(1388,119,192,13,'1084',2,1),(1389,119,193,13,'1090',2,1),(1390,119,194,13,'1274',2,1),(1391,119,195,13,'1267',2,1),(1392,119,196,13,'1263',2,1),(1393,119,197,13,'1261',2,1),(1394,119,198,13,'1256',2,1),(1395,119,199,13,'1249',2,1),(1396,119,200,13,'1243',2,1),(1397,119,201,14,'1141',1,NULL),(1398,119,202,14,'1146',1,1),(1399,119,203,14,'1152',1,1),(1400,119,204,14,'1157',1,1),(1401,119,205,14,'1162',1,1),(1402,119,206,14,'1163',1,1),(1403,119,207,14,'1167',1,NULL),(1404,119,208,14,'1169',1,1),(1405,119,209,14,'1174',1,1),(1406,119,210,14,'1179',1,1),(1407,119,116,7,'694',1,1),(1408,119,117,7,'698',1,NULL),(1409,119,118,7,'703',1,1),(1410,119,119,7,'706',1,1),(1411,119,120,7,'711',1,1),(1412,119,122,7,'718',1,NULL),(1413,119,124,7,'726',1,1),(1414,119,125,7,'745',1,1),(1415,119,126,7,'735',1,1),(1416,119,116,7,'694',2,1),(1417,119,117,7,'697',2,1),(1418,119,118,7,'704',2,NULL),(1419,119,119,7,'706',2,1),(1420,119,120,7,'711',2,1),(1421,119,121,7,'714',2,1),(1422,119,122,7,'720',2,1),(1423,119,124,7,'726',2,1),(1424,119,125,7,'745',2,1),(1425,119,126,7,'735',2,1),(1426,111,211,15,'1180',1,1),(1427,111,212,15,'1185',1,1),(1428,111,213,15,'1189',1,1),(1429,111,214,15,'1191',1,NULL),(1430,111,215,15,'1194',1,NULL),(1431,111,211,15,'1180',2,1),(1432,111,212,15,'1185',2,1),(1433,111,213,15,'1189',2,1),(1434,111,214,15,'1192',2,1),(1435,111,215,15,'1193',2,1),(1436,111,116,7,'694',1,1),(1437,111,117,7,'695',1,NULL),(1438,111,118,7,'703',1,1),(1439,111,119,7,'706',1,1),(1440,111,120,7,'711',1,1),(1441,111,121,7,'714',1,1),(1442,111,122,7,'720',1,1),(1443,111,124,7,'726',1,1),(1444,111,125,7,'745',1,1),(1445,111,126,7,'735',1,1),(1446,111,1141,10,'1871',1,NULL),(1447,111,1142,10,'1792',1,NULL),(1448,111,1143,10,'1873',1,1),(1449,111,1144,10,'1880',1,NULL),(1450,111,1145,10,'1885',1,1),(1451,111,1146,10,'1886',1,1),(1452,111,1147,10,'1888',1,1),(1453,111,1148,10,'1890',1,1),(1454,111,1149,10,'1893',1,NULL),(1455,111,1150,10,'1895',1,NULL),(1456,111,1151,10,'1897',1,1),(1457,111,1152,10,'1899',1,1),(1458,111,1154,10,'1900',1,1),(1459,111,1155,10,'1902',1,NULL),(1460,111,1156,10,'1904',1,1),(1461,111,1141,10,'1870',2,1),(1462,111,1142,10,'1791',2,NULL),(1463,111,1143,10,'1873',2,1),(1464,111,1144,10,'1881',2,1),(1465,111,1145,10,'1885',2,1),(1466,111,1146,10,'1886',2,1),(1467,111,1147,10,'1888',2,1),(1468,111,1148,10,'1890',2,1),(1469,111,1149,10,'1892',2,1),(1470,111,1150,10,'1894',2,1),(1471,111,1151,10,'1897',2,1),(1472,111,1152,10,'1899',2,1),(1473,111,1154,10,'1900',2,1),(1474,111,1155,10,'1902',2,NULL),(1475,111,1156,10,'1904',2,1),(1476,119,127,8,'750',1,1),(1477,119,128,8,'753',1,1),(1478,119,129,8,'756',1,NULL),(1479,119,130,8,'768',1,1),(1480,119,131,8,'767',1,1),(1481,119,132,8,'770',1,1),(1482,119,133,8,'773',1,1),(1483,119,134,8,'775',1,NULL),(1484,119,135,8,'777',1,1),(1485,119,136,8,'782',1,1),(1486,115,211,15,'1180',1,1),(1487,115,212,15,'1185',1,1),(1488,115,213,15,'1189',1,1),(1489,115,214,15,'1192',1,1),(1490,115,215,15,'1194',1,NULL),(1491,115,181,13,'1199',1,1),(1492,115,182,13,'1201',1,1),(1493,115,183,13,'1209',1,1),(1494,115,184,13,'1045',1,1),(1495,115,185,13,'1212',1,1),(1496,115,186,13,'1222',1,1),(1497,115,187,13,'1228',1,1),(1498,115,188,13,'1234',1,1),(1499,115,189,13,'1072',1,1),(1500,115,190,13,'1076',1,1),(1501,115,191,13,'1235',1,NULL),(1502,115,192,13,'1084',1,1),(1503,115,193,13,'1090',1,1),(1504,115,194,13,'1274',1,1),(1505,115,195,13,'1267',1,1),(1506,115,196,13,'1263',1,1),(1507,115,197,13,'1261',1,1),(1508,115,198,13,'1256',1,1),(1509,115,199,13,'1249',1,1),(1510,115,200,13,'1245',1,NULL),(1511,118,146,11,'831',1,1),(1512,118,147,11,'961',1,1),(1513,118,148,11,'964',1,1),(1514,118,149,11,'922',1,NULL),(1515,118,150,11,'849',1,1),(1516,118,151,11,'854',1,1),(1517,118,152,11,'857',1,1),(1518,118,153,11,'859',1,1),(1519,118,154,11,'870',1,1),(1520,118,155,11,'873',1,1),(1521,118,156,11,'950',1,1),(1522,118,157,11,'967',1,1),(1523,118,158,11,'928',1,1),(1524,118,159,11,'931',1,1),(1525,118,160,11,'892',1,1),(1526,118,161,11,'940',1,1),(1527,118,162,11,'956',1,1),(1528,118,163,11,'906',1,1),(1529,118,164,11,'907',1,1),(1530,118,165,11,'945',1,1),(1531,118,166,12,'971',1,1),(1532,118,167,12,'984',1,1),(1533,118,168,12,'981',1,1),(1534,118,169,12,'990',1,1),(1535,118,170,12,'994',1,1),(1536,118,171,12,'997',1,1),(1537,118,172,12,'1000',1,1),(1538,118,173,12,'1134',1,1),(1539,118,174,12,'1138',1,1),(1540,118,175,12,'1013',1,1),(1541,118,176,12,'1017',1,1),(1542,118,177,12,'1019',1,1),(1543,118,178,12,'1021',1,1),(1544,118,179,12,'1023',1,1),(1545,118,180,12,'1025',1,1),(1546,118,211,15,'1180',1,1),(1547,118,212,15,'1185',1,1),(1548,118,213,15,'1189',1,1),(1549,118,214,15,'1192',1,1),(1550,118,215,15,'1193',1,1),(1551,120,211,15,'1180',1,1),(1552,120,212,15,'1185',1,1),(1553,120,213,15,'1189',1,1),(1554,120,214,15,'1192',1,1),(1555,120,215,15,'1193',1,1),(1556,120,181,13,'1199',1,1),(1557,120,182,13,'1201',1,1),(1558,120,183,13,'1209',1,1),(1559,120,184,13,'1045',1,1),(1560,120,185,13,'1212',1,1),(1561,120,186,13,'1222',1,1),(1562,120,187,13,'1228',1,1),(1563,120,188,13,'1234',1,1),(1564,120,189,13,'1072',1,1),(1565,120,190,13,'1076',1,1),(1566,120,191,13,'1236',1,1),(1567,120,192,13,'1084',1,1),(1568,120,193,13,'1090',1,1),(1569,120,194,13,'1274',1,1),(1570,120,196,13,'1263',1,1),(1571,120,197,13,'1261',1,1),(1572,120,198,13,'1256',1,1),(1573,120,199,13,'1249',1,1),(1574,120,200,13,'1243',1,1),(1575,115,166,12,'974',1,NULL),(1576,115,167,12,'984',1,1),(1577,115,168,12,'981',1,1),(1578,115,169,12,'990',1,1),(1579,115,170,12,'994',1,1),(1580,115,171,12,'997',1,1),(1581,115,172,12,'1000',1,1),(1582,115,173,12,'1134',1,1),(1583,115,174,12,'1138',1,1),(1584,115,175,12,'1013',1,1),(1585,115,176,12,'1017',1,1),(1586,115,177,12,'1019',1,1),(1587,115,178,12,'1021',1,1),(1588,115,179,12,'1023',1,1),(1589,115,180,12,'1025',1,1),(1590,115,201,14,'1145',1,NULL),(1591,115,202,14,'1146',1,1),(1592,115,203,14,'1149',1,NULL),(1593,115,205,14,'1162',1,1),(1594,115,206,14,'1163',1,1),(1595,115,207,14,'1165',1,1),(1596,115,209,14,'1174',1,1),(1597,115,210,14,'1179',1,1),(1598,115,201,14,'1141',2,NULL),(1599,115,202,14,'1146',2,1),(1600,115,203,14,'1152',2,1),(1601,115,204,14,'1157',2,1),(1602,115,205,14,'1162',2,1),(1603,115,206,14,'1163',2,1),(1604,115,207,14,'1165',2,1),(1605,115,208,14,'1169',2,1),(1606,115,209,14,'1174',2,1),(1607,115,210,14,'1179',2,1),(1608,115,116,7,'694',1,1),(1609,115,117,7,'697',1,1),(1610,115,118,7,'703',1,1),(1611,115,119,7,'706',1,1),(1612,115,120,7,'711',1,1),(1613,115,121,7,'714',1,1),(1614,115,122,7,'718',1,NULL),(1615,115,124,7,'726',1,1),(1616,115,125,7,'745',1,1),(1617,115,126,7,'735',1,1),(1618,115,26,3,'463',1,1),(1619,115,27,3,'465',1,1),(1620,115,28,3,'467',1,1),(1621,115,29,3,'469',1,1),(1622,115,30,3,'471',1,1),(1623,115,31,3,'474',1,1),(1624,115,32,3,'475',1,1),(1625,115,33,3,'477',1,1),(1626,115,34,3,'479',1,1),(1627,115,35,3,'485',1,1),(1628,115,36,3,'487',1,1),(1629,115,37,3,'490',1,1),(1630,115,38,3,'500',1,1),(1631,115,39,3,'508',1,1),(1632,115,40,3,'511',1,1),(1633,115,41,3,'515',1,1),(1634,115,42,3,'533',1,1),(1635,115,47,3,'521',1,1),(1636,115,48,3,'526',1,1),(1637,115,49,3,'532',1,1),(1638,115,26,3,'463',2,1),(1639,115,27,3,'465',2,1),(1640,115,28,3,'467',2,1),(1641,115,29,3,'469',2,1),(1642,115,30,3,'471',2,1),(1643,115,31,3,'474',2,1),(1644,115,32,3,'475',2,1),(1645,115,33,3,'477',2,1),(1646,115,34,3,'479',2,1),(1647,115,35,3,'485',2,1),(1648,115,36,3,'487',2,1),(1649,115,37,3,'490',2,1),(1650,115,38,3,'500',2,1),(1651,115,39,3,'508',2,1),(1652,115,40,3,'511',2,1),(1653,115,41,3,'515',2,1),(1654,115,42,3,'533',2,1),(1655,115,47,3,'521',2,1),(1656,115,48,3,'526',2,1),(1657,115,49,3,'532',2,1),(1658,115,127,8,'750',1,1),(1659,115,128,8,'753',1,1),(1660,115,129,8,'759',1,1),(1661,115,130,8,'768',1,1),(1662,115,131,8,'767',1,1),(1663,115,132,8,'770',1,1),(1664,115,133,8,'773',1,1),(1665,115,134,8,'774',1,1),(1666,115,135,8,'777',1,1),(1667,115,136,8,'782',1,1),(1668,115,137,9,'785',1,1),(1669,115,138,9,'791',1,1),(1670,115,139,9,'796',1,1),(1671,115,140,9,'798',1,1),(1672,115,141,9,'801',1,NULL),(1673,115,142,9,'803',1,NULL),(1674,115,143,9,'11836',1,NULL),(1675,115,144,9,'819',1,1),(1676,115,145,9,'826',1,NULL),(1677,115,1131,9,'11861',1,1),(1678,115,1132,9,'11874',1,1),(1679,115,1133,9,'11878',1,1),(1680,115,1134,9,'11886',1,1),(1681,115,1135,9,'11888',1,NULL),(1682,115,1136,9,'11890',1,1),(1683,115,1137,9,'11895',1,NULL),(1684,115,1138,9,'11897',1,1),(1685,115,1139,9,'11906',1,1),(1686,115,1140,9,'11901',1,1),(1687,115,137,9,'785',2,1),(1688,115,138,9,'791',2,1),(1689,115,139,9,'796',2,1),(1690,115,140,9,'798',2,1),(1691,115,141,9,'800',2,1),(1692,115,142,9,'805',2,1),(1693,115,143,9,'11839',2,1),(1694,115,144,9,'818',2,NULL),(1695,115,145,9,'827',2,1),(1696,115,1131,9,'11861',2,1),(1697,115,1132,9,'11874',2,1),(1698,115,1133,9,'11878',2,1),(1699,115,1134,9,'11886',2,1),(1700,115,1135,9,'11887',2,1),(1701,115,1136,9,'11890',2,1),(1702,115,1137,9,'11894',2,1),(1703,115,1138,9,'11897',2,1),(1704,115,1139,9,'11906',2,1),(1705,115,1140,9,'11901',2,1),(1706,112,166,12,'971',1,1),(1707,112,167,12,'983',1,NULL),(1708,112,168,12,'981',1,1),(1709,112,169,12,'989',1,NULL),(1710,112,170,12,'994',1,1),(1711,112,171,12,'997',1,1),(1712,112,172,12,'1000',1,1),(1713,112,173,12,'1136',1,NULL),(1714,112,174,12,'1138',1,1),(1715,112,175,12,'1013',1,1),(1716,112,176,12,'1017',1,1),(1717,112,177,12,'1019',1,1),(1718,112,178,12,'1021',1,1),(1719,112,179,12,'1024',1,NULL),(1720,112,180,12,'1025',1,1),(1721,112,166,12,'971',2,1),(1722,112,167,12,'984',2,1),(1723,112,168,12,'981',2,1),(1724,112,169,12,'990',2,1),(1725,112,170,12,'994',2,1),(1726,112,171,12,'997',2,1),(1727,112,172,12,'1000',2,1),(1728,112,173,12,'1134',2,1),(1729,112,174,12,'1138',2,1),(1730,112,175,12,'1013',2,1),(1731,112,176,12,'1017',2,1),(1732,112,177,12,'1019',2,1),(1733,112,178,12,'1021',2,1),(1734,112,179,12,'1023',2,1),(1735,112,180,12,'1025',2,1),(1736,112,211,15,'1180',1,1),(1737,112,212,15,'1183',1,NULL),(1738,112,213,15,'1189',1,1),(1739,112,214,15,'1192',1,1),(1740,112,215,15,'1193',1,1),(1741,112,181,13,'1199',1,1),(1742,112,182,13,'1201',1,1),(1743,112,183,13,'1209',1,1),(1744,112,184,13,'1045',1,1),(1745,112,185,13,'1212',1,1),(1746,112,186,13,'1222',1,1),(1747,112,187,13,'1228',1,1),(1748,112,188,13,'1233',1,NULL),(1749,112,189,13,'1072',1,1),(1750,112,190,13,'1076',1,1),(1751,112,191,13,'1235',1,NULL),(1752,112,192,13,'1084',1,1),(1753,112,193,13,'1090',1,1),(1754,112,194,13,'1272',1,NULL),(1755,112,195,13,'1269',1,NULL),(1756,112,196,13,'1263',1,1),(1757,112,197,13,'1259',1,NULL),(1758,112,198,13,'1256',1,1),(1759,112,199,13,'1248',1,NULL),(1760,112,200,13,'1245',1,NULL),(1761,112,181,13,'1199',2,1),(1762,112,182,13,'1201',2,1),(1763,112,183,13,'1209',2,1),(1764,112,184,13,'1045',2,1),(1765,112,185,13,'1212',2,1),(1766,112,186,13,'1222',2,1),(1767,112,187,13,'1228',2,1),(1768,112,188,13,'1234',2,1),(1769,112,189,13,'1072',2,1),(1770,112,190,13,'1076',2,1),(1771,112,191,13,'1236',2,1),(1772,112,192,13,'1084',2,1),(1773,112,193,13,'1090',2,1),(1774,112,194,13,'1274',2,1),(1775,112,195,13,'1267',2,1),(1776,112,196,13,'1263',2,1),(1777,112,197,13,'1261',2,1),(1778,112,198,13,'1255',2,NULL),(1779,112,199,13,'1249',2,1),(1780,112,200,13,'1243',2,1),(1781,119,1141,10,'1870',1,1),(1782,119,1142,10,'1792',1,NULL),(1783,119,1143,10,'1873',1,1),(1784,119,1144,10,'1881',1,1),(1785,119,1145,10,'1885',1,1),(1786,119,1146,10,'1886',1,1),(1787,119,1147,10,'1889',1,NULL),(1788,119,1148,10,'1890',1,1),(1789,119,1149,10,'1893',1,NULL),(1790,119,1150,10,'1894',1,1),(1791,119,1151,10,'1897',1,1),(1792,119,1152,10,'1899',1,1),(1793,119,1154,10,'1900',1,1),(1794,119,1155,10,'1902',1,NULL),(1795,119,1156,10,'1905',1,NULL),(1796,116,67,5,'540',1,1),(1797,116,68,5,'544',1,1),(1798,116,69,5,'546',1,1),(1799,116,70,5,'551',1,1),(1800,116,71,5,'554',1,NULL),(1801,116,72,5,'558',1,NULL),(1802,116,73,5,'561',1,NULL),(1803,116,74,5,'569',1,1),(1804,116,75,5,'575',1,1),(1805,116,78,5,'583',1,NULL),(1806,116,79,5,'588',1,1),(1807,116,80,5,'592',1,1),(1808,116,81,5,'576',1,1),(1809,116,88,5,'597',1,NULL),(1810,116,89,5,'600',1,1),(1811,119,1141,10,'1870',2,1),(1812,119,1142,10,'1792',2,NULL),(1813,119,1143,10,'1873',2,1),(1814,119,1144,10,'1881',2,1),(1815,119,1145,10,'1885',2,1),(1816,119,1146,10,'1886',2,1),(1817,119,1147,10,'1888',2,1),(1818,119,1148,10,'1890',2,1),(1819,119,1149,10,'1892',2,1),(1820,119,1150,10,'1894',2,1),(1821,119,1151,10,'1897',2,1),(1822,119,1152,10,'1899',2,1),(1823,119,1154,10,'1900',2,1),(1824,119,1155,10,'1903',2,1),(1825,119,1156,10,'1904',2,1),(1826,116,67,5,'540',2,1),(1827,116,68,5,'544',2,1),(1828,116,69,5,'548',2,NULL),(1829,116,70,5,'552',2,NULL),(1830,116,71,5,'553',2,1),(1831,116,72,5,'557',2,1),(1832,116,73,5,'565',2,1),(1833,116,74,5,'569',2,1),(1834,116,75,5,'575',2,1),(1835,116,78,5,'582',2,1),(1836,116,79,5,'588',2,1),(1837,116,80,5,'592',2,1),(1838,116,81,5,'579',2,NULL),(1839,116,88,5,'597',2,NULL),(1840,116,89,5,'600',2,1),(1841,116,67,5,'540',3,1),(1842,116,68,5,'544',3,1),(1843,116,69,5,'548',3,NULL),(1844,116,70,5,'551',3,1),(1845,116,71,5,'553',3,1),(1846,116,72,5,'557',3,1),(1847,116,73,5,'565',3,1),(1848,116,74,5,'569',3,1),(1849,116,75,5,'574',3,NULL),(1850,116,78,5,'582',3,1),(1851,116,79,5,'588',3,1),(1852,116,80,5,'592',3,1),(1853,116,81,5,'579',3,NULL),(1854,116,88,5,'597',3,NULL),(1855,116,89,5,'600',3,1),(1856,116,67,5,'540',4,1),(1857,116,68,5,'544',4,1),(1858,116,69,5,'548',4,NULL),(1859,116,70,5,'551',4,1),(1860,116,71,5,'554',4,NULL),(1861,116,72,5,'558',4,NULL),(1862,116,73,5,'561',4,NULL),(1863,116,74,5,'569',4,1),(1864,116,75,5,'574',4,NULL),(1865,116,78,5,'583',4,NULL),(1866,116,79,5,'588',4,1),(1867,116,80,5,'592',4,1),(1868,116,81,5,'579',4,NULL),(1869,116,88,5,'596',4,1),(1870,116,89,5,'600',4,1),(1871,116,67,5,'540',5,1),(1872,116,68,5,'544',5,1),(1873,116,69,5,'548',5,NULL),(1874,116,70,5,'551',5,1),(1875,116,71,5,'553',5,1),(1876,116,72,5,'557',5,1),(1877,116,73,5,'565',5,1),(1878,116,74,5,'569',5,1),(1879,116,75,5,'574',5,NULL),(1880,116,78,5,'583',5,NULL),(1881,116,79,5,'588',5,1),(1882,116,80,5,'592',5,1),(1883,116,81,5,'579',5,NULL),(1884,116,88,5,'596',5,1),(1885,116,89,5,'600',5,1),(1886,116,67,5,'540',6,1),(1887,116,68,5,'544',6,1),(1888,116,69,5,'546',6,1),(1889,116,70,5,'551',6,1),(1890,116,71,5,'553',6,1),(1891,116,72,5,'557',6,1),(1892,116,73,5,'565',6,1),(1893,116,74,5,'569',6,1),(1894,116,75,5,'575',6,1),(1895,116,78,5,'582',6,1),(1896,116,79,5,'588',6,1),(1897,116,80,5,'592',6,1),(1898,116,81,5,'576',6,1),(1899,116,88,5,'596',6,1),(1900,116,89,5,'600',6,1),(1901,121,53,4,'296',1,1),(1902,121,54,4,'449',1,1),(1903,121,55,4,'300',1,1),(1904,121,57,4,'452',1,1),(1905,121,58,4,'414',1,1),(1906,121,59,4,'419',1,1),(1907,121,60,4,'325',1,1),(1908,121,61,4,'425',1,1),(1909,121,62,4,'327',1,1),(1910,121,63,4,'332',1,NULL),(1911,121,64,4,'333',1,1),(1912,121,65,4,'455',1,NULL),(1913,121,82,4,'343',1,1),(1914,121,83,4,'347',1,1),(1915,121,85,4,'459',1,1),(1916,121,116,7,'694',1,1),(1917,121,117,7,'695',1,NULL),(1918,121,118,7,'704',1,NULL),(1919,121,119,7,'706',1,1),(1920,121,120,7,'711',1,1),(1921,121,121,7,'714',1,1),(1922,121,122,7,'720',1,1),(1923,121,124,7,'726',1,1),(1924,121,125,7,'745',1,1),(1925,121,126,7,'735',1,1),(1926,121,1141,10,'1870',1,1),(1927,121,1142,10,'1792',1,NULL),(1928,121,1143,10,'1874',1,NULL),(1929,121,1144,10,'1881',1,1),(1930,121,1145,10,'1885',1,1),(1931,121,1146,10,'1886',1,1),(1932,121,1147,10,'1888',1,1),(1933,121,1148,10,'1891',1,NULL),(1934,121,1149,10,'1892',1,1),(1935,121,1150,10,'1894',1,1),(1936,121,1151,10,'1897',1,1),(1937,121,1152,10,'1899',1,1),(1938,121,1154,10,'1900',1,1),(1939,121,1155,10,'1902',1,NULL),(1940,121,1156,10,'1904',1,1),(1941,116,146,11,'834',1,NULL),(1942,116,147,11,'961',1,1),(1943,116,148,11,'964',1,1),(1944,116,149,11,'922',1,NULL),(1945,116,150,11,'850',1,NULL),(1946,116,151,11,'854',1,1),(1947,116,152,11,'857',1,1),(1948,116,153,11,'860',1,NULL),(1949,116,154,11,'870',1,1),(1950,116,155,11,'873',1,1),(1951,116,156,11,'950',1,1),(1952,116,157,11,'970',1,NULL),(1953,116,158,11,'930',1,NULL),(1954,116,159,11,'932',1,NULL),(1955,116,160,11,'893',1,NULL),(1956,116,161,11,'940',1,1),(1957,116,162,11,'957',1,NULL),(1958,116,163,11,'904',1,NULL),(1959,116,164,11,'908',1,NULL),(1960,116,165,11,'944',1,NULL),(1961,112,201,14,'1142',1,1),(1962,112,202,14,'1146',1,1),(1963,112,203,14,'1149',1,NULL),(1964,112,204,14,'1157',1,1),(1965,112,205,14,'1160',1,NULL),(1966,112,206,14,'1163',1,1),(1967,112,207,14,'1167',1,NULL),(1968,112,208,14,'1169',1,1),(1969,112,209,14,'1174',1,1),(1970,112,210,14,'1179',1,1),(1971,112,201,14,'1142',2,1),(1972,112,202,14,'1146',2,1),(1973,112,203,14,'1152',2,1),(1974,112,204,14,'1157',2,1),(1975,112,205,14,'1162',2,1),(1976,112,206,14,'1163',2,1),(1977,112,207,14,'1165',2,1),(1978,112,208,14,'1169',2,1),(1979,112,209,14,'1174',2,1),(1980,112,210,14,'1179',2,1),(1981,116,146,11,'831',2,1),(1982,116,147,11,'961',2,1),(1983,116,148,11,'964',2,1),(1984,116,149,11,'920',2,1),(1985,116,150,11,'849',2,1),(1986,116,151,11,'854',2,1),(1987,116,152,11,'857',2,1),(1988,116,153,11,'859',2,1),(1989,116,154,11,'870',2,1),(1990,116,155,11,'873',2,1),(1991,116,156,11,'950',2,1),(1992,116,157,11,'967',2,1),(1993,116,158,11,'928',2,1),(1994,116,159,11,'931',2,1),(1995,116,160,11,'892',2,1),(1996,116,161,11,'941',2,NULL),(1997,116,162,11,'956',2,1),(1998,116,163,11,'906',2,1),(1999,116,164,11,'910',2,NULL),(2000,116,165,11,'945',2,1),(2001,112,116,7,'694',1,1),(2002,112,117,7,'698',1,NULL),(2003,112,118,7,'703',1,1),(2004,112,119,7,'706',1,1),(2005,112,120,7,'711',1,1),(2006,112,121,7,'715',1,NULL),(2007,112,122,7,'718',1,NULL),(2008,112,124,7,'726',1,1),(2009,112,125,7,'745',1,1),(2010,112,126,7,'734',1,NULL),(2011,112,116,7,'694',2,1),(2012,112,117,7,'697',2,1),(2013,112,118,7,'703',2,1),(2014,112,119,7,'706',2,1),(2015,112,120,7,'711',2,1),(2016,112,121,7,'714',2,1),(2017,112,122,7,'720',2,1),(2018,112,124,7,'726',2,1),(2019,112,125,7,'745',2,1),(2020,112,126,7,'735',2,1),(2021,118,181,13,'1199',1,1),(2022,118,182,13,'1201',1,1),(2023,118,183,13,'1209',1,1),(2024,118,184,13,'1045',1,1),(2025,118,185,13,'1212',1,1),(2026,118,186,13,'1222',1,1),(2027,118,187,13,'1228',1,1),(2028,118,188,13,'1234',1,1),(2029,118,189,13,'1072',1,1),(2030,118,190,13,'1076',1,1),(2031,118,191,13,'1236',1,1),(2032,118,192,13,'1084',1,1),(2033,118,193,13,'1090',1,1),(2034,118,194,13,'1274',1,1),(2035,118,195,13,'1267',1,1),(2036,118,196,13,'1263',1,1),(2037,118,197,13,'1261',1,1),(2038,118,198,13,'1256',1,1),(2039,118,199,13,'1249',1,1),(2040,118,200,13,'1243',1,1),(2041,118,201,14,'1145',1,NULL),(2042,118,202,14,'1146',1,1),(2043,118,203,14,'1152',1,1),(2044,118,204,14,'1157',1,1),(2045,118,205,14,'1162',1,1),(2046,118,206,14,'1163',1,1),(2047,118,207,14,'1165',1,1),(2048,118,208,14,'1169',1,1),(2049,118,209,14,'1174',1,1),(2050,118,210,14,'1179',1,1),(2051,112,128,8,'753',1,1),(2052,112,129,8,'758',1,NULL),(2053,112,130,8,'769',1,NULL),(2054,112,131,8,'766',1,NULL),(2055,112,132,8,'770',1,1),(2056,112,133,8,'772',1,NULL),(2057,112,134,8,'775',1,NULL),(2058,112,135,8,'776',1,NULL),(2059,112,136,8,'778',1,NULL),(2060,112,127,8,'750',2,1),(2061,112,128,8,'753',2,1),(2062,112,129,8,'759',2,1),(2063,112,130,8,'768',2,1),(2064,112,131,8,'767',2,1),(2065,112,132,8,'770',2,1),(2066,112,133,8,'773',2,1),(2067,112,134,8,'774',2,1),(2068,112,135,8,'777',2,1),(2069,112,136,8,'782',2,1),(2070,113,146,11,'831',1,1),(2071,113,147,11,'959',1,NULL),(2072,113,148,11,'964',1,1),(2073,113,150,11,'849',1,1),(2074,113,151,11,'854',1,1),(2075,113,152,11,'857',1,1),(2076,113,153,11,'859',1,1),(2077,113,154,11,'870',1,1),(2078,113,155,11,'872',1,NULL),(2079,113,156,11,'950',1,1),(2080,113,157,11,'967',1,1),(2081,113,158,11,'930',1,NULL),(2082,113,159,11,'931',1,1),(2083,113,160,11,'892',1,1),(2084,113,161,11,'940',1,1),(2085,113,162,11,'956',1,1),(2086,113,163,11,'906',1,1),(2087,113,164,11,'907',1,1),(2088,113,165,11,'945',1,1),(2089,113,166,12,'971',1,1),(2090,113,167,12,'984',1,1),(2091,113,168,12,'981',1,1),(2092,113,169,12,'990',1,1),(2093,113,170,12,'994',1,1),(2094,113,171,12,'997',1,1),(2095,113,172,12,'1000',1,1),(2096,113,173,12,'1134',1,1),(2097,113,174,12,'1138',1,1),(2098,113,175,12,'1013',1,1),(2099,113,176,12,'1017',1,1),(2100,113,177,12,'1019',1,1),(2101,113,178,12,'1021',1,1),(2102,113,179,12,'1023',1,1),(2103,113,180,12,'1025',1,1),(2104,112,1141,10,'1869',1,NULL),(2105,112,1142,10,'1790',1,NULL),(2106,112,1143,10,'1875',1,NULL),(2107,112,1144,10,'1878',1,NULL),(2108,112,1145,10,'1885',1,1),(2109,112,1146,10,'1887',1,NULL),(2110,112,1147,10,'1888',1,1),(2111,112,1148,10,'1890',1,1),(2112,112,1149,10,'1893',1,NULL),(2113,112,1150,10,'1894',1,1),(2114,112,1151,10,'1897',1,1),(2115,112,1152,10,'1898',1,NULL),(2116,112,1154,10,'1900',1,1),(2117,112,1155,10,'1902',1,NULL),(2118,112,1156,10,'1905',1,NULL),(2119,112,1141,10,'1870',2,1),(2120,112,1142,10,'1792',2,NULL),(2121,112,1143,10,'1873',2,1),(2122,112,1144,10,'1881',2,1),(2123,112,1145,10,'1885',2,1),(2124,112,1146,10,'1886',2,1),(2125,112,1147,10,'1888',2,1),(2126,112,1148,10,'1890',2,1),(2127,112,1149,10,'1892',2,1),(2128,112,1150,10,'1894',2,1),(2129,112,1151,10,'1897',2,1),(2130,112,1152,10,'1899',2,1),(2131,112,1154,10,'1900',2,1),(2132,112,1155,10,'1903',2,1),(2133,112,1156,10,'1904',2,1),(2134,121,146,11,'834',1,NULL),(2135,121,147,11,'961',1,1),(2136,121,149,11,'922',1,NULL),(2137,121,150,11,'850',1,NULL),(2138,121,151,11,'851',1,NULL),(2139,121,152,11,'857',1,1),(2140,121,153,11,'859',1,1),(2141,121,154,11,'870',1,1),(2142,121,155,11,'873',1,1),(2143,121,156,11,'950',1,1),(2144,121,157,11,'967',1,1),(2145,121,158,11,'928',1,1),(2146,121,159,11,'931',1,1),(2147,121,160,11,'894',1,NULL),(2148,121,161,11,'941',1,NULL),(2149,121,162,11,'955',1,NULL),(2150,121,163,11,'906',1,1),(2151,121,164,11,'910',1,NULL),(2152,121,165,11,'944',1,NULL),(2153,112,26,3,'463',1,1),(2154,112,27,3,'465',1,1),(2155,112,28,3,'467',1,1),(2156,112,29,3,'469',1,1),(2157,112,30,3,'471',1,1),(2158,112,31,3,'474',1,1),(2159,112,32,3,'476',1,NULL),(2160,112,33,3,'477',1,1),(2161,112,34,3,'479',1,1),(2162,112,35,3,'485',1,1),(2163,112,36,3,'487',1,1),(2164,112,37,3,'492',1,NULL),(2165,112,38,3,'500',1,1),(2166,112,39,3,'508',1,1),(2167,112,40,3,'511',1,1),(2168,112,41,3,'516',1,NULL),(2169,112,42,3,'534',1,NULL),(2170,112,47,3,'521',1,1),(2171,112,48,3,'526',1,1),(2172,112,49,3,'530',1,NULL),(2173,112,26,3,'463',2,1),(2174,112,27,3,'465',2,1),(2175,112,28,3,'467',2,1),(2176,112,29,3,'469',2,1),(2177,112,30,3,'471',2,1),(2178,112,31,3,'474',2,1),(2179,112,32,3,'475',2,1),(2180,112,33,3,'477',2,1),(2181,112,34,3,'479',2,1),(2182,112,35,3,'485',2,1),(2183,112,36,3,'487',2,1),(2184,112,37,3,'490',2,1),(2185,112,38,3,'500',2,1),(2186,112,39,3,'508',2,1),(2187,112,40,3,'511',2,1),(2188,112,41,3,'515',2,1),(2189,112,42,3,'533',2,1),(2190,112,47,3,'521',2,1),(2191,112,48,3,'526',2,1),(2192,112,49,3,'532',2,1),(2193,122,53,4,'296',1,1),(2194,122,54,4,'449',1,1),(2195,122,55,4,'300',1,1),(2196,122,57,4,'452',1,1),(2197,122,58,4,'412',1,NULL),(2198,122,59,4,'419',1,1),(2199,122,60,4,'325',1,1),(2200,122,61,4,'425',1,1),(2201,122,62,4,'327',1,1),(2202,122,63,4,'331',1,1),(2203,122,64,4,'333',1,1),(2204,122,65,4,'458',1,1),(2205,122,82,4,'343',1,1),(2206,122,83,4,'347',1,1),(2207,122,85,4,'459',1,1),(2208,122,67,5,'540',1,1),(2209,122,68,5,'544',1,1),(2210,122,69,5,'546',1,1),(2211,122,70,5,'551',1,1),(2212,122,71,5,'553',1,1),(2213,122,72,5,'557',1,1),(2214,122,73,5,'565',1,1),(2215,122,74,5,'569',1,1),(2216,122,78,5,'583',1,NULL),(2217,122,79,5,'588',1,1),(2218,122,80,5,'592',1,1),(2219,122,81,5,'576',1,1),(2220,122,88,5,'596',1,1),(2221,122,89,5,'600',1,1),(2222,111,166,12,'972',1,NULL),(2223,111,167,12,'984',1,1),(2224,111,168,12,'979',1,NULL),(2225,111,169,12,'990',1,1),(2226,111,170,12,'994',1,1),(2227,111,171,12,'995',1,NULL),(2228,111,172,12,'1000',1,1),(2229,111,173,12,'1136',1,NULL),(2230,111,174,12,'1140',1,NULL),(2231,111,175,12,'1013',1,1),(2232,111,176,12,'1017',1,1),(2233,111,177,12,'1019',1,1),(2234,111,178,12,'1021',1,1),(2235,111,179,12,'1023',1,1),(2236,111,180,12,'1025',1,1),(2237,111,166,12,'971',2,1),(2238,111,167,12,'984',2,1),(2239,111,168,12,'981',2,1),(2240,111,169,12,'990',2,1),(2241,111,170,12,'994',2,1),(2242,111,171,12,'997',2,1),(2243,111,173,12,'1134',2,1),(2244,111,174,12,'1138',2,1),(2245,111,175,12,'1013',2,1),(2246,111,176,12,'1017',2,1),(2247,111,177,12,'1019',2,1),(2248,111,178,12,'1021',2,1),(2249,111,179,12,'1023',2,1),(2250,111,180,12,'1025',2,1),(2251,111,127,8,'750',1,1),(2252,111,128,8,'754',1,NULL),(2253,111,129,8,'758',1,NULL),(2254,111,130,8,'768',1,1),(2255,111,131,8,'767',1,1),(2256,111,132,8,'770',1,1),(2257,111,133,8,'773',1,1),(2258,111,134,8,'774',1,1),(2259,111,135,8,'777',1,1),(2260,111,136,8,'781',1,NULL),(2261,111,127,8,'750',2,1),(2262,111,128,8,'753',2,1),(2263,111,129,8,'759',2,1),(2264,111,130,8,'768',2,1),(2265,111,131,8,'767',2,1),(2266,111,132,8,'770',2,1),(2267,111,133,8,'773',2,1),(2268,111,134,8,'774',2,1),(2269,111,135,8,'777',2,1),(2270,111,136,8,'782',2,1),(2271,111,201,14,'1142',1,1),(2272,111,202,14,'1147',1,NULL),(2273,111,203,14,'1148',1,NULL),(2274,111,204,14,'1157',1,1),(2275,111,205,14,'1162',1,1),(2276,111,206,14,'1163',1,1),(2277,111,207,14,'1165',1,1),(2278,111,208,14,'1168',1,NULL),(2279,111,209,14,'1171',1,NULL),(2280,111,210,14,'1179',1,1),(2281,111,201,14,'1142',2,1),(2282,111,202,14,'1146',2,1),(2283,111,203,14,'1152',2,1),(2284,111,204,14,'1157',2,1),(2285,111,205,14,'1162',2,1),(2286,111,206,14,'1163',2,1),(2287,111,207,14,'1165',2,1),(2288,111,208,14,'1169',2,1),(2289,111,209,14,'1174',2,1),(2290,111,210,14,'1179',2,1),(2291,113,181,13,'1199',1,1),(2292,113,182,13,'1201',1,1),(2293,113,183,13,'1209',1,1),(2294,113,184,13,'1045',1,1),(2295,113,185,13,'1212',1,1),(2296,113,186,13,'1222',1,1),(2297,113,187,13,'1228',1,1),(2298,113,188,13,'1234',1,1),(2299,113,189,13,'1072',1,1),(2300,113,190,13,'1076',1,1),(2301,113,191,13,'1236',1,1),(2302,113,192,13,'1084',1,1),(2303,113,193,13,'1090',1,1),(2304,113,194,13,'1274',1,1),(2305,113,195,13,'1267',1,1),(2306,113,196,13,'1263',1,1),(2307,113,197,13,'1261',1,1),(2308,113,198,13,'1256',1,1),(2309,113,199,13,'1249',1,1),(2310,113,200,13,'1243',1,1),(2311,116,166,12,'971',1,1),(2312,116,167,12,'984',1,1),(2313,116,168,12,'981',1,1),(2314,116,169,12,'990',1,1),(2315,116,170,12,'994',1,1),(2316,116,171,12,'997',1,1),(2317,116,172,12,'1000',1,1),(2318,116,173,12,'1134',1,1),(2319,116,174,12,'1138',1,1),(2320,116,175,12,'1013',1,1),(2321,116,176,12,'1017',1,1),(2322,116,177,12,'1019',1,1),(2323,116,178,12,'1021',1,1),(2324,116,179,12,'1023',1,1),(2325,116,180,12,'1025',1,1),(2326,116,211,15,'1180',1,1),(2327,116,212,15,'1185',1,1),(2328,116,213,15,'1189',1,1),(2329,116,215,15,'1194',1,NULL),(2330,116,211,15,'1180',2,1),(2331,116,212,15,'1185',2,1),(2332,116,213,15,'1189',2,1),(2333,116,214,15,'1191',2,NULL),(2334,116,215,15,'1193',2,1),(2335,116,181,13,'1199',1,1),(2336,116,182,13,'1201',1,1),(2337,116,183,13,'1209',1,1),(2338,116,184,13,'1045',1,1),(2339,116,185,13,'1212',1,1),(2340,116,186,13,'1222',1,1),(2341,116,187,13,'1228',1,1),(2342,116,188,13,'1234',1,1),(2343,116,189,13,'1072',1,1),(2344,116,190,13,'1076',1,1),(2345,116,191,13,'1236',1,1),(2346,116,192,13,'1084',1,1),(2347,116,193,13,'1090',1,1),(2348,116,194,13,'1274',1,1),(2349,116,195,13,'1267',1,1),(2350,116,196,13,'1263',1,1),(2351,116,197,13,'1261',1,1),(2352,116,198,13,'1256',1,1),(2353,116,199,13,'1249',1,1),(2354,116,200,13,'1243',1,1),(2355,121,166,12,'971',1,1),(2356,121,167,12,'984',1,1),(2357,121,169,12,'990',1,1),(2358,121,170,12,'994',1,1),(2359,121,171,12,'997',1,1),(2360,121,172,12,'1000',1,1),(2361,121,173,12,'1134',1,1),(2362,121,174,12,'1138',1,1),(2363,121,175,12,'1013',1,1),(2364,121,176,12,'1017',1,1),(2365,121,177,12,'1019',1,1),(2366,121,178,12,'1021',1,1),(2367,121,179,12,'1023',1,1),(2368,121,180,12,'1025',1,1),(2369,121,181,13,'1199',1,1),(2370,121,182,13,'1201',1,1),(2371,121,183,13,'1209',1,1),(2372,121,184,13,'1045',1,1),(2373,121,185,13,'1212',1,1),(2374,121,186,13,'1222',1,1),(2375,121,187,13,'1228',1,1),(2376,121,188,13,'1234',1,1),(2377,121,189,13,'1072',1,1),(2378,121,190,13,'1076',1,1),(2379,121,191,13,'1236',1,1),(2380,121,192,13,'1084',1,1),(2381,121,193,13,'1090',1,1),(2382,121,194,13,'1274',1,1),(2383,121,195,13,'1267',1,1),(2384,121,196,13,'1263',1,1),(2385,121,197,13,'1261',1,1),(2386,121,198,13,'1256',1,1),(2387,121,199,13,'1249',1,1),(2388,121,200,13,'1243',1,1),(2389,121,211,15,'1180',1,1),(2390,121,212,15,'1185',1,1),(2391,121,213,15,'1189',1,1),(2392,121,214,15,'1191',1,NULL),(2393,121,215,15,'1194',1,NULL),(2394,121,211,15,'1180',2,1),(2395,121,212,15,'1185',2,1),(2396,121,213,15,'1189',2,1),(2397,121,214,15,'1191',2,NULL),(2398,121,215,15,'1193',2,1),(2399,118,1141,10,'1870',1,1),(2400,118,1142,10,'1790',1,NULL),(2401,118,1143,10,'1873',1,1),(2402,118,1144,10,'1881',1,1),(2403,118,1145,10,'1885',1,1),(2404,118,1146,10,'1886',1,1),(2405,118,1147,10,'1888',1,1),(2406,118,1148,10,'1890',1,1),(2407,118,1149,10,'1892',1,1),(2408,118,1150,10,'1894',1,1),(2409,118,1151,10,'1897',1,1),(2410,118,1152,10,'1899',1,1),(2411,118,1154,10,'1900',1,1),(2412,118,1155,10,'1903',1,1),(2413,118,1156,10,'1904',1,1),(2414,122,146,11,'831',1,1),(2415,122,147,11,'961',1,1),(2416,122,148,11,'964',1,1),(2417,122,149,11,'919',1,NULL),(2418,122,150,11,'849',1,1),(2419,122,151,11,'854',1,1),(2420,122,152,11,'857',1,1),(2421,122,153,11,'859',1,1),(2422,122,154,11,'870',1,1),(2423,122,155,11,'873',1,1),(2424,122,156,11,'950',1,1),(2425,122,157,11,'967',1,1),(2426,122,158,11,'928',1,1),(2427,122,159,11,'931',1,1),(2428,122,160,11,'892',1,1),(2429,122,161,11,'940',1,1),(2430,122,163,11,'906',1,1),(2431,122,164,11,'907',1,1),(2432,122,165,11,'945',1,1),(2433,113,127,8,'750',1,1),(2434,113,128,8,'753',1,1),(2435,113,129,8,'759',1,1),(2436,113,130,8,'768',1,1),(2437,113,131,8,'767',1,1),(2438,113,132,8,'770',1,1),(2439,113,133,8,'773',1,1),(2440,113,134,8,'774',1,1),(2441,113,135,8,'777',1,1),(2442,113,136,8,'782',1,1),(2443,119,26,3,'463',1,1),(2444,119,27,3,'465',1,1),(2445,119,29,3,'469',1,1),(2446,119,30,3,'471',1,1),(2447,119,31,3,'474',1,1),(2448,119,32,3,'475',1,1),(2449,119,33,3,'477',1,1),(2450,119,34,3,'479',1,1),(2451,119,35,3,'485',1,1),(2452,119,36,3,'487',1,1),(2453,119,37,3,'490',1,1),(2454,119,38,3,'500',1,1),(2455,119,39,3,'508',1,1),(2456,119,40,3,'511',1,1),(2457,119,41,3,'514',1,NULL),(2458,119,42,3,'533',1,1),(2459,119,47,3,'521',1,1),(2460,119,48,3,'526',1,1),(2461,119,49,3,'532',1,1),(2462,119,591,25,'11910',1,1),(2463,119,592,25,'11915',1,1),(2464,119,593,25,'11920',1,1),(2465,119,702,25,'11923',1,1),(2466,119,703,25,'11927',1,1),(2467,119,704,25,'11930',1,1),(2468,119,705,25,'11932',1,1),(2469,119,706,25,'11936',1,1),(2470,119,707,25,'11939',1,NULL),(2471,119,708,25,'11944',1,NULL),(2472,119,709,25,'11950',1,1),(2473,119,710,25,'11967',1,1),(2474,119,711,25,'11957',1,NULL),(2475,119,712,25,'11960',1,1),(2476,119,713,25,'11963',1,1),(2477,119,137,9,'785',1,1),(2478,119,138,9,'791',1,1),(2479,119,139,9,'795',1,NULL),(2480,119,140,9,'798',1,1),(2481,119,141,9,'800',1,1),(2482,119,142,9,'804',1,NULL),(2483,119,143,9,'11839',1,1),(2484,119,144,9,'818',1,NULL),(2485,119,145,9,'827',1,1),(2486,119,1131,9,'11861',1,1),(2487,119,1132,9,'11874',1,1),(2488,119,1133,9,'11878',1,1),(2489,119,1134,9,'11886',1,1),(2490,119,1135,9,'11887',1,1),(2491,119,1136,9,'11889',1,NULL),(2492,119,1137,9,'11894',1,1),(2493,119,1138,9,'11897',1,1),(2494,119,1139,9,'11906',1,1),(2495,119,1140,9,'11901',1,1),(2496,119,137,9,'785',2,1),(2497,119,138,9,'791',2,1),(2498,119,139,9,'796',2,1),(2499,119,140,9,'798',2,1),(2500,119,141,9,'800',2,1),(2501,119,142,9,'805',2,1),(2502,119,143,9,'11839',2,1),(2503,119,144,9,'819',2,1),(2504,119,145,9,'827',2,1),(2505,119,1131,9,'11861',2,1),(2506,119,1132,9,'11874',2,1),(2507,119,1133,9,'11878',2,1),(2508,119,1134,9,'11886',2,1),(2509,119,1135,9,'11887',2,1),(2510,119,1136,9,'11889',2,NULL),(2511,119,1137,9,'11894',2,1),(2512,119,1138,9,'11897',2,1),(2513,119,1139,9,'11906',2,1),(2514,119,1140,9,'11901',2,1),(2515,121,1141,10,'1870',2,1),(2516,121,1142,10,'1792',2,NULL),(2517,121,1143,10,'1873',2,1),(2518,121,1144,10,'1880',2,NULL),(2519,121,1145,10,'1885',2,1),(2520,121,1146,10,'1886',2,1),(2521,121,1147,10,'1888',2,1),(2522,121,1148,10,'1890',2,1),(2523,121,1149,10,'1892',2,1),(2524,121,1150,10,'1894',2,1),(2525,121,1151,10,'1897',2,1),(2526,121,1152,10,'1899',2,1),(2527,121,1154,10,'1900',2,1),(2528,121,1155,10,'1903',2,1),(2529,121,1156,10,'1904',2,1),(2530,118,26,3,'463',1,1),(2531,118,27,3,'465',1,1),(2532,118,28,3,'467',1,1),(2533,118,29,3,'469',1,1),(2534,118,30,3,'471',1,1),(2535,118,31,3,'474',1,1),(2536,118,32,3,'475',1,1),(2537,118,33,3,'477',1,1),(2538,118,34,3,'479',1,1),(2539,118,35,3,'485',1,1),(2540,118,36,3,'487',1,1),(2541,118,37,3,'490',1,1),(2542,118,38,3,'500',1,1),(2543,118,39,3,'508',1,1),(2544,118,40,3,'511',1,1),(2545,118,41,3,'515',1,1),(2546,118,42,3,'533',1,1),(2547,118,47,3,'521',1,1),(2548,118,48,3,'526',1,1),(2549,118,49,3,'532',1,1),(2550,118,591,25,'11910',1,1),(2551,118,592,25,'11915',1,1),(2552,118,593,25,'11920',1,1),(2553,118,702,25,'11923',1,1),(2554,118,703,25,'11927',1,1),(2555,118,704,25,'11930',1,1),(2556,118,705,25,'11932',1,1),(2557,118,706,25,'11936',1,1),(2558,118,707,25,'11939',1,NULL),(2559,118,708,25,'11944',1,NULL),(2560,118,709,25,'11950',1,1),(2561,118,710,25,'11967',1,1),(2562,118,711,25,'11957',1,NULL),(2563,118,712,25,'11960',1,1),(2564,118,713,25,'11963',1,1),(2565,118,137,9,'785',1,1),(2566,118,138,9,'791',1,1),(2567,118,139,9,'796',1,1),(2568,118,140,9,'798',1,1),(2569,118,141,9,'800',1,1),(2570,118,142,9,'805',1,1),(2571,118,143,9,'11839',1,1),(2572,118,144,9,'819',1,1),(2573,118,145,9,'827',1,1),(2574,118,1131,9,'11861',1,1),(2575,118,1132,9,'11874',1,1),(2576,118,1133,9,'11878',1,1),(2577,118,1134,9,'11886',1,1),(2578,118,1135,9,'11887',1,1),(2579,118,1136,9,'11889',1,NULL),(2580,118,1137,9,'11894',1,1),(2581,118,1138,9,'11897',1,1),(2582,118,1139,9,'11906',1,1),(2583,118,1140,9,'11901',1,1),(2584,118,137,9,'785',2,1),(2585,118,138,9,'791',2,1),(2586,118,139,9,'796',2,1),(2587,118,140,9,'798',2,1),(2588,118,141,9,'800',2,1),(2589,118,142,9,'805',2,1),(2590,118,143,9,'11839',2,1),(2591,118,144,9,'819',2,1),(2592,118,145,9,'827',2,1),(2593,118,1131,9,'11861',2,1),(2594,118,1132,9,'11874',2,1),(2595,118,1133,9,'11878',2,1),(2596,118,1134,9,'11886',2,1),(2597,118,1135,9,'11887',2,1),(2598,118,1136,9,'11889',2,NULL),(2599,118,1137,9,'11894',2,1),(2600,118,1138,9,'11897',2,1),(2601,118,1139,9,'11906',2,1),(2602,118,1140,9,'11901',2,1),(2603,118,137,9,'785',3,1),(2604,118,138,9,'791',3,1),(2605,118,139,9,'796',3,1),(2606,118,140,9,'798',3,1),(2607,118,141,9,'800',3,1),(2608,118,142,9,'805',3,1),(2609,118,143,9,'11839',3,1),(2610,118,144,9,'819',3,1),(2611,118,145,9,'827',3,1),(2612,118,1131,9,'11861',3,1),(2613,118,1132,9,'11874',3,1),(2614,118,1133,9,'11878',3,1),(2615,118,1134,9,'11886',3,1),(2616,118,1135,9,'11887',3,1),(2617,118,1136,9,'11889',3,NULL),(2618,118,1137,9,'11894',3,1),(2619,118,1138,9,'11897',3,1),(2620,118,1139,9,'11906',3,1),(2621,118,1140,9,'11901',3,1),(2622,118,137,9,'785',4,1),(2623,118,138,9,'791',4,1),(2624,118,139,9,'796',4,1),(2625,118,140,9,'798',4,1),(2626,118,141,9,'800',4,1),(2627,118,142,9,'805',4,1),(2628,118,143,9,'11839',4,1),(2629,118,144,9,'819',4,1),(2630,118,145,9,'827',4,1),(2631,118,1131,9,'11861',4,1),(2632,118,1132,9,'11874',4,1),(2633,118,1133,9,'11878',4,1),(2634,118,1134,9,'11886',4,1),(2635,118,1135,9,'11887',4,1),(2636,118,1136,9,'11889',4,NULL),(2637,118,1137,9,'11894',4,1),(2638,118,1138,9,'11897',4,1),(2639,118,1139,9,'11906',4,1),(2640,118,1140,9,'11901',4,1),(2641,121,146,11,'831',2,1),(2642,121,147,11,'961',2,1),(2643,121,148,11,'965',2,NULL),(2644,121,149,11,'922',2,NULL),(2645,121,150,11,'850',2,NULL),(2646,121,151,11,'854',2,1),(2647,121,152,11,'857',2,1),(2648,121,153,11,'859',2,1),(2649,121,154,11,'870',2,1),(2650,121,155,11,'872',2,NULL),(2651,121,156,11,'950',2,1),(2652,121,157,11,'967',2,1),(2653,121,158,11,'928',2,1),(2654,121,159,11,'934',2,NULL),(2655,121,160,11,'894',2,NULL),(2656,121,161,11,'941',2,NULL),(2657,121,162,11,'958',2,NULL),(2658,121,163,11,'906',2,1),(2659,121,164,11,'910',2,NULL),(2660,121,165,11,'945',2,1),(2661,116,127,8,'750',1,1),(2662,116,128,8,'753',1,1),(2663,116,129,8,'759',1,1),(2664,116,130,8,'768',1,1),(2665,116,131,8,'767',1,1),(2666,116,132,8,'770',1,1),(2667,116,133,8,'773',1,1),(2668,116,134,8,'774',1,1),(2669,116,135,8,'777',1,1),(2670,116,136,8,'782',1,1),(2671,120,201,14,'1144',1,NULL),(2672,120,202,14,'1146',1,1),(2673,120,203,14,'1152',1,1),(2674,120,204,14,'1157',1,1),(2675,120,205,14,'1162',1,1),(2676,120,206,14,'1163',1,1),(2677,120,207,14,'1165',1,1),(2678,120,208,14,'1169',1,1),(2679,120,209,14,'1174',1,1),(2680,120,210,14,'1179',1,1),(2681,112,591,25,'11910',1,1),(2682,112,592,25,'11915',1,1),(2683,112,593,25,'11919',1,NULL),(2684,112,702,25,'11921',1,NULL),(2685,112,703,25,'11926',1,NULL),(2686,112,704,25,'11930',1,1),(2687,112,705,25,'11931',1,NULL),(2688,112,706,25,'11938',1,NULL),(2689,112,707,25,'11942',1,NULL),(2690,112,708,25,'11944',1,NULL),(2691,112,709,25,'11948',1,NULL),(2692,112,710,25,'11968',1,NULL),(2693,112,711,25,'11957',1,NULL),(2694,112,712,25,'11960',1,1),(2695,112,713,25,'11962',1,NULL),(2696,112,591,25,'11910',2,1),(2697,112,592,25,'11915',2,1),(2698,112,593,25,'11920',2,1),(2699,112,702,25,'11923',2,1),(2700,112,703,25,'11927',2,1),(2701,112,704,25,'11930',2,1),(2702,112,705,25,'11932',2,1),(2703,112,706,25,'11936',2,1),(2704,112,707,25,'11941',2,1),(2705,112,708,25,'11945',2,1),(2706,112,709,25,'11950',2,1),(2707,112,710,25,'11967',2,1),(2708,112,711,25,'11956',2,1),(2709,112,712,25,'11960',2,1),(2710,112,713,25,'11963',2,1),(2711,120,116,7,'694',1,1),(2712,120,117,7,'697',1,1),(2713,120,118,7,'703',1,1),(2714,120,119,7,'706',1,1),(2715,120,120,7,'711',1,1),(2716,120,121,7,'714',1,1),(2717,120,122,7,'717',1,NULL),(2718,120,124,7,'726',1,1),(2719,120,125,7,'745',1,1),(2720,120,126,7,'735',1,1),(2721,120,116,7,'694',2,1),(2722,120,117,7,'697',2,1),(2723,120,118,7,'703',2,1),(2724,120,119,7,'706',2,1),(2725,120,120,7,'711',2,1),(2726,120,121,7,'714',2,1),(2727,120,122,7,'717',2,NULL),(2728,120,124,7,'726',2,1),(2729,120,125,7,'745',2,1),(2730,120,126,7,'735',2,1),(2731,120,127,8,'750',1,1),(2732,120,128,8,'753',1,1),(2733,120,129,8,'759',1,1),(2734,120,130,8,'768',1,1),(2735,120,131,8,'766',1,NULL),(2736,120,132,8,'770',1,1),(2737,120,133,8,'773',1,1),(2738,120,134,8,'774',1,1),(2739,120,135,8,'777',1,1),(2740,120,136,8,'782',1,1),(2741,112,137,9,'786',1,NULL),(2742,112,138,9,'788',1,NULL),(2743,112,139,9,'792',1,NULL),(2744,112,140,9,'798',1,1),(2745,112,141,9,'800',1,1),(2746,112,142,9,'805',1,1),(2747,112,143,9,'11836',1,NULL),(2748,112,144,9,'818',1,NULL),(2749,112,145,9,'828',1,NULL),(2750,112,1131,9,'11860',1,NULL),(2751,112,1132,9,'11873',1,NULL),(2752,112,1133,9,'11877',1,NULL),(2753,112,1134,9,'11884',1,NULL),(2754,112,1135,9,'11887',1,1),(2755,112,1136,9,'11890',1,1),(2756,112,1137,9,'11892',1,NULL),(2757,112,1138,9,'11898',1,NULL),(2758,112,1139,9,'11905',1,NULL),(2759,112,1140,9,'11903',1,NULL),(2760,113,1141,10,'1870',1,1),(2761,113,1142,10,'1792',1,NULL),(2762,113,1143,10,'1873',1,1),(2763,113,1144,10,'1881',1,1),(2764,113,1145,10,'1885',1,1),(2765,113,1146,10,'1886',1,1),(2766,113,1147,10,'1888',1,1),(2767,113,1148,10,'1890',1,1),(2768,113,1149,10,'1892',1,1),(2769,113,1150,10,'1894',1,1),(2770,113,1151,10,'1897',1,1),(2771,113,1152,10,'1899',1,1),(2772,113,1154,10,'1900',1,1),(2773,113,1155,10,'1903',1,1),(2774,113,1156,10,'1904',1,1),(2775,121,591,25,'11910',1,1),(2776,121,592,25,'11915',1,1),(2777,121,593,25,'11920',1,1),(2778,121,702,25,'11923',1,1),(2779,121,703,25,'11927',1,1),(2780,121,704,25,'11930',1,1),(2781,121,705,25,'11932',1,1),(2782,121,706,25,'11936',1,1),(2783,121,707,25,'11941',1,1),(2784,121,708,25,'11945',1,1),(2785,121,709,25,'11950',1,1),(2786,121,710,25,'11967',1,1),(2787,121,711,25,'11956',1,1),(2788,121,712,25,'11960',1,1),(2789,121,713,25,'11963',1,1),(2790,112,137,9,'785',2,1),(2791,112,138,9,'791',2,1),(2792,112,139,9,'796',2,1),(2793,112,140,9,'798',2,1),(2794,112,141,9,'800',2,1),(2795,112,142,9,'805',2,1),(2796,112,143,9,'11839',2,1),(2797,112,144,9,'819',2,1),(2798,112,145,9,'827',2,1),(2799,112,1131,9,'11861',2,1),(2800,112,1132,9,'11874',2,1),(2801,112,1133,9,'11878',2,1),(2802,112,1134,9,'11883',2,NULL),(2803,112,1135,9,'11888',2,NULL),(2804,112,1136,9,'11890',2,1),(2805,112,1137,9,'11892',2,NULL),(2806,112,1138,9,'11897',2,1),(2807,112,1139,9,'11905',2,NULL),(2808,112,1140,9,'11903',2,NULL),(2809,113,591,25,'11910',1,1),(2810,113,592,25,'11915',1,1),(2811,113,593,25,'11920',1,1),(2812,113,702,25,'11923',1,1),(2813,113,703,25,'11927',1,1),(2814,113,704,25,'11930',1,1),(2815,113,705,25,'11932',1,1),(2816,113,706,25,'11936',1,1),(2817,113,707,25,'11941',1,1),(2818,113,708,25,'11945',1,1),(2819,113,709,25,'11950',1,1),(2820,113,710,25,'11967',1,1),(2821,113,711,25,'11956',1,1),(2822,113,712,25,'11960',1,1),(2823,113,713,25,'11963',1,1),(2824,112,137,9,'785',3,1),(2825,112,138,9,'791',3,1),(2826,112,139,9,'796',3,1),(2827,112,140,9,'798',3,1),(2828,112,141,9,'800',3,1),(2829,112,142,9,'805',3,1),(2830,112,143,9,'11839',3,1),(2831,112,144,9,'819',3,1),(2832,112,145,9,'827',3,1),(2833,112,1131,9,'11861',3,1),(2834,112,1132,9,'11874',3,1),(2835,112,1133,9,'11878',3,1),(2836,112,1134,9,'11883',3,NULL),(2837,112,1135,9,'11887',3,1),(2838,112,1136,9,'11890',3,1),(2839,112,1137,9,'11892',3,NULL),(2840,112,1138,9,'11897',3,1),(2841,112,1139,9,'11905',3,NULL),(2842,112,1140,9,'11903',3,NULL),(2843,121,26,3,'463',1,1),(2844,121,27,3,'465',1,1),(2845,121,28,3,'467',1,1),(2846,121,29,3,'469',1,1),(2847,121,30,3,'471',1,1),(2848,121,31,3,'474',1,1),(2849,121,32,3,'475',1,1),(2850,121,33,3,'477',1,1),(2851,121,34,3,'479',1,1),(2852,121,35,3,'485',1,1),(2853,121,36,3,'487',1,1),(2854,121,37,3,'490',1,1),(2855,121,38,3,'500',1,1),(2856,121,39,3,'508',1,1),(2857,121,40,3,'511',1,1),(2858,121,41,3,'515',1,1),(2859,121,42,3,'533',1,1),(2860,121,47,3,'521',1,1),(2861,121,48,3,'526',1,1),(2862,121,49,3,'532',1,1),(2863,116,1141,10,'1870',1,1),(2864,116,1142,10,'1792',1,NULL),(2865,116,1143,10,'1873',1,1),(2866,116,1144,10,'1881',1,1),(2867,116,1145,10,'1885',1,1),(2868,116,1146,10,'1886',1,1),(2869,116,1147,10,'1888',1,1),(2870,116,1148,10,'1890',1,1),(2871,116,1149,10,'1892',1,1),(2872,116,1150,10,'1894',1,1),(2873,116,1151,10,'1897',1,1),(2874,116,1152,10,'1899',1,1),(2875,116,1154,10,'1900',1,1),(2876,116,1155,10,'1903',1,1),(2877,116,1156,10,'1904',1,1),(2878,116,591,25,'11910',1,1),(2879,116,592,25,'11915',1,1),(2880,116,593,25,'11920',1,1),(2881,116,702,25,'11923',1,1),(2882,116,703,25,'11927',1,1),(2883,116,704,25,'11930',1,1),(2884,116,705,25,'11932',1,1),(2885,116,706,25,'11936',1,1),(2886,116,707,25,'11941',1,1),(2887,116,708,25,'11945',1,1),(2888,116,709,25,'11950',1,1),(2889,116,710,25,'11967',1,1),(2890,116,711,25,'11956',1,1),(2891,116,712,25,'11960',1,1),(2892,116,713,25,'11963',1,1),(2893,116,591,25,'11910',2,1),(2894,116,592,25,'11915',2,1),(2895,116,593,25,'11920',2,1),(2896,116,702,25,'11923',2,1),(2897,116,703,25,'11927',2,1),(2898,116,704,25,'11930',2,1),(2899,116,705,25,'11932',2,1),(2900,116,706,25,'11936',2,1),(2901,116,707,25,'11941',2,1),(2902,116,708,25,'11945',2,1),(2903,116,709,25,'11950',2,1),(2904,116,710,25,'11967',2,1),(2905,116,711,25,'11956',2,1),(2906,116,712,25,'11960',2,1),(2907,116,713,25,'11963',2,1),(2908,120,1141,10,'1870',1,1),(2909,120,1142,10,'1792',1,NULL),(2910,120,1143,10,'1873',1,1),(2911,120,1144,10,'1881',1,1),(2912,120,1145,10,'1885',1,1),(2913,120,1146,10,'1886',1,1),(2914,120,1147,10,'1888',1,1),(2915,120,1148,10,'1890',1,1),(2916,120,1149,10,'1892',1,1),(2917,120,1150,10,'1894',1,1),(2918,120,1151,10,'1897',1,1),(2919,120,1152,10,'1899',1,1),(2920,120,1154,10,'1900',1,1),(2921,120,1155,10,'1902',1,NULL),(2922,120,1156,10,'1904',1,1),(2923,112,137,9,'785',4,1),(2924,112,138,9,'791',4,1),(2925,112,139,9,'796',4,1),(2926,112,140,9,'798',4,1),(2927,112,141,9,'800',4,1),(2928,112,142,9,'805',4,1),(2929,112,143,9,'11838',4,NULL),(2930,112,144,9,'819',4,1),(2931,112,145,9,'827',4,1),(2932,112,1131,9,'11861',4,1),(2933,112,1132,9,'11874',4,1),(2934,112,1133,9,'11878',4,1),(2935,112,1134,9,'11886',4,1),(2936,112,1135,9,'11887',4,1),(2937,112,1136,9,'11890',4,1),(2938,112,1137,9,'11894',4,1),(2939,112,1138,9,'11897',4,1),(2940,112,1139,9,'11906',4,1),(2941,112,1140,9,'11901',4,1),(2942,116,26,3,'463',1,1),(2943,116,27,3,'465',1,1),(2944,116,28,3,'467',1,1),(2945,116,29,3,'469',1,1),(2946,116,30,3,'471',1,1),(2947,116,31,3,'474',1,1),(2948,116,32,3,'475',1,1),(2949,116,33,3,'477',1,1),(2950,116,34,3,'479',1,1),(2951,116,35,3,'485',1,1),(2952,116,36,3,'487',1,1),(2953,116,37,3,'490',1,1),(2954,116,38,3,'500',1,1),(2955,116,39,3,'508',1,1),(2956,116,40,3,'511',1,1),(2957,116,41,3,'515',1,1),(2958,116,42,3,'533',1,1),(2959,116,47,3,'521',1,1),(2960,116,48,3,'525',1,NULL),(2961,116,49,3,'532',1,1),(2962,120,26,3,'463',1,1),(2963,120,27,3,'466',1,NULL),(2964,120,28,3,'467',1,1),(2965,120,29,3,'469',1,1),(2966,120,30,3,'471',1,1),(2967,120,31,3,'474',1,1),(2968,120,32,3,'475',1,1),(2969,120,33,3,'477',1,1),(2970,120,34,3,'479',1,1),(2971,120,35,3,'485',1,1),(2972,120,36,3,'487',1,1),(2973,120,37,3,'490',1,1),(2974,120,38,3,'500',1,1),(2975,120,39,3,'508',1,1),(2976,120,40,3,'511',1,1),(2977,120,41,3,'515',1,1),(2978,120,42,3,'533',1,1),(2979,120,47,3,'521',1,1),(2980,120,48,3,'526',1,1),(2981,120,49,3,'532',1,1),(2982,120,591,25,'11910',1,1),(2983,120,592,25,'11915',1,1),(2984,120,593,25,'11920',1,1),(2985,120,702,25,'11923',1,1),(2986,120,703,25,'11927',1,1),(2987,120,704,25,'11930',1,1),(2988,120,705,25,'11932',1,1),(2989,120,706,25,'11936',1,1),(2990,120,707,25,'11941',1,1),(2991,120,708,25,'11945',1,1),(2992,120,709,25,'11950',1,1),(2993,120,710,25,'11967',1,1),(2994,120,711,25,'11956',1,1),(2995,120,712,25,'11960',1,1),(2996,120,713,25,'11963',1,1),(2997,120,137,9,'785',1,1),(2998,120,138,9,'791',1,1),(2999,120,139,9,'796',1,1),(3000,120,140,9,'798',1,1),(3001,120,141,9,'800',1,1),(3002,120,142,9,'805',1,1),(3003,120,143,9,'11839',1,1),(3004,120,144,9,'819',1,1),(3005,120,145,9,'827',1,1),(3006,120,1131,9,'11861',1,1),(3007,120,1132,9,'11874',1,1),(3008,120,1133,9,'11878',1,1),(3009,120,1134,9,'11886',1,1),(3010,120,1135,9,'11887',1,1),(3011,120,1136,9,'11890',1,1),(3012,120,1137,9,'11894',1,1),(3013,120,1138,9,'11897',1,1),(3014,120,1139,9,'11906',1,1),(3015,120,1140,9,'11901',1,1),(3016,122,166,12,'971',1,1),(3017,122,167,12,'984',1,1),(3018,122,168,12,'981',1,1),(3019,122,169,12,'990',1,1),(3020,122,170,12,'994',1,1),(3021,122,171,12,'997',1,1),(3022,122,172,12,'1000',1,1),(3023,122,173,12,'1134',1,1),(3024,122,174,12,'1138',1,1),(3025,122,175,12,'1013',1,1),(3026,122,176,12,'1017',1,1),(3027,122,177,12,'1019',1,1),(3028,122,178,12,'1021',1,1),(3029,122,179,12,'1023',1,1),(3030,122,180,12,'1025',1,1),(3031,122,181,13,'1199',1,1),(3032,122,182,13,'1201',1,1),(3033,122,183,13,'1209',1,1),(3034,122,184,13,'1045',1,1),(3035,122,185,13,'1212',1,1),(3036,122,186,13,'1222',1,1),(3037,122,187,13,'1228',1,1),(3038,122,188,13,'1234',1,1),(3039,122,189,13,'1072',1,1),(3040,122,190,13,'1076',1,1),(3041,122,191,13,'1236',1,1),(3042,122,192,13,'1084',1,1),(3043,122,193,13,'1090',1,1),(3044,122,194,13,'1274',1,1),(3045,122,195,13,'1267',1,1),(3046,122,196,13,'1263',1,1),(3047,122,197,13,'1261',1,1),(3048,122,198,13,'1256',1,1),(3049,122,199,13,'1249',1,1),(3050,122,200,13,'1243',1,1),(3051,122,211,15,'1180',1,1),(3052,122,212,15,'1185',1,1),(3053,122,213,15,'1189',1,1),(3054,122,214,15,'1192',1,1),(3055,122,215,15,'1193',1,1),(3056,122,201,14,'1145',1,NULL),(3057,122,202,14,'1146',1,1),(3058,122,203,14,'1152',1,1),(3059,122,204,14,'1157',1,1),(3060,122,205,14,'1162',1,1),(3061,122,206,14,'1163',1,1),(3062,122,207,14,'1165',1,1),(3063,122,208,14,'1169',1,1),(3064,122,209,14,'1174',1,1),(3065,122,210,14,'1179',1,1),(3066,122,116,7,'694',1,1),(3067,122,117,7,'697',1,1),(3068,122,118,7,'703',1,1),(3069,122,119,7,'706',1,1),(3070,122,120,7,'711',1,1),(3071,122,121,7,'714',1,1),(3072,122,122,7,'717',1,NULL),(3073,122,124,7,'726',1,1),(3074,122,125,7,'745',1,1),(3075,122,126,7,'735',1,1),(3076,122,127,8,'750',1,1),(3077,122,128,8,'753',1,1),(3078,122,129,8,'759',1,1),(3079,122,130,8,'768',1,1),(3080,122,131,8,'766',1,NULL),(3081,122,132,8,'770',1,1),(3082,122,133,8,'773',1,1),(3083,122,134,8,'774',1,1),(3084,122,135,8,'777',1,1),(3085,122,136,8,'782',1,1),(3086,118,116,7,'694',1,1),(3087,118,117,7,'697',1,1),(3088,118,118,7,'703',1,1),(3089,118,119,7,'706',1,1),(3090,118,120,7,'711',1,1),(3091,118,121,7,'714',1,1),(3092,118,122,7,'717',1,NULL),(3093,118,124,7,'726',1,1),(3094,118,125,7,'745',1,1),(3095,118,126,7,'735',1,1),(3096,118,127,8,'750',1,1),(3097,118,128,8,'753',1,1),(3098,118,129,8,'759',1,1),(3099,118,130,8,'768',1,1),(3100,118,131,8,'766',1,NULL),(3101,118,132,8,'770',1,1),(3102,118,133,8,'773',1,1),(3103,118,134,8,'774',1,1),(3104,118,135,8,'777',1,1),(3105,118,136,8,'782',1,1),(3106,123,53,4,'296',1,1),(3107,123,54,4,'449',1,1),(3108,123,55,4,'299',1,NULL),(3109,123,57,4,'452',1,1),(3110,123,58,4,'414',1,1),(3111,123,59,4,'419',1,1),(3112,123,60,4,'325',1,1),(3113,123,61,4,'421',1,NULL),(3114,123,62,4,'327',1,1),(3115,123,63,4,'331',1,1),(3116,123,64,4,'333',1,1),(3117,123,65,4,'458',1,1),(3118,123,82,4,'343',1,1),(3119,123,83,4,'347',1,1),(3120,123,85,4,'459',1,1),(3121,123,67,5,'540',1,1),(3122,123,68,5,'544',1,1),(3123,123,69,5,'546',1,1),(3124,123,70,5,'551',1,1),(3125,123,71,5,'553',1,1),(3126,123,72,5,'557',1,1),(3127,123,73,5,'565',1,1),(3128,123,74,5,'569',1,1),(3129,123,75,5,'575',1,1),(3130,123,78,5,'582',1,1),(3131,123,79,5,'588',1,1),(3132,123,80,5,'593',1,NULL),(3133,123,81,5,'576',1,1),(3134,123,88,5,'597',1,NULL),(3135,123,89,5,'600',1,1),(3136,123,146,11,'834',1,NULL),(3137,123,147,11,'961',1,1),(3138,123,148,11,'964',1,1),(3139,123,149,11,'922',1,NULL),(3140,123,150,11,'850',1,NULL),(3141,123,151,11,'854',1,1),(3142,123,152,11,'855',1,NULL),(3143,123,153,11,'859',1,1),(3144,123,154,11,'870',1,1),(3145,123,155,11,'872',1,NULL),(3146,123,156,11,'950',1,1),(3147,123,157,11,'967',1,1),(3148,123,158,11,'927',1,NULL),(3149,123,159,11,'931',1,1),(3150,123,160,11,'892',1,1),(3151,123,161,11,'940',1,1),(3152,123,162,11,'955',1,NULL),(3153,123,163,11,'906',1,1),(3154,123,164,11,'907',1,1),(3155,123,165,11,'945',1,1),(3156,123,146,11,'831',2,1),(3157,123,147,11,'961',2,1),(3158,123,148,11,'964',2,1),(3159,123,149,11,'920',2,1),(3160,123,150,11,'849',2,1),(3161,123,151,11,'854',2,1),(3162,123,152,11,'857',2,1),(3163,123,153,11,'859',2,1),(3164,123,154,11,'870',2,1),(3165,123,155,11,'873',2,1),(3166,123,156,11,'950',2,1),(3167,123,157,11,'967',2,1),(3168,123,158,11,'928',2,1),(3169,123,159,11,'931',2,1),(3170,123,160,11,'892',2,1),(3171,123,161,11,'940',2,1),(3172,123,162,11,'956',2,1),(3173,123,163,11,'906',2,1),(3174,123,164,11,'907',2,1),(3175,123,165,11,'945',2,1),(3176,113,26,3,'463',1,1),(3177,113,27,3,'465',1,1),(3178,113,28,3,'467',1,1),(3179,113,29,3,'469',1,1),(3180,113,30,3,'471',1,1),(3181,113,31,3,'474',1,1),(3182,113,32,3,'475',1,1),(3183,113,33,3,'477',1,1),(3184,113,34,3,'479',1,1),(3185,113,35,3,'485',1,1),(3186,113,36,3,'487',1,1),(3187,113,37,3,'490',1,1),(3188,113,38,3,'500',1,1),(3189,113,39,3,'508',1,1),(3190,113,40,3,'511',1,1),(3191,113,41,3,'515',1,1),(3192,113,42,3,'533',1,1),(3193,113,47,3,'521',1,1),(3194,113,48,3,'526',1,1),(3195,113,49,3,'532',1,1),(3196,113,137,9,'785',1,1),(3197,113,138,9,'791',1,1),(3198,113,139,9,'796',1,1),(3199,113,140,9,'798',1,1),(3200,113,141,9,'800',1,1),(3201,113,142,9,'805',1,1),(3202,113,143,9,'11838',1,NULL),(3203,113,144,9,'819',1,1),(3204,113,145,9,'827',1,1),(3205,113,1131,9,'11861',1,1),(3206,113,1132,9,'11874',1,1),(3207,113,1133,9,'11878',1,1),(3208,113,1134,9,'11886',1,1),(3209,113,1135,9,'11888',1,NULL),(3210,113,1136,9,'11889',1,NULL),(3211,113,1137,9,'11895',1,NULL),(3212,113,1138,9,'11899',1,NULL),(3213,113,1139,9,'11907',1,NULL),(3214,113,1140,9,'11902',1,NULL),(3215,113,137,9,'785',2,1),(3216,113,138,9,'791',2,1),(3217,113,139,9,'796',2,1),(3218,113,140,9,'798',2,1),(3219,113,141,9,'800',2,1),(3220,113,142,9,'805',2,1),(3221,113,143,9,'11839',2,1),(3222,113,144,9,'819',2,1),(3223,113,145,9,'827',2,1),(3224,113,1131,9,'11861',2,1),(3225,113,1132,9,'11874',2,1),(3226,113,1133,9,'11878',2,1),(3227,113,1134,9,'11883',2,NULL),(3228,113,1136,9,'11890',2,1),(3229,113,1137,9,'11894',2,1),(3230,113,1138,9,'11897',2,1),(3231,113,1139,9,'11906',2,1),(3232,113,1140,9,'11901',2,1),(3233,123,166,12,'971',1,1),(3234,123,167,12,'984',1,1),(3235,123,168,12,'981',1,1),(3236,123,169,12,'990',1,1),(3237,123,170,12,'994',1,1),(3238,123,171,12,'997',1,1),(3239,123,172,12,'1000',1,1),(3240,123,173,12,'1136',1,NULL),(3241,123,174,12,'1140',1,NULL),(3242,123,175,12,'1013',1,1),(3243,123,176,12,'1017',1,1),(3244,123,177,12,'1019',1,1),(3245,123,178,12,'1021',1,1),(3246,123,179,12,'1023',1,1),(3247,123,180,12,'1025',1,1),(3248,123,211,15,'1180',1,1),(3249,123,212,15,'1185',1,1),(3250,123,213,15,'1189',1,1),(3251,123,214,15,'1192',1,1),(3252,123,215,15,'1193',1,1),(3253,116,137,9,'785',1,1),(3254,116,138,9,'791',1,1),(3255,116,139,9,'796',1,1),(3256,116,140,9,'798',1,1),(3257,116,141,9,'800',1,1),(3258,116,142,9,'805',1,1),(3259,116,143,9,'11838',1,NULL),(3260,116,144,9,'819',1,1),(3261,116,145,9,'827',1,1),(3262,116,1131,9,'11861',1,1),(3263,116,1132,9,'11874',1,1),(3264,116,1133,9,'11878',1,1),(3265,116,1134,9,'11883',1,NULL),(3266,116,1135,9,'11888',1,NULL),(3267,116,1136,9,'11889',1,NULL),(3268,116,1137,9,'11892',1,NULL),(3269,116,1138,9,'11897',1,1),(3270,116,1139,9,'11905',1,NULL),(3271,116,1140,9,'11903',1,NULL),(3272,116,137,9,'785',2,1),(3273,116,138,9,'791',2,1),(3274,116,139,9,'796',2,1),(3275,116,140,9,'798',2,1),(3276,116,141,9,'800',2,1),(3277,116,142,9,'805',2,1),(3278,116,143,9,'11839',2,1),(3279,116,144,9,'819',2,1),(3280,116,145,9,'827',2,1),(3281,116,1131,9,'11861',2,1),(3282,116,1132,9,'11874',2,1),(3283,116,1133,9,'11878',2,1),(3284,116,1134,9,'11886',2,1),(3285,116,1135,9,'11888',2,NULL),(3286,116,1136,9,'11890',2,1),(3287,116,1137,9,'11892',2,NULL),(3288,116,1138,9,'11896',2,NULL),(3289,116,1139,9,'11905',2,NULL),(3290,116,1140,9,'11903',2,NULL),(3291,116,137,9,'785',3,1),(3292,116,138,9,'791',3,1),(3293,116,139,9,'796',3,1),(3294,116,140,9,'798',3,1),(3295,116,141,9,'800',3,1),(3296,116,142,9,'805',3,1),(3297,116,143,9,'11839',3,1),(3298,116,144,9,'819',3,1),(3299,116,145,9,'827',3,1),(3300,116,1131,9,'11861',3,1),(3301,116,1132,9,'11874',3,1),(3302,116,1133,9,'11878',3,1),(3303,116,1134,9,'11886',3,1),(3304,116,1135,9,'11888',3,NULL),(3305,116,1136,9,'11890',3,1),(3306,116,1137,9,'11893',3,NULL),(3307,116,1138,9,'11896',3,NULL),(3308,116,1139,9,'11905',3,NULL),(3309,116,1140,9,'11903',3,NULL),(3310,116,137,9,'785',4,1),(3311,116,138,9,'791',4,1),(3312,116,139,9,'796',4,1),(3313,116,140,9,'798',4,1),(3314,116,141,9,'800',4,1),(3315,116,142,9,'805',4,1),(3316,116,143,9,'11839',4,1),(3317,116,144,9,'819',4,1),(3318,116,145,9,'827',4,1),(3319,116,1131,9,'11861',4,1),(3320,116,1132,9,'11874',4,1),(3321,116,1133,9,'11878',4,1),(3322,116,1134,9,'11884',4,NULL),(3323,116,1135,9,'11887',4,1),(3324,116,1136,9,'11889',4,NULL),(3325,116,1137,9,'11894',4,1),(3326,116,1138,9,'11897',4,1),(3327,116,1139,9,'11905',4,NULL),(3328,116,1140,9,'11903',4,NULL),(3329,116,137,9,'785',5,1),(3330,116,138,9,'791',5,1),(3331,116,139,9,'796',5,1),(3332,116,140,9,'798',5,1),(3333,116,141,9,'800',5,1),(3334,116,142,9,'805',5,1),(3335,116,143,9,'11839',5,1),(3336,116,144,9,'819',5,1),(3337,116,145,9,'827',5,1),(3338,116,1131,9,'11861',5,1),(3339,116,1132,9,'11874',5,1),(3340,116,1133,9,'11878',5,1),(3341,116,1134,9,'11886',5,1),(3342,116,1135,9,'11887',5,1),(3343,116,1136,9,'11889',5,NULL),(3344,116,1137,9,'11894',5,1),(3345,116,1138,9,'11899',5,NULL),(3346,116,1139,9,'11906',5,1),(3347,116,1140,9,'11901',5,1),(3348,123,181,13,'1199',1,1),(3349,123,182,13,'1201',1,1),(3350,123,183,13,'1207',1,NULL),(3351,123,184,13,'1045',1,1),(3352,123,185,13,'1212',1,1),(3353,123,186,13,'1222',1,1),(3354,123,187,13,'1228',1,1),(3355,123,188,13,'1234',1,1),(3356,123,189,13,'1072',1,1),(3357,123,190,13,'1076',1,1),(3358,123,191,13,'1235',1,NULL),(3359,123,192,13,'1084',1,1),(3360,123,193,13,'1090',1,1),(3361,123,194,13,'1274',1,1),(3362,123,195,13,'1267',1,1),(3363,123,196,13,'1263',1,1),(3364,123,197,13,'1259',1,NULL),(3365,123,198,13,'1256',1,1),(3366,123,199,13,'1249',1,1),(3367,123,200,13,'1243',1,1),(3368,123,201,14,'1141',1,NULL),(3369,123,202,14,'1147',1,NULL),(3370,123,203,14,'1148',1,NULL),(3371,123,204,14,'1157',1,1),(3372,123,205,14,'1162',1,1),(3373,123,206,14,'1163',1,1),(3374,123,207,14,'1165',1,1),(3375,123,208,14,'1168',1,NULL),(3376,123,209,14,'1171',1,NULL),(3377,123,210,14,'1179',1,1),(3378,123,201,14,'1142',2,1),(3379,123,202,14,'1146',2,1),(3380,123,203,14,'1152',2,1),(3381,123,205,14,'1162',2,1),(3382,123,206,14,'1163',2,1),(3383,123,207,14,'1165',2,1),(3384,123,208,14,'1169',2,1),(3385,123,209,14,'1174',2,1),(3386,123,210,14,'1179',2,1),(3387,123,116,7,'694',1,1),(3388,123,117,7,'696',1,NULL),(3389,123,118,7,'703',1,1),(3390,123,119,7,'706',1,1),(3391,123,120,7,'711',1,1),(3392,123,121,7,'714',1,1),(3393,123,122,7,'720',1,1),(3394,123,124,7,'726',1,1),(3395,123,125,7,'745',1,1),(3396,123,126,7,'735',1,1),(3397,123,127,8,'750',1,1),(3398,123,128,8,'753',1,1),(3399,123,129,8,'759',1,1),(3400,123,130,8,'768',1,1),(3401,123,131,8,'767',1,1),(3402,123,132,8,'770',1,1),(3403,123,133,8,'773',1,1),(3404,123,134,8,'774',1,1),(3405,123,135,8,'777',1,1),(3406,123,136,8,'782',1,1),(3407,123,1141,10,'1870',1,1),(3408,123,1142,10,'1792',1,NULL),(3409,123,1143,10,'1873',1,1),(3410,123,1144,10,'1881',1,1),(3411,123,1145,10,'1885',1,1),(3412,123,1146,10,'1886',1,1),(3413,123,1147,10,'1888',1,1),(3414,123,1148,10,'1890',1,1),(3415,123,1149,10,'1892',1,1),(3416,123,1150,10,'1894',1,1),(3417,123,1151,10,'1897',1,1),(3418,123,1152,10,'1899',1,1),(3419,123,1154,10,'1900',1,1),(3420,123,1155,10,'1902',1,NULL),(3421,123,1156,10,'1904',1,1),(3422,123,26,3,'463',1,1),(3423,123,27,3,'465',1,1),(3424,123,28,3,'467',1,1),(3425,123,29,3,'469',1,1),(3426,123,30,3,'471',1,1),(3427,123,31,3,'474',1,1),(3428,123,32,3,'475',1,1),(3429,123,33,3,'477',1,1),(3430,123,34,3,'479',1,1),(3431,123,35,3,'481',1,NULL),(3432,123,36,3,'487',1,1),(3433,123,37,3,'490',1,1),(3434,123,38,3,'500',1,1),(3435,123,39,3,'508',1,1),(3436,123,40,3,'511',1,1),(3437,123,41,3,'514',1,NULL),(3438,123,42,3,'533',1,1),(3439,123,47,3,'521',1,1),(3440,123,48,3,'526',1,1),(3441,123,49,3,'532',1,1),(3442,123,591,25,'11908',1,NULL),(3443,123,592,25,'11915',1,1),(3444,123,593,25,'11919',1,NULL),(3445,123,702,25,'11923',1,1),(3446,123,703,25,'11926',1,NULL),(3447,123,704,25,'11930',1,1),(3448,123,705,25,'11931',1,NULL),(3449,123,706,25,'11936',1,1),(3450,123,707,25,'11941',1,1),(3451,123,708,25,'11944',1,NULL),(3452,123,709,25,'11950',1,1),(3453,123,710,25,'11968',1,NULL),(3454,123,711,25,'11956',1,1),(3455,123,712,25,'11961',1,NULL),(3456,123,713,25,'11962',1,NULL),(3457,123,591,25,'11910',2,1),(3458,123,592,25,'11915',2,1),(3459,123,593,25,'11920',2,1),(3460,123,702,25,'11923',2,1),(3461,123,703,25,'11927',2,1),(3462,123,704,25,'11930',2,1),(3463,123,705,25,'11932',2,1),(3464,123,706,25,'11936',2,1),(3465,123,707,25,'11941',2,1),(3466,123,708,25,'11945',2,1),(3467,123,709,25,'11950',2,1),(3468,123,710,25,'11967',2,1),(3469,123,711,25,'11956',2,1),(3470,123,712,25,'11960',2,1),(3471,123,713,25,'11963',2,1),(3472,123,137,9,'785',1,1),(3473,123,138,9,'791',1,1),(3474,123,139,9,'796',1,1),(3475,123,140,9,'798',1,1),(3476,123,141,9,'800',1,1),(3477,123,142,9,'805',1,1),(3478,123,143,9,'11839',1,1),(3479,123,144,9,'819',1,1),(3480,123,145,9,'827',1,1),(3481,123,1131,9,'11861',1,1),(3482,123,1132,9,'11874',1,1),(3483,123,1133,9,'11878',1,1),(3484,123,1134,9,'11886',1,1),(3485,123,1135,9,'11887',1,1),(3486,123,1136,9,'11889',1,NULL),(3487,123,1137,9,'11894',1,1),(3488,123,1138,9,'11896',1,NULL),(3489,123,1139,9,'11906',1,1),(3490,123,1140,9,'11900',1,NULL),(3491,122,1141,10,'1870',1,1),(3492,122,1142,10,'1792',1,NULL),(3493,122,1143,10,'1873',1,1),(3494,122,1144,10,'1881',1,1),(3495,122,1145,10,'1885',1,1),(3496,122,1146,10,'1886',1,1),(3497,122,1147,10,'1888',1,1),(3498,122,1148,10,'1890',1,1),(3499,122,1149,10,'1892',1,1),(3500,122,1150,10,'1894',1,1),(3501,122,1151,10,'1897',1,1),(3502,122,1152,10,'1899',1,1),(3503,122,1154,10,'1900',1,1),(3504,122,1155,10,'1903',1,1),(3505,122,1156,10,'1904',1,1),(3506,122,26,3,'463',1,1),(3507,122,27,3,'465',1,1),(3508,122,28,3,'467',1,1),(3509,122,29,3,'469',1,1),(3510,122,30,3,'471',1,1),(3511,122,31,3,'474',1,1),(3512,122,32,3,'475',1,1),(3513,122,33,3,'477',1,1),(3514,122,34,3,'479',1,1),(3515,122,35,3,'485',1,1),(3516,122,36,3,'487',1,1),(3517,122,37,3,'490',1,1),(3518,122,38,3,'500',1,1),(3519,122,39,3,'508',1,1),(3520,122,40,3,'511',1,1),(3521,122,41,3,'515',1,1),(3522,122,42,3,'533',1,1),(3523,122,47,3,'521',1,1),(3524,122,48,3,'526',1,1),(3525,122,49,3,'532',1,1),(3526,122,591,25,'11910',1,1),(3527,122,592,25,'11915',1,1),(3528,122,593,25,'11920',1,1),(3529,122,702,25,'11923',1,1),(3530,122,703,25,'11927',1,1),(3531,122,704,25,'11930',1,1),(3532,122,705,25,'11932',1,1),(3533,122,706,25,'11936',1,1),(3534,122,707,25,'11939',1,NULL),(3535,122,708,25,'11944',1,NULL),(3536,122,709,25,'11950',1,1),(3537,122,710,25,'11967',1,1),(3538,122,711,25,'11957',1,NULL),(3539,122,712,25,'11960',1,1),(3540,122,713,25,'11963',1,1),(3541,113,211,15,'1180',1,1),(3542,113,212,15,'1182',1,NULL),(3543,113,213,15,'1189',1,1),(3544,113,214,15,'1192',1,1),(3545,113,215,15,'1194',1,NULL),(3546,113,211,15,'1180',2,1),(3547,113,212,15,'1185',2,1),(3548,113,213,15,'1189',2,1),(3549,113,214,15,'1192',2,1),(3550,113,215,15,'1194',2,NULL),(3551,122,137,9,'785',1,1),(3552,122,138,9,'791',1,1),(3553,122,139,9,'796',1,1),(3554,122,140,9,'797',1,NULL),(3555,122,141,9,'800',1,1),(3556,122,142,9,'805',1,1),(3557,122,143,9,'11839',1,1),(3558,122,144,9,'819',1,1),(3559,122,145,9,'827',1,1),(3560,122,1131,9,'11861',1,1),(3561,122,1132,9,'11874',1,1),(3562,122,1133,9,'11878',1,1),(3563,122,1134,9,'11886',1,1),(3564,122,1135,9,'11887',1,1),(3565,122,1136,9,'11889',1,NULL),(3566,122,1137,9,'11894',1,1),(3567,122,1138,9,'11897',1,1),(3568,122,1139,9,'11906',1,1),(3569,122,1140,9,'11901',1,1),(3570,113,201,14,'1141',1,NULL),(3571,113,202,14,'1146',1,1),(3572,113,203,14,'1150',1,NULL),(3573,113,204,14,'1157',1,1),(3574,113,205,14,'1162',1,1),(3575,113,206,14,'1163',1,1),(3576,113,207,14,'1166',1,NULL),(3577,113,208,14,'1168',1,NULL),(3578,113,209,14,'1172',1,NULL),(3579,113,210,14,'1179',1,1),(3580,113,201,14,'1142',2,1),(3581,113,202,14,'1146',2,1),(3582,113,203,14,'1152',2,1),(3583,113,204,14,'1157',2,1),(3584,113,205,14,'1162',2,1),(3585,113,206,14,'1163',2,1),(3586,113,207,14,'1165',2,1),(3587,113,209,14,'1174',2,1),(3588,113,210,14,'1179',2,1),(3589,113,201,14,'1142',3,1),(3590,113,202,14,'1146',3,1),(3591,113,203,14,'1152',3,1),(3592,113,204,14,'1157',3,1),(3593,113,205,14,'1162',3,1),(3594,113,206,14,'1163',3,1),(3595,113,207,14,'1165',3,1),(3596,113,209,14,'1174',3,1),(3597,113,210,14,'1179',3,1),(3598,113,201,14,'1142',4,1),(3599,113,202,14,'1146',4,1),(3600,113,203,14,'1152',4,1),(3601,113,204,14,'1157',4,1),(3602,113,205,14,'1162',4,1),(3603,113,206,14,'1163',4,1),(3604,113,207,14,'1165',4,1),(3605,113,209,14,'1174',4,1),(3606,113,210,14,'1179',4,1),(3607,113,201,14,'1142',5,1),(3608,113,202,14,'1146',5,1),(3609,113,203,14,'1152',5,1),(3610,113,204,14,'1157',5,1),(3611,113,205,14,'1162',5,1),(3612,113,206,14,'1163',5,1),(3613,113,207,14,'1165',5,1),(3614,113,209,14,'1174',5,1),(3615,113,210,14,'1179',5,1),(3616,116,201,14,'1145',1,NULL),(3617,116,202,14,'1147',1,NULL),(3618,116,203,14,'1151',1,NULL),(3619,116,204,14,'1157',1,1),(3620,116,205,14,'1162',1,1),(3621,116,206,14,'1163',1,1),(3622,116,207,14,'1165',1,1),(3623,116,208,14,'1168',1,NULL),(3624,116,209,14,'1172',1,NULL),(3625,116,210,14,'1179',1,1),(3626,116,201,14,'1142',2,1),(3627,116,202,14,'1146',2,1),(3628,116,203,14,'1152',2,1),(3629,116,204,14,'1157',2,1),(3630,116,205,14,'1162',2,1),(3631,116,206,14,'1163',2,1),(3632,116,208,14,'1168',2,NULL),(3633,116,209,14,'1174',2,1),(3634,116,210,14,'1179',2,1),(3635,116,116,7,'692',1,NULL),(3636,116,117,7,'696',1,NULL),(3637,116,118,7,'702',1,NULL),(3638,116,119,7,'706',1,1),(3639,116,120,7,'711',1,1),(3640,116,121,7,'714',1,1),(3641,116,122,7,'716',1,NULL),(3642,116,124,7,'726',1,1),(3643,116,125,7,'745',1,1),(3644,116,126,7,'735',1,1),(3645,116,116,7,'694',2,1),(3646,116,117,7,'696',2,NULL),(3647,116,118,7,'702',2,NULL),(3648,116,119,7,'706',2,1),(3649,116,120,7,'711',2,1),(3650,116,121,7,'714',2,1),(3651,116,122,7,'716',2,NULL),(3652,116,124,7,'726',2,1),(3653,116,125,7,'745',2,1),(3654,116,126,7,'735',2,1),(3655,116,116,7,'694',3,1),(3656,116,117,7,'697',3,1),(3657,116,118,7,'703',3,1),(3658,116,119,7,'706',3,1),(3659,116,120,7,'711',3,1),(3660,116,121,7,'714',3,1),(3661,116,122,7,'720',3,1),(3662,116,124,7,'726',3,1),(3663,116,125,7,'745',3,1),(3664,116,126,7,'735',3,1),(3665,116,116,7,'694',4,1),(3666,116,117,7,'697',4,1),(3667,116,118,7,'703',4,1),(3668,116,119,7,'706',4,1),(3669,116,120,7,'711',4,1),(3670,116,121,7,'714',4,1),(3671,116,122,7,'720',4,1),(3672,116,124,7,'726',4,1),(3673,116,125,7,'745',4,1),(3674,116,126,7,'735',4,1),(3675,121,127,8,'750',1,1),(3676,121,128,8,'753',1,1),(3677,121,129,8,'759',1,1),(3678,121,130,8,'768',1,1),(3679,121,131,8,'767',1,1),(3680,121,132,8,'770',1,1),(3681,121,133,8,'773',1,1),(3682,121,134,8,'774',1,1),(3683,121,135,8,'777',1,1),(3684,121,136,8,'782',1,1),(3685,121,137,9,'785',1,1),(3686,121,138,9,'791',1,1),(3687,121,139,9,'796',1,1),(3688,121,140,9,'798',1,1),(3689,121,141,9,'800',1,1),(3690,121,142,9,'805',1,1),(3691,121,143,9,'11838',1,NULL),(3692,121,144,9,'819',1,1),(3693,121,145,9,'827',1,1),(3694,121,1131,9,'11861',1,1),(3695,121,1132,9,'11874',1,1),(3696,121,1133,9,'11878',1,1),(3697,121,1134,9,'11886',1,1),(3698,121,1135,9,'11887',1,1),(3699,121,1136,9,'11889',1,NULL),(3700,121,1137,9,'11892',1,NULL),(3701,121,1138,9,'11897',1,1),(3702,121,1139,9,'11905',1,NULL),(3703,121,1140,9,'11903',1,NULL),(3704,121,137,9,'785',2,1),(3705,121,138,9,'791',2,1),(3706,121,139,9,'796',2,1),(3707,121,140,9,'798',2,1),(3708,121,141,9,'800',2,1),(3709,121,142,9,'805',2,1),(3710,121,143,9,'11839',2,1),(3711,121,144,9,'819',2,1),(3712,121,145,9,'827',2,1),(3713,121,1131,9,'11861',2,1),(3714,121,1132,9,'11874',2,1),(3715,121,1133,9,'11878',2,1),(3716,121,1134,9,'11886',2,1),(3717,121,1135,9,'11887',2,1),(3718,121,1136,9,'11889',2,NULL),(3719,121,1137,9,'11894',2,1),(3720,121,1138,9,'11897',2,1),(3721,121,1139,9,'11905',2,NULL),(3722,121,1140,9,'11903',2,NULL),(3723,121,146,11,'831',3,1),(3724,121,147,11,'961',3,1),(3725,121,148,11,'964',3,1),(3726,121,149,11,'920',3,1),(3727,121,150,11,'849',3,1),(3728,121,151,11,'854',3,1),(3729,121,152,11,'857',3,1),(3730,121,153,11,'859',3,1),(3731,121,154,11,'870',3,1),(3732,121,155,11,'873',3,1),(3733,121,156,11,'950',3,1),(3734,121,157,11,'967',3,1),(3735,121,158,11,'928',3,1),(3736,121,159,11,'931',3,1),(3737,121,160,11,'892',3,1),(3738,121,161,11,'940',3,1),(3739,121,162,11,'956',3,1),(3740,121,163,11,'906',3,1),(3741,121,164,11,'907',3,1),(3742,121,165,11,'945',3,1),(3743,121,67,5,'540',1,1),(3744,121,68,5,'544',1,1),(3745,121,69,5,'545',1,NULL),(3746,121,70,5,'551',1,1),(3747,121,71,5,'553',1,1),(3748,121,72,5,'558',1,NULL),(3749,121,73,5,'565',1,1),(3750,121,74,5,'569',1,1),(3751,121,75,5,'575',1,1),(3752,121,78,5,'583',1,NULL),(3753,121,79,5,'588',1,1),(3754,121,80,5,'593',1,NULL),(3755,121,81,5,'576',1,1),(3756,121,88,5,'597',1,NULL),(3757,121,89,5,'599',1,NULL),(3758,121,67,5,'540',2,1),(3759,121,68,5,'544',2,1),(3760,121,69,5,'545',2,NULL),(3761,121,70,5,'551',2,1),(3762,121,71,5,'553',2,1),(3763,121,72,5,'557',2,1),(3764,121,73,5,'564',2,NULL),(3765,121,74,5,'569',2,1),(3766,121,75,5,'575',2,1),(3767,121,78,5,'582',2,1),(3768,121,79,5,'588',2,1),(3769,121,81,5,'576',2,1),(3770,121,88,5,'596',2,1),(3771,121,89,5,'599',2,NULL),(3772,121,67,5,'540',3,1),(3773,121,68,5,'544',3,1),(3774,121,69,5,'546',3,1),(3775,121,70,5,'551',3,1),(3776,121,71,5,'553',3,1),(3777,121,72,5,'557',3,1),(3778,121,73,5,'564',3,NULL),(3779,121,74,5,'569',3,1),(3780,121,75,5,'575',3,1),(3781,121,78,5,'582',3,1),(3782,121,79,5,'588',3,1),(3783,121,80,5,'592',3,1),(3784,121,81,5,'576',3,1),(3785,121,88,5,'596',3,1),(3786,121,89,5,'600',3,1),(3787,121,201,14,'1145',1,NULL),(3788,121,202,14,'1146',1,1),(3789,121,203,14,'1151',1,NULL),(3790,121,204,14,'1157',1,1),(3791,121,205,14,'1162',1,1),(3792,121,206,14,'1163',1,1),(3793,121,207,14,'1166',1,NULL),(3794,121,208,14,'1169',1,1),(3795,121,209,14,'1172',1,NULL),(3796,121,210,14,'1179',1,1),(3797,121,201,14,'1142',2,1),(3798,121,202,14,'1146',2,1),(3799,121,203,14,'1151',2,NULL),(3800,121,204,14,'1157',2,1),(3801,121,205,14,'1162',2,1),(3802,121,206,14,'1163',2,1),(3803,121,207,14,'1165',2,1),(3804,121,208,14,'1169',2,1),(3805,121,209,14,'1174',2,1),(3806,121,210,14,'1179',2,1),(3807,124,53,4,'296',1,1),(3808,124,54,4,'449',1,1),(3809,124,55,4,'300',1,1),(3810,124,57,4,'452',1,1),(3811,124,58,4,'414',1,1),(3812,124,59,4,'419',1,1),(3813,124,60,4,'325',1,1),(3814,124,61,4,'423',1,NULL),(3815,124,62,4,'327',1,1),(3816,124,63,4,'331',1,1),(3817,124,64,4,'333',1,1),(3818,124,65,4,'455',1,NULL),(3819,124,82,4,'343',1,1),(3820,124,83,4,'347',1,1),(3821,124,85,4,'459',1,1),(3822,124,166,12,'971',1,1),(3823,124,167,12,'984',1,1),(3824,124,168,12,'981',1,1),(3825,124,169,12,'989',1,NULL),(3826,124,170,12,'994',1,1),(3827,124,171,12,'997',1,1),(3828,124,172,12,'1000',1,1),(3829,124,173,12,'1136',1,NULL),(3830,124,174,12,'1140',1,NULL),(3831,124,175,12,'1013',1,1),(3832,124,176,12,'1016',1,NULL),(3833,124,177,12,'1019',1,1),(3834,124,178,12,'1021',1,1),(3835,124,179,12,'1024',1,NULL),(3836,124,180,12,'1026',1,NULL),(3837,113,116,7,'692',1,NULL),(3838,113,117,7,'697',1,1),(3839,113,118,7,'702',1,NULL),(3840,113,119,7,'706',1,1),(3841,113,120,7,'709',1,NULL),(3842,113,121,7,'714',1,1),(3843,113,122,7,'718',1,NULL),(3844,113,124,7,'725',1,NULL),(3845,113,125,7,'745',1,1),(3846,113,126,7,'734',1,NULL),(3847,113,116,7,'692',2,NULL),(3848,113,117,7,'697',2,1),(3849,113,118,7,'702',2,NULL),(3850,113,119,7,'706',2,1),(3851,113,120,7,'709',2,NULL),(3852,113,121,7,'714',2,1),(3853,113,122,7,'718',2,NULL),(3854,113,124,7,'725',2,NULL),(3855,113,125,7,'745',2,1),(3856,113,126,7,'734',2,NULL),(3857,113,116,7,'694',3,1),(3858,113,117,7,'697',3,1),(3859,113,118,7,'703',3,1),(3860,113,119,7,'706',3,1),(3861,113,120,7,'711',3,1),(3862,113,121,7,'714',3,1),(3863,113,122,7,'720',3,1),(3864,113,124,7,'726',3,1),(3865,113,125,7,'745',3,1),(3866,113,126,7,'735',3,1),(3867,117,53,4,'296',1,1),(3868,117,54,4,'449',1,1),(3869,117,55,4,'300',1,1),(3870,117,57,4,'452',1,1),(3871,117,58,4,'414',1,1),(3872,117,59,4,'419',1,1),(3873,117,60,4,'325',1,1),(3874,117,61,4,'425',1,1),(3875,117,62,4,'327',1,1),(3876,117,63,4,'331',1,1),(3877,117,64,4,'333',1,1),(3878,117,65,4,'458',1,1),(3879,117,82,4,'343',1,1),(3880,117,83,4,'347',1,1),(3881,117,85,4,'459',1,1),(3882,117,67,5,'540',1,1),(3883,117,68,5,'544',1,1),(3884,117,69,5,'546',1,1),(3885,117,70,5,'550',1,NULL),(3886,117,71,5,'553',1,1),(3887,117,72,5,'558',1,NULL),(3888,117,73,5,'561',1,NULL),(3889,117,74,5,'569',1,1),(3890,117,75,5,'575',1,1),(3891,117,78,5,'582',1,1),(3892,117,79,5,'588',1,1),(3893,117,80,5,'589',1,NULL),(3894,117,81,5,'576',1,1),(3895,117,88,5,'596',1,1),(3896,117,89,5,'600',1,1),(3897,117,67,5,'540',2,1),(3898,117,68,5,'544',2,1),(3899,117,69,5,'546',2,1),(3900,117,70,5,'551',2,1),(3901,117,71,5,'553',2,1),(3902,117,72,5,'557',2,1),(3903,117,73,5,'565',2,1),(3904,117,74,5,'569',2,1),(3905,117,75,5,'575',2,1),(3906,117,78,5,'582',2,1),(3907,117,79,5,'588',2,1),(3908,117,80,5,'589',2,NULL),(3909,117,81,5,'576',2,1),(3910,117,88,5,'596',2,1),(3911,117,89,5,'600',2,1),(3912,117,166,12,'971',1,1),(3913,117,167,12,'984',1,1),(3914,117,168,12,'981',1,1),(3915,117,169,12,'990',1,1),(3916,117,170,12,'994',1,1),(3917,117,171,12,'997',1,1),(3918,117,172,12,'1000',1,1),(3919,117,173,12,'1134',1,1),(3920,117,174,12,'1138',1,1),(3921,117,175,12,'1013',1,1),(3922,117,176,12,'1017',1,1),(3923,117,177,12,'1019',1,1),(3924,117,178,12,'1021',1,1),(3925,117,179,12,'1023',1,1),(3926,117,180,12,'1025',1,1),(3927,117,211,15,'1180',1,1),(3928,117,212,15,'1185',1,1),(3929,117,213,15,'1189',1,1),(3930,117,214,15,'1192',1,1),(3931,117,215,15,'1194',1,NULL),(3932,117,201,14,'1142',1,1),(3933,117,202,14,'1146',1,1),(3934,117,203,14,'1148',1,NULL),(3935,117,204,14,'1157',1,1),(3936,117,205,14,'1162',1,1),(3937,117,206,14,'1163',1,1),(3938,117,207,14,'1165',1,1),(3939,117,208,14,'1169',1,1),(3940,117,209,14,'1174',1,1),(3941,117,210,14,'1179',1,1),(3942,117,116,7,'694',1,1),(3943,117,117,7,'697',1,1),(3944,117,118,7,'703',1,1),(3945,117,119,7,'706',1,1),(3946,117,120,7,'711',1,1),(3947,117,121,7,'714',1,1),(3948,117,122,7,'720',1,1),(3949,117,124,7,'726',1,1),(3950,117,125,7,'745',1,1),(3951,117,126,7,'735',1,1),(3952,117,127,8,'750',1,1),(3953,117,128,8,'753',1,1),(3954,117,129,8,'759',1,1),(3955,117,130,8,'768',1,1),(3956,117,131,8,'767',1,1),(3957,117,132,8,'770',1,1),(3958,117,133,8,'773',1,1),(3959,117,134,8,'774',1,1),(3960,117,135,8,'777',1,1),(3961,117,136,8,'782',1,1),(3962,117,1141,10,'1871',1,NULL),(3963,117,1142,10,'1792',1,NULL),(3964,117,1143,10,'1873',1,1),(3965,117,1144,10,'1881',1,1),(3966,117,1145,10,'1883',1,NULL),(3967,117,1146,10,'1886',1,1),(3968,117,1147,10,'1888',1,1),(3969,117,1148,10,'1890',1,1),(3970,117,1149,10,'1892',1,1),(3971,117,1150,10,'1894',1,1),(3972,117,1151,10,'1897',1,1),(3973,117,1152,10,'1898',1,NULL),(3974,117,1154,10,'1900',1,1),(3975,117,1155,10,'1902',1,NULL),(3976,117,1156,10,'1904',1,1),(3977,117,1141,10,'1870',2,1),(3978,117,1142,10,'1789',2,NULL),(3979,117,1143,10,'1873',2,1),(3980,117,1144,10,'1881',2,1),(3981,117,1145,10,'1885',2,1),(3982,117,1146,10,'1886',2,1),(3983,117,1147,10,'1888',2,1),(3984,117,1148,10,'1890',2,1),(3985,117,1149,10,'1892',2,1),(3986,117,1150,10,'1894',2,1),(3987,117,1151,10,'1897',2,1),(3988,117,1152,10,'1899',2,1),(3989,117,1154,10,'1900',2,1),(3990,117,1155,10,'1903',2,1),(3991,117,1156,10,'1904',2,1),(3992,117,591,25,'11910',1,1),(3993,117,592,25,'11915',1,1),(3994,117,593,25,'11919',1,NULL),(3995,117,702,25,'11923',1,1),(3996,117,703,25,'11927',1,1),(3997,117,704,25,'11930',1,1),(3998,117,705,25,'11931',1,NULL),(3999,117,706,25,'11936',1,1),(4000,117,707,25,'11941',1,1),(4001,117,708,25,'11944',1,NULL),(4002,117,709,25,'11950',1,1),(4003,117,710,25,'11968',1,NULL),(4004,117,711,25,'11956',1,1),(4005,117,712,25,'11960',1,1),(4006,117,713,25,'11963',1,1),(4007,117,591,25,'11910',2,1),(4008,117,592,25,'11915',2,1),(4009,117,593,25,'11919',2,NULL),(4010,117,702,25,'11923',2,1),(4011,117,703,25,'11927',2,1),(4012,117,704,25,'11930',2,1),(4013,117,705,25,'11932',2,1),(4014,117,706,25,'11936',2,1),(4015,117,707,25,'11941',2,1),(4016,117,708,25,'11945',2,1),(4017,117,709,25,'11950',2,1),(4018,117,710,25,'11967',2,1),(4019,117,711,25,'11956',2,1),(4020,117,712,25,'11960',2,1),(4021,117,713,25,'11963',2,1),(4022,117,137,9,'783',1,NULL),(4023,117,138,9,'791',1,1),(4024,117,139,9,'795',1,NULL),(4025,117,140,9,'798',1,1),(4026,117,141,9,'800',1,1),(4027,117,142,9,'805',1,1),(4028,117,143,9,'11839',1,1),(4029,117,144,9,'818',1,NULL),(4030,117,145,9,'827',1,1),(4031,117,1131,9,'11861',1,1),(4032,117,1132,9,'11874',1,1),(4033,117,1133,9,'11878',1,1),(4034,117,1134,9,'11886',1,1),(4035,117,1135,9,'11887',1,1),(4036,117,1136,9,'11889',1,NULL),(4037,117,1137,9,'11894',1,1),(4038,117,1138,9,'11897',1,1),(4039,117,1139,9,'11904',1,NULL),(4040,117,1140,9,'11901',1,1),(4041,117,137,9,'785',2,1),(4042,117,138,9,'791',2,1),(4043,117,139,9,'796',2,1),(4044,117,140,9,'798',2,1),(4045,117,141,9,'800',2,1),(4046,117,142,9,'805',2,1),(4047,117,143,9,'11839',2,1),(4048,117,144,9,'819',2,1),(4049,117,145,9,'827',2,1),(4050,117,1131,9,'11861',2,1),(4051,117,1132,9,'11874',2,1),(4052,117,1133,9,'11878',2,1),(4053,117,1134,9,'11886',2,1),(4054,117,1135,9,'11887',2,1),(4055,117,1136,9,'11890',2,1),(4056,117,1137,9,'11894',2,1),(4057,117,1138,9,'11897',2,1),(4058,117,1139,9,'11906',2,1),(4059,117,1140,9,'11901',2,1),(4060,115,591,25,'11910',1,1),(4061,115,592,25,'11914',1,NULL),(4062,115,593,25,'11919',1,NULL),(4063,115,702,25,'11924',1,NULL),(4064,115,703,25,'11925',1,NULL),(4065,115,704,25,'11930',1,1),(4066,115,705,25,'11931',1,NULL),(4067,115,706,25,'11937',1,NULL),(4068,115,707,25,'11939',1,NULL),(4069,115,708,25,'11943',1,NULL),(4070,115,709,25,'11949',1,NULL),(4071,115,710,25,'11967',1,1),(4072,115,711,25,'11957',1,NULL),(4073,115,712,25,'11959',1,NULL),(4074,115,713,25,'11963',1,1),(4075,115,591,25,'11910',2,1),(4076,115,592,25,'11915',2,1),(4077,115,593,25,'11920',2,1),(4078,115,702,25,'11923',2,1),(4079,115,703,25,'11927',2,1),(4080,115,704,25,'11930',2,1),(4081,115,705,25,'11932',2,1),(4082,115,706,25,'11936',2,1),(4083,115,707,25,'11941',2,1),(4084,115,708,25,'11945',2,1),(4085,115,709,25,'11950',2,1),(4086,115,710,25,'11967',2,1),(4087,115,711,25,'11956',2,1),(4088,115,712,25,'11960',2,1),(4089,115,713,25,'11963',2,1),(4090,124,166,12,'971',2,1),(4091,124,167,12,'984',2,1),(4092,124,168,12,'981',2,1),(4093,124,169,12,'990',2,1),(4094,124,170,12,'994',2,1),(4095,124,171,12,'997',2,1),(4096,124,172,12,'1000',2,1),(4097,124,173,12,'1136',2,NULL),(4098,124,174,12,'1138',2,1),(4099,124,175,12,'1013',2,1),(4100,124,176,12,'1017',2,1),(4101,124,177,12,'1019',2,1),(4102,124,178,12,'1021',2,1),(4103,124,179,12,'1023',2,1),(4104,124,180,12,'1025',2,1),(4105,124,201,14,'1141',1,NULL),(4106,124,202,14,'1147',1,NULL),(4107,124,203,14,'1151',1,NULL),(4108,124,204,14,'1157',1,1),(4109,124,205,14,'1162',1,1),(4110,124,206,14,'1163',1,1),(4111,124,207,14,'1166',1,NULL),(4112,124,208,14,'1169',1,1),(4113,124,209,14,'1174',1,1),(4114,124,210,14,'1179',1,1),(4115,124,201,14,'1142',2,1),(4116,124,202,14,'1146',2,1),(4117,124,203,14,'1152',2,1),(4118,124,204,14,'1157',2,1),(4119,124,205,14,'1162',2,1),(4120,124,206,14,'1163',2,1),(4121,124,207,14,'1166',2,NULL),(4122,124,208,14,'1169',2,1),(4123,124,209,14,'1174',2,1),(4124,124,210,14,'1179',2,1),(4125,124,67,5,'540',1,1),(4126,124,68,5,'544',1,1),(4127,124,69,5,'546',1,1),(4128,124,70,5,'551',1,1),(4129,124,71,5,'553',1,1),(4130,124,72,5,'557',1,1),(4131,124,73,5,'565',1,1),(4132,124,74,5,'569',1,1),(4133,124,75,5,'571',1,NULL),(4134,124,78,5,'582',1,1),(4135,124,79,5,'588',1,1),(4136,124,80,5,'589',1,NULL),(4137,124,81,5,'576',1,1),(4138,124,88,5,'596',1,1),(4139,124,89,5,'600',1,1),(4140,124,67,5,'540',2,1),(4141,124,68,5,'544',2,1),(4142,124,69,5,'546',2,1),(4143,124,70,5,'551',2,1),(4144,124,71,5,'553',2,1),(4145,124,72,5,'557',2,1),(4146,124,73,5,'565',2,1),(4147,124,74,5,'569',2,1),(4148,124,75,5,'571',2,NULL),(4149,124,78,5,'582',2,1),(4150,124,79,5,'588',2,1),(4151,124,80,5,'589',2,NULL),(4152,124,81,5,'576',2,1),(4153,124,88,5,'596',2,1),(4154,124,89,5,'600',2,1),(4155,124,67,5,'540',3,1),(4156,124,68,5,'544',3,1),(4157,124,69,5,'546',3,1),(4158,124,70,5,'551',3,1),(4159,124,71,5,'553',3,1),(4160,124,72,5,'557',3,1),(4161,124,73,5,'565',3,1),(4162,124,74,5,'569',3,1),(4163,124,75,5,'571',3,NULL),(4164,124,78,5,'582',3,1),(4165,124,79,5,'588',3,1),(4166,124,80,5,'589',3,NULL),(4167,124,81,5,'576',3,1),(4168,124,88,5,'596',3,1),(4169,124,89,5,'600',3,1),(4170,124,211,15,'1180',1,1),(4171,124,212,15,'1185',1,1),(4172,124,213,15,'1189',1,1),(4173,124,214,15,'1192',1,1),(4174,124,215,15,'1194',1,NULL),(4175,124,116,7,'694',1,1),(4176,124,117,7,'697',1,1),(4177,124,118,7,'703',1,1),(4178,124,119,7,'706',1,1),(4179,124,120,7,'711',1,1),(4180,124,121,7,'714',1,1),(4181,124,122,7,'720',1,1),(4182,124,124,7,'726',1,1),(4183,124,125,7,'745',1,1),(4184,124,126,7,'735',1,1),(4185,124,1141,10,'1870',1,1),(4186,124,1142,10,'1792',1,NULL),(4187,124,1143,10,'1873',1,1),(4188,124,1144,10,'1880',1,NULL),(4189,124,1145,10,'1885',1,1),(4190,124,1146,10,'1886',1,1),(4191,124,1147,10,'1888',1,1),(4192,124,1148,10,'1890',1,1),(4193,124,1149,10,'1892',1,1),(4194,124,1150,10,'1894',1,1),(4195,124,1151,10,'1897',1,1),(4196,124,1152,10,'1898',1,NULL),(4197,124,1154,10,'1900',1,1),(4198,124,1155,10,'1902',1,NULL),(4199,124,1156,10,'1904',1,1),(4200,124,1141,10,'1870',2,1),(4201,124,1142,10,'1792',2,NULL),(4202,124,1143,10,'1873',2,1),(4203,124,1144,10,'1881',2,1),(4204,124,1145,10,'1885',2,1),(4205,124,1146,10,'1886',2,1),(4206,124,1147,10,'1888',2,1),(4207,124,1148,10,'1890',2,1),(4208,124,1149,10,'1892',2,1),(4209,124,1150,10,'1894',2,1),(4210,124,1151,10,'1897',2,1),(4211,124,1152,10,'1898',2,NULL),(4212,124,1154,10,'1900',2,1),(4213,124,1155,10,'1902',2,NULL),(4214,124,1156,10,'1904',2,1),(4215,124,146,11,'833',1,NULL),(4216,124,147,11,'961',1,1),(4217,124,148,11,'964',1,1),(4218,124,149,11,'922',1,NULL),(4219,124,150,11,'850',1,NULL),(4220,124,151,11,'854',1,1),(4221,124,152,11,'857',1,1),(4222,124,153,11,'859',1,1),(4223,124,154,11,'870',1,1),(4224,124,155,11,'872',1,NULL),(4225,124,156,11,'950',1,1),(4226,124,157,11,'969',1,NULL),(4227,124,158,11,'927',1,NULL),(4228,124,159,11,'931',1,1),(4229,124,160,11,'892',1,1),(4230,124,161,11,'941',1,NULL),(4231,124,162,11,'956',1,1),(4232,124,163,11,'906',1,1),(4233,124,164,11,'907',1,1),(4234,124,165,11,'945',1,1),(4235,124,146,11,'833',2,NULL),(4236,124,147,11,'961',2,1),(4237,124,148,11,'964',2,1),(4238,124,149,11,'920',2,1),(4239,124,150,11,'849',2,1),(4240,124,151,11,'854',2,1),(4241,124,152,11,'857',2,1),(4242,124,153,11,'859',2,1),(4243,124,154,11,'870',2,1),(4244,124,155,11,'873',2,1),(4245,124,156,11,'950',2,1),(4246,124,157,11,'967',2,1),(4247,124,158,11,'928',2,1),(4248,124,159,11,'931',2,1),(4249,124,160,11,'892',2,1),(4250,124,161,11,'940',2,1),(4251,124,162,11,'956',2,1),(4252,124,163,11,'906',2,1),(4253,124,164,11,'907',2,1),(4254,124,165,11,'945',2,1),(4255,125,201,14,'1145',1,NULL),(4256,125,202,14,'1146',1,1),(4257,125,203,14,'1149',1,NULL),(4258,125,204,14,'1157',1,1),(4259,125,205,14,'1162',1,1),(4260,125,206,14,'1163',1,1),(4261,125,207,14,'1166',1,NULL),(4262,125,208,14,'1170',1,NULL),(4263,125,209,14,'1173',1,NULL),(4264,125,210,14,'1179',1,1),(4265,125,201,14,'1142',2,1),(4266,125,202,14,'1146',2,1),(4267,125,203,14,'1149',2,NULL),(4268,125,204,14,'1157',2,1),(4269,125,205,14,'1162',2,1),(4270,125,206,14,'1163',2,1),(4271,125,207,14,'1165',2,1),(4272,125,208,14,'1169',2,1),(4273,125,209,14,'1174',2,1),(4274,125,210,14,'1179',2,1),(4275,125,53,4,'296',1,1),(4276,125,54,4,'449',1,1),(4277,125,55,4,'300',1,1),(4278,125,57,4,'452',1,1),(4279,125,58,4,'414',1,1),(4280,125,59,4,'419',1,1),(4281,125,60,4,'325',1,1),(4282,125,61,4,'425',1,1),(4283,125,62,4,'327',1,1),(4284,125,63,4,'331',1,1),(4285,125,64,4,'333',1,1),(4286,125,65,4,'455',1,NULL),(4287,125,82,4,'343',1,1),(4288,125,83,4,'347',1,1),(4289,125,85,4,'459',1,1),(4290,124,181,13,'1199',1,1),(4291,124,182,13,'1201',1,1),(4292,124,183,13,'1206',1,NULL),(4293,124,184,13,'1045',1,1),(4294,124,185,13,'1212',1,1),(4295,124,186,13,'1222',1,1),(4296,124,187,13,'1228',1,1),(4297,124,188,13,'1234',1,1),(4298,124,189,13,'1072',1,1),(4299,124,190,13,'1076',1,1),(4300,124,191,13,'1235',1,NULL),(4301,124,192,13,'1084',1,1),(4302,124,193,13,'1090',1,1),(4303,124,194,13,'1274',1,1),(4304,124,195,13,'1267',1,1),(4305,124,196,13,'1263',1,1),(4306,124,197,13,'1261',1,1),(4307,124,198,13,'1256',1,1),(4308,124,199,13,'1249',1,1),(4309,124,200,13,'1242',1,NULL),(4310,125,67,5,'540',1,1),(4311,125,68,5,'544',1,1),(4312,125,69,5,'548',1,NULL),(4313,125,70,5,'551',1,1),(4314,125,71,5,'553',1,1),(4315,125,72,5,'557',1,1),(4316,125,73,5,'561',1,NULL),(4317,125,74,5,'569',1,1),(4318,125,75,5,'575',1,1),(4319,125,78,5,'582',1,1),(4320,125,79,5,'588',1,1),(4321,125,80,5,'593',1,NULL),(4322,125,81,5,'576',1,1),(4323,125,88,5,'595',1,NULL),(4324,125,89,5,'600',1,1),(4325,125,67,5,'540',2,1),(4326,125,68,5,'544',2,1),(4327,125,69,5,'546',2,1),(4328,125,70,5,'551',2,1),(4329,125,71,5,'553',2,1),(4330,125,72,5,'557',2,1),(4331,125,73,5,'565',2,1),(4332,125,74,5,'569',2,1),(4333,125,75,5,'575',2,1),(4334,125,78,5,'582',2,1),(4335,125,79,5,'588',2,1),(4336,125,80,5,'592',2,1),(4337,125,81,5,'576',2,1),(4338,125,88,5,'596',2,1),(4339,125,89,5,'600',2,1),(4340,124,127,8,'750',1,1),(4341,124,128,8,'753',1,1),(4342,124,129,8,'759',1,1),(4343,124,130,8,'768',1,1),(4344,124,131,8,'767',1,1),(4345,124,132,8,'770',1,1),(4346,124,133,8,'773',1,1),(4347,124,134,8,'774',1,1),(4348,124,135,8,'777',1,1),(4349,124,136,8,'782',1,1),(4350,125,146,11,'831',1,1),(4351,125,147,11,'961',1,1),(4352,125,148,11,'963',1,NULL),(4353,125,149,11,'922',1,NULL),(4354,125,150,11,'850',1,NULL),(4355,125,151,11,'854',1,1),(4356,125,152,11,'857',1,1),(4357,125,153,11,'862',1,NULL),(4358,125,154,11,'870',1,1),(4359,125,155,11,'872',1,NULL),(4360,125,156,11,'950',1,1),(4361,125,157,11,'969',1,NULL),(4362,125,158,11,'930',1,NULL),(4363,125,159,11,'931',1,1),(4364,125,160,11,'893',1,NULL),(4365,125,161,11,'940',1,1),(4366,125,162,11,'956',1,1),(4367,125,163,11,'906',1,1),(4368,125,164,11,'907',1,1),(4369,125,165,11,'943',1,NULL),(4370,124,26,3,'463',1,1),(4371,124,27,3,'466',1,NULL),(4372,124,28,3,'467',1,1),(4373,124,29,3,'469',1,1),(4374,124,30,3,'471',1,1),(4375,124,31,3,'474',1,1),(4376,124,32,3,'476',1,NULL),(4377,124,33,3,'477',1,1),(4378,124,34,3,'479',1,1),(4379,124,35,3,'485',1,1),(4380,124,36,3,'487',1,1),(4381,124,37,3,'490',1,1),(4382,124,38,3,'500',1,1),(4383,124,39,3,'509',1,NULL),(4384,124,40,3,'511',1,1),(4385,124,41,3,'515',1,1),(4386,124,42,3,'533',1,1),(4387,124,47,3,'521',1,1),(4388,124,48,3,'526',1,1),(4389,124,49,3,'532',1,1),(4390,125,146,11,'831',2,1),(4391,125,147,11,'961',2,1),(4392,125,148,11,'964',2,1),(4393,125,149,11,'922',2,NULL),(4394,125,150,11,'849',2,1),(4395,125,151,11,'854',2,1),(4396,125,152,11,'857',2,1),(4397,125,153,11,'859',2,1),(4398,125,154,11,'870',2,1),(4399,125,155,11,'873',2,1),(4400,125,156,11,'950',2,1),(4401,125,157,11,'967',2,1),(4402,125,158,11,'928',2,1),(4403,125,159,11,'931',2,1),(4404,125,160,11,'892',2,1),(4405,125,161,11,'940',2,1),(4406,125,162,11,'956',2,1),(4407,125,163,11,'906',2,1),(4408,125,164,11,'907',2,1),(4409,125,165,11,'945',2,1),(4410,124,591,25,'11910',1,1),(4411,124,592,25,'11915',1,1),(4412,124,593,25,'11920',1,1),(4413,124,702,25,'11921',1,NULL),(4414,124,703,25,'11927',1,1),(4415,124,704,25,'11930',1,1),(4416,124,705,25,'11931',1,NULL),(4417,124,706,25,'11935',1,NULL),(4418,124,707,25,'11941',1,1),(4419,124,708,25,'11943',1,NULL),(4420,124,709,25,'11950',1,1),(4421,124,710,25,'11968',1,NULL),(4422,124,711,25,'11956',1,1),(4423,124,712,25,'11960',1,1),(4424,124,713,25,'11962',1,NULL),(4425,124,591,25,'11910',2,1),(4426,124,592,25,'11915',2,1),(4427,124,593,25,'11920',2,1),(4428,124,702,25,'11923',2,1),(4429,124,703,25,'11927',2,1),(4430,124,704,25,'11930',2,1),(4431,124,705,25,'11931',2,NULL),(4432,124,706,25,'11936',2,1),(4433,124,707,25,'11941',2,1),(4434,124,708,25,'11945',2,1),(4435,124,709,25,'11950',2,1),(4436,124,710,25,'11966',2,NULL),(4437,124,711,25,'11956',2,1),(4438,124,712,25,'11960',2,1),(4439,124,713,25,'11963',2,1),(4440,125,26,3,'463',1,1),(4441,125,27,3,'465',1,1),(4442,125,28,3,'468',1,NULL),(4443,125,29,3,'469',1,1),(4444,125,30,3,'471',1,1),(4445,125,31,3,'474',1,1),(4446,125,32,3,'476',1,NULL),(4447,125,33,3,'477',1,1),(4448,125,34,3,'479',1,1),(4449,125,35,3,'485',1,1),(4450,125,36,3,'487',1,1),(4451,125,37,3,'490',1,1),(4452,125,38,3,'500',1,1),(4453,125,39,3,'508',1,1),(4454,125,40,3,'511',1,1),(4455,125,41,3,'517',1,NULL),(4456,125,42,3,'533',1,1),(4457,125,47,3,'521',1,1),(4458,125,48,3,'526',1,1),(4459,125,49,3,'532',1,1),(4460,124,137,9,'785',1,1),(4461,124,138,9,'791',1,1),(4462,124,139,9,'795',1,NULL),(4463,124,140,9,'798',1,1),(4464,124,141,9,'800',1,1),(4465,124,142,9,'804',1,NULL),(4466,124,143,9,'11839',1,1),(4467,124,144,9,'819',1,1),(4468,124,145,9,'826',1,NULL),(4469,124,1131,9,'11861',1,1),(4470,124,1132,9,'11874',1,1),(4471,124,1133,9,'11878',1,1),(4472,124,1134,9,'11886',1,1),(4473,124,1135,9,'11887',1,1),(4474,124,1136,9,'11889',1,NULL),(4475,124,1137,9,'11894',1,1),(4476,124,1138,9,'11897',1,1),(4477,124,1139,9,'11907',1,NULL),(4478,124,1140,9,'11901',1,1),(4479,124,137,9,'785',2,1),(4480,124,138,9,'791',2,1),(4481,124,139,9,'796',2,1),(4482,124,140,9,'798',2,1),(4483,124,141,9,'800',2,1),(4484,124,142,9,'804',2,NULL),(4485,124,143,9,'11839',2,1),(4486,124,144,9,'819',2,1),(4487,124,145,9,'827',2,1),(4488,124,1131,9,'11861',2,1),(4489,124,1132,9,'11874',2,1),(4490,124,1133,9,'11878',2,1),(4491,124,1134,9,'11886',2,1),(4492,124,1135,9,'11887',2,1),(4493,124,1136,9,'11890',2,1),(4494,124,1137,9,'11894',2,1),(4495,124,1138,9,'11897',2,1),(4496,124,1139,9,'11906',2,1),(4497,124,1140,9,'11901',2,1),(4498,125,591,25,'11910',1,1),(4499,125,592,25,'11915',1,1),(4500,125,593,25,'11920',1,1),(4501,125,702,25,'11923',1,1),(4502,125,703,25,'11927',1,1),(4503,125,704,25,'11930',1,1),(4504,125,705,25,'11932',1,1),(4505,125,706,25,'11936',1,1),(4506,125,707,25,'11941',1,1),(4507,125,708,25,'11945',1,1),(4508,125,709,25,'11950',1,1),(4509,125,710,25,'11967',1,1),(4510,125,711,25,'11956',1,1),(4511,125,712,25,'11960',1,1),(4512,125,713,25,'11963',1,1),(4513,125,137,9,'785',1,1),(4514,125,138,9,'791',1,1),(4515,125,139,9,'796',1,1),(4516,125,140,9,'798',1,1),(4517,125,141,9,'800',1,1),(4518,125,142,9,'805',1,1),(4519,125,143,9,'11839',1,1),(4520,125,144,9,'818',1,NULL),(4521,125,145,9,'827',1,1),(4522,125,1131,9,'11861',1,1),(4523,125,1132,9,'11874',1,1),(4524,125,1133,9,'11878',1,1),(4525,125,1134,9,'11886',1,1),(4526,125,1135,9,'11887',1,1),(4527,125,1136,9,'11890',1,1),(4528,125,1137,9,'11894',1,1),(4529,125,1138,9,'11899',1,NULL),(4530,125,1139,9,'11906',1,1),(4531,125,1140,9,'11901',1,1),(4532,125,116,7,'694',1,1),(4533,125,117,7,'697',1,1),(4534,125,118,7,'703',1,1),(4535,125,119,7,'706',1,1),(4536,125,120,7,'711',1,1),(4537,125,121,7,'714',1,1),(4538,125,122,7,'720',1,1),(4539,125,124,7,'726',1,1),(4540,125,125,7,'745',1,1),(4541,125,126,7,'735',1,1),(4542,125,166,12,'971',1,1),(4543,125,167,12,'984',1,1),(4544,125,168,12,'981',1,1),(4545,125,169,12,'990',1,1),(4546,125,170,12,'991',1,NULL),(4547,125,171,12,'998',1,NULL),(4548,125,172,12,'1000',1,1),(4549,125,173,12,'1134',1,1),(4550,125,174,12,'1138',1,1),(4551,125,175,12,'1013',1,1),(4552,125,176,12,'1017',1,1),(4553,125,177,12,'1019',1,1),(4554,125,178,12,'1021',1,1),(4555,125,179,12,'1023',1,1),(4556,125,180,12,'1025',1,1),(4557,125,211,15,'1180',1,1),(4558,125,212,15,'1185',1,1),(4559,125,213,15,'1189',1,1),(4560,125,214,15,'1192',1,1),(4561,125,215,15,'1193',1,1),(4562,125,181,13,'1199',1,1),(4563,125,182,13,'1201',1,1),(4564,125,183,13,'1209',1,1),(4565,125,184,13,'1045',1,1),(4566,125,185,13,'1212',1,1),(4567,125,186,13,'1222',1,1),(4568,125,187,13,'1228',1,1),(4569,125,188,13,'1231',1,NULL),(4570,125,189,13,'1073',1,NULL),(4571,125,190,13,'1076',1,1),(4572,125,191,13,'1235',1,NULL),(4573,125,192,13,'1084',1,1),(4574,125,193,13,'1090',1,1),(4575,125,194,13,'1274',1,1),(4576,125,195,13,'1271',1,NULL),(4577,125,196,13,'1266',1,NULL),(4578,125,197,13,'1261',1,1),(4579,125,198,13,'1252',1,NULL),(4580,125,199,13,'1249',1,1),(4581,125,200,13,'1243',1,1),(4582,125,181,13,'1199',2,1),(4583,125,182,13,'1201',2,1),(4584,125,183,13,'1209',2,1),(4585,125,184,13,'1045',2,1),(4586,125,185,13,'1212',2,1),(4587,125,186,13,'1222',2,1),(4588,125,187,13,'1228',2,1),(4589,125,188,13,'1231',2,NULL),(4590,125,189,13,'1073',2,NULL),(4591,125,190,13,'1076',2,1),(4592,125,191,13,'1236',2,1),(4593,125,192,13,'1084',2,1),(4594,125,193,13,'1090',2,1),(4595,125,194,13,'1274',2,1),(4596,125,195,13,'1271',2,NULL),(4597,125,196,13,'1263',2,1),(4598,125,197,13,'1261',2,1),(4599,125,198,13,'1256',2,1),(4600,125,199,13,'1249',2,1),(4601,125,200,13,'1243',2,1),(4602,125,127,8,'750',1,1),(4603,125,128,8,'753',1,1),(4604,125,129,8,'759',1,1),(4605,125,130,8,'768',1,1),(4606,125,131,8,'766',1,NULL),(4607,125,132,8,'770',1,1),(4608,125,133,8,'773',1,1),(4609,125,134,8,'774',1,1),(4610,125,135,8,'777',1,1),(4611,125,136,8,'782',1,1),(4612,125,1141,10,'1870',1,1),(4613,125,1142,10,'1792',1,NULL),(4614,125,1143,10,'1873',1,1),(4615,125,1144,10,'1881',1,1),(4616,125,1145,10,'1885',1,1),(4617,125,1147,10,'1888',1,1),(4618,125,1148,10,'1890',1,1),(4619,125,1149,10,'1892',1,1),(4620,125,1150,10,'1894',1,1),(4621,125,1151,10,'1897',1,1),(4622,125,1152,10,'1899',1,1),(4623,125,1154,10,'1900',1,1),(4624,125,1155,10,'1902',1,NULL),(4625,125,1156,10,'1904',1,1),(4626,126,53,4,'296',1,1),(4627,126,54,4,'449',1,1),(4628,126,55,4,'299',1,NULL),(4629,126,57,4,'452',1,1),(4630,126,58,4,'414',1,1),(4631,126,59,4,'419',1,1),(4632,126,60,4,'325',1,1),(4633,126,61,4,'423',1,NULL),(4634,126,62,4,'328',1,NULL),(4635,126,63,4,'331',1,1),(4636,126,64,4,'333',1,1),(4637,126,65,4,'458',1,1),(4638,126,82,4,'343',1,1),(4639,126,83,4,'347',1,1),(4640,126,85,4,'459',1,1),(4641,126,67,5,'537',1,NULL),(4642,126,68,5,'544',1,1),(4643,126,69,5,'546',1,1),(4644,126,70,5,'552',1,NULL),(4645,126,71,5,'553',1,1),(4646,126,72,5,'557',1,1),(4647,126,73,5,'564',1,NULL),(4648,126,74,5,'569',1,1),(4649,126,75,5,'575',1,1),(4650,126,78,5,'580',1,NULL),(4651,126,79,5,'588',1,1),(4652,126,80,5,'593',1,NULL),(4653,126,81,5,'576',1,1),(4654,126,88,5,'594',1,NULL),(4655,126,89,5,'600',1,1),(4656,126,67,5,'540',2,1),(4657,126,68,5,'542',2,NULL),(4658,126,69,5,'546',2,1),(4659,126,70,5,'551',2,1),(4660,126,71,5,'553',2,1),(4661,126,72,5,'557',2,1),(4662,126,73,5,'565',2,1),(4663,126,74,5,'569',2,1),(4664,126,75,5,'575',2,1),(4665,126,78,5,'582',2,1),(4666,126,79,5,'588',2,1),(4667,126,80,5,'592',2,1),(4668,126,81,5,'576',2,1),(4669,126,88,5,'596',2,1),(4670,126,89,5,'600',2,1),(4671,126,146,11,'834',1,NULL),(4672,126,147,11,'960',1,NULL),(4673,126,148,11,'964',1,1),(4674,126,149,11,'922',1,NULL),(4675,126,150,11,'850',1,NULL),(4676,126,151,11,'854',1,1),(4677,126,152,11,'857',1,1),(4678,126,153,11,'859',1,1),(4679,126,154,11,'870',1,1),(4680,126,155,11,'872',1,NULL),(4681,126,156,11,'950',1,1),(4682,126,157,11,'967',1,1),(4683,126,158,11,'929',1,NULL),(4684,126,159,11,'931',1,1),(4685,126,160,11,'892',1,1),(4686,126,161,11,'940',1,1),(4687,126,162,11,'957',1,NULL),(4688,126,163,11,'906',1,1),(4689,126,164,11,'907',1,1),(4690,126,165,11,'945',1,1),(4691,126,146,11,'831',2,1),(4692,126,147,11,'961',2,1),(4693,126,148,11,'964',2,1),(4694,126,149,11,'920',2,1),(4695,126,150,11,'849',2,1),(4696,126,151,11,'854',2,1),(4697,126,152,11,'857',2,1),(4698,126,153,11,'859',2,1),(4699,126,154,11,'870',2,1),(4700,126,155,11,'873',2,1),(4701,126,156,11,'950',2,1),(4702,126,157,11,'967',2,1),(4703,126,158,11,'928',2,1),(4704,126,159,11,'931',2,1),(4705,126,160,11,'892',2,1),(4706,126,161,11,'940',2,1),(4707,126,162,11,'956',2,1),(4708,126,163,11,'906',2,1),(4709,126,164,11,'907',2,1),(4710,126,165,11,'945',2,1),(4711,126,166,12,'972',1,NULL),(4712,126,167,12,'983',1,NULL),(4713,126,168,12,'981',1,1),(4714,126,169,12,'989',1,NULL),(4715,126,170,12,'994',1,1),(4716,126,171,12,'997',1,1),(4717,126,172,12,'1000',1,1),(4718,126,173,12,'1134',1,1),(4719,126,174,12,'1138',1,1),(4720,126,175,12,'1013',1,1),(4721,126,176,12,'1017',1,1),(4722,126,177,12,'1019',1,1),(4723,126,178,12,'1021',1,1),(4724,126,179,12,'1023',1,1),(4725,126,180,12,'1025',1,1),(4726,126,211,15,'1180',1,1),(4727,126,212,15,'1185',1,1),(4728,126,213,15,'1189',1,1),(4729,126,214,15,'1192',1,1),(4730,126,215,15,'1193',1,1),(4731,126,181,13,'1199',1,1),(4732,126,182,13,'1201',1,1),(4733,126,183,13,'1206',1,NULL),(4734,126,184,13,'1044',1,NULL),(4735,126,185,13,'1212',1,1),(4736,126,186,13,'1222',1,1),(4737,126,187,13,'1228',1,1),(4738,126,188,13,'1232',1,NULL),(4739,126,189,13,'1073',1,NULL),(4740,126,190,13,'1076',1,1),(4741,126,191,13,'1236',1,1),(4742,126,192,13,'1084',1,1),(4743,126,193,13,'1090',1,1),(4744,126,194,13,'1274',1,1),(4745,126,195,13,'1267',1,1),(4746,126,196,13,'1266',1,NULL),(4747,126,197,13,'1261',1,1),(4748,126,198,13,'1256',1,1),(4749,126,199,13,'1248',1,NULL),(4750,126,200,13,'1245',1,NULL),(4751,126,181,13,'1199',2,1),(4752,126,182,13,'1201',2,1),(4753,126,183,13,'1209',2,1),(4754,126,184,13,'1045',2,1),(4755,126,185,13,'1212',2,1),(4756,126,186,13,'1222',2,1),(4757,126,187,13,'1228',2,1),(4758,126,188,13,'1234',2,1),(4759,126,189,13,'1072',2,1),(4760,126,190,13,'1076',2,1),(4761,126,191,13,'1236',2,1),(4762,126,192,13,'1084',2,1),(4763,126,193,13,'1090',2,1),(4764,126,194,13,'1274',2,1),(4765,126,195,13,'1267',2,1),(4766,126,196,13,'1263',2,1),(4767,126,197,13,'1261',2,1),(4768,126,198,13,'1256',2,1),(4769,126,199,13,'1249',2,1),(4770,126,200,13,'1243',2,1),(4771,126,201,14,'1142',1,1),(4772,126,202,14,'1146',1,1),(4773,126,203,14,'1151',1,NULL),(4774,126,204,14,'1157',1,1),(4775,126,205,14,'1162',1,1),(4776,126,206,14,'1163',1,1),(4777,126,207,14,'1165',1,1),(4778,126,208,14,'1169',1,1),(4779,126,209,14,'1172',1,NULL),(4780,126,210,14,'1179',1,1),(4781,126,116,7,'694',1,1),(4782,126,117,7,'697',1,1),(4783,126,118,7,'704',1,NULL),(4784,126,119,7,'706',1,1),(4785,126,120,7,'711',1,1),(4786,126,121,7,'713',1,NULL),(4787,126,122,7,'717',1,NULL),(4788,126,124,7,'726',1,1),(4789,126,125,7,'745',1,1),(4790,126,126,7,'734',1,NULL),(4791,126,116,7,'694',2,1),(4792,126,117,7,'697',2,1),(4793,126,118,7,'703',2,1),(4794,126,119,7,'706',2,1),(4795,126,120,7,'711',2,1),(4796,126,121,7,'714',2,1),(4797,126,122,7,'720',2,1),(4798,126,124,7,'726',2,1),(4799,126,125,7,'745',2,1),(4800,126,126,7,'735',2,1),(4801,126,127,8,'748',1,NULL),(4802,126,128,8,'753',1,1),(4803,126,129,8,'759',1,1),(4804,126,130,8,'769',1,NULL),(4805,126,131,8,'766',1,NULL),(4806,126,132,8,'771',1,NULL),(4807,126,133,8,'772',1,NULL),(4808,126,134,8,'774',1,1),(4809,126,135,8,'776',1,NULL),(4810,126,136,8,'782',1,1),(4811,126,127,8,'750',2,1),(4812,126,128,8,'753',2,1),(4813,126,129,8,'759',2,1),(4814,126,130,8,'768',2,1),(4815,126,131,8,'767',2,1),(4816,126,132,8,'770',2,1),(4817,126,133,8,'773',2,1),(4818,126,134,8,'775',2,NULL),(4819,126,135,8,'777',2,1),(4820,126,136,8,'782',2,1),(4821,126,1141,10,'1870',1,1),(4822,126,1142,10,'1792',1,NULL),(4823,126,1143,10,'1873',1,1),(4824,126,1144,10,'1881',1,1),(4825,126,1145,10,'1885',1,1),(4826,126,1146,10,'1886',1,1),(4827,126,1147,10,'1888',1,1),(4828,126,1148,10,'1890',1,1),(4829,126,1149,10,'1892',1,1),(4830,126,1150,10,'1894',1,1),(4831,126,1151,10,'1897',1,1),(4832,126,1152,10,'1899',1,1),(4833,126,1154,10,'1900',1,1),(4834,126,1155,10,'1903',1,1),(4835,126,1156,10,'1904',1,1),(4836,126,26,3,'463',1,1),(4837,126,27,3,'465',1,1),(4838,126,28,3,'467',1,1),(4839,126,29,3,'469',1,1),(4840,126,30,3,'471',1,1),(4841,126,31,3,'474',1,1),(4842,126,32,3,'475',1,1),(4843,126,33,3,'477',1,1),(4844,126,34,3,'479',1,1),(4845,126,35,3,'485',1,1),(4846,126,36,3,'487',1,1),(4847,126,37,3,'490',1,1),(4848,126,38,3,'500',1,1),(4849,126,39,3,'508',1,1),(4850,126,40,3,'511',1,1),(4851,126,41,3,'515',1,1),(4852,126,42,3,'533',1,1),(4853,126,47,3,'521',1,1),(4854,126,48,3,'526',1,1),(4855,126,49,3,'532',1,1),(4856,126,591,25,'11910',1,1),(4857,126,592,25,'11915',1,1),(4858,126,593,25,'11920',1,1),(4859,126,702,25,'11923',1,1),(4860,126,703,25,'11927',1,1),(4861,126,704,25,'11930',1,1),(4862,126,705,25,'11932',1,1),(4863,126,706,25,'11936',1,1),(4864,126,707,25,'11941',1,1),(4865,126,708,25,'11945',1,1),(4866,126,709,25,'11950',1,1),(4867,126,710,25,'11968',1,NULL),(4868,126,711,25,'11956',1,1),(4869,126,712,25,'11960',1,1),(4870,126,713,25,'11963',1,1),(4871,126,137,9,'785',1,1),(4872,126,138,9,'791',1,1),(4873,126,139,9,'796',1,1),(4874,126,140,9,'798',1,1),(4875,126,141,9,'800',1,1),(4876,126,142,9,'805',1,1),(4877,126,143,9,'11838',1,NULL),(4878,126,144,9,'819',1,1),(4879,126,145,9,'827',1,1),(4880,126,1131,9,'11861',1,1),(4881,126,1132,9,'11874',1,1),(4882,126,1133,9,'11878',1,1),(4883,126,1134,9,'11883',1,NULL),(4884,126,1135,9,'11888',1,NULL),(4885,126,1136,9,'11890',1,1),(4886,126,1137,9,'11893',1,NULL),(4887,126,1138,9,'11898',1,NULL),(4888,126,1139,9,'11906',1,1),(4889,126,1140,9,'11902',1,NULL),(4890,126,137,9,'785',2,1),(4891,126,138,9,'791',2,1),(4892,126,139,9,'796',2,1),(4893,126,140,9,'798',2,1),(4894,126,141,9,'800',2,1),(4895,126,142,9,'805',2,1),(4896,126,143,9,'11839',2,1),(4897,126,144,9,'819',2,1),(4898,126,145,9,'827',2,1),(4899,126,1131,9,'11861',2,1),(4900,126,1132,9,'11874',2,1),(4901,126,1133,9,'11878',2,1),(4902,126,1134,9,'11886',2,1),(4903,126,1136,9,'11890',2,1),(4904,126,1137,9,'11894',2,1),(4905,126,1138,9,'11898',2,NULL),(4906,126,1139,9,'11906',2,1),(4907,126,1140,9,'11901',2,1),(4908,127,53,4,'296',1,1),(4909,127,54,4,'449',1,1),(4910,127,55,4,'300',1,1),(4911,127,57,4,'452',1,1),(4912,127,58,4,'414',1,1),(4913,127,59,4,'419',1,1),(4914,127,60,4,'325',1,1),(4915,127,61,4,'425',1,1),(4916,127,62,4,'327',1,1),(4917,127,63,4,'331',1,1),(4918,127,64,4,'333',1,1),(4919,127,65,4,'458',1,1),(4920,127,82,4,'343',1,1),(4921,127,83,4,'347',1,1),(4922,127,85,4,'459',1,1),(4923,127,67,5,'540',1,1),(4924,127,68,5,'544',1,1),(4925,127,69,5,'546',1,1),(4926,127,70,5,'551',1,1),(4927,127,71,5,'553',1,1),(4928,127,72,5,'557',1,1),(4929,127,73,5,'565',1,1),(4930,127,74,5,'569',1,1),(4931,127,75,5,'575',1,1),(4932,127,78,5,'582',1,1),(4933,127,79,5,'588',1,1),(4934,127,80,5,'592',1,1),(4935,127,81,5,'576',1,1),(4936,127,88,5,'596',1,1),(4937,127,89,5,'600',1,1),(4938,127,146,11,'831',1,1),(4939,127,147,11,'961',1,1),(4940,127,148,11,'964',1,1),(4941,127,149,11,'920',1,1),(4942,127,150,11,'849',1,1),(4943,127,151,11,'854',1,1),(4944,127,152,11,'857',1,1),(4945,127,153,11,'859',1,1),(4946,127,154,11,'870',1,1),(4947,127,155,11,'873',1,1),(4948,127,156,11,'950',1,1),(4949,127,157,11,'967',1,1),(4950,127,158,11,'928',1,1),(4951,127,159,11,'931',1,1),(4952,127,160,11,'892',1,1),(4953,127,161,11,'940',1,1),(4954,127,162,11,'956',1,1),(4955,127,163,11,'906',1,1),(4956,127,164,11,'907',1,1),(4957,127,165,11,'945',1,1),(4958,127,166,12,'971',1,1),(4959,127,167,12,'984',1,1),(4960,127,168,12,'981',1,1),(4961,127,169,12,'990',1,1),(4962,127,170,12,'994',1,1),(4963,127,171,12,'997',1,1),(4964,127,172,12,'1000',1,1),(4965,127,173,12,'1134',1,1),(4966,127,174,12,'1138',1,1),(4967,127,175,12,'1013',1,1),(4968,127,176,12,'1017',1,1),(4969,127,177,12,'1019',1,1),(4970,127,178,12,'1021',1,1),(4971,127,179,12,'1023',1,1),(4972,127,180,12,'1025',1,1),(4973,127,211,15,'1180',1,1),(4974,127,212,15,'1185',1,1),(4975,127,213,15,'1189',1,1),(4976,127,214,15,'1192',1,1),(4977,127,215,15,'1193',1,1),(4978,127,181,13,'1199',1,1),(4979,127,182,13,'1201',1,1),(4980,127,183,13,'1209',1,1),(4981,127,184,13,'1045',1,1),(4982,127,185,13,'1212',1,1),(4983,127,186,13,'1222',1,1),(4984,127,187,13,'1228',1,1),(4985,127,188,13,'1234',1,1),(4986,127,189,13,'1072',1,1),(4987,127,190,13,'1076',1,1),(4988,127,191,13,'1236',1,1),(4989,127,192,13,'1084',1,1),(4990,127,194,13,'1274',1,1),(4991,127,195,13,'1267',1,1),(4992,127,196,13,'1263',1,1),(4993,127,197,13,'1261',1,1),(4994,127,198,13,'1256',1,1),(4995,127,199,13,'1249',1,1),(4996,127,200,13,'1243',1,1),(4997,127,201,14,'1142',1,1),(4998,127,202,14,'1146',1,1),(4999,127,203,14,'1152',1,1),(5000,127,204,14,'1157',1,1),(5001,127,205,14,'1162',1,1),(5002,127,206,14,'1163',1,1),(5003,127,207,14,'1165',1,1),(5004,127,208,14,'1169',1,1),(5005,127,209,14,'1174',1,1),(5006,127,210,14,'1179',1,1),(5007,127,116,7,'694',1,1),(5008,127,117,7,'697',1,1),(5009,127,118,7,'703',1,1),(5010,127,119,7,'706',1,1),(5011,127,120,7,'711',1,1),(5012,127,121,7,'714',1,1),(5013,127,122,7,'720',1,1),(5014,127,124,7,'726',1,1),(5015,127,125,7,'745',1,1),(5016,127,126,7,'735',1,1),(5017,127,127,8,'750',1,1),(5018,127,128,8,'753',1,1),(5019,127,129,8,'759',1,1),(5020,127,130,8,'768',1,1),(5021,127,131,8,'767',1,1),(5022,127,132,8,'770',1,1),(5023,127,133,8,'773',1,1),(5024,127,134,8,'774',1,1),(5025,127,135,8,'777',1,1),(5026,127,136,8,'782',1,1),(5027,128,53,4,'296',1,1),(5028,128,54,4,'449',1,1),(5029,128,55,4,'300',1,1),(5030,128,57,4,'452',1,1),(5031,128,58,4,'413',1,NULL),(5032,128,59,4,'419',1,1),(5033,128,60,4,'325',1,1),(5034,128,61,4,'425',1,1),(5035,128,62,4,'327',1,1),(5036,128,63,4,'331',1,1),(5037,128,64,4,'333',1,1),(5038,128,65,4,'455',1,NULL),(5039,128,82,4,'343',1,1),(5040,128,83,4,'347',1,1),(5041,128,85,4,'459',1,1),(5042,128,67,5,'540',1,1),(5043,128,68,5,'544',1,1),(5044,128,69,5,'548',1,NULL),(5045,128,70,5,'552',1,NULL),(5046,128,71,5,'553',1,1),(5047,128,72,5,'557',1,1),(5048,128,73,5,'561',1,NULL),(5049,128,74,5,'569',1,1),(5050,128,75,5,'575',1,1),(5051,128,78,5,'583',1,NULL),(5052,128,79,5,'588',1,1),(5053,128,80,5,'591',1,NULL),(5054,128,81,5,'576',1,1),(5055,128,88,5,'596',1,1),(5056,128,89,5,'600',1,1),(5057,128,67,5,'540',2,1),(5058,128,68,5,'544',2,1),(5059,128,69,5,'548',2,NULL),(5060,128,70,5,'551',2,1),(5061,128,71,5,'553',2,1),(5062,128,72,5,'557',2,1),(5063,128,73,5,'565',2,1),(5064,128,74,5,'569',2,1),(5065,128,75,5,'575',2,1),(5066,128,78,5,'582',2,1),(5067,128,79,5,'588',2,1),(5068,128,80,5,'592',2,1),(5069,128,81,5,'576',2,1),(5070,128,88,5,'595',2,NULL),(5071,128,89,5,'600',2,1),(5072,128,146,11,'831',1,1),(5073,128,147,11,'961',1,1),(5074,128,148,11,'964',1,1),(5075,128,149,11,'922',1,NULL),(5076,128,150,11,'850',1,NULL),(5077,128,151,11,'854',1,1),(5078,128,152,11,'857',1,1),(5079,128,153,11,'859',1,1),(5080,128,154,11,'870',1,1),(5081,128,155,11,'872',1,NULL),(5082,128,156,11,'950',1,1),(5083,128,157,11,'967',1,1),(5084,128,158,11,'929',1,NULL),(5085,128,159,11,'931',1,1),(5086,128,160,11,'892',1,1),(5087,128,161,11,'941',1,NULL),(5088,128,162,11,'956',1,1),(5089,128,163,11,'906',1,1),(5090,128,164,11,'910',1,NULL),(5091,128,165,11,'946',1,NULL),(5092,128,146,11,'831',2,1),(5093,128,147,11,'961',2,1),(5094,128,148,11,'964',2,1),(5095,128,149,11,'920',2,1),(5096,128,150,11,'849',2,1),(5097,128,151,11,'854',2,1),(5098,128,152,11,'857',2,1),(5099,128,153,11,'859',2,1),(5100,128,154,11,'870',2,1),(5101,128,155,11,'873',2,1),(5102,128,156,11,'950',2,1),(5103,128,157,11,'967',2,1),(5104,128,158,11,'928',2,1),(5105,128,159,11,'931',2,1),(5106,128,160,11,'892',2,1),(5107,128,161,11,'940',2,1),(5108,128,162,11,'956',2,1),(5109,128,163,11,'906',2,1),(5110,128,164,11,'907',2,1),(5111,128,165,11,'945',2,1),(5112,127,1141,10,'1870',1,1),(5113,127,1142,10,'1792',1,NULL),(5114,127,1143,10,'1875',1,NULL),(5115,127,1144,10,'1881',1,1),(5116,127,1145,10,'1885',1,1),(5117,127,1146,10,'1886',1,1),(5118,127,1147,10,'1888',1,1),(5119,127,1148,10,'1890',1,1),(5120,127,1149,10,'1892',1,1),(5121,127,1150,10,'1895',1,NULL),(5122,127,1151,10,'1897',1,1),(5123,127,1152,10,'1898',1,NULL),(5124,127,1154,10,'1901',1,NULL),(5125,127,1155,10,'1902',1,NULL),(5126,127,1156,10,'1905',1,NULL),(5127,127,1141,10,'1870',2,1),(5128,127,1142,10,'1792',2,NULL),(5129,127,1143,10,'1873',2,1),(5130,127,1144,10,'1881',2,1),(5131,127,1145,10,'1885',2,1),(5132,127,1146,10,'1886',2,1),(5133,127,1147,10,'1888',2,1),(5134,127,1148,10,'1890',2,1),(5135,127,1149,10,'1892',2,1),(5136,127,1150,10,'1894',2,1),(5137,127,1151,10,'1897',2,1),(5138,127,1152,10,'1899',2,1),(5139,127,1154,10,'1900',2,1),(5140,127,1155,10,'1903',2,1),(5141,127,1156,10,'1904',2,1),(5142,127,26,3,'463',1,1),(5143,127,27,3,'465',1,1),(5144,127,28,3,'468',1,NULL),(5145,127,29,3,'469',1,1),(5146,127,30,3,'472',1,NULL),(5147,127,31,3,'474',1,1),(5148,127,32,3,'476',1,NULL),(5149,127,33,3,'477',1,1),(5150,127,34,3,'479',1,1),(5151,127,35,3,'485',1,1),(5152,127,36,3,'487',1,1),(5153,127,37,3,'492',1,NULL),(5154,127,38,3,'500',1,1),(5155,127,39,3,'508',1,1),(5156,127,40,3,'511',1,1),(5157,127,41,3,'514',1,NULL),(5158,127,42,3,'533',1,1),(5159,127,47,3,'521',1,1),(5160,127,48,3,'526',1,1),(5161,127,49,3,'530',1,NULL),(5162,127,26,3,'463',2,1),(5163,127,27,3,'465',2,1),(5164,127,28,3,'467',2,1),(5165,127,29,3,'469',2,1),(5166,127,30,3,'471',2,1),(5167,127,31,3,'474',2,1),(5168,127,32,3,'475',2,1),(5169,127,33,3,'477',2,1),(5170,127,34,3,'479',2,1),(5171,127,35,3,'485',2,1),(5172,127,36,3,'487',2,1),(5173,127,37,3,'490',2,1),(5174,127,38,3,'500',2,1),(5175,127,39,3,'508',2,1),(5176,127,40,3,'511',2,1),(5177,127,41,3,'515',2,1),(5178,127,42,3,'533',2,1),(5179,127,47,3,'521',2,1),(5180,127,48,3,'526',2,1),(5181,127,49,3,'532',2,1),(5182,127,591,25,'11909',1,NULL),(5183,127,592,25,'11915',1,1),(5184,127,593,25,'11918',1,NULL),(5185,127,702,25,'11922',1,NULL),(5186,127,703,25,'11925',1,NULL),(5187,127,704,25,'11929',1,NULL),(5188,127,705,25,'11933',1,NULL),(5189,127,706,25,'11937',1,NULL),(5190,127,707,25,'11940',1,NULL),(5191,127,708,25,'11943',1,NULL),(5192,127,709,25,'11949',1,NULL),(5193,127,710,25,'11964',1,NULL),(5194,127,711,25,'11956',1,1),(5195,127,712,25,'11960',1,1),(5196,127,713,25,'11963',1,1),(5197,127,591,25,'11910',2,1),(5198,127,592,25,'11915',2,1),(5199,127,593,25,'11920',2,1),(5200,127,702,25,'11923',2,1),(5201,127,703,25,'11926',2,NULL),(5202,127,704,25,'11930',2,1),(5203,127,705,25,'11932',2,1),(5204,127,706,25,'11936',2,1),(5205,127,707,25,'11941',2,1),(5206,127,708,25,'11945',2,1),(5207,127,709,25,'11950',2,1),(5208,127,710,25,'11967',2,1),(5209,127,711,25,'11956',2,1),(5210,127,712,25,'11960',2,1),(5211,127,713,25,'11963',2,1),(5212,127,137,9,'785',1,1),(5213,127,138,9,'791',1,1),(5214,127,139,9,'796',1,1),(5215,127,140,9,'798',1,1),(5216,127,141,9,'800',1,1),(5217,127,142,9,'805',1,1),(5218,127,143,9,'11839',1,1),(5219,127,144,9,'819',1,1),(5220,127,145,9,'827',1,1),(5221,127,1131,9,'11861',1,1),(5222,127,1132,9,'11872',1,NULL),(5223,127,1133,9,'11878',1,1),(5224,127,1134,9,'11886',1,1),(5225,127,1135,9,'11888',1,NULL),(5226,127,1136,9,'11889',1,NULL),(5227,127,1137,9,'11895',1,NULL),(5228,127,1138,9,'11898',1,NULL),(5229,127,1139,9,'11906',1,1),(5230,127,1140,9,'11902',1,NULL),(5231,127,137,9,'785',2,1),(5232,127,138,9,'791',2,1),(5233,127,139,9,'796',2,1),(5234,127,140,9,'798',2,1),(5235,127,141,9,'800',2,1),(5236,127,142,9,'805',2,1),(5237,127,143,9,'11839',2,1),(5238,127,144,9,'818',2,NULL),(5239,127,145,9,'827',2,1),(5240,127,1131,9,'11861',2,1),(5241,127,1132,9,'11872',2,NULL),(5242,127,1133,9,'11878',2,1),(5243,127,1134,9,'11886',2,1),(5244,127,1135,9,'11888',2,NULL),(5245,127,1136,9,'11890',2,1),(5246,127,1137,9,'11894',2,1),(5247,127,1138,9,'11897',2,1),(5248,127,1139,9,'11906',2,1),(5249,127,1140,9,'11901',2,1),(5250,129,53,4,'296',1,1),(5251,129,54,4,'449',1,1),(5252,129,55,4,'300',1,1),(5253,129,57,4,'452',1,1),(5254,129,58,4,'414',1,1),(5255,129,59,4,'419',1,1),(5256,129,60,4,'325',1,1),(5257,129,61,4,'425',1,1),(5258,129,62,4,'327',1,1),(5259,129,63,4,'331',1,1),(5260,129,64,4,'333',1,1),(5261,129,65,4,'458',1,1),(5262,129,82,4,'343',1,1),(5263,129,83,4,'347',1,1),(5264,129,85,4,'459',1,1),(5265,129,67,5,'540',1,1),(5266,129,68,5,'544',1,1),(5267,129,69,5,'546',1,1),(5268,129,70,5,'551',1,1),(5269,129,71,5,'553',1,1),(5270,129,72,5,'557',1,1),(5271,129,73,5,'565',1,1),(5272,129,74,5,'569',1,1),(5273,129,75,5,'575',1,1),(5274,129,78,5,'582',1,1),(5275,129,79,5,'588',1,1),(5276,129,80,5,'592',1,1),(5277,129,81,5,'576',1,1),(5278,129,88,5,'596',1,1),(5279,129,89,5,'600',1,1),(5280,129,146,11,'831',1,1),(5281,129,147,11,'961',1,1),(5282,129,148,11,'964',1,1),(5283,129,149,11,'920',1,1),(5284,129,150,11,'849',1,1),(5285,129,151,11,'854',1,1),(5286,129,152,11,'857',1,1),(5287,129,153,11,'859',1,1),(5288,129,154,11,'870',1,1),(5289,129,155,11,'873',1,1),(5290,129,156,11,'950',1,1),(5291,129,157,11,'967',1,1),(5292,129,158,11,'928',1,1),(5293,129,159,11,'931',1,1),(5294,129,160,11,'892',1,1),(5295,129,161,11,'940',1,1),(5296,129,162,11,'956',1,1),(5297,129,163,11,'906',1,1),(5298,129,164,11,'907',1,1),(5299,129,165,11,'945',1,1),(5300,129,166,12,'971',1,1),(5301,129,167,12,'984',1,1),(5302,129,168,12,'981',1,1),(5303,129,169,12,'990',1,1),(5304,129,170,12,'994',1,1),(5305,129,171,12,'997',1,1),(5306,129,172,12,'1000',1,1),(5307,129,173,12,'1136',1,NULL),(5308,129,174,12,'1138',1,1),(5309,129,175,12,'1013',1,1),(5310,129,176,12,'1017',1,1),(5311,129,177,12,'1019',1,1),(5312,129,178,12,'1021',1,1),(5313,129,179,12,'1023',1,1),(5314,129,180,12,'1025',1,1),(5315,129,211,15,'1180',1,1),(5316,129,212,15,'1185',1,1),(5317,129,213,15,'1189',1,1),(5318,129,214,15,'1192',1,1),(5319,129,215,15,'1193',1,1),(5320,129,181,13,'1199',1,1),(5321,129,182,13,'1201',1,1),(5322,129,183,13,'1209',1,1),(5323,129,184,13,'1045',1,1),(5324,129,185,13,'1212',1,1),(5325,129,186,13,'1222',1,1),(5326,129,187,13,'1228',1,1),(5327,129,188,13,'1234',1,1),(5328,129,189,13,'1072',1,1),(5329,129,190,13,'1076',1,1),(5330,129,191,13,'1236',1,1),(5331,129,192,13,'1084',1,1),(5332,129,193,13,'1090',1,1),(5333,129,194,13,'1274',1,1),(5334,129,195,13,'1267',1,1),(5335,129,196,13,'1263',1,1),(5336,129,197,13,'1261',1,1),(5337,129,198,13,'1256',1,1),(5338,129,199,13,'1249',1,1),(5339,129,200,13,'1243',1,1),(5340,129,201,14,'1142',1,1),(5341,129,202,14,'1146',1,1),(5342,129,203,14,'1152',1,1),(5343,129,204,14,'1157',1,1),(5344,129,205,14,'1162',1,1),(5345,129,206,14,'1163',1,1),(5346,129,207,14,'1165',1,1),(5347,129,208,14,'1169',1,1),(5348,129,209,14,'1174',1,1),(5349,129,210,14,'1179',1,1),(5350,129,116,7,'694',1,1),(5351,129,117,7,'697',1,1),(5352,129,118,7,'703',1,1),(5353,129,119,7,'706',1,1),(5354,129,120,7,'711',1,1),(5355,129,121,7,'714',1,1),(5356,129,122,7,'720',1,1),(5357,129,124,7,'726',1,1),(5358,129,125,7,'745',1,1),(5359,129,126,7,'735',1,1),(5360,129,127,8,'750',1,1),(5361,129,128,8,'753',1,1),(5362,129,129,8,'759',1,1),(5363,129,130,8,'768',1,1),(5364,129,131,8,'767',1,1),(5365,129,132,8,'770',1,1),(5366,129,133,8,'773',1,1),(5367,129,134,8,'774',1,1),(5368,129,135,8,'777',1,1),(5369,129,136,8,'782',1,1),(5370,129,1141,10,'1870',1,1),(5371,129,1142,10,'1792',1,NULL),(5372,129,1143,10,'1874',1,NULL),(5373,129,1144,10,'1881',1,1),(5374,129,1145,10,'1885',1,1),(5375,129,1146,10,'1886',1,1),(5376,129,1147,10,'1888',1,1),(5377,129,1148,10,'1890',1,1),(5378,129,1149,10,'1892',1,1),(5379,129,1150,10,'1895',1,NULL),(5380,129,1151,10,'1897',1,1),(5381,129,1152,10,'1899',1,1),(5382,129,1154,10,'1900',1,1),(5383,129,1155,10,'1903',1,1),(5384,129,1156,10,'1904',1,1),(5385,129,26,3,'463',1,1),(5386,129,27,3,'465',1,1),(5387,129,28,3,'467',1,1),(5388,129,29,3,'469',1,1),(5389,129,30,3,'471',1,1),(5390,129,31,3,'474',1,1),(5391,129,32,3,'475',1,1),(5392,129,33,3,'477',1,1),(5393,129,34,3,'479',1,1),(5394,129,35,3,'485',1,1),(5395,129,36,3,'487',1,1),(5396,129,37,3,'490',1,1),(5397,129,38,3,'500',1,1),(5398,129,39,3,'508',1,1),(5399,129,40,3,'511',1,1),(5400,129,41,3,'515',1,1),(5401,129,42,3,'533',1,1),(5402,129,47,3,'521',1,1),(5403,129,48,3,'526',1,1),(5404,129,49,3,'532',1,1),(5405,129,591,25,'11910',1,1),(5406,129,592,25,'11915',1,1),(5407,129,593,25,'11920',1,1),(5408,129,702,25,'11923',1,1),(5409,129,703,25,'11927',1,1),(5410,129,704,25,'11930',1,1),(5411,129,705,25,'11932',1,1),(5412,129,706,25,'11936',1,1),(5413,129,707,25,'11941',1,1),(5414,129,708,25,'11945',1,1),(5415,129,709,25,'11950',1,1),(5416,129,710,25,'11967',1,1),(5417,129,711,25,'11956',1,1),(5418,129,712,25,'11960',1,1),(5419,129,713,25,'11963',1,1),(5420,129,137,9,'785',1,1),(5421,129,138,9,'791',1,1),(5422,129,139,9,'796',1,1),(5423,129,140,9,'798',1,1),(5424,129,141,9,'800',1,1),(5425,129,142,9,'805',1,1),(5426,129,143,9,'11839',1,1),(5427,129,144,9,'819',1,1),(5428,129,145,9,'827',1,1),(5429,129,1131,9,'11861',1,1),(5430,129,1132,9,'11874',1,1),(5431,129,1133,9,'11878',1,1),(5432,129,1134,9,'11886',1,1),(5433,129,1135,9,'11887',1,1),(5434,129,1136,9,'11889',1,NULL),(5435,129,1137,9,'11894',1,1),(5436,129,1138,9,'11897',1,1),(5437,129,1139,9,'11906',1,1),(5438,129,1140,9,'11901',1,1),(5439,128,166,12,'971',1,1),(5440,128,167,12,'984',1,1),(5441,128,168,12,'981',1,1),(5442,128,169,12,'990',1,1),(5443,128,170,12,'994',1,1),(5444,128,171,12,'998',1,NULL),(5445,128,172,12,'1000',1,1),(5446,128,173,12,'1134',1,1),(5447,128,174,12,'1138',1,1),(5448,128,175,12,'1013',1,1),(5449,128,176,12,'1017',1,1),(5450,128,177,12,'1019',1,1),(5451,128,178,12,'1021',1,1),(5452,128,179,12,'1023',1,1),(5453,128,180,12,'1026',1,NULL),(5454,128,211,15,'1180',1,1),(5455,128,212,15,'1185',1,1),(5456,128,213,15,'1189',1,1),(5457,128,214,15,'1192',1,1),(5458,128,215,15,'1193',1,1),(5459,128,181,13,'1199',1,1),(5460,128,182,13,'1201',1,1),(5461,128,183,13,'1209',1,1),(5462,128,184,13,'1045',1,1),(5463,128,185,13,'1213',1,NULL),(5464,128,186,13,'1221',1,NULL),(5465,128,187,13,'1228',1,1),(5466,128,188,13,'1234',1,1),(5467,128,189,13,'1074',1,NULL),(5468,128,190,13,'1077',1,NULL),(5469,128,191,13,'1235',1,NULL),(5470,128,192,13,'1084',1,1),(5471,128,193,13,'1090',1,1),(5472,128,194,13,'1274',1,1),(5473,128,195,13,'1269',1,NULL),(5474,128,196,13,'1263',1,1),(5475,128,197,13,'1259',1,NULL),(5476,128,198,13,'1256',1,1),(5477,128,199,13,'1248',1,NULL),(5478,128,200,13,'1245',1,NULL),(5479,128,181,13,'1199',2,1),(5480,128,182,13,'1201',2,1),(5481,128,183,13,'1209',2,1),(5482,128,184,13,'1045',2,1),(5483,128,185,13,'1213',2,NULL),(5484,128,186,13,'1221',2,NULL),(5485,128,187,13,'1228',2,1),(5486,128,188,13,'1234',2,1),(5487,128,189,13,'1074',2,NULL),(5488,128,190,13,'1077',2,NULL),(5489,128,191,13,'1235',2,NULL),(5490,128,192,13,'1084',2,1),(5491,128,193,13,'1090',2,1),(5492,128,194,13,'1274',2,1),(5493,128,195,13,'1269',2,NULL),(5494,128,196,13,'1263',2,1),(5495,128,197,13,'1259',2,NULL),(5496,128,198,13,'1256',2,1),(5497,128,199,13,'1248',2,NULL),(5498,128,200,13,'1245',2,NULL),(5499,128,181,13,'1199',3,1),(5500,128,182,13,'1201',3,1),(5501,128,183,13,'1209',3,1),(5502,128,184,13,'1045',3,1),(5503,128,185,13,'1212',3,1),(5504,128,186,13,'1222',3,1),(5505,128,187,13,'1228',3,1),(5506,128,188,13,'1234',3,1),(5507,128,189,13,'1072',3,1),(5508,128,190,13,'1076',3,1),(5509,128,191,13,'1236',3,1),(5510,128,192,13,'1084',3,1),(5511,128,193,13,'1090',3,1),(5512,128,194,13,'1274',3,1),(5513,128,195,13,'1267',3,1),(5514,128,196,13,'1263',3,1),(5515,128,197,13,'1261',3,1),(5516,128,198,13,'1256',3,1),(5517,128,199,13,'1249',3,1),(5518,128,200,13,'1243',3,1),(5519,128,201,14,'1145',1,NULL),(5520,128,202,14,'1146',1,1),(5521,128,203,14,'1151',1,NULL),(5522,128,204,14,'1157',1,1),(5523,128,205,14,'1162',1,1),(5524,128,206,14,'1163',1,1),(5525,128,207,14,'1165',1,1),(5526,128,208,14,'1168',1,NULL),(5527,128,209,14,'1173',1,NULL),(5528,128,210,14,'1179',1,1),(5529,128,201,14,'1142',2,1),(5530,128,202,14,'1146',2,1),(5531,128,203,14,'1151',2,NULL),(5532,128,204,14,'1157',2,1),(5533,128,205,14,'1162',2,1),(5534,128,206,14,'1163',2,1),(5535,128,207,14,'1165',2,1),(5536,128,208,14,'1169',2,1),(5537,128,209,14,'1173',2,NULL),(5538,128,210,14,'1179',2,1),(5539,128,116,7,'692',1,NULL),(5540,128,117,7,'698',1,NULL),(5541,128,118,7,'704',1,NULL),(5542,128,119,7,'706',1,1),(5543,128,120,7,'711',1,1),(5544,128,121,7,'714',1,1),(5545,128,122,7,'720',1,1),(5546,128,124,7,'726',1,1),(5547,128,125,7,'745',1,1),(5548,128,126,7,'735',1,1),(5549,128,116,7,'694',2,1),(5550,128,117,7,'697',2,1),(5551,128,118,7,'703',2,1),(5552,128,119,7,'706',2,1),(5553,128,120,7,'711',2,1),(5554,128,121,7,'714',2,1),(5555,128,122,7,'720',2,1),(5556,128,124,7,'726',2,1),(5557,128,125,7,'745',2,1),(5558,128,126,7,'735',2,1),(5559,128,127,8,'750',1,1),(5560,128,128,8,'753',1,1),(5561,128,129,8,'759',1,1),(5562,128,130,8,'768',1,1),(5563,128,131,8,'767',1,1),(5564,128,132,8,'771',1,NULL),(5565,128,133,8,'772',1,NULL),(5566,128,134,8,'774',1,1),(5567,128,135,8,'777',1,1),(5568,128,136,8,'782',1,1),(5569,128,1141,10,'1870',1,1),(5570,128,1142,10,'1792',1,NULL),(5571,128,1143,10,'1875',1,NULL),(5572,128,1144,10,'1881',1,1),(5573,128,1145,10,'1885',1,1),(5574,128,1146,10,'1886',1,1),(5575,128,1147,10,'1888',1,1),(5576,128,1148,10,'1891',1,NULL),(5577,128,1149,10,'1893',1,NULL),(5578,128,1150,10,'1894',1,1),(5579,128,1151,10,'1897',1,1),(5580,128,1152,10,'1899',1,1),(5581,128,1154,10,'1900',1,1),(5582,128,1155,10,'1902',1,NULL),(5583,128,1156,10,'1904',1,1),(5584,128,1141,10,'1870',2,1),(5585,128,1142,10,'1792',2,NULL),(5586,128,1143,10,'1875',2,NULL),(5587,128,1144,10,'1881',2,1),(5588,128,1145,10,'1885',2,1),(5589,128,1146,10,'1886',2,1),(5590,128,1147,10,'1888',2,1),(5591,128,1148,10,'1890',2,1),(5592,128,1149,10,'1892',2,1),(5593,128,1150,10,'1894',2,1),(5594,128,1151,10,'1897',2,1),(5595,128,1152,10,'1899',2,1),(5596,128,1154,10,'1900',2,1),(5597,128,1155,10,'1903',2,1),(5598,128,1156,10,'1904',2,1),(5599,128,26,3,'463',1,1),(5600,128,27,3,'465',1,1),(5601,128,28,3,'467',1,1),(5602,128,29,3,'469',1,1),(5603,128,30,3,'471',1,1),(5604,128,31,3,'474',1,1),(5605,128,32,3,'475',1,1),(5606,128,33,3,'477',1,1),(5607,128,34,3,'479',1,1),(5608,128,35,3,'485',1,1),(5609,128,36,3,'489',1,NULL),(5610,128,37,3,'490',1,1),(5611,128,38,3,'500',1,1),(5612,128,39,3,'509',1,NULL),(5613,128,40,3,'511',1,1),(5614,128,41,3,'514',1,NULL),(5615,128,42,3,'533',1,1),(5616,128,47,3,'521',1,1),(5617,128,48,3,'526',1,1),(5618,128,49,3,'532',1,1),(5619,128,137,9,'785',1,1),(5620,128,138,9,'791',1,1),(5621,128,139,9,'796',1,1),(5622,128,140,9,'798',1,1),(5623,128,142,9,'806',1,NULL),(5624,128,143,9,'11839',1,1),(5625,128,144,9,'818',1,NULL),(5626,128,145,9,'828',1,NULL),(5627,128,1131,9,'11861',1,1),(5628,128,1132,9,'11872',1,NULL),(5629,128,1133,9,'11878',1,1),(5630,128,1134,9,'11886',1,1),(5631,128,1135,9,'11887',1,1),(5632,128,1136,9,'11889',1,NULL),(5633,128,1137,9,'11895',1,NULL),(5634,128,1138,9,'11899',1,NULL),(5635,128,1139,9,'11904',1,NULL),(5636,128,1140,9,'11900',1,NULL),(5637,128,137,9,'785',2,1),(5638,128,138,9,'791',2,1),(5639,128,139,9,'796',2,1),(5640,128,140,9,'798',2,1),(5641,128,142,9,'806',2,NULL),(5642,128,143,9,'11839',2,1),(5643,128,144,9,'818',2,NULL),(5644,128,145,9,'828',2,NULL),(5645,128,1131,9,'11861',2,1),(5646,128,1132,9,'11872',2,NULL),(5647,128,1133,9,'11878',2,1),(5648,128,1134,9,'11886',2,1),(5649,128,1135,9,'11887',2,1),(5650,128,1136,9,'11889',2,NULL),(5651,128,1137,9,'11895',2,NULL),(5652,128,1138,9,'11899',2,NULL),(5653,128,1139,9,'11904',2,NULL),(5654,128,1140,9,'11900',2,NULL),(5655,128,137,9,'785',3,1),(5656,128,138,9,'791',3,1),(5657,128,139,9,'796',3,1),(5658,128,140,9,'798',3,1),(5659,128,141,9,'800',3,1),(5660,128,142,9,'805',3,1),(5661,128,143,9,'11839',3,1),(5662,128,144,9,'819',3,1),(5663,128,145,9,'827',3,1),(5664,128,1131,9,'11861',3,1),(5665,128,1132,9,'11874',3,1),(5666,128,1133,9,'11878',3,1),(5667,128,1135,9,'11887',3,1),(5668,128,1136,9,'11890',3,1),(5669,128,1137,9,'11895',3,NULL),(5670,128,1138,9,'11898',3,NULL),(5671,128,1139,9,'11907',3,NULL),(5672,128,1140,9,'11900',3,NULL),(5673,128,137,9,'785',4,1),(5674,128,138,9,'791',4,1),(5675,128,139,9,'796',4,1),(5676,128,140,9,'798',4,1),(5677,128,141,9,'800',4,1),(5678,128,142,9,'805',4,1),(5679,128,143,9,'11839',4,1),(5680,128,144,9,'819',4,1),(5681,128,145,9,'827',4,1),(5682,128,1131,9,'11861',4,1),(5683,128,1132,9,'11874',4,1),(5684,128,1133,9,'11878',4,1),(5685,128,1134,9,'11886',4,1),(5686,128,1135,9,'11887',4,1),(5687,128,1136,9,'11890',4,1),(5688,128,1137,9,'11894',4,1),(5689,128,1138,9,'11897',4,1),(5690,128,1139,9,'11906',4,1),(5691,128,1140,9,'11900',4,NULL),(5692,128,591,25,'11908',1,NULL),(5693,128,592,25,'11915',1,1),(5694,128,593,25,'11920',1,1),(5695,128,702,25,'11924',1,NULL),(5696,128,703,25,'11927',1,1),(5697,128,704,25,'11930',1,1),(5698,128,705,25,'11932',1,1),(5699,128,706,25,'11935',1,NULL),(5700,128,707,25,'11939',1,NULL),(5701,128,708,25,'11943',1,NULL),(5702,128,709,25,'11949',1,NULL),(5703,128,710,25,'11968',1,NULL),(5704,128,711,25,'11957',1,NULL),(5705,128,712,25,'11959',1,NULL),(5706,128,713,25,'11962',1,NULL),(5707,128,591,25,'11910',2,1),(5708,128,592,25,'11915',2,1),(5709,128,593,25,'11920',2,1),(5710,128,702,25,'11923',2,1),(5711,128,703,25,'11927',2,1),(5712,128,704,25,'11930',2,1),(5713,128,705,25,'11932',2,1),(5714,128,706,25,'11936',2,1),(5715,128,707,25,'11941',2,1),(5716,128,708,25,'11945',2,1),(5717,128,709,25,'11950',2,1),(5718,128,710,25,'11968',2,NULL),(5719,128,711,25,'11956',2,1),(5720,128,712,25,'11960',2,1),(5721,128,713,25,'11963',2,1);

--
