--
-- Host: localhost    Database: rutn_school
-- ------------------------------------------------------


--
-- Table structure for table `course`
--

CREATE TABLE `course` (
  `id` int(11) unsigned NOT NULL AUTO_INCREMENT,
  `name` varchar(60) CHARACTER SET utf8 NOT NULL,
  `short_description` text CHARACTER SET utf8,
  `description` text CHARACTER SET utf8,
  `passing_percentage` int(11) DEFAULT NULL,
  `cost` varchar(60) CHARACTER SET utf8 DEFAULT NULL,
  `instruction_methods` text CHARACTER SET utf8,
  `evaluation_method` text CHARACTER SET utf8,
  `study_guide` varchar(60) CHARACTER SET utf8 DEFAULT NULL,
  `study_guide_2` varchar(60) CHARACTER SET utf8 DEFAULT NULL,
  `case_study` varchar(60) CHARACTER SET utf8 DEFAULT NULL,
  `powerpoint` varchar(60) CHARACTER SET utf8 DEFAULT NULL,
  `powerpoint_2` varchar(60) CHARACTER SET utf8 DEFAULT NULL,
  `syllabus` varchar(60) CHARACTER SET utf8 DEFAULT NULL,
  `video` text CHARACTER SET utf8,
  `ceu_credit` int(11) unsigned DEFAULT '0',
  `promo_code` varchar(60) DEFAULT NULL,
  `frequency_required` varchar(90) DEFAULT NULL,
  `staff_requirement` varchar(90) DEFAULT NULL,
  `required_within_time` varchar(90) DEFAULT NULL,
  `in_person` varchar(11) DEFAULT NULL,
  `essay_question` int(1) DEFAULT NULL,
  `essay_question_content` text,
  PRIMARY KEY (`id`)
) ENGINE=InnoDB AUTO_INCREMENT=30 DEFAULT CHARSET=latin1;

--
-- Dumping data for table `course`
--

INSERT INTO `course` VALUES (3,'HIV / AIDS - 2 CEU','<p>HIV is an acronym for human immunodeficiency virus and it is the disease that often leads to AIDS. Continuing Education Course (2 CEUs)</p>','<p style=\"margin: 0px; padding: 0px; font-size: 12px; color: rgb(68, 68, 68); line-height: 18px; font-family: helvetica, arial, sans-serif;\">This class provides information on HIV and AIDS- related illnesses. Materials will be presented on the symptoms, causes, pathophysiology, diagnosis, transmission and prevention, treatment, epidemiology, prognosis, and history of HIV and AIDS.</p>',80,'0','Online Only',NULL,'Tennessee-HIV-AIDS.pdf',NULL,NULL,NULL,NULL,NULL,NULL,2,'','730',NULL,'30','0',NULL,''),(4,'Aggression Management','<p>The effective handling of aggression is a demanding aspect of working in Behavioral Health. It is an area in which the ability to manage self and assertively communicate with others is essential. This course will explore identifying, preventing and managing aggressive behavior through the use of verbal de-escalation interventions.</p>','<p><strong>Course Overview and Objectives</strong><br><br>The effective handling of aggression is one of the most demanding aspects of working in Behavioral Health. It is an area in which the ability to manage self and assertively communicate with others is essential. This course will explore identifying, preventing and managing aggressive behavior through the use of verbal de-escalation interventions. <br><br>Upon successful completion of this course the learner will be able to: </p><ol><li>Define “Aggression” and “Verbal De-escalation\" </li><li>Identify warning signs for aggressive behavior. </li><li>Give examples of verbal\r\nde-escalation techniques to use in a crisis situation\r\n   </li></ol>',80,'0','Online Only',NULL,'online-aggression-management-021815.pdf',NULL,NULL,NULL,NULL,NULL,NULL,2,NULL,'365',NULL,'180','0',NULL,NULL),(5,'Infection Control - 1 CEU','Healthcare workers are required to participate in an annual training on infection prevention and control. 1 CEU','<p>Healthcare workers are required to participate in an annual training on infection prevention and control. At the end of this study guide participants will be able to:</p>\r\n<ul>\r\n<li>Understand modes of transmission of bacteria and infections</li><li>Understand universal precautions</li><li>Practice proper hand washing techniques</li>\r\n<li>Take action to prevention of the spread of disease in your workplace</li>\r\n</ul>\r\n\r\n\r\n\r\n',80,'0','Online Only',NULL,'Online-InfectionControl-021815.pdf',NULL,NULL,NULL,NULL,NULL,NULL,1,'',NULL,NULL,NULL,NULL,NULL,NULL),(7,'HIPAA - 2 CEU','Confidentiality is one of the most basic rights that our clients have. All healthcare workers are legally and morally bound to protect the confidentiality of others.','<p style=\"margin: 0px; font-size: 12px; font-family: Helvetica;\">Confidentiality is one of the most basic rights that our clients have. All healthcare workers are legally and morally bound to protect the confidentiality of others.</p><p style=\"margin: 0px; font-size: 12px; font-family: Helvetica;\"><br></p>\r\n<p style=\"margin: 0px; font-size: 12px; font-family: Helvetica;\">This course is designed to:</p><p style=\"margin: 0px; font-size: 12px; font-family: Helvetica;\"></p><ol><li>Give you an overview of The Health Insurance Portability and Accountability Act of 1996 (HIPAA).</li><li>Familiarize you with any major changes that have been implemented with the new 2013 Omnibus Rule Changes.</li><li>Help you recognize the serious consequences if you fail to comply with HIPAA.</li></ol><p></p>\r\n\r\n',80,'0','Online Only',NULL,'Online-HIPAA-021815.pdf',NULL,NULL,NULL,NULL,NULL,NULL,2,'',NULL,NULL,NULL,NULL,NULL,NULL),(10,'Sexual Harassment - 2 CEU','<p>After completing this self-study session, you will be able to: Define sexual harassment, Identify the types of sexual harassment and Identify behaviors that may be interpreted as sexual harassment.</p>','<p>After completing this self-study session, you will be able to:</p><ul><li>Define sexual harassment.</li><li>Identify the types of sexual harassment.</li><li>Identify behaviors that may be interpreted as sexual harassment.</li></ul>',80,'0','Online',NULL,'finalsexualharassment.pdf',NULL,NULL,NULL,NULL,NULL,NULL,2,'','730',NULL,'90','0',NULL,''),(14,'Suicide and Self-Harm - 2 CEU','<p>Nearly everyone at some time in his or her life thinks about suicide. Most everyone decides to live because they come to realize that the crisis is temporary, but death in not. On the other hand, people in the midst of a crisis often perceive their dilemma as inescapable and feel an utter loss of control.</p>','<p>Nearly everyone at some time in his or her life thinks about suicide. Most everyone decides to live because they come to realize that the crisis is\r\ntemporary, but death in not. On the other hand, people in the midst of a crisis often perceive their dilemma as inescapable and feel an utter loss of control.</p>',80,'0','',NULL,'Suicide-Self-Harm-Final.pdf',NULL,NULL,NULL,NULL,NULL,NULL,2,'','',NULL,'','0',NULL,''),(15,'Cultural Diversity - 2 CEU','','',80,'0','Online Only',NULL,NULL,NULL,NULL,'Cultural-Diversity.ppsx',NULL,NULL,NULL,2,'',NULL,NULL,NULL,NULL,NULL,NULL),(25,'Incident Reporting Requirements - 1 CEU','<p>All public or private substance abuse service providers, licensed by The Department of Children and Families (DCF) must create and maintain policies and procedures for Incident Reporting.</p>','<p>All public or private substance abuse service providers, licensed by The Department of Children and Families (DCF) must create and maintain policies and procedures for Incident Reporting. This course details the internal procedure for completing and filing an incident report form for an unusual event, as well as, the procedure for reporting a critical incident to the DCF and Joint Commission.</p>',80,'0','',NULL,'Incident-Reporting-TN.pdf',NULL,NULL,NULL,NULL,NULL,NULL,1,'','',NULL,'','0',NULL,''),(27,'Tuberculosis - 1CE','<p>Two TB-related conditions exist: latent TB infection (LTBI) and TB disease. If not treated properly, TB disease can be fatal.</p>','<p>Tuberculosis (TB) is caused by a bacterium called Mycobacterium tuberculosis. The bacteria usually attack the lungs but can affect any part of the body such as the kidney, spine, and brain. Not everyone infected with TB bacteria becomes sick. As a result, two TB-related conditions exist: latent TB infection (LTBI) and TB disease. If not treated properly, TB disease can be fatal.</p>',80,'','',NULL,'Tuberculosis-TN.pdf','Tuberculosis-TN-Policy.pdf',NULL,NULL,NULL,NULL,NULL,1,'','',NULL,'','0',NULL,''),(28,'Reporting Communicable Diseases','<p>According to 1200-14-01-.02: “All healthcare providers and other persons knowing of or suspecting a case, culture, or specimen of a reportable disease or event shall report that occurrence to the Department of Health in the time and manner set forth by the Commissioner”</p>','<p>According to 1200-14-01-.02: “All healthcare providers and other persons knowing of or suspecting a case, culture, or specimen of a reportable disease or event shall report that occurrence to the Department of Health in the time and manner set forth by the Commissioner”</p>',70,'','Online',NULL,'Reporting-Communicable-Diseases-TN.pdf','Disease-List-Healthcare-Providers.pdf',NULL,NULL,NULL,NULL,NULL,1,'','',NULL,'','0',NULL,''),(29,'Abuse Reporting & Affirmative Duties','','',70,'','',NULL,'Abuse-Reporting-TN.pdf',NULL,NULL,NULL,NULL,NULL,NULL,2,'','',NULL,'','0',NULL,'');

--
-- Table structure for table `course_category`
--

CREATE TABLE `course_category` (
  `id` int(11) unsigned NOT NULL AUTO_INCREMENT,
  `name` varchar(60) CHARACTER SET utf8 NOT NULL,
  PRIMARY KEY (`id`)
) ENGINE=InnoDB AUTO_INCREMENT=8 DEFAULT CHARSET=latin1;

--
-- Dumping data for table `course_category`
--

INSERT INTO `course_category` VALUES (1,'Continuing Education'),(2,'Personal Development'),(3,'Communication'),(4,'Management & Leadership'),(5,'Marketing'),(6,'Organizational Efficiency'),(7,'Certified Behavioral Health Technician (CBHT)');

--
-- Table structure for table `course_has_category`
--

CREATE TABLE `course_has_category` (
  `id` int(11) unsigned NOT NULL AUTO_INCREMENT,
  `course_id` int(11) unsigned NOT NULL,
  `course_category_id` int(11) unsigned NOT NULL,
  `course_offering_id` int(11) unsigned NOT NULL,
  PRIMARY KEY (`id`),
  KEY `course_id` (`course_id`),
  KEY `course_offering_id` (`course_offering_id`),
  KEY `course_category_id` (`course_category_id`),
  CONSTRAINT `course_has_category_ibfk_3` FOREIGN KEY (`course_offering_id`) REFERENCES `offerings` (`id`) ON DELETE NO ACTION ON UPDATE NO ACTION,
  CONSTRAINT `course_has_category_ibfk_5` FOREIGN KEY (`course_id`) REFERENCES `course` (`id`) ON DELETE CASCADE ON UPDATE NO ACTION,
  CONSTRAINT `course_has_category_ibfk_6` FOREIGN KEY (`course_category_id`) REFERENCES `course_category` (`id`) ON DELETE CASCADE ON UPDATE NO ACTION
) ENGINE=InnoDB AUTO_INCREMENT=28 DEFAULT CHARSET=latin1;

--
-- Dumping data for table `course_has_category`
--

INSERT INTO `course_has_category` VALUES (13,5,1,1),(16,15,1,1),(18,14,1,1),(19,7,1,1),(21,10,1,1),(22,3,1,1),(23,25,1,1),(25,27,1,1),(26,28,1,1),(27,29,1,1);

--
-- Table structure for table `evaluation`
--

CREATE TABLE `evaluation` (
  `id` int(11) unsigned NOT NULL AUTO_INCREMENT,
  `course_id` int(11) DEFAULT NULL,
  `date` int(11) NOT NULL,
  `student_name` varchar(60) DEFAULT NULL,
  `question_1` text,
  `question_2` text,
  `question_3` text,
  `question_4` text,
  `question_5` text,
  `rating` int(11) NOT NULL,
  PRIMARY KEY (`id`)
) ENGINE=InnoDB AUTO_INCREMENT=182 DEFAULT CHARSET=utf8;

--
-- Dumping data for table `evaluation`
--

INSERT INTO `evaluation` VALUES (117,5,1578595896,'Brian Hathcock ','Information ','Boring ','0','No','Idk',4),(118,5,1578606992,'','','','','','',3),(119,7,1578856250,'Charles H Bennett III','I enjoyed learning new things regarding HIPPA Law','','','','',5),(120,3,1579293434,'','','','','','',3),(121,3,1579794697,'Mary Elizabeth Condon','informative','not much','not much','sure','not sure',4),(122,5,1579794745,'Mary Elizabeth Condon','informative','not sure','not sure','sure','not sure',4),(123,7,1579794787,'Mary Elizabeth Condon','informative','not sure','not sure','sure','not sure',4),(124,10,1579794829,'Mary Elizabeth Condon','informative','not sure','not sure','sure','not sure',4),(125,3,1580715214,'Farrence Williamson','Everything','Nothing; everything was great!','N/A','Yes','N/A',4),(126,5,1580716209,'Farrence Williamson','Everything','Nothing; everything was great!','N/A','Yes','N/A',4),(127,7,1580717357,'Farrence Williamson','Everything','Nothing','N/A','No','N/N',3),(128,10,1580719096,'Farrence Williamson','Yes','Nothing; everything was great!','N/A','Yes','N/A',4),(129,10,1580719098,'Farrence Williamson','Yes','Nothing; everything was great!','N/A','Yes','N/A',4),(130,14,1580734274,'Farrence Williamson','Everything','N/A','N/A','Yes','N/A',4),(131,3,1580853190,'Asher Levine','facts about testing and number of infected','i dont know ','more info about cures','no','addiction',3),(132,3,1580853190,'Asher Levine','facts about testing and number of infected','i dont know ','more info about cures','no','addiction',3),(133,27,1580890093,'Farrence Williamson','Everything','N/A','N/A','Yes','N/A',4),(134,14,1580978681,'Angela McCartney','','','','','',4),(135,15,1580982099,'Angela McCartney','','','','','',4),(136,7,1580982394,'Angela McCartney','','','','','',4),(137,25,1580983343,'Angela McCartney','','','','','',3),(138,15,1580983403,'Angela McCartney','','','','','',4),(139,15,1580987672,'Angela McCartney','','','','','',3),(140,29,1580988616,'Angela McCartney','','','','','',3),(141,3,1584114074,'','','','','','',4),(142,3,1584114085,'','','','','','',4),(143,4,1584114896,'','','','','','',4),(144,4,1584114915,'','','','','','',4),(145,4,1584114934,'','','','','','',4),(146,3,1586817317,'','','','','','',4),(147,29,1586817784,'','','','','','',4),(148,3,1587748451,'Hannah Younger','','','','','',5),(149,4,1587748779,'Hannah Younger','','','','','',5),(150,5,1587749400,'Hannah Younger','','','','','',5),(151,7,1587749931,'Hannah Younger','','','','','',5),(152,14,1587750564,'Hannah Younger','','','','','',5),(153,27,1587752343,'Hannah Younger','','','','','',5),(154,28,1587752656,'Hannah Younger','','','','','',5),(155,3,1588626957,'Madeline Young','I felt that the course was very informative, and I learned some things I didn\'t know before.','HIV and AIDS are not particularly enjoyable subjects to discuss.','n/a','Not really.','n/a',5),(156,3,1595047827,'Carla Perry','It was educational ','No e','No e','Yes','Health',4),(157,5,1595437721,'Carla ','','','','','',3),(158,5,1595437802,' Area Perry ','Learing','Learing','Nothing','Yes','Health',3),(159,5,1595445939,'Carla perry','Na','Na','Na','Na','Na',3),(160,5,1595446401,'Carla Perry','','','','','',3),(161,4,1595702104,'angie wilson','looking at the different solutions and coping techniques ','the length of time ','','','',4),(162,5,1595702617,'angie wilson','reveiw ','review ','','','',4),(163,7,1595710239,'angie wilson','review of information ','','','','more therapeutic information ',3),(164,10,1595710861,'angie wilson','reveiw of information ','','','','',4),(165,3,1595866630,'Paige Taylor','Easy to read','n/a','n/a','yes','n/a',5),(166,4,1595867242,'Paige Taylor','easy to read','n/a','n/a','yes','n/a',5),(167,5,1595867814,'Paige Taylor','easy to read','n/a','n/a','yes','n/a',5),(168,15,1596051075,'angie wilson','reveiw of material','','','','',4),(169,3,1596157270,'Derrick Johnson','','','','','',4),(170,3,1597243680,'','','','','','',2),(171,4,1597244311,'','','','','','',2),(172,5,1597244898,'','','','','','',2),(173,7,1597245751,'','','','','','',2),(174,10,1597247085,'','','','','','',2),(175,10,1597247115,'','','','','','',2),(176,14,1597247764,'','','','','','',2),(177,15,1597247867,'','','','','','',3),(178,25,1597248689,'','','','','','',2),(179,27,1597249805,'','','','','','',2),(180,28,1597249992,'','','','','','',2),(181,29,1597250643,'','','','','','',2);

--
-- Table structure for table `exam_results`
--

CREATE TABLE `exam_results` (
  `id` int(11) unsigned NOT NULL AUTO_INCREMENT,
  `user_id` int(11) unsigned NOT NULL,
  `course_id` int(11) unsigned NOT NULL,
  `grade` float NOT NULL,
  PRIMARY KEY (`id`),
  KEY `user_id` (`user_id`),
  KEY `course_id` (`course_id`),
  CONSTRAINT `exam_results_ibfk_1` FOREIGN KEY (`user_id`) REFERENCES `user` (`id`) ON DELETE CASCADE ON UPDATE NO ACTION,
  CONSTRAINT `exam_results_ibfk_3` FOREIGN KEY (`course_id`) REFERENCES `course` (`id`) ON DELETE CASCADE ON UPDATE NO ACTION
) ENGINE=InnoDB AUTO_INCREMENT=2650 DEFAULT CHARSET=utf8;

--
-- Dumping data for table `exam_results`
--

INSERT INTO `exam_results` VALUES (1519,245,3,89),(1520,245,3,89),(1521,110,3,94),(1522,245,5,87),(1523,245,7,80),(1524,248,3,94),(1525,250,3,100),(1526,251,3,82),(1527,245,10,87),(1528,251,5,80),(1529,251,5,80),(1530,251,7,90),(1531,246,3,100),(1532,245,14,90),(1533,246,5,93),(1534,246,7,100),(1535,248,5,53),(1536,245,15,40),(1537,245,15,80),(1538,245,15,100),(1542,246,10,87),(1543,246,10,87),(1545,248,5,53),(1546,245,25,91),(1547,248,5,60),(1548,246,14,80),(1549,248,5,47),(1551,248,5,67),(1552,246,15,80),(1553,246,15,100),(1554,246,25,91),(1555,246,27,70),(1556,251,10,73),(1557,246,27,90),(1558,251,10,93),(1559,251,14,80),(1560,251,15,80),(1561,248,5,73),(1562,248,5,80),(1563,248,5,80),(1564,110,10,53),(1565,248,7,70),(1566,248,7,80),(1567,110,10,60),(1568,250,5,60),(1569,251,27,40),(1570,250,5,80),(1571,251,27,80),(1572,250,7,80),(1573,249,14,60),(1574,247,3,94),(1575,247,5,100),(1576,247,7,100),(1577,251,25,73),(1578,247,10,93),(1579,251,25,91),(1580,247,14,90),(1581,247,15,100),(1582,247,25,91),(1583,247,27,80),(1584,253,3,82),(1585,253,5,80),(1586,253,7,90),(1587,253,10,93),(1588,255,3,94),(1589,245,27,80),(1590,254,3,88),(1591,248,10,80),(1592,254,5,73),(1593,254,5,67),(1594,248,14,60),(1595,254,5,73),(1596,254,5,73),(1597,254,5,80),(1598,254,7,80),(1599,248,14,60),(1600,254,10,87),(1601,248,14,80),(1602,252,3,94),(1603,254,14,50),(1604,254,14,50),(1605,254,14,60),(1606,254,14,60),(1607,254,14,60),(1608,254,14,80),(1609,252,5,100),(1610,256,14,70),(1611,256,14,80),(1612,252,7,100),(1613,252,10,93),(1614,252,14,80),(1615,252,15,80),(1616,252,25,100),(1617,252,27,100),(1618,259,3,94),(1619,258,3,94),(1620,259,5,87),(1621,258,5,93),(1622,258,7,90),(1623,258,10,100),(1624,260,3,100),(1625,260,5,80),(1626,260,7,70),(1627,260,7,90),(1628,261,3,100),(1629,260,10,80),(1630,260,14,70),(1631,260,14,80),(1632,260,15,60),(1633,260,15,80),(1634,260,25,64),(1635,260,25,91),(1636,260,25,91),(1637,260,27,50),(1638,260,27,60),(1639,260,27,90),(1640,260,27,90),(1641,261,5,93),(1642,261,7,100),(1643,261,10,93),(1644,259,7,100),(1645,259,10,100),(1646,261,14,70),(1647,261,14,90),(1648,261,14,90),(1649,261,14,90),(1650,261,15,60),(1651,261,15,60),(1652,261,15,100),(1653,261,25,55),(1654,261,25,64),(1655,261,25,91),(1656,261,27,40),(1657,261,27,80),(1658,259,14,80),(1659,258,14,90),(1660,257,27,90),(1661,254,15,80),(1662,254,25,36),(1663,254,25,73),(1664,254,25,64),(1665,254,25,82),(1666,254,27,40),(1667,254,27,60),(1668,254,27,60),(1669,259,15,100),(1670,258,15,100),(1671,254,27,50),(1672,259,25,64),(1673,254,27,40),(1674,259,25,73),(1675,258,25,73),(1676,259,25,91),(1677,258,25,91),(1678,259,27,50),(1679,258,27,70),(1680,259,27,90),(1681,258,27,80),(1682,254,27,70),(1683,254,27,90),(1684,263,3,94),(1685,263,7,100),(1686,263,10,87),(1687,263,5,93),(1688,263,27,90),(1689,263,25,100),(1690,263,15,80),(1691,263,14,80),(1692,257,25,82),(1693,257,25,82),(1694,265,3,100),(1695,255,5,93),(1696,265,5,93),(1697,255,7,100),(1698,265,7,100),(1699,265,10,80),(1700,255,10,87),(1701,265,10,73),(1702,265,10,93),(1703,265,14,70),(1704,265,14,80),(1705,265,15,40),(1706,265,15,40),(1707,265,15,80),(1708,265,25,82),(1709,255,27,80),(1710,265,27,70),(1711,265,27,90),(1712,255,14,90),(1713,255,15,80),(1714,255,25,82),(1715,266,3,88),(1716,266,5,87),(1717,266,7,100),(1718,266,10,87),(1719,266,14,100),(1720,266,15,80),(1721,266,25,82),(1722,266,27,90),(1723,267,3,94),(1724,267,5,93),(1725,267,7,100),(1726,267,10,100),(1727,267,14,100),(1728,267,15,80),(1729,267,25,82),(1730,267,27,90),(1731,268,3,100),(1732,268,5,93),(1733,268,7,90),(1734,268,10,100),(1735,268,14,90),(1736,268,15,100),(1737,268,25,91),(1738,268,27,80),(1739,257,5,93),(1740,257,7,100),(1741,257,10,93),(1742,257,3,100),(1743,257,15,100),(1744,257,14,90),(1745,269,3,88),(1746,269,5,67),(1747,269,5,87),(1748,269,7,80),(1749,269,10,93),(1750,269,14,70),(1751,269,14,90),(1752,269,15,60),(1753,269,15,60),(1754,269,15,100),(1755,269,27,80),(1756,269,25,64),(1757,269,25,82),(1758,256,5,73),(1759,256,5,80),(1760,270,3,100),(1761,270,5,47),(1762,110,28,100),(1763,110,29,100),(1764,253,14,90),(1765,253,15,80),(1766,253,25,91),(1767,253,27,80),(1768,270,5,87),(1769,270,7,90),(1770,270,10,93),(1771,270,14,90),(1772,270,15,60),(1773,270,15,80),(1774,256,3,100),(1775,270,25,64),(1776,270,25,91),(1777,256,7,100),(1778,256,10,80),(1779,270,27,80),(1780,270,28,71),(1781,270,29,100),(1782,271,3,94),(1783,272,15,80),(1784,264,3,88),(1785,264,5,73),(1786,264,5,80),(1787,264,7,70),(1788,264,7,90),(1789,264,10,67),(1790,264,10,93),(1791,273,3,94),(1792,257,28,100),(1793,257,29,100),(1794,249,14,60),(1795,274,3,76),(1796,249,14,90),(1797,274,3,94),(1798,249,3,76),(1799,249,3,82),(1800,274,5,80),(1801,249,29,85),(1802,274,7,90),(1803,249,5,53),(1804,274,10,87),(1805,249,5,73),(1806,274,14,80),(1807,249,5,80),(1808,249,15,100),(1809,249,7,70),(1810,249,7,80),(1811,249,10,73),(1812,249,10,87),(1813,249,27,80),(1814,249,25,9),(1815,249,28,29),(1816,249,28,57),(1817,249,28,71),(1818,272,10,93),(1819,272,14,100),(1820,272,25,82),(1821,272,3,94),(1822,272,5,80),(1823,272,27,80),(1824,272,27,80),(1825,272,7,90),(1826,272,28,71),(1827,272,29,100),(1828,245,28,100),(1829,245,29,100),(1830,274,15,80),(1831,274,25,100),(1832,274,27,60),(1833,274,27,80),(1834,274,28,100),(1835,274,29,92),(1836,273,5,100),(1837,273,7,100),(1838,273,10,93),(1839,273,14,80),(1840,273,15,80),(1841,267,28,86),(1842,267,29,85),(1843,255,28,86),(1844,255,29,92),(1845,266,28,86),(1846,266,29,92),(1847,273,25,91),(1848,273,27,100),(1849,273,28,100),(1850,273,29,77),(1851,256,15,40),(1852,256,15,100),(1853,256,25,45),(1854,256,25,73),(1855,256,25,82),(1856,256,27,70),(1857,256,27,80),(1858,256,28,71),(1859,256,29,85),(1860,276,3,94),(1861,276,10,87),(1862,246,28,100),(1863,246,29,100),(1864,277,3,94),(1865,277,5,100),(1866,277,7,90),(1867,277,7,100),(1868,277,10,93),(1869,248,15,60),(1870,248,15,80),(1871,248,25,55),(1872,248,25,64),(1873,248,25,91),(1874,248,27,60),(1875,248,27,70),(1876,248,27,100),(1877,248,28,57),(1878,248,28,71),(1879,248,29,77),(1880,278,3,82),(1881,278,5,67),(1882,278,5,80),(1883,278,7,80),(1884,278,10,87),(1885,264,14,40),(1886,264,14,50),(1887,264,14,70),(1888,278,14,80),(1889,264,14,90),(1890,278,15,60),(1891,278,15,60),(1892,264,15,60),(1893,264,15,100),(1894,278,15,80),(1895,264,25,27),(1896,264,25,64),(1897,264,25,82),(1898,264,27,50),(1899,264,27,60),(1900,264,27,80),(1901,264,28,57),(1902,264,28,100),(1903,278,25,73),(1904,278,25,64),(1905,278,25,91),(1906,264,29,62),(1907,264,29,100),(1908,278,29,92),(1909,278,27,90),(1910,278,28,100),(1911,250,10,80),(1912,250,14,60),(1913,250,14,90),(1914,250,15,60),(1915,250,15,100),(1916,250,25,64),(1917,250,25,91),(1918,250,27,50),(1919,250,27,70),(1920,250,27,100),(1921,250,28,43),(1922,250,28,71),(1923,250,29,85),(1924,280,3,76),(1925,280,3,88),(1926,280,5,73),(1927,280,5,93),(1928,280,7,80),(1929,277,14,100),(1930,261,28,100),(1931,261,29,85),(1932,282,3,88),(1933,282,5,67),(1934,283,3,94),(1935,282,5,93),(1936,283,5,100),(1937,283,7,90),(1938,284,3,94),(1939,284,3,94),(1940,271,5,80),(1941,284,7,100),(1942,284,5,80),(1943,271,7,100),(1944,284,14,80),(1945,271,10,87),(1946,271,14,80),(1947,284,10,100),(1948,284,15,100),(1949,271,25,91),(1950,284,25,91),(1951,271,15,100),(1952,271,27,80),(1953,284,28,57),(1954,284,28,86),(1955,284,27,90),(1956,271,29,85),(1957,284,29,85),(1958,271,28,86),(1959,280,10,87),(1960,280,14,50),(1961,280,14,60),(1962,280,14,90),(1963,280,15,80),(1964,280,25,64),(1965,280,25,91),(1966,280,27,80),(1967,280,28,86),(1968,280,29,77),(1969,269,28,57),(1970,269,28,57),(1971,269,28,86),(1972,269,29,92),(1973,277,25,82),(1974,262,3,88),(1975,262,5,100),(1976,262,7,100),(1977,262,10,87),(1978,262,14,90),(1979,262,27,60),(1980,275,3,94),(1981,251,28,100),(1982,275,5,100),(1983,275,7,100),(1984,253,28,86),(1985,275,10,93),(1986,260,29,85),(1987,260,28,86),(1988,285,3,88),(1989,285,5,93),(1990,285,7,80),(1991,285,10,87),(1992,286,3,65),(1993,285,14,50),(1994,286,3,94),(1995,285,14,80),(1996,285,15,80),(1997,286,5,80),(1998,286,7,80),(1999,286,10,93),(2000,285,25,55),(2001,286,14,60),(2002,285,25,100),(2003,286,14,70),(2004,286,14,80),(2005,285,27,60),(2006,286,15,100),(2007,285,27,70),(2008,285,27,100),(2009,285,28,29),(2010,286,25,55),(2011,285,28,71),(2012,286,25,91),(2013,285,29,77),(2014,286,27,80),(2015,286,28,57),(2016,286,28,100),(2017,286,29,69),(2018,286,29,77),(2019,258,28,57),(2020,258,28,71),(2021,258,29,100),(2022,252,28,100),(2023,252,29,100),(2024,247,28,71),(2025,247,29,100),(2026,249,25,55),(2027,249,25,91),(2028,268,28,71),(2029,279,3,82),(2030,268,29,69),(2031,268,29,85),(2032,253,29,100),(2033,279,5,93),(2034,279,7,90),(2035,279,10,100),(2036,275,14,90),(2037,262,27,100),(2038,262,25,45),(2039,262,25,82),(2040,262,15,80),(2041,262,15,100),(2042,262,28,100),(2043,262,29,100),(2044,275,27,100),(2045,275,15,100),(2046,275,25,82),(2047,282,14,90),(2048,282,27,80),(2049,275,29,100),(2050,282,7,80),(2051,275,28,71),(2052,282,10,100),(2053,282,15,100),(2054,282,28,100),(2055,282,25,55),(2056,282,25,82),(2057,282,29,92),(2058,276,14,60),(2059,276,14,90),(2060,276,15,100),(2061,276,5,80),(2062,276,7,100),(2063,276,25,91),(2064,276,27,70),(2065,276,27,90),(2066,276,28,86),(2067,276,29,85),(2068,265,28,71),(2069,265,29,77),(2070,279,14,90),(2071,279,15,100),(2072,279,15,100),(2073,279,25,73),(2074,277,27,60),(2075,279,25,82),(2076,279,25,82),(2077,277,27,90),(2078,277,15,100),(2079,277,28,100),(2080,279,27,80),(2081,279,28,86),(2082,279,29,100),(2083,277,29,100),(2084,288,3,94),(2085,288,5,100),(2086,288,7,100),(2087,259,28,57),(2088,259,28,57),(2089,259,28,86),(2090,259,29,69),(2091,259,29,92),(2092,288,28,100),(2093,288,10,93),(2094,288,25,91),(2095,288,15,100),(2096,288,14,90),(2097,288,27,100),(2098,288,29,100),(2099,254,28,57),(2100,254,28,71),(2101,254,29,69),(2102,254,29,77),(2103,110,4,87),(2104,290,3,100),(2105,290,4,93),(2106,290,5,100),(2107,290,7,90),(2108,290,10,87),(2109,290,14,90),(2110,290,15,80),(2111,290,25,91),(2112,290,27,50),(2113,290,27,50),(2114,290,27,70),(2115,290,27,100),(2116,290,28,57),(2117,290,28,86),(2118,290,29,92),(2119,289,3,88),(2120,289,4,93),(2121,289,5,100),(2122,258,4,80),(2123,281,3,88),(2124,281,29,100),(2125,281,27,100),(2126,281,4,93),(2127,281,28,86),(2128,281,5,87),(2129,281,7,90),(2130,281,25,82),(2131,281,15,80),(2132,281,14,70),(2133,281,14,90),(2134,281,10,93),(2135,292,29,85),(2136,293,3,82),(2137,295,3,100),(2138,295,29,85),(2139,295,28,57),(2140,295,28,86),(2141,295,27,60),(2142,295,27,80),(2143,295,25,45),(2144,295,25,73),(2145,295,25,100),(2146,295,15,80),(2147,295,14,70),(2148,295,14,90),(2149,295,10,93),(2150,295,7,80),(2151,295,5,80),(2152,295,4,93),(2153,293,4,87),(2154,297,3,88),(2155,297,4,87),(2156,297,5,80),(2157,297,7,90),(2158,297,10,80),(2159,297,14,50),(2160,297,14,90),(2161,297,15,100),(2162,297,25,82),(2163,297,27,80),(2164,297,28,71),(2165,297,29,77),(2166,298,3,94),(2167,298,10,87),(2168,298,14,60),(2169,298,14,90),(2170,298,15,80),(2171,298,4,80),(2172,298,7,100),(2173,298,5,67),(2174,298,5,100),(2175,298,25,64),(2176,298,25,91),(2177,298,27,80),(2178,298,28,86),(2179,298,29,100),(2180,299,3,94),(2181,299,4,60),(2182,299,4,80),(2183,299,5,67),(2184,293,5,80),(2185,300,3,94),(2186,300,4,93),(2187,300,5,100),(2188,300,7,100),(2189,300,10,93),(2190,300,14,70),(2191,300,14,80),(2192,300,15,60),(2193,300,15,100),(2194,300,25,82),(2195,300,27,100),(2196,300,28,86),(2197,300,28,86),(2198,300,29,85),(2199,293,7,90),(2200,293,10,93),(2201,301,3,88),(2202,301,4,80),(2203,301,5,87),(2204,301,7,90),(2205,301,10,73),(2206,301,10,93),(2207,293,14,50),(2208,293,14,50),(2209,293,14,80),(2210,293,15,40),(2211,293,15,60),(2212,293,15,80),(2213,248,4,87),(2214,302,3,94),(2215,302,4,93),(2216,302,5,87),(2217,302,7,90),(2218,302,10,87),(2219,302,14,50),(2220,302,14,70),(2221,302,14,90),(2222,302,15,80),(2223,302,25,55),(2224,302,25,82),(2225,302,27,30),(2226,302,27,100),(2227,302,28,86),(2228,302,29,85),(2229,292,25,73),(2230,292,25,91),(2231,292,28,71),(2232,292,5,93),(2233,292,27,80),(2234,292,7,80),(2235,303,3,100),(2236,292,10,87),(2237,292,14,80),(2238,292,29,85),(2239,292,3,94),(2240,303,4,93),(2241,303,5,93),(2242,303,7,100),(2243,303,10,73),(2244,303,10,93),(2245,303,28,71),(2246,303,27,80),(2247,303,29,85),(2248,303,25,64),(2249,303,25,82),(2250,293,25,55),(2251,293,25,45),(2252,293,25,64),(2253,293,25,82),(2254,293,27,20),(2255,293,27,30),(2256,293,27,60),(2257,293,27,90),(2258,293,28,43),(2259,293,28,71),(2260,293,29,54),(2261,293,29,62),(2262,293,29,77),(2263,253,4,87),(2264,294,5,93),(2265,294,27,80),(2266,294,25,91),(2267,294,3,94),(2268,294,28,86),(2269,294,4,100),(2270,294,14,100),(2271,294,29,100),(2272,294,10,87),(2273,294,15,100),(2274,294,7,90),(2275,301,14,60),(2276,301,14,70),(2277,301,14,100),(2278,301,15,20),(2279,301,15,100),(2280,273,4,87),(2281,257,4,100),(2282,301,25,64),(2283,301,25,73),(2284,301,25,82),(2285,301,27,70),(2286,301,27,90),(2287,301,28,71),(2288,301,28,100),(2289,301,29,69),(2290,301,29,100),(2291,284,4,80),(2292,261,4,93),(2293,251,4,93),(2294,245,4,100),(2295,270,4,93),(2296,249,4,80),(2297,305,3,94),(2298,305,4,100),(2299,305,5,87),(2300,305,7,100),(2301,305,10,93),(2302,305,14,80),(2303,305,15,100),(2304,305,25,91),(2305,305,27,80),(2306,305,28,100),(2307,305,29,100),(2308,304,3,100),(2309,304,4,80),(2310,304,5,93),(2311,304,7,100),(2312,304,10,93),(2313,304,14,90),(2314,304,15,100),(2315,304,25,73),(2316,304,25,91),(2317,304,27,70),(2318,304,27,80),(2319,304,28,86),(2320,304,29,92),(2321,252,4,100),(2322,274,4,100),(2323,306,7,70),(2324,306,7,90),(2325,306,10,80),(2326,306,14,60),(2327,306,14,80),(2328,306,15,60),(2329,306,15,100),(2330,306,25,55),(2331,306,25,73),(2332,306,25,73),(2333,287,5,93),(2334,287,4,100),(2335,287,3,94),(2336,287,7,90),(2337,287,10,93),(2338,287,27,90),(2339,287,25,91),(2340,287,14,90),(2341,287,15,80),(2342,287,15,80),(2343,287,28,86),(2344,287,29,100),(2345,287,29,100),(2346,307,3,94),(2347,307,4,87),(2348,307,5,93),(2349,307,7,100),(2350,307,10,87),(2351,307,14,90),(2352,307,15,80),(2353,307,25,91),(2354,307,27,80),(2355,307,28,100),(2356,307,29,100),(2357,308,29,100),(2358,308,4,100),(2359,308,15,80),(2360,308,7,100),(2361,308,3,100),(2362,309,5,67),(2363,309,5,73),(2364,309,5,80),(2365,309,29,85),(2366,309,4,73),(2367,309,4,87),(2368,309,15,100),(2369,309,3,71),(2370,309,3,88),(2371,308,25,91),(2372,308,5,93),(2373,308,28,57),(2374,308,28,86),(2375,308,10,80),(2376,308,14,80),(2377,308,27,70),(2378,308,27,100),(2379,313,3,94),(2380,313,4,100),(2381,311,3,88),(2382,311,4,87),(2383,311,5,87),(2384,313,5,93),(2385,313,7,90),(2386,313,10,93),(2387,313,14,90),(2388,313,15,80),(2389,313,25,91),(2390,313,27,80),(2391,313,28,100),(2392,313,29,100),(2393,310,3,76),(2394,310,3,94),(2395,310,4,93),(2396,310,5,87),(2397,310,7,80),(2398,310,10,93),(2399,310,14,50),(2400,310,14,90),(2401,310,15,80),(2402,310,25,55),(2403,310,25,73),(2404,310,25,73),(2405,310,25,91),(2406,310,27,60),(2407,310,27,80),(2408,310,28,71),(2409,310,29,69),(2410,310,29,85),(2411,311,7,80),(2412,311,10,80),(2413,311,14,90),(2414,311,15,80),(2415,311,25,82),(2416,311,27,80),(2417,311,28,71),(2418,311,29,100),(2419,314,3,94),(2420,314,4,80),(2421,314,5,80),(2422,314,7,90),(2423,314,10,87),(2424,314,14,60),(2425,314,14,90),(2426,314,15,60),(2427,314,15,100),(2428,314,25,91),(2429,314,27,80),(2430,314,28,71),(2431,314,29,100),(2432,312,3,94),(2433,312,4,87),(2434,312,4,87),(2435,312,5,80),(2436,315,3,94),(2437,315,4,100),(2438,315,5,100),(2439,315,7,90),(2440,312,3,88),(2441,312,4,87),(2442,312,5,67),(2443,312,7,70),(2444,312,7,90),(2445,316,3,82),(2446,316,4,87),(2447,312,14,60),(2448,312,14,50),(2449,312,14,50),(2450,312,14,80),(2451,312,15,60),(2452,312,15,40),(2453,312,15,100),(2454,312,25,36),(2455,312,25,45),(2456,312,25,73),(2457,312,25,91),(2458,316,5,73),(2459,316,5,87),(2460,316,7,80),(2461,316,10,87),(2462,316,14,70),(2463,316,14,90),(2464,299,5,73),(2465,299,5,73),(2466,299,5,80),(2467,299,5,80),(2468,299,7,60),(2469,299,7,100),(2470,299,10,93),(2471,299,14,70),(2472,299,14,80),(2473,299,15,80),(2474,299,25,64),(2475,299,25,82),(2476,299,27,40),(2477,299,27,60),(2478,299,27,80),(2479,299,28,57),(2480,299,28,71),(2481,299,29,77),(2482,312,29,77),(2483,317,3,88),(2484,317,4,93),(2485,317,5,100),(2486,317,7,100),(2487,317,10,93),(2488,317,14,90),(2489,317,15,100),(2490,317,27,70),(2491,317,27,90),(2492,317,25,73),(2493,317,25,100),(2494,317,28,86),(2495,317,29,92),(2496,316,15,80),(2497,316,25,73),(2498,316,25,82),(2499,316,27,40),(2500,316,27,70),(2501,316,27,70),(2502,316,27,90),(2503,316,28,86),(2504,316,29,100),(2505,318,3,94),(2506,318,4,87),(2507,318,5,87),(2508,318,7,100),(2509,318,10,87),(2510,318,14,100),(2511,318,15,100),(2512,318,25,82),(2513,318,27,70),(2514,318,27,90),(2515,318,28,86),(2516,318,29,100),(2517,319,3,76),(2518,319,3,82),(2519,319,4,93),(2520,319,5,67),(2521,319,5,93),(2522,319,7,90),(2523,319,10,80),(2524,319,14,70),(2525,319,14,80),(2526,319,15,80),(2527,319,25,64),(2528,319,25,100),(2529,319,27,60),(2530,319,27,80),(2531,319,28,86),(2532,319,28,86),(2533,319,29,92),(2534,312,5,60),(2535,312,5,67),(2536,312,10,80),(2537,312,27,50),(2538,312,27,70),(2539,312,27,60),(2540,312,27,70),(2541,312,27,40),(2542,312,27,60),(2543,312,27,70),(2544,312,27,70),(2545,312,27,80),(2546,312,28,86),(2547,320,3,100),(2548,320,4,73),(2549,320,4,93),(2550,320,5,93),(2551,320,7,90),(2552,320,29,92),(2553,320,10,93),(2554,320,28,86),(2555,320,28,100),(2556,320,10,100),(2557,320,10,100),(2558,320,4,80),(2559,320,4,87),(2560,320,4,100),(2561,320,5,93),(2562,320,5,93),(2563,320,5,93),(2564,320,5,93),(2565,320,5,100),(2566,320,7,100),(2567,320,29,100),(2568,320,27,70),(2569,320,27,90),(2570,320,27,100),(2571,320,25,91),(2572,320,25,82),(2573,320,25,100),(2574,320,15,60),(2575,320,15,80),(2576,320,15,80),(2577,320,15,100),(2578,320,14,100),(2579,321,27,50),(2580,321,27,60),(2581,321,27,70),(2582,321,27,60),(2583,321,27,70),(2584,321,27,80),(2585,321,29,69),(2586,321,29,92),(2587,321,28,86),(2588,321,25,91),(2589,321,15,40),(2590,321,15,80),(2591,321,14,60),(2592,321,14,90),(2593,321,7,80),(2594,321,5,67),(2595,321,5,80),(2596,321,10,80),(2597,321,4,87),(2598,321,3,88),(2599,315,10,93),(2600,315,14,100),(2601,315,15,80),(2602,315,25,64),(2603,315,25,73),(2604,315,25,82),(2605,315,27,40),(2606,315,27,80),(2607,315,27,90),(2608,315,28,57),(2609,315,28,71),(2610,315,29,62),(2611,315,29,69),(2612,315,29,92),(2613,322,3,82),(2614,322,4,80),(2615,322,5,80),(2616,322,7,80),(2617,322,10,80),(2618,322,14,50),(2619,322,29,77),(2620,322,29,77),(2621,322,15,60),(2622,322,15,80),(2623,322,15,80),(2624,322,14,70),(2625,323,3,76),(2626,323,3,88),(2627,323,4,87),(2628,323,5,87),(2629,323,7,70),(2630,323,7,100),(2631,323,10,87),(2632,323,14,70),(2633,323,14,100),(2634,323,15,100),(2635,323,25,45),(2636,323,25,82),(2637,323,27,50),(2638,323,27,70),(2639,323,27,90),(2640,323,28,86),(2641,323,29,77),(2642,322,25,73),(2643,322,25,82),(2644,322,27,60),(2645,322,27,80),(2646,322,28,86),(2647,322,28,86),(2648,322,14,60),(2649,322,14,90);

--
-- Table structure for table `materials`
--

CREATE TABLE `materials` (
  `id` int(11) NOT NULL AUTO_INCREMENT,
  `course_id` int(11) unsigned NOT NULL,
  `name` varchar(60) NOT NULL,
  `filename` varchar(60) NOT NULL,
  PRIMARY KEY (`id`),
  KEY `course_id` (`course_id`),
  CONSTRAINT `materials_ibfk_1` FOREIGN KEY (`course_id`) REFERENCES `course` (`id`) ON DELETE CASCADE ON UPDATE NO ACTION
) ENGINE=InnoDB DEFAULT CHARSET=utf8;

--
-- Dumping data for table `materials`
--


--
-- Table structure for table `offering_has_category`
--

CREATE TABLE `offering_has_category` (
  `offering_id` int(11) unsigned NOT NULL,
  `course_category_id` int(11) unsigned NOT NULL,
  KEY `offering_id` (`offering_id`),
  KEY `course_id` (`course_category_id`),
  CONSTRAINT `offering_has_category_ibfk_1` FOREIGN KEY (`offering_id`) REFERENCES `offerings` (`id`) ON DELETE CASCADE ON UPDATE NO ACTION,
  CONSTRAINT `offering_has_category_ibfk_2` FOREIGN KEY (`course_category_id`) REFERENCES `course_category` (`id`) ON DELETE CASCADE ON UPDATE NO ACTION
) ENGINE=InnoDB DEFAULT CHARSET=utf8;

--
-- Dumping data for table `offering_has_category`
--

INSERT INTO `offering_has_category` VALUES (1,1),(1,2),(1,3),(1,4),(1,5);

--
-- Table structure for table `offerings`
--

CREATE TABLE `offerings` (
  `id` int(11) unsigned NOT NULL AUTO_INCREMENT,
  `name` varchar(60) NOT NULL DEFAULT '',
  PRIMARY KEY (`id`)
) ENGINE=InnoDB AUTO_INCREMENT=2 DEFAULT CHARSET=utf8;

--
-- Dumping data for table `offerings`
--

INSERT INTO `offerings` VALUES (1,'Professional Development');

--
-- Table structure for table `option`
--

CREATE TABLE `option` (
  `id` int(11) NOT NULL AUTO_INCREMENT,
  `question_id` int(11) NOT NULL,
  `content` text NOT NULL,
  `correct` int(11) DEFAULT NULL,
  PRIMARY KEY (`id`),
  KEY `question_id` (`question_id`),
  CONSTRAINT `option_ibfk_1` FOREIGN KEY (`question_id`) REFERENCES `question` (`id`) ON DELETE CASCADE ON UPDATE NO ACTION
) ENGINE=InnoDB AUTO_INCREMENT=12368 DEFAULT CHARSET=utf8;

--
-- Dumping data for table `option`
--

INSERT INTO `option` VALUES (4,6,'1 in 2',NULL),(5,6,'1 in 5',NULL),(6,6,'1 in 3',NULL),(7,6,'1 in 4',NULL),(8,7,'An effective vaccine is now available to prevent the disease.',NULL),(9,7,'HIV testing is not only free but compulsory for everyone over age 18.',NULL),(10,7,'People believe that antiretroviral drugs have solved the HIV problem.',NULL),(11,7,'The number of new infections is continuing to decline.',NULL),(12,8,'Free HIV testing of all patients over age 13.',NULL),(13,8,'Developing a vaccine to prevent HIV infection.',NULL),(14,8,'Reducing the rate of new infections.',NULL),(15,8,'Compulsory HIV testing of all patients in emergency departments.',NULL),(16,9,'Black/African Americans.',NULL),(17,9,'Seniors.',NULL),(18,9,'Hispanics.',NULL),(19,9,'Native Americans.',NULL),(20,10,'Women and children, seniors, and transgender persons',NULL),(21,10,'Men who have sex with men, women who have sex with women, prisoners',NULL),(22,10,'Men who have sex with men, injecting-drug users, and men who have sex with men and also use injection drugs',NULL),(23,10,'Women who have sex with women, homeless people, and seniors',NULL),(24,11,'Adopt compulsory hand-washing policies for staff and inmates.',NULL),(25,11,'Provide inmates with condoms and access to bleach for cleaning injection equipment.',NULL),(26,11,'Increase the number of correctional officers who monitor inmate activity.',NULL),(27,11,'Enroll inmates in HIV vaccine clinical trials.',NULL),(28,12,'When they enter prison.',NULL),(29,12,'Within 60 days prior to release.',NULL),(30,12,'Within 30 days prior to release.',NULL),(31,12,'Never; it is not required by law.',NULL),(32,13,'Healthcare workers are more focused on mental health issues in seniors.',NULL),(33,13,'Seniors avoid answering questions about sexual activity.',NULL),(34,13,'Seniors believe they are immune to HIV/AIDS.',NULL),(35,13,'Symptoms of AIDS such as fatigue and weight loss mimic those of normal aging.',NULL),(36,14,'Saliva and cervical secretions',NULL),(37,14,'Saliva, tears, serous fluid, and vaginal secretions',NULL),(38,14,'Blood, semen, breast milk, and vaginal and cervical secretions',NULL),(39,14,'Blood, semen, and urine',NULL),(40,15,'Blood collected for transfusion',NULL),(41,15,'Used needles and syringes',NULL),(42,15,'Casual contact with an infected patient',NULL),(43,15,'A public toilet seat',NULL),(44,16,'Increases the risk of HIV transmission.',NULL),(45,16,'Reduces the risk of HIV transmission.',NULL),(46,16,'Makes no difference in the risk of HIV transmission.',NULL),(47,16,'Increases the risk of pregnancy in women.',NULL),(48,17,'Syphilis',NULL),(49,17,'Hepatitis B (HBV)',NULL),(50,17,'Chlamydia',NULL),(51,17,'Tuberculosis (TB)',NULL),(52,18,'Relatively simple if the patient has health insurance.',NULL),(53,18,'A complex, multi-drug process that takes at least 6 months.',NULL),(54,18,'Usually not successful in African American patients.',NULL),(55,18,'Successful in most patients.',NULL),(56,19,'Unnecessary in HIV patient situations.',NULL),(57,19,'Warranted only if a patient has been diagnosed with TB.',NULL),(58,19,'Effective only if properly fitted and appropriately worn in all areas where risk of exposure is high.',NULL),(59,19,'Primarily used with patients who are coinfected with hepatitis.',NULL),(60,20,'Brain tumors from syphilis.',NULL),(61,20,'Liver disease from chronic hepatitis C.',NULL),(62,20,'Heart disease from antiretroviral drugs.',NULL),(63,20,'Stroke related to antiretroviral drugs.',NULL),(327,62,'True',1),(328,62,'False',NULL),(421,61,'Don’t use jargon',NULL),(422,61,'Avoid demeaning language',NULL),(423,61,'Find someone that speaks that person’s language',NULL),(424,61,'A and B',NULL),(425,61,'All of the above',1),(463,26,'True',1),(464,26,'False',NULL),(465,27,'False',1),(466,27,'True',NULL),(467,28,'True',1),(468,28,'False',NULL),(469,29,'False',1),(470,29,'True',NULL),(471,30,'True',1),(472,30,'False',NULL),(473,31,'True',NULL),(474,31,'False',1),(475,32,'True',1),(476,32,'False',NULL),(477,33,'True',1),(478,33,'False',NULL),(481,35,'Abstinence',NULL),(482,35,'Monogamous Relationship with partners not infected with HIV/AIDS',NULL),(483,35,'Protected Sex',NULL),(484,35,'Sterile needles',NULL),(485,35,'All of the above',1),(498,38,'Women and children, seniors, and transgender persons',NULL),(499,38,'Men who have sex with men, women who have sex with women, prisoners',NULL),(500,38,'Men who have sex with men, injecting-drug users, and men who have sex with men and also use injection drugs',1),(501,38,'Women who have sex with women, homeless people, and seniors',NULL),(506,39,'Saliva and cervical secretions',NULL),(507,39,'Saliva, tears, serous fluid, and vaginal secretions',NULL),(508,39,'Blood, semen, breast milk, and vaginal and cervical secretions',1),(509,39,'Blood, semen, and urine',NULL),(510,40,'Blood collected for transfusion',NULL),(511,40,'Used needles and syringes',1),(512,40,'Casual contact with an infected patient',NULL),(513,40,'A public toilet seat',NULL),(522,48,'Sudden shift in mood or behavior',NULL),(523,48,'Skin rash',NULL),(524,48,'Muscle weakness',NULL),(525,48,'Confusion',NULL),(526,48,'a, c, and d ',1),(537,67,'A source',NULL),(538,67,'A mode of transmission',NULL),(539,67,'A host',NULL),(540,67,'All of the above',1),(541,68,'Every healthcare worker plays a vital role ',NULL),(542,68,'Staff education is an important aspect',NULL),(543,68,'Utilizes measures used to minimize the risk of transmission',NULL),(544,68,'All of the above',1),(545,69,'Droplets are generated by coughs, sneezes, talking',NULL),(546,69,'Droplet transmission is the most frequent mode of transmission in the healthcare setting',1),(547,69,'You can become infected when they land in eyes, mouth or nose',NULL),(548,69,'They can transmit infection when propelled a short distance and land on a surface',NULL),(549,70,'HIV',NULL),(550,70,'Hepatitis B',NULL),(551,70,'Tuberculosis',1),(552,70,'Herpes',NULL),(553,71,'From mosquitos or insect bites',1),(554,71,'From blood or body fluids',NULL),(555,71,'From food or water',NULL),(556,71,'From coughs and sneezes ',NULL),(557,72,'Wear a fit-tested NIOSH-approved N95',1),(558,72,'Wear a surgical mask',NULL),(559,72,'Take 15 minute hot shower after exposure',NULL),(560,72,'Wash your hands with soap and water for 10 minutes',NULL),(561,73,'Direct contact',NULL),(562,73,'Indirect contact',NULL),(563,73,'Respiratory transmission',NULL),(564,73,'Vector-born transmission',NULL),(565,73,'All of the above',1),(566,74,'Gloves, gowns, respirators',NULL),(567,74,'Face masks, goggles, face shields',NULL),(568,74,'Shoes and socks',NULL),(569,74,'A and B',1),(570,74,'A and C',NULL),(571,75,'Wear protective gloves',NULL),(572,75,'Run away from spill in order to not get contaminated ',NULL),(573,75,'Use a 1:100 or 1:10 bleach based dilution to decontaminate surfaces ',NULL),(574,75,'A and B',NULL),(575,75,'A and C',1),(576,81,'Sweat',1),(577,81,'Saliva',NULL),(578,81,'Blood',NULL),(579,81,'None of the above',NULL),(580,78,'30 seconds',NULL),(581,78,'15 seconds',NULL),(582,78,'At least for 20 seconds',1),(583,78,'60 seconds',NULL),(584,79,'Viruses',NULL),(585,79,'Parasites',NULL),(586,79,'Bacteria',NULL),(587,79,'Fungus',NULL),(588,79,'All of the above',1),(589,80,'Air',NULL),(590,80,'Water',NULL),(591,80,'Bodily fluids',NULL),(592,80,'A and B',1),(593,80,'A and C',NULL),(594,88,'Airborne',NULL),(595,88,'Droplet',NULL),(596,88,'Contact',1),(597,88,'A and B',NULL),(598,89,'Airborne Precautions',NULL),(599,89,'Contact Precautions',NULL),(600,89,'Standard Precautions',1),(601,89,'Droplet Precautions',NULL),(602,90,'True',NULL),(603,90,'False',1),(604,91,'Where clinical professionals, in this case in the addiction industry, have multiple relationship roles with their clients',1),(605,91,'An unaviodable part of doing business in the addiction treatment industry',NULL),(606,91,'A multiple role relationship that is generally suitable for the therapist-client relationship',NULL),(607,91,'All of the above',NULL),(608,92,'To give authorization for treatment center employees to use private information',NULL),(609,92,'To secure a person\'s private financial information',NULL),(610,92,'To define the the proper use of an individual\'s health records',1),(611,92,'To punish addiction treatment centers that misuse personal information',NULL),(612,93,'Health Information Portability Protection Act',NULL),(613,93,'Health Insurance Portability and Accountability Act',1),(614,93,'Human Interest Protection  Act',NULL),(615,93,'None of the above',NULL),(616,94,'True',NULL),(617,94,'False',1),(618,95,'A fraudulent accounting scheme',NULL),(619,95,'The requirement for an arrested person to be brought into court or before a judge',1),(620,95,'The legal definition of self-inflicted bodily harm',NULL),(621,95,'None of the above',NULL),(622,96,'The clinician is the professional',NULL),(623,96,'Proper boundaries cannot be defined therefore this is a moot point',NULL),(624,96,'The client may not understand proper boundaries and may not be able to defend themselves against violations',NULL),(625,96,'The counselor must report to their supervisor',NULL),(626,96,'A and C',1),(627,96,'A and D',NULL),(628,97,'True',1),(629,97,'False',NULL),(630,98,'Quid Pro Quo',NULL),(631,98,'Professional Business',NULL),(632,98,'Dual Relationship',1),(633,98,'None of the Above',NULL),(634,99,'On a need to know basis within the facility',NULL),(635,99,'Medical emergencies',NULL),(636,99,'When parents ask',NULL),(637,99,'Client information can never be disclosed without written consent',NULL),(638,99,'B and C',NULL),(639,99,'A and B',1),(640,100,'Crossed Legs',NULL),(641,100,'Standing Tall',NULL),(642,100,'Slouching',NULL),(643,100,'Red face',NULL),(644,100,'B and D',1),(645,100,'A and B',NULL),(646,101,'True',NULL),(647,101,'False',1),(648,102,'Stress and history of violence',1),(649,102,'Stress and a long marriage',NULL),(650,102,'A long marriage and a high degree of social interaction',NULL),(651,102,'A high degree of social interaction and a history of violence',NULL),(652,103,'Perception and prejudice',NULL),(653,103,'Noise',NULL),(654,103,'Language',NULL),(655,103,'All of the above',1),(656,104,'Common depression',NULL),(657,104,'bipolar disorder doesn\'t fall under the DSMIV-TR purview',NULL),(658,104,'Mood changes that last for 48 hours or less',NULL),(659,104,'Significant mood changes that last for weeks or months',1),(660,105,'True',NULL),(661,105,'False',1),(662,106,'Use',NULL),(663,106,'Abuse',1),(664,106,'Misuse',NULL),(665,106,'Addiction',NULL),(666,107,'A good idea to use as proof',NULL),(667,107,'Not a problem if the copies are lost',NULL),(668,107,'A bad idea unless needed for an important purpose.',1),(669,107,'Something that should never be done',NULL),(670,108,'True',NULL),(671,108,'False',1),(674,110,'True',NULL),(675,110,'False',1),(676,111,'True',NULL),(677,111,'False',1),(678,112,'True',1),(679,112,'False',NULL),(680,113,'True',NULL),(681,113,'False',1),(682,109,'True',1),(683,109,'False',NULL),(684,114,'It eliminates the possibility of infection',NULL),(685,114,'It helps determine the exposure risk of staff members',1),(686,114,'A and B',NULL),(687,114,'None of the above',NULL),(688,115,'Common cold, Pinkeye, Flu',1),(689,115,'Common cold, Flu, HIV',NULL),(690,115,'HIV, Common cold, Pinkeye, Flu',NULL),(691,115,'AIDS, Pinkeye, Flu',NULL),(692,116,'Health Information Property Accountability Association',NULL),(693,116,'Human Insurance Process Accumulation Act',NULL),(694,116,'Health Insurance Portability and Accountability Act',1),(695,117,'Electronic Medical Record ',NULL),(696,117,'Security ',NULL),(697,117,'HITECH',1),(698,117,'HHS',NULL),(699,118,'Medical record number',NULL),(700,118,'Telephone number',NULL),(701,118,'Fax number',NULL),(702,118,'Social security number',NULL),(703,118,'All of the above',1),(704,118,'a, b, d',NULL),(705,119,'True',NULL),(706,119,'False',1),(707,120,'Disciplinary action',NULL),(708,120,'Loss of access privileges',NULL),(709,120,'Fines and penalties',NULL),(710,120,'Imprisonment',NULL),(711,120,'All of the above',1),(712,121,'Yes, if he is an employee and you know him.',NULL),(713,121,'Yes, if your manager says that it’s okay.',NULL),(714,121,'No, sharing log-in IDs and passwords is a security violation.',1),(715,121,'a and b',NULL),(716,122,'I am only expected to complete the minimum requirements of my job.',NULL),(717,122,' A workforce member\'s access to PHI is limited to only what is needed to perform his/her responsibilities.',NULL),(718,122,'Requests for and disclosures of PHI are limited to what is needed to perform the task.',NULL),(719,122,'A medical center is no longer allowed to provide information about patients to the media under any circumstances.',NULL),(720,122,'b and c',1),(725,124,'Yes',NULL),(726,124,'No',1),(734,126,'Yes for example I may need to  communicate client information to my boss for shift change.',NULL),(735,126,'No, because the intended users phone could be lost or stolen and exposed to a third party.',1),(744,125,'Yes.  They can be used interchangeably.',NULL),(745,125,'No. Consents are used to get the patient\'s permission to use or disclose health information for treatment, payment or business operations. Authorizations are used to obtain permission to disclose PHI for activities outside the realm of treatment, payment or business operations.',1),(746,127,'State and local governments',NULL),(747,127,'Private employers',NULL),(748,127,'Employment agencies',NULL),(749,127,'Labor organizations',NULL),(750,127,'All of the above',1),(751,128,'No means of transportation',NULL),(752,128,'A criminal history',NULL),(753,128,'A physical or mental impairment that substantially limits one or more life activities',1),(754,128,'None of the above',NULL),(755,128,'All of the above',NULL),(756,129,'Sexual preference',NULL),(757,129,'Kleptomania',NULL),(758,129,'Illegal Drug use',NULL),(759,129,'All of the above',1),(764,131,'Changing a training manual',NULL),(765,131,'Letting employee sleep during work hours',NULL),(766,131,'Providing an interpreter',NULL),(767,131,'A and C',1),(768,130,'True',1),(769,130,'False',NULL),(770,132,'True',1),(771,132,'False',NULL),(772,133,'True',NULL),(773,133,'False',1),(774,134,'True',1),(775,134,'False',NULL),(776,135,'True',NULL),(777,135,'False',1),(778,136,'Walking',NULL),(779,136,'Breathing',NULL),(780,136,'Eating',NULL),(781,136,'Major bodily functions',NULL),(782,136,'All of the above',1),(831,146,'A public health problem, impacting large numbers of the population',1),(832,146,'A family problem, best dealt with within the family ',NULL),(833,146,'A reportable crime in Florida regardless of whether or not a weapon was used in the abuse',NULL),(834,146,'All of the above',NULL),(847,150,'Verbal abuse',NULL),(848,150,'Physical acting out',NULL),(849,150,'Difficulty getting along with others',1),(850,150,'All of the above',NULL),(851,151,'Forcing sexual acts',NULL),(852,151,'Isolating the victim',NULL),(853,151,'The abuser threatening suicide',NULL),(854,151,'All of the above',1),(855,152,'Drug or alcohol abuse',NULL),(856,152,'Intense jealousy',NULL),(857,152,'Welcoming of others into relationship',1),(858,152,'Will not allow a break-up of the relationship',NULL),(859,153,'Emotional insecurity and depression',1),(860,153,'Belief in the bonds of marriage and monogamy',NULL),(861,153,'Maturity and self-reliance',NULL),(862,153,'Strong ego and many friends',NULL),(867,154,'Withhold money',NULL),(868,154,'Intimidate',NULL),(869,154,'Use children to deliver messages',NULL),(870,154,'All of the above',1),(871,155,'Signs of a victim',NULL),(872,155,'Parts of the cycle of violence',NULL),(873,155,'Signs of an abuser',1),(874,155,'Signs of marital conflict',NULL),(891,160,'Intervening directly with the abuser',NULL),(892,160,'Acknowledging client barriers for seeking help',1),(893,160,'Filing police reports on behalf of the victim',NULL),(894,160,'None of the above',NULL),(903,163,'Increasing safety at home',NULL),(904,163,'Planning for emotional support',NULL),(905,163,'Immediate and long term safety',NULL),(906,163,'All of the above',1),(907,164,'That physicians, nurses and employees or hospitals, clinics, nursing homes and sanitariums must report treating any person sustaining a gunshot wound, or life threatening injury indicating an act of violence.',1),(908,164,'That physicians, nurses and employees or hospitals, clinics, nursing homes and sanitariums must report treating any person sustaining a broken arm, leg etc.',NULL),(909,164,'That physicians, nurses and employees or hospitals, clinics, nursing homes and sanitariums must report treating any person sustaining a fall',NULL),(910,164,'None of the above',NULL),(919,149,'Low self-esteem, low income and drug and alcohol abuse',NULL),(920,149,'Individual, societal, relational and community',1),(921,149,'Anger, passivity, Anti-social personality traits and Borderline personality traits',NULL),(922,149,'All of the above',NULL),(927,158,'Emotional discomfort',NULL),(928,158,'Blaming the victim',1),(929,158,'Cultural barriers',NULL),(930,158,'Uncooperative behavior by the victim',NULL),(931,159,'Accurate documentation and safe guarding evidence',1),(932,159,'Staying disconnected',NULL),(933,159,'Demand the criminal justice system get involved',NULL),(934,159,'All of the above',NULL),(939,161,'Helping victim create a safety plan',NULL),(940,161,'Give advice whether to leave or stay in abusive relationship',1),(941,161,'Validate victims experience',NULL),(942,161,'Respect confidentiality of victim',NULL),(943,165,'That the assessment was conducted and no Domestic Violence signs were indicated',NULL),(944,165,'That the assessment was conducted and the worker did not get an answer about DV from the patient',NULL),(945,165,'That the assessment was conducted and that the patient did not disclose abuse',1),(946,165,'None of the above',NULL),(947,156,'911—If you are in immediate danger',NULL),(948,156,'The National Domestic Violence Hotline at 1-800-799-SAFE (7233)',NULL),(949,156,'The National Sexual Assault Hotline at 1-800-656-4673',NULL),(950,156,'All of the above',1),(955,162,'800-799-7233',NULL),(956,162,'800-500-1119',1),(957,162,'800-656-4673',NULL),(958,162,'800-656-6767',NULL),(959,147,'Stalking, psychological violence; neglect and physical violence',NULL),(960,147,'Physical violence, sexual violence; stalking; and emotional violence',NULL),(961,147,'Physical violence; sexual violence; threats of physical and sexual violence; emotional and psychological violence',1),(962,147,'None of the above',NULL),(963,148,'Witnessing or experiencing violence as a child',NULL),(964,148,'Economic security',1),(965,148,'Weak community sanctions against Domestic Violence such as police being unwilling to intervene',NULL),(966,148,'Dominance and control by one partner in the relationship',NULL),(967,157,'9.2% to 30.5%',1),(968,157,'15%',NULL),(969,157,'24.3%',NULL),(970,157,'14.8%',NULL),(971,166,'a. The presence of two or more disorders at the same time',1),(972,166,'b. The presence of at least 2 mental health disorders',NULL),(973,166,'c. The presence of at least 2 substance related disorders',NULL),(974,166,'d. None of the above',NULL),(979,168,'a. Alcohol and drugs can increase underlying risk for mental disorders.',NULL),(980,168,'b. Alcohol or drugs are often used to self-medicate symptoms of depression or anxiety.',NULL),(981,168,'c. Psychiatric problems do not get worse by using drugs or alcohol.',1),(982,168,'d. Alcohol and drug abuse can make symptoms of a mental health problem worse.',NULL),(983,167,'a. Schizophrenia and Depression ',NULL),(984,167,'b. Bipolar Disorder and Anxiety Disorder',1),(985,167,'c. Depression and Fibromyalgia',NULL),(986,167,'d. Bipolar Disorder and Chronic Fatigue',NULL),(987,169,'a. Lying about one’s addiction',NULL),(988,169,'b. Denial frequently occurs in mental disorders',NULL),(989,169,'c. If the problem is not acknowledged, it doesn\'t exist.',NULL),(990,169,'d. All of the above',1),(991,170,'a. Feeling restless or jumpy',NULL),(992,170,'b. Trouble concentrating',NULL),(993,170,'c. Decreased need for sleep',NULL),(994,170,'d. A and B',1),(995,171,'a. Sequential model of treatment',NULL),(996,171,'b. Parallel model of treatment',NULL),(997,171,'c. Integrated model of treatment',1),(998,171,'d. All of the above',NULL),(999,172,'a. Abusing alcohol and/or other drugs',NULL),(1000,172,'b. A complex interplay of genetics, the environment, and other outside factors. ',1),(1001,172,'c. The environment',NULL),(1002,172,'d. Genetics',NULL),(1011,175,'a. Depression?',NULL),(1012,175,'b. Bipolar Disorder?',NULL),(1013,175,'c. Obsessive Compulsive Disorder?',1),(1014,175,'d. Social Anxiety Disorder? ',NULL),(1015,176,'a. Obsessive Compulsive Disorder?',NULL),(1016,176,'b. Anxiety Disorder?',NULL),(1017,176,'c. Mania phase in Bipolar Disorder?',1),(1018,176,'d. Depression?',NULL),(1019,177,'True',1),(1020,177,'False',NULL),(1021,178,'True',1),(1022,178,'False',NULL),(1023,179,'True',1),(1024,179,'False',NULL),(1025,180,'True',1),(1026,180,'False',NULL),(1042,184,'a. A counselor\'s beliefs',NULL),(1043,184,'b. A counselor\'s moral compass',NULL),(1044,184,'c. A counselor\'s values',NULL),(1045,184,'d. A counselor\'s daily routine',1),(1071,189,'a. Are not worth understanding',NULL),(1072,189,'b. Mean that a counselor must be able to make ethical decisions on the fly.',1),(1073,189,'c. Are unavoidable but largely irrelevant.',NULL),(1074,189,'d. Don\'t exist - there are standard responses to every problem.',NULL),(1075,189,'e. All of the above',NULL),(1076,190,'a. Confidentiality',1),(1077,190,'b. Issuance of a Certificate of Financial Responsibility',NULL),(1078,190,'c. Oral records only',NULL),(1079,190,'d. Current clients only',NULL),(1080,190,'e. All of the above',NULL),(1083,192,'a. Should be encouraged',NULL),(1084,192,'b. Can increase the risk of exploitation or misinterpretation',1),(1085,192,'c. Is rarely a problem',NULL),(1086,192,'d. Can keep the client-counselor relationship more interesting',NULL),(1087,192,'e. All of the above',NULL),(1088,193,'a. Administered by the counselor with minimal client input.',NULL),(1089,193,'b. Not a part of professional ethics.',NULL),(1090,193,'c. Helpful in allowing the client to understand the direction of their treatment.',1),(1091,193,'d. Just about signing paperwork',NULL),(1092,193,'e. All of the above',NULL),(1133,173,'a. Behaviors to prevent weight gain such as self-induced vomiting',NULL),(1134,173,'b. Frequent episodes of consuming very large amounts of food ',1),(1135,173,'c. Intense fear of weight gain',NULL),(1136,173,'d. All of the above',NULL),(1137,174,'a. Restricting food intake',NULL),(1138,174,'b. Frequent episodes of consuming  large amount of food followed by self-induced vomiting',1),(1139,174,'c. Extreme loss of weight',NULL),(1140,174,'d. All of the above',NULL),(1141,201,'Self-Harm is most common in early adolescence',NULL),(1142,201,'Self-Harm is most common in college age students',1),(1143,201,'Self-Harm is most common at the age of 20',NULL),(1144,201,'Self-Harm is most common at the age of 40',NULL),(1145,201,'Self-Harm is most common in early twenties.',NULL),(1146,202,'True    ',1),(1147,202,'False',NULL),(1153,204,'Unrelenting low mood',NULL),(1154,204,'Anxiety, psychic pain, inner tension',NULL),(1155,204,'Sleep problems',NULL),(1156,204,'Threatening suicide or expressing strong wish to die',NULL),(1157,204,'All of the above',1),(1158,205,'Ask directly about suicide, be specific in your inquiry',NULL),(1159,205,'Determine level of suicide risk; low, moderate or high',NULL),(1160,205,'Medications, what they are currently taking, what they have taken in the past and what did or did not work',NULL),(1161,205,'Prior attempts increase possibility of successful suicide',NULL),(1162,205,'All of the above',1),(1163,206,'Yes',1),(1164,206,'No',NULL),(1165,207,'Substance Abuse and Mental Health Disorders',1),(1166,207,'Self-Harm and Substance Abuse',NULL),(1167,207,'Eating Disorder and Mental Health Disorder',NULL),(1168,208,'Victims of Domestic Violence are 5 times more likely to commit suicide.',NULL),(1169,208,'Victims of Domestic Violence are 12 times more likely to commit suicide.',1),(1170,208,'Victims of Domestic Violence are 21 times more likely to commit suicide.',NULL),(1171,209,'10 times',NULL),(1172,209,'17 times',NULL),(1173,209,'42 times',NULL),(1174,209,'23 times',1),(1175,210,'Can’t get out of the depression',NULL),(1176,210,'Can’t think clearly',NULL),(1177,210,'Can’t stop the pain',NULL),(1178,210,'Can’t see themselves as worthwhile',NULL),(1179,210,'All of the above',1),(1180,211,'True',1),(1181,211,'False',NULL),(1182,212,'Cultural Tolerance',NULL),(1183,212,'Cultural Acculturation',NULL),(1184,212,'Cultural Competence',NULL),(1185,212,'Cultural Assimilation',1),(1186,213,'African American',NULL),(1187,213,'American Indian',NULL),(1188,213,'Asian American',NULL),(1189,213,'Caucasian',1),(1190,213,'Hispanic',NULL),(1191,214,'True',NULL),(1192,214,'False',1),(1193,215,'True',1),(1194,215,'False',NULL),(1195,181,'a. Fines under federal law',NULL),(1196,181,'b. Losing your job',NULL),(1197,181,'c. Prison time',NULL),(1198,181,'d. Legal issues',NULL),(1199,181,'e. All of the above',1),(1200,182,'a. Is our moral but not legal obligation',NULL),(1201,182,'b. Is our legal and moral obligation',1),(1202,182,'c. Is neither our legal nor moral obligation',NULL),(1203,182,'d. Is our legal but not moral obligation',NULL),(1204,182,'e. All of the above',NULL),(1205,183,'a. Keep functions separate based on location',NULL),(1206,183,'b. Understand your role as a counselor',NULL),(1207,183,'c. By having an honest conversation with the client about your relationship',NULL),(1208,183,'d. Stay wary of possible confidentiality breaches',NULL),(1209,183,'e. All of the above',1),(1210,185,'a. Basic requiring no knowledge of law and precedent',NULL),(1211,185,'b. Generally easy and apply to every client',NULL),(1212,185,'c. Nuanced making them often very difficult',1),(1213,185,'d. Cut and dried when following the law',NULL),(1214,185,'e. All of the above',NULL),(1220,186,'a. The counselor cannot make up their mind',NULL),(1221,186,'b. Counselors have more than one client',NULL),(1222,186,'c. Counselors have more than one relationship with the client',1),(1223,186,'d. The counselor is empathetic towards a client',NULL),(1224,186,'e. All of the above',NULL),(1225,187,'a. Are set by the client',NULL),(1226,187,'b. Don’t generally apply to counselors',NULL),(1227,187,'c. Were more important in the past',NULL),(1228,187,'d. Are an important part of counseling',1),(1229,187,'e. All of the above',NULL),(1230,188,'a. May require a counselor to sign an agreement to uphold certain standards.',NULL),(1231,188,'b. Are important',NULL),(1232,188,'c. Require counselor training, in most states',NULL),(1233,188,'d. Are generally self-regulated by the industry',NULL),(1234,188,'e. All of the above',1),(1235,191,'True',NULL),(1236,191,'False',1),(1242,200,'a. Clinical, moral, legal',NULL),(1243,200,'b. Legal, moral, ethical',1),(1244,200,'c. Ethical, moral, clinical',NULL),(1245,200,'d. Ethical, legal, clinical',NULL),(1246,200,'e. None of the above',NULL),(1247,199,'a. Areas a professional counselor is interested in working in',NULL),(1248,199,'b. All areas of clinical practice',NULL),(1249,199,'c. Actions that a member of the profession is trained and authorized to perform',1),(1250,199,'d. Clinical practice in areas where the counselor can receive clinical supervision',NULL),(1251,199,'e. None of the above',NULL),(1252,198,'a. Counselor and hair stylist',NULL),(1253,198,'b. Counselor to your best friends brother',NULL),(1254,198,'c. Counselor and supervisor',NULL),(1255,198,'d. Counselor and 12-step sponsor',NULL),(1256,198,'e. All of the above',1),(1257,197,'a. May make clinical mistakes',NULL),(1258,197,'b. May begin to burn out',NULL),(1259,197,'c. May cross professional boundaries',NULL),(1260,197,'d. May exploit the client',NULL),(1261,197,'e. All of the above',1),(1262,196,'a. A counselor sharing their personal feelings with their client',NULL),(1263,196,'b. A counselor experiencing an emotional connection beyond what is acceptable in the client-counselor relationship.',1),(1264,196,'c. A client focusing on their feelings for the counselor',NULL),(1265,196,'d. A counselor having a dual relationship with their client',NULL),(1266,196,'e. A client placing feelings about others from their lies onto the counselor',NULL),(1267,195,'a. A client placing feelings about others from their lives onto the counselor',1),(1268,195,'b. A client focusing on their feelings for the counselor',NULL),(1269,195,'c. A client transferring their feelings with the feelings of the counselor',NULL),(1270,195,'d. A client falling in love with the counselor',NULL),(1271,195,'e. All of the above',NULL),(1272,194,'a. Should never be done',NULL),(1273,194,'b. Should be done with every client',NULL),(1274,194,'c. Should be done when counselor has strong belief client will benefit',1),(1275,194,'d. Should be done when the client asks a personal questions',NULL),(1276,194,'e. All of the above',NULL),(1869,1141,'Welcomed, physical in nature, and occur in or impact the workplace',NULL),(1870,1141,'Unwelcome, sexual in nature, and occur in or impact the workplace.',1),(1871,1141,'Unwelcome, sexual in nature and occur in the workplace',NULL),(1872,1141,'Unwelcome, physical in nature and occur in the workplace',NULL),(1873,1143,'Rewards or threats in the areas of hiring/firing, promotion, and performance review',1),(1874,1143,'Behavior that makes the workplace uncomfortable ',NULL),(1875,1143,'Unwelcome suggestive, sexually explicit or obscene letters, notes, emails or invitations.',NULL),(1876,1143,'Sexually explicit offensive comments',NULL),(1877,1144,'Express yourself verbally',NULL),(1878,1144,'Tell the harasser the behavior is making you uncomfortable',NULL),(1879,1144,'Express yourself non verbally',NULL),(1880,1144,'If you are afraid of retaliation say nothing and go straight to HR',NULL),(1881,1144,'All of the above',1),(1882,1145,'Disagrees with employers that discriminate based on sex, gender, race, religion or any other protected class.',NULL),(1883,1145,'Files a discrimination charge',NULL),(1884,1145,'Offers testimony or partakes in an investigation or court proceeding',NULL),(1885,1145,'All of the above',1),(1886,1146,'True',1),(1887,1146,'False',NULL),(1888,1147,'True',1),(1889,1147,'False',NULL),(1890,1148,'True',1),(1891,1148,'False',NULL),(1892,1149,'True',1),(1893,1149,'False',NULL),(1894,1150,'True',1),(1895,1150,'False',NULL),(1896,1151,'True',NULL),(1897,1151,'False',1),(1898,1152,'True',NULL),(1899,1152,'False',1),(1900,1154,'Yes',1),(1901,1154,'No',NULL),(1902,1155,'Yes',NULL),(1903,1155,'No',1),(1904,1156,'Yes',1),(1905,1156,'No',NULL),(11844,592,'Organizations',NULL),(11845,592,'Supervisors',NULL),(11846,592,'Risk Managers',NULL),(11847,592,'All Staff',1),(11857,703,'Collaborate for accuracy of events witnessed',NULL),(11858,703,'Both sign the Incident Report Form',NULL),(11859,703,'Each file a separate Incident Report Form',1),(11860,703,'Jointly prepare one Incident Report Form',NULL),(11861,704,'True',NULL),(11862,704,'False',1),(11863,705,'Complete one Incident Report listing all clients involved in the incident',NULL),(11864,705,'Complete a separate Incident Report for each client involved',1),(11865,705,'Have client’s Primary Therapist complete an incident report',NULL),(11866,705,'None of the above',NULL),(11867,706,'Any area of the Incident Report Form not requiring a response specific to the incident must be marked as “N/A” (Not applicable).',NULL),(11868,706,'A copy of the IRF is always included in the client’s medical records on file. ',1),(11869,706,'All staff members of a service provider are required to document all unusual events that occur to either a patient and/or staff member on an Incident Report Form ',NULL),(11870,706,'Incident Report Forms are confidential reports ',NULL),(11871,707,'Enter concise subjective statements of fact',NULL),(11872,707,'Express their own opinion of the occurrence',NULL),(11873,707,'Enter concise objective statements of fact',1),(11874,707,'a and b',NULL),(11890,712,'1994',NULL),(11891,712,'1998',NULL),(11892,712,'1996',1),(11893,712,'1997',NULL),(11894,713,'True',NULL),(11895,713,'False',1),(11896,137,'FS 387.219 (1)',NULL),(11897,137,'FS 456.222 (4)',NULL),(11898,137,'FS 397.419 (2)',1),(11899,137,'FS 298.419 (1)',NULL),(11900,138,'Organizations',NULL),(11901,138,'FS 456.222 (4)',NULL),(11902,138,'Supervisors',NULL),(11903,138,'Risk Managers',NULL),(11904,138,'All Staff',1),(11905,139,'Verification of corrective action',NULL),(11906,139,'Results of Root Cause Analyses',NULL),(11907,139,'Provision for reporting to the Department',NULL),(11908,139,'a and b',NULL),(11909,139,'a and c',1),(11910,140,'True',NULL),(11911,140,'False',1),(11916,141,'Any area of the Incident Report Form not requiring a response specific to the incident must be marked as “N/A” (Not applicable).',NULL),(11917,141,'Incident Report Forms are always included in the client’s medical records on file. ',1),(11918,141,'All staff members of a service provider are required to document all unusual events that occur to either a patient and/or staff member on an Incident Report Form ',NULL),(11919,141,'Incident Report Forms are confidential reports ',NULL),(11920,142,'Promptly report a critical incidence within 6 hours',NULL),(11921,142,'Promptly report a critical incident within 24 hours',NULL),(11922,142,'Promptly report a critical incident within one business day',1),(11923,142,'None of the above',NULL),(11924,143,'The Critical Incident Reporting System (CIRS)',NULL),(11925,143,'The Critical Incident Analyses System (CIAS)',NULL),(11926,143,'The Incident Analysis and Reporting System (IRAS)',NULL),(11927,143,'The Incident Reporting and Analysis System (IRAS). ',1),(11928,144,'True',NULL),(11929,144,'False',1),(11930,145,'Promptly report a critical incidence within 6 hours',NULL),(11931,145,'Promptly report a critical incident within 24 hours',NULL),(11932,145,'Promptly report a critical incident within one business day',1),(11933,145,'None of the above',NULL),(11934,1131,'To report it to your supervisor',NULL),(11935,1131,'To report it only if you believe it is an emergency',NULL),(11936,1131,'To report it to the Florida Abuse Hotline of Children and Families',1),(11937,1131,'You are only required to report it to the person’s insurance company',NULL),(11938,1132,'Abandonment',NULL),(11939,1132,'Abuse',NULL),(11940,1132,'Exploitation',NULL),(11941,1132,'Neglect',1),(11942,1133,'Law enforcement officer',NULL),(11943,1133,'Nurse in an assisted living facility',NULL),(11944,1133,'School teacher',NULL),(11945,1133,'All of the above',1),(11946,1134,'They are ashamed ',NULL),(11947,1134,'They feel no one will believe them',NULL),(11948,1134,'They are afraid someone may retaliate if they report them',NULL),(11949,1134,'All of the above',1),(11950,1135,'True',1),(11951,1135,'False',NULL),(11952,1136,'True',NULL),(11953,1136,'False',1),(11954,1137,'Unauthorized taking of personal assets',NULL),(11955,1137,'Sale of the vulnerable adults home without their authorization',NULL),(11956,1137,'Caregiver failing to provide appropriate food to vulnerable adult',NULL),(11957,1137,'A and B',1),(11958,1137,'B and C',NULL),(11959,1138,'Exploitation',NULL),(11960,1138,'Abuse',1),(11961,1138,'Neglect',NULL),(11962,1138,'All of the above',NULL),(11963,1139,'Section 415.1034',NULL),(11964,1139,'Chapter 40, F.S.',NULL),(11965,1139,'Chapter 39, F.S.',1),(11966,1139,'Section 48 F.S.',NULL),(11967,1140,'800-222-2873',NULL),(11968,1140,'800-962-2873',1),(11969,1140,'800-914-0004',NULL),(11970,1140,'800-453-5145',NULL),(12060,1157,'True',NULL),(12061,1157,'False',1),(12062,1158,'Where clinical professionals, in this case in the addiction industry, have multiple relationship roles with their clients',1),(12063,1158,'An unaviodable part of doing business in the addiction treatment industry',NULL),(12064,1158,'A multiple role relationship that is generally suitable for the therapist-client relationship',NULL),(12065,1158,'All of the above',NULL),(12066,1159,'To punish addiction treatment centers that misuse personal information',NULL),(12067,1159,'To define the the proper use of an individual\'s health records',1),(12068,1159,'To secure a person\'s private financial information',NULL),(12069,1159,'To give authorization for treatment center employees to use private information',NULL),(12070,1160,'Health Information Portability Protection Act',NULL),(12071,1160,'Human Interest Protection  Act',NULL),(12072,1160,'Health Insurance Portability and Accountability Act',1),(12073,1160,'None of the above',NULL),(12074,1161,'True',NULL),(12075,1161,'False',1),(12076,1162,'A fraudulent accounting scheme',NULL),(12077,1162,'The legal definition of self-inflicted bodily harm',NULL),(12078,1162,'The requirement for an arrested person to be brought into court or before a judge',1),(12079,1162,'None of the above',NULL),(12080,1163,'The clinician is the professional',1),(12081,1163,'Proper boundaries cannot be defined therefore this is a moot point',NULL),(12082,1163,'The clients understand proper boundaries and are able to defend themselves against violations',NULL),(12083,1163,'The counselor must report to their supervisor',NULL),(12084,1164,'True',1),(12085,1164,'False',NULL),(12086,1165,'Quid Pro Quo',NULL),(12087,1165,'Dual Relationship',1),(12088,1165,'Professional Business',NULL),(12089,1165,'None of the Above',NULL),(12090,1166,'When parents ask',NULL),(12091,1166,'Client information can never be disclosed without written consent',NULL),(12092,1166,'On a need to know basis within the facility',1),(12093,1166,'None of the Above',NULL),(12094,1167,'Crossed Legs',NULL),(12095,1167,'Slouching',NULL),(12096,1167,'Eye contact',NULL),(12097,1167,'Standing Tall',1),(12098,1168,'True',NULL),(12099,1168,'False',1),(12100,1169,'A long marriage',NULL),(12101,1169,'Stress',1),(12102,1169,'A high degree of social interaction',NULL),(12103,1169,'Regular exercise ',NULL),(12104,1170,'Perception and prejudice',NULL),(12105,1170,'Noise',NULL),(12106,1170,'Language',NULL),(12107,1170,'All of the above',1),(12108,1171,'Common depression',NULL),(12109,1171,'Bipolar disorder doesn\'t fall under the DSMIV-TR purview',NULL),(12110,1171,'Significant mood changes that last for weeks or months',1),(12111,1171,'Mood changes that last for 48 hours or less',NULL),(12112,1172,'True',NULL),(12113,1172,'False',1),(12114,1173,'Use',NULL),(12115,1173,'Misuse',NULL),(12116,1173,'Addiction',NULL),(12117,1173,'Abuse',1),(12118,1174,'A good idea to use as proof',NULL),(12119,1174,'A bad idea unless needed for an important purpose.',1),(12120,1174,'Not a problem if the copies are lost',NULL),(12121,1174,'Something that should never be done',NULL),(12122,1175,'It helps determine the exposure risk of staff members',1),(12123,1175,'It eliminates the possibility of infection',NULL),(12124,1175,'A and B',NULL),(12125,1175,'None of the above',NULL),(12126,1176,'Common cold',NULL),(12127,1176,'HIV',NULL),(12128,1176,'Pinkeye',NULL),(12129,1176,'A & C',1),(12130,1176,'A & B',NULL),(12131,1177,'A hospital',NULL),(12132,1177,'A detox',NULL),(12133,1177,'An ARF',NULL),(12134,1177,'All of the above',1),(12137,1178,'True',NULL),(12138,1178,'False',1),(12139,1179,'True',NULL),(12140,1179,'False',1),(12141,1180,'True',NULL),(12142,1180,'False',1),(12145,1181,'True',1),(12146,1181,'False',NULL),(12147,1182,'True',NULL),(12148,1182,'False',1),(12149,591,'0941-5-2-.20 ',NULL),(12150,591,'0940-5-2-.15',NULL),(12151,591,'0940-5-2-.20 ',1),(12152,591,'0942-5-2-.20 ',NULL),(12158,593,'Quality of service issues',NULL),(12159,593,'Staff only injuries',NULL),(12160,593,'Staff misconduct when off duty',NULL),(12161,593,'Theft of service recipients belongings by staff',NULL),(12162,593,'a, b and c',1),(12163,593,'All of the above',NULL),(12164,702,'As soon as possible and no later than 48 hours',NULL),(12165,702,'As soon as possible and no later than 72 hours',NULL),(12166,702,'As soon as possible and no later than 24 hours',1),(12167,702,'As soon as possible',NULL),(12168,1183,'Can be spread to others',NULL),(12169,1183,'Cannot be spread to others',1),(12170,1183,'Is deadly',NULL),(12171,1183,'Leads to TB Disease 90% of the time',NULL),(12172,1184,'True',1),(12173,1184,'False',NULL),(12174,1185,'Up to 10 million Americans have latent TB and 1 in 13 will get TB Disease',NULL),(12175,1185,'Up to 13 million Americans have latent TB and 1 in 50 will get TB Disease',NULL),(12176,1185,'Up to 10 million Americans have latent TB and 1 in 5 will get TB Disease',NULL),(12177,1185,'Up to 13 million Americans have latent TB and 1 in 10 will get TB Disease',1),(12178,1186,'You are immediately contagious',NULL),(12179,1186,'You are not immediately contagious',NULL),(12180,1186,'You may get TB Disease in weeks or even years',NULL),(12181,1186,'A and C',NULL),(12182,1186,'B and C',1),(12183,1187,'True',NULL),(12184,1187,'False',1),(12185,1188,'Are illegale',NULL),(12186,1188,'Should be encouraged due to the number of TB cases in the US every year',NULL),(12187,1188,'Should be discouraged unless the targeted groups contain substantial proportions of persons at high-risk',1),(12188,1188,'None of the above',NULL),(12189,1189,'Foreign-born persons from high-prevalence countries ',NULL),(12190,1189,'Close contacts of active TB cases or suspects',NULL),(12191,1189,'Injection drug users',NULL),(12192,1189,'Residents and staff or volunteer workers in high-risk congregate settings ',NULL),(12193,1189,'All of the above',1),(12194,1190,'Is no longer recommended',1),(12195,1190,'Is mandatory',NULL),(12196,1190,'Is recommended',NULL),(12197,1191,'All new employees and volunteers must be screened with the “TB Symptom Screening Tool” prior to beginning employment or providing volunteer services',NULL),(12198,1191,'All new employees and volunteers who provide direct care services appropriately tested for TBI within three (3) business days of beginning employment or providing volunteer services',NULL),(12199,1191,'All employees or volunteers providing direct care services must be screened annually for symptoms of active TB disease and appropriately tested with follow-up',NULL),(12200,1191,'Documentation of all TB symptom screening and TB skin testing for TBI must be treated as personal medical information and archived according to HIPAA guidelines',NULL),(12201,1191,'All of the above',1),(12202,1192,'All recipients of residential A&D treatment services must be screened with the “TB Symptom Screening Tool” prior to enrollment in an A&D treatment program',NULL),(12203,1192,'Recipients must be appropriately tested for TBI with a TST or IGRA within five (5) business days of receiving A&D treatment services',NULL),(12204,1192,'Documentation of all TB symptom screening and TB testing for TBI of service recipients must be treated as personal medical information and archived according to HIPAA guidelines',NULL),(12205,1192,'c.	All new service recipients of residential A&D treatment services must receive education and signs and symptoms of active TB disease with three (3) business days of beginning A&D services, regardless of receipt of such services within the past year.',NULL),(12206,1192,'All of the above',1),(12207,37,'Black/African Americans',1),(12208,37,'Seniors',NULL),(12209,37,'Hispanics',NULL),(12210,37,'Native Americans',NULL),(12215,34,'True',1),(12216,34,'False',NULL),(12217,42,'Be tested for HIV as early as possible unless they opt out in writing',NULL),(12218,42,'Be tested for HPV at the first prenatal visit.',NULL),(12219,42,'Not be offered HIV testing on an opt-out basis (right to refuse).',NULL),(12220,42,'Request to be tested for HIV',NULL),(12221,42,'Are tested again in the third trimester',NULL),(12222,42,'A and E',1),(12223,36,'a)	1 in 2',NULL),(12224,36,'b)	1 in 7',1),(12225,36,'c)	1 in 3',NULL),(12226,36,'d)	1 in 4',NULL),(12227,1193,'Making derogatory or sexually explicit comments',NULL),(12228,1193,'Displaying sexually suggestive posters',NULL),(12229,1193,'Making unwanted physical contact',NULL),(12230,1193,'All of the above',1),(12231,203,'Suicide is highest in college students',NULL),(12232,203,'Suicide is highest in white males over 85',NULL),(12233,203,'Suicide is highest for people aged 10-24',NULL),(12234,203,'Suicide is highest for people aged 25-34',NULL),(12235,203,'Suicide is highest for males over the age of 75',1),(12236,1194,'The PH-1500',NULL),(12237,1194,'The PH-1600',1),(12238,1194,'The PH-1060',NULL),(12239,1194,'The PH-1560',NULL),(12240,1195,'True',1),(12241,1195,'False',NULL),(12242,1195,'The PH-1060',NULL),(12243,1195,'The PH-1560',NULL),(12244,1196,'HIV',NULL),(12245,1196,'Rabies',NULL),(12246,1196,'Smallpox',NULL),(12247,1196,'Botulism',NULL),(12248,1196,'All of the above',NULL),(12249,1196,'B, C and D only',1),(12250,1197,'HIV',NULL),(12251,1197,'Tuberculosis',1),(12252,1197,'Smallpox',NULL),(12253,1197,'Hep B',NULL),(12254,1197,'All of the above',NULL),(12255,1198,'Medical Professionals',NULL),(12256,1198,'Nurses',NULL),(12257,1198,'Addiction Counselors',NULL),(12258,1198,'Psychiatrists',NULL),(12259,1198,'All of the above',1),(12260,1199,'True',1),(12261,1199,'False',NULL),(12262,1200,'Declined from 1995 to 2018',1),(12263,1200,'Increased from 1998-2018',NULL),(12264,1200,'Stayed about the same in the past decade',NULL),(12265,1201,'Children ',NULL),(12266,1201,'Vulnerable Adults',NULL),(12267,1201,'Both Children and Vulnerable Adults',1),(12268,1202,'Adult children of the elderly person',NULL),(12269,1202,'Spouse of the elderly person',NULL),(12270,1202,'Partners of the elderly person',NULL),(12271,1202,'All of the above',1),(12272,1203,'Physical pain',NULL),(12273,1203,'Mental anguish',NULL),(12274,1203,'Deprivation of service',NULL),(12275,1203,'A&C Only',NULL),(12276,1203,'All of the above',1),(12277,1204,'True',1),(12278,1204,'False',NULL),(12279,1205,'An oral or written report shall be made within 1 week to the department upon knowledge of the occurrence of suspected abuse, neglect, or exploitation of an adult. ',NULL),(12280,1205,'An oral or written report shall be made within 48 hours to the department upon knowledge of the occurrence of suspected abuse, neglect, or exploitation of an adult. ',NULL),(12281,1205,'An oral or written report shall be made immediately to the department upon knowledge of the occurrence of suspected abuse, neglect, or exploitation of an adult. ',1),(12282,1205,'Oral reports are not sufficient to fulfill reporting requirements',NULL),(12283,1205,'Written reports are not sufficient to fulfill reporting requirements',NULL),(12284,1206,'Fear of retaliation',NULL),(12285,1206,'Fear of loss',NULL),(12286,1206,'Not caring',NULL),(12287,1206,'Not recognizing abuse',NULL),(12288,1206,'A, B & D',1),(12289,1206,'None of the above',NULL),(12290,1207,'Call APS intake hotline then dial 911',NULL),(12291,1207,'Dial 911 then report online',NULL),(12292,1207,'Dial 911 then the APS intake hotline',1),(12293,1207,'Report online',NULL),(12294,1207,'Ignore',NULL),(12295,1208,'A Class A misdemeanor',1),(12296,1208,'A Class A felony',NULL),(12297,1208,'A Class B misdemeanor',NULL),(12298,1208,'Not punishable criminally',NULL),(12299,1209,'True',1),(12300,1209,'False',NULL),(12301,1210,'Over 10 million',NULL),(12302,1210,'Over 1 million',1),(12303,1210,'Over 5 million',NULL),(12304,1210,'Over 7 million',NULL),(12305,1211,'Only law enforcement to make a report when they suspect sexual or physical abuse or neglect of a minor',NULL),(12306,1211,'Only physicians to make a report when they suspect sexual or physical abuse or neglect of a minor',NULL),(12307,1211,'Every person to make a report when they suspect sexual or physical abuse or neglect of a minor',1),(12308,1212,'Failure to protect a child from harm',NULL),(12309,1212,'Creating an environment for risk of harm to a child',NULL),(12310,1212,'Corporal punishment',1),(12311,1212,'Extreme conveyance of worthlessness by a caregiver',NULL),(12312,1213,'Requires public schools to implement a prevention-oriented program regarding child sexual abuse',1),(12313,1213,'Applies only to elementary school kids',NULL),(12314,1213,'Does not include school personnel',NULL),(12315,1213,'Is not applicable to TN',NULL),(12320,63,'Defensive level, anxiety level, acting out, tension reduction',NULL),(12321,63,'Tension inducing, anxiety level, defensive level, acting out',NULL),(12322,63,'Anxiety level, defensive level, acting out, tension reduction',1),(12323,63,'Acting out, anxiety level, defensive level, tension reduction',NULL),(12324,64,'True',1),(12325,64,'False',NULL),(12326,65,'Acting out',NULL),(12327,65,'Tension Reduction',NULL),(12328,65,'Anxiety Level',NULL),(12329,65,'Defensive Level',1),(12330,82,'Clenched fists',NULL),(12331,82,'Pacing',NULL),(12332,82,'Rapid breathing',NULL),(12333,82,'Withdrawn behavior',NULL),(12334,82,'All of the Above',1),(12335,83,'The person is under the influence of a substance',NULL),(12336,83,'The person has a history of psychiatric illness',NULL),(12337,83,'The person is facing a high level of stress',NULL),(12338,83,'All of the Above',1),(12339,83,'A and B',NULL),(12340,85,'True',1),(12341,85,'False',NULL),(12342,53,'True',NULL),(12343,53,'False',1),(12344,54,'True',1),(12345,54,'False',NULL),(12346,55,'True',NULL),(12347,55,'False',1),(12348,57,'Telling the patient what he/she is feeling.',NULL),(12349,57,'Summarize what the patient stated and repeat back to verify accuracy ',1),(12350,57,'Make client aware of the incongruities from their statement',NULL),(12351,57,'None of the above',NULL),(12352,58,'Using a calm voice and acronyms or jargon',NULL),(12353,58,'Giving the person your full attention',NULL),(12354,58,'Paraphrasing what the person is saying',NULL),(12355,58,'Validating the person’s feelings about the situation',NULL),(12356,58,'All of the above',NULL),(12357,58,'B, C, and D',1),(12358,59,'Speak slowly clearly and gently',NULL),(12359,59,'Walk fast away from client to avoid an altercation',NULL),(12360,59,'Appear confident and display calmness',NULL),(12361,59,'Show you are listening',NULL),(12362,59,'A, C, and D',1),(12363,59,'A and B',NULL),(12366,60,'True',1),(12367,60,'False',NULL);

--
-- Table structure for table `question`
--

CREATE TABLE `question` (
  `id` int(11) NOT NULL AUTO_INCREMENT,
  `content` text NOT NULL,
  `course_id` int(11) NOT NULL,
  `correct_answer_id` int(11) DEFAULT NULL,
  `order` int(11) DEFAULT NULL,
  `course_order` int(11) DEFAULT NULL,
  PRIMARY KEY (`id`)
) ENGINE=InnoDB AUTO_INCREMENT=1214 DEFAULT CHARSET=utf8;

--
-- Dumping data for table `question`
--

INSERT INTO `question` VALUES (6,'According to CDC estimates, what proportion of people in the United States who are infected with HIV are unaware of their infection?',1,5,NULL,NULL),(7,'Americans have become complacent about HIV/AIDS because:',1,8,NULL,NULL),(8,'The 2010 National AIDS Strategy has three overarching goals, one of which is:',1,12,NULL,NULL),(9,'The Florida population hardest hit by HIV/AIDS is:',1,18,NULL,NULL),(10,'Which risk groups account for 75 percent of new HIV/AIDS infections?',1,22,NULL,NULL),(11,'Higher than average rates of AIDS and other STDs among correctional populations could be reduced by following the World Health Organization recommendation to:',1,24,NULL,NULL),(12,'Florida state law requires HIV testing of inmates:',1,28,NULL,NULL),(13,'Health professionals may fail to recognize the signs of HIV/AIDS infection in seniors because:',1,32,NULL,NULL),(14,'Which body fluids have been proven to transmit HIV infection?',1,36,NULL,NULL),(15,'Which of the following would most likely transmit an HIV infection?',1,40,NULL,NULL),(16,'Coinfection with STDs such as syphilis, gonorrhea, and genital warts:',1,44,NULL,NULL),(17,'The most common and most deadly coinfection for HIV-positive individuals is:',1,48,NULL,NULL),(18,'Treatment of HIV/TB coinfected patients is:',1,52,NULL,NULL),(19,'Respiratory protection equipment for healthcare workers is:',1,56,NULL,NULL),(20,'One of the leading causes of death among HIV-infected people is:',1,60,NULL,NULL),(26,'More than 1 million people in the U.S. are living with HIV. ',3,463,NULL,NULL),(27,'AIDS and HIV are the same',3,465,NULL,NULL),(28,'You can’t always tell by appearance if someone has HIV. ',3,467,NULL,NULL),(29,'Medications can cure HIV/AIDS.',3,469,NULL,NULL),(30,'All 50 states have people living with AIDS.',3,471,NULL,NULL),(31,'HIV is transmitted through casual contact such as sharing utensils. ',3,474,NULL,NULL),(32,'Abstinence is the only 100% effective method of not acquiring HIV/AIDS               ',3,475,NULL,NULL),(33,'Health care workers should assume that the blood and other body fluids               from all patients are potentially infectious.    \r\n               ',3,477,NULL,NULL),(34,'From 2013 to 2017 persons newly diagnosed with HIV in TN dropped 9%',3,12215,NULL,NULL),(35,'Way to protect yourself from HIV/AIDS include: \r\n',3,485,NULL,NULL),(36,'According to CDC estimates, what proportion of people in the United States who are infected with HIV are unaware of their infection?\r\n',3,12224,NULL,NULL),(37,'The Tennessee population hardest hit by HIV/AIDS is:',3,12207,NULL,NULL),(38,'Which risk groups account for 75 percent of new HIV/AIDS infections?',3,500,NULL,NULL),(39,'Which body fluids have been proven to transmit HIV infection?',3,508,NULL,NULL),(40,'Which of the following would most likely transmit an HIV infection?',3,511,NULL,NULL),(42,'Tennessee law mandates that all pregnant women:',3,12222,NULL,NULL),(48,'Symptoms of AIDS Dementia Complex (ADC) include:',3,526,NULL,NULL),(53,'Staring a client down is a sign of being in charge and can help calm an aggressive person.',4,12343,NULL,NULL),(54,'The amount of space required to allow someone to feel comfortable can depend on gender, mood, familiarity, or culture. ',4,12344,NULL,NULL),(55,'Apologizing to an angry client simply validates their anger and perpetuates a stressful situation.',4,12347,NULL,NULL),(57,'To paraphrase means?',4,12349,NULL,NULL),(58,'Active listening involves:',4,12357,NULL,NULL),(59,'How should staff act when faced with an aggressive person?',4,12362,NULL,NULL),(60,'Assertive Communication is based on balance and mutual respect.',4,12366,NULL,NULL),(61,'What can you do when you detect a language barrier between you and a client?',4,425,NULL,NULL),(62,'Power struggles are an example of a communication barrier.',4,327,NULL,NULL),(63,'What 4 stages of crisis management were discussed and listed in the correct occurrence?',4,12322,NULL,NULL),(64,'You should avoid power struggles by offering a person choices.',4,12324,NULL,NULL),(65,'During which stage of crisis management would the client challenge you, push buttons and not respond to your words?',4,12329,NULL,NULL),(67,'The transmission of infectious agents requires?',5,540,NULL,NULL),(68,'What is true about infection prevention and control?',5,544,NULL,NULL),(69,'Which statement is NOT true about Droplet transmission?',5,546,NULL,NULL),(70,'Which of the following is NOT an example of a Bloodborne Pathogen?',5,551,NULL,NULL),(71,'When does Vector-borne transmission occur?',5,553,NULL,NULL),(72,'To protect yourself from airborne diseases, you should?',5,557,NULL,NULL),(73,' Bloodborne pathogens can be spread through',5,565,NULL,NULL),(74,'What is considered Personal Protective Equipment?',5,569,NULL,NULL),(75,'When cleaning a spill:',5,575,NULL,NULL),(78,'How long should you wash your hands for with soap and water?',5,582,NULL,NULL),(79,'Infectious diseases are caused by',5,588,NULL,NULL),(80,'Infectious diseases are transmitted most quickly through:',5,592,NULL,NULL),(81,'What is the body fluid NOT considered infectious?',5,576,NULL,NULL),(82,'Which of the following are signs of aggression?',4,12334,NULL,NULL),(83,'What is/are possible risk factors to aggression?',4,12338,NULL,NULL),(85,'Verbal de-escalation is the communication skills we use during a potentially dangerous, or threatening, situation in an attempt to prevent a person from causing harm to us, themselves or others. ',4,12340,NULL,NULL),(88,'The most frequent mode of infection transmission in the healthcare setting is',5,596,NULL,NULL),(89,'Precautions recommended by CDC for the care of all patients is known as:',5,600,NULL,NULL),(90,'A counselor and client can enter into a personal relationship after five years has elapsed.',6,603,NULL,NULL),(91,'What is a “Dual Relationship”?',6,604,NULL,NULL),(92,'Explain the purpose of HIPAA guidelines.',6,610,NULL,NULL),(93,'What does the acronym HIPAA stand for?',6,613,NULL,NULL),(94,'Counselors who are physically attracted to clients are only trying to fulfill an unmet need in their personal life.',6,617,NULL,NULL),(95,'What is the Right of Habeas Corpus?',6,619,NULL,NULL),(96,'Give two reason why maintaining proper boundaries is the responsibility of the staff.',6,626,NULL,NULL),(97,'Anger is a choice in a range of available behaviors',6,628,NULL,NULL),(98,'Your client owns a mechanic shop and offers to repair your car for free out of appreciation for your help.  This is an example of what type of relationship?',6,632,NULL,NULL),(99,'Give two instances when client confidential information can be disclosed without their consent.',6,639,NULL,NULL),(100,'Name 2 signs of Aggression',6,644,NULL,NULL),(101,'Staring a client down is a sign of being in charge and can help to calm an aggressive person',6,647,NULL,NULL),(102,'Name 2 Risk Factors to Aggression',6,648,NULL,NULL),(103,'Which of the following can inhibit communication?',6,655,NULL,NULL),(104,'How does DSMIV-TR characterize bipolar disorder?',6,659,NULL,NULL),(105,'Apologizing to an angry client simply validates their anger and perpetuates a stressful situation',6,661,NULL,NULL),(106,'Stage 3 of susbtance dependence is',6,663,NULL,NULL),(107,'Copying confidential information is:',6,668,NULL,NULL),(108,'Behavioral Healthcare facilities are able, by law to bill insurance companies without actual written consent from client',6,671,NULL,NULL),(109,'With written permission behavioral healthcare facilities can share information with parents and spouses',6,682,NULL,NULL),(110,'After a client has been discharged from treatment for five years it is no longer necessary to have written permission to discuss information',6,675,NULL,NULL),(111,'Oral information is not protected by HIPAA guidelines',6,677,NULL,NULL),(112,'There is a fine for healthcare facilities that violate HIPAA guidelines',6,678,NULL,NULL),(113,'It is permissible to discuss specifics of cases in 12 step meetings because the meetings are confidential',6,681,NULL,NULL),(114,'Why is infection control important?',6,685,NULL,NULL),(115,'What illnesses are spread through contact? ',6,688,NULL,NULL),(116,'What does HIPAA stand for?',7,694,NULL,NULL),(117,'The __________ Act widens the scope of privacy and security protections under HIPAA for electronic protected health information (ePHI).',7,697,NULL,NULL),(118,'What is an example/examples of PHI (Protected Health Information?',7,703,NULL,NULL),(119,'It is ok to discuss a patient with my spouse of he/she won’t tell anyone.',7,706,NULL,NULL),(120,'What can happen to a person who knowingly violates patient privacy for personal gain or malicious harm?',7,711,NULL,NULL),(121,'If someone forgets his log-in ID, can I let him use mine?',7,714,NULL,NULL),(122,'What does \"minimum necessary\" mean?',7,720,NULL,NULL),(124,'Are members of your organization who are not involved in a patient\'s care allowed to review the patient\'s chart out of curiosity?',7,726,NULL,NULL),(125,'Are Consents and Authorizations the same?',7,745,NULL,NULL),(126,'Is text messaging is a secure way to transmit patient information within your facility.',7,735,NULL,NULL),(127,'Who must comply with the ADA?',8,750,NULL,NULL),(128,'According to the ADA, a person with a disability has:',8,753,NULL,NULL),(129,'What is a condition not covered by the ADA?',8,759,NULL,NULL),(130,'Under the ADA, an employer is required to make a reasonable accommodation to the known disability of a qualified applicant or employee if it does not impose “undue hardship”?',8,768,NULL,NULL),(131,'What is an example of a “reasonable accommodation”?',8,767,NULL,NULL),(132,'Under Title V, ADA prohibits coercion and retaliation to anyone who has assisted, encouraged or made a charge under the Act.',8,770,NULL,NULL),(133,'The ADA requires that organizations hire the disabled.',8,773,NULL,NULL),(134,'If an employer believes that a medical condition is causing a performance or conduct problem, it may ask the employee how to solve the problem.',8,774,NULL,NULL),(135,'According to the ADA, all people with disabilities (or even all people with the same disability) will require the same accommodation.',8,777,NULL,NULL),(136,'According to the ADA, “major life activities” include',8,782,NULL,NULL),(137,'The Florida Statute (FS) requiring a licensed public or private substance abuse service provider to create an internal quality improvement program is:',9,11898,NULL,NULL),(138,'Incident Reporting is the affirmative duty of',9,11904,NULL,NULL),(139,'According to Chapter 65D-30 of the Florida Administrative Code, Incident Reporting must include:',9,11909,NULL,NULL),(140,'If a staff member is uncertain as to whether an event should be documented and reported, an Incident Report Form should NOT be completed.',9,11911,NULL,NULL),(141,'Which of the following statements is NOT true of Incident Reporting ',9,11917,NULL,NULL),(142,'When entering narrative documentation on an Incident Report Form staff MUST ',9,11922,NULL,NULL),(143,'DCF has created an online reporting system called:',9,11927,NULL,NULL),(144,'The DCF incident reporting procedures replace exploitation reporting protocols, as required by law. ',9,11929,NULL,NULL),(145,'In accordance with The Children and Families Operating Procedure 215-6 Department licensed providers MUST',9,11932,NULL,NULL),(146,'Domestic Violence is best conceptualized as:',11,831,NULL,NULL),(147,'The four main types of Domestic Violence are:',11,961,NULL,NULL),(148,'Risk factors for Domestic Violence victimization include all the following EXCEPT:',11,964,NULL,NULL),(149,'What combination contributes to the risk of becoming a victim or a perpetrator of Domestic Violence?',11,920,NULL,NULL),(150,'Children from violent homes may demonstrate:',11,849,NULL,NULL),(151,'Patterns of controlling behavior can include:',11,854,NULL,NULL),(152,'Signs of a potential abuser in a dating relationship include all of the following EXCEPT',11,857,NULL,NULL),(153,'Which of the following are characteristics of a potential abuser:',11,859,NULL,NULL),(154,'To gain power and control an abuser may:',11,870,NULL,NULL),(155,'Tension building and making up are:',11,873,NULL,NULL),(156,'In dealing with Domestic Violence the most important phone numbers are:',11,950,NULL,NULL),(157,'The rate of Domestic Violence detection among behavioral health practitioners and healthcare workers is:',11,967,NULL,NULL),(158,'Missed cases of Domestic Violence may be due to all of the following EXCEPT:',11,928,NULL,NULL),(159,'Healthcare workers can help in detecting Domestic Violence by:',11,931,NULL,NULL),(160,'Mental health staff can become effective advocates by:',11,892,NULL,NULL),(161,'Advocating for Domestic Violence victims includes all of the following EXCEPT:',11,940,NULL,NULL),(162,'In Florida, the Domestic Violence Hotline Number is:',11,956,NULL,NULL),(163,'Safety plans cover: ',11,906,NULL,NULL),(164,'Florida state reporting laws require:',11,907,NULL,NULL),(165,'If a patient does not disclose Domestic Violence to a behavioral healthcare worker, the worker should document:',11,945,NULL,NULL),(166,'What does co-occurring disorder mean?',12,971,NULL,NULL),(167,'What mental conditions are more likely to abuse substances?',12,984,NULL,NULL),(168,'Which of the following statements are False?',12,981,NULL,NULL),(169,'What describes the term Denial?',12,990,NULL,NULL),(170,'What are signs and symptoms of anxiety disorders?',12,994,NULL,NULL),(171,'SAMSHA recommends the following treatment model for co-occurring disorders:',12,997,NULL,NULL),(172,'Mental disorders are caused by:',12,1000,NULL,NULL),(173,'A common sign of binge eating disorder is:',12,1134,NULL,NULL),(174,'A common sign of bulimia nervosa is',12,1138,NULL,NULL),(175,'Hand-washing until your skin becomes raw is a sign of which of the following disorders:',12,1013,NULL,NULL),(176,'Hyperactivity is a symptom of which of the following disorders:',12,1017,NULL,NULL),(177,'Some people develop mental health issues after excessive drinking or drug use.',12,1019,NULL,NULL),(178,'A mental disorder can complicate the challenge in overcoming an addiction to drugs or alcohol.',12,1021,NULL,NULL),(179,'About 50% of people with severe mental disorders are affected by substance abuse.',12,1023,NULL,NULL),(180,'People with a mental health illness are more likely to experience an alcohol or substance use disorder than those not affected by a mental illness.',12,1025,NULL,NULL),(181,'The ramifications of allowing/causing a breach in confidentiality can include:',13,1199,NULL,NULL),(182,'Adhering to confidentiality',13,1201,NULL,NULL),(183,'Some dual roles are unavoidable. How do you deal with them?',13,1209,NULL,NULL),(184,'Which of the following is not generally a basis of decision making?',13,1045,NULL,NULL),(185,'Ethical decisions in treatment are:',13,1212,NULL,NULL),(186,'Dual relationships occur when',13,1222,NULL,NULL),(187,'Boundaries',13,1228,NULL,NULL),(188,'Professional Ethics:',13,1234,NULL,NULL),(189,'Ethical Nuances',13,1072,NULL,NULL),(190,'42 CFR applies to:',13,1076,NULL,NULL),(191,'Both HIPAA and 42 CFR are concerned with client confidentiality as it relates to substance use disorder. ',13,1236,NULL,NULL),(192,'Blurring boundaries',13,1084,NULL,NULL),(193,'Informed consent is:',13,1090,NULL,NULL),(194,'Counselor self-disclosure:',13,1274,NULL,NULL),(195,'Transference is:',13,1267,NULL,NULL),(196,'Counter-transference is:',13,1263,NULL,NULL),(197,'When a counselor is not aware of transference & counter-transference issues, the counselor:',13,1261,NULL,NULL),(198,'Which of the following are examples of dual relationships?',13,1256,NULL,NULL),(199,'Scope of Practice is defined as:',13,1249,NULL,NULL),(200,'Ethical considerations can typically be viewed from which of the following three different perspectives?',13,1243,NULL,NULL),(201,'What are the usual Demographics of Self-Harm?',14,1142,NULL,NULL),(202,'The suicide rate is higher than the rate of homicide',14,1146,NULL,NULL),(203,'What is the age group with highest suicide risk?',14,12235,NULL,NULL),(204,'What are observable signs of serious depression that are correlated to Suicidality? ',14,1157,NULL,NULL),(205,'What are the components of a good Suicide Assessment?',14,1162,NULL,NULL),(206,'Do behavioral addictions increase a person’s risk of suicide?',14,1163,NULL,NULL),(207,'What are the two most prevalent risk factors associated with suicide?',14,1165,NULL,NULL),(208,'How much more likely to commit suicide are victims of domestic abuse?',14,1169,NULL,NULL),(209,'How much higher is the rate of Suicide with Eating Disorder clients’?',14,1174,NULL,NULL),(210,'What are some crisis elements that increase suicidality?',14,1179,NULL,NULL),(211,'Both race and ethnicity represent cultures',15,1180,NULL,NULL),(212,'The process that represents the absorption of many different cultures into a given area',15,1185,NULL,NULL),(213,'Which of the following is not a racial and ethnic minority group',15,1189,NULL,NULL),(214,'Eye contact has a similar meaning among most cultures',15,1192,NULL,NULL),(215,'Spirituality is part of every ethnic group',15,1193,NULL,NULL),(591,'The TDMHSAS Licensure Administrative Rule requiring a licensed public or private substance abuse service provider to report adverse incidents is:	',25,12151,NULL,NULL),(592,'Incident Reporting is the affirmative duty of',25,11847,NULL,NULL),(593,'The following DO NOT need to be reported to the Regional Licensure Offices',25,12162,NULL,NULL),(702,'Staff members most immediately involved in and/or observing an unusual incident is required to complete an Incident Report Form.  ',25,12166,NULL,NULL),(703,'If two staff members are involved in or witness an unusual event the staff members are required to',25,11859,NULL,NULL),(704,'If a staff member is uncertain as to whether an event should be documented and reported, an Incident Report Form should NOT be completed.',25,11862,NULL,NULL),(705,'If more than one client is involved in an unusual event staff must ',25,11864,NULL,NULL),(706,'Which of the following statements is NOT true of Incident Reporting ',25,11868,NULL,NULL),(707,'When entering narrative documentation on an Incident Report Form staff MUST ',25,11873,NULL,NULL),(712,'The Joint Commission adopted a formal Sentinel Event Policy to assist healthcare providers ',25,11892,NULL,NULL),(713,'It is mandatory for all substance abuse providers  have to report sentinel events to The Joint Commission',25,11895,NULL,NULL),(1131,'If you reasonably suspect child abuse you are required:',9,11936,NULL,NULL),(1132,'If a child is deprived of clothing, shelter, or medical services it is called:',9,11941,NULL,NULL),(1133,'Who is considered a professional mandatory reporter?',9,11945,NULL,NULL),(1134,'What is the reason that victims may not report their abusers?',9,11949,NULL,NULL),(1135,'A False Report is a report of abuse, neglect, or abandonment of a child to the central abuse hotline, in which the report is made maliciously.',9,11950,NULL,NULL),(1136,'A person who is required to report, and who knowingly and willfully fails to do so, or who knowingly and willfully prevents another person from doing so, is guilty of a misdemeanor of the first degree.',9,11953,NULL,NULL),(1137,'What is consider exploitation of a vulnerable adult?',9,11957,NULL,NULL),(1138,'Any willful act or threatened act by a relative, caregiver, or household member which causes or is likely to cause significant impairment to a vulnerable adult’s physical, mental, or emotional health is called',9,11960,NULL,NULL),(1139,'Providers shall adhere to the statutory requirements for reporting abuse, neglect, and deaths of children under:',9,11965,NULL,NULL),(1140,'The Abuse Hotline Phone Number is:',9,11968,NULL,NULL),(1141,'According to EEOC in order for behavior to be considered sexual harassment it must be ',10,1870,NULL,NULL),(1143,'The Quid Pro Quo theory of sexual harassment involves:',10,1873,NULL,NULL),(1144,'IF you feel you are the victim of unwelcome sexual behavior you are encouraged to:',10,1881,NULL,NULL),(1145,'It is illegal for an employer or other employees to retaliate against any individual who:',10,1885,NULL,NULL),(1146,'Sexual Harassment in employment is legally recognized as a form of sex discrimination and is illegal.',10,1886,NULL,NULL),(1147,'Sexual harassment can occur outside the work site and still be considered work related.',10,1888,NULL,NULL),(1148,'Quid Pro Quo harassment is a form of sexual harassment when there is a request or demand of sexual favors in exchange for employment benefits or threatening reprisals if the favors are not given.',10,1890,NULL,NULL),(1149,'Friendly flirting is not sexual harassment when flirting is practiced between mutually consenting individuals who are equal in power or authority.',10,1892,NULL,NULL),(1150,'An employee witnesses another employee being harassed. Even though this involved a co-worker, the witness can be considered a victim in this case.',10,1894,NULL,NULL),(1151,'In order for it to be determined sexual harassment, the victim has to be of the opposite sex of the harasser.',10,1897,NULL,NULL),(1152,'It is solely the company’s responsibility to prevent sexual harassment',10,1899,NULL,NULL),(1154,'Adella wants Antonio to feel part of the team and tries to encourage his participation. She approaches him more frequently than the other workers and she is constantly touching his shoulder and arm. Antonio feels uncomfortable with Adella invading his personal space and grimaces as she touches his shoulders. His facial and body expressions clearly indicate his annoyance. Could this be considered sexual harassment?”',10,1900,NULL,NULL),(1155,'Karen Linda and Elis have become good friends and sit together at lunch. They decided to have some fun by rating the men in the lunchroom. Joking, they rate the men who walk into the lunchroom and discuss the ratings with each other. Ted, a male therapist, who is sitting at a nearby table overhears their remarks. He finds the behavior offensive and unprofessional. Ted reports the incident to HR when he returns from lunch. Was the women’s behavior sexual harassment?',10,1903,NULL,NULL),(1156,'Susan, the director of marketing, has several employees reporting to her. One of the employees, John, has been called into her office right before lunch. Susan requests that John have lunch with her to discuss one of the major accounts that he is trying to acquire. John agrees to the lunch and realizes that this is a good opportunity to explain some of the problems he has encountered. While John and Susan are out at lunch she puts her hand on his leg and says she wants him to do well in the company and would like him to come over to her place tonight. Is this considered sexual harassment?',10,1904,NULL,NULL),(1157,'A counselor and client can enter into a personal relationship after five years has elapsed.',26,12061,NULL,NULL),(1158,'What is a “Dual Relationship”?',26,12062,NULL,NULL),(1159,'Explain the purpose of HIPAA guidelines.',26,12067,NULL,NULL),(1160,'What does the acronym HIPAA stand for?',26,12072,NULL,NULL),(1161,'Counselors who are physically attracted to clients are only trying to fulfill an unmet need in their personal life.',26,12075,NULL,NULL),(1162,'What is the Right of Habeas Corpus?',26,12078,NULL,NULL),(1163,'Give a reason why maintaining proper boundaries is the responsibility of the staff.',26,12080,NULL,NULL),(1164,'Anger is a choice in a range of available behaviors',26,12084,NULL,NULL),(1165,'Your client owns a mechanic shop and offers to repair your car for free out of appreciation for your help.  This is an example of what type of relationship?',26,12087,NULL,NULL),(1166,'Give an instance when client confidential information can be disclosed without their consent.',26,12092,NULL,NULL),(1167,'Name a sign of Aggression',26,12097,NULL,NULL),(1168,'Staring a client down is a sign of being in charge and can help to calm an aggressive person',26,12099,NULL,NULL),(1169,'Name a Risk Factor to Aggression',26,12101,NULL,NULL),(1170,'Which of the following can inhibit communication?',26,12107,NULL,NULL),(1171,'How does DSMIV-TR characterize bipolar disorder?',26,12110,NULL,NULL),(1172,'Apologizing to an angry client simply validates their anger and perpetuates a stressful situation',26,12113,NULL,NULL),(1173,'Stage 3 of susbtance dependence is',26,12117,NULL,NULL),(1174,'Copying confidential information is:',26,12119,NULL,NULL),(1175,'Why is infection control important?',26,12122,NULL,NULL),(1176,'What illnesses are spread through contact? ',26,12129,NULL,NULL),(1177,'Under the Marchman Act people can be taken into protective custody without consent to:',26,12134,NULL,NULL),(1178,'Without written permission behavioral healthcare facilities can only share information with parents and spouses',26,12138,NULL,NULL),(1179,'After a client has been discharged from treatment for five years it is no longer necessary to have written permission to discuss information',26,12140,NULL,NULL),(1180,'Oral information is not protected by HIPAA guidelines',26,12142,NULL,NULL),(1181,'There is a fine for healthcare facilities that violate HIPAA guidelines',26,12145,NULL,NULL),(1182,'It is permissible to discuss specifics of cases in 12 step meetings because the meetings are confidential',26,12148,NULL,NULL),(1183,'Latent TB Infection',27,12169,NULL,NULL),(1184,'Risk for TB Disease increases in people with a compromised immune system',27,12172,NULL,NULL),(1185,'Which statement is true about TB',27,12177,NULL,NULL),(1186,'If you are exposed to TB',27,12182,NULL,NULL),(1187,'All Clients should be tested for LTBI',27,12184,NULL,NULL),(1188,'Mandated skin-testing programs',27,12187,NULL,NULL),(1189,'High risk groups for TB include',27,12193,NULL,NULL),(1190,'Anergy testing in HIV+ persons',27,12194,NULL,NULL),(1191,'Employee screening procedure',27,12201,NULL,NULL),(1192,'Service Recipient screening procedure',27,12206,NULL,NULL),(1193,'A co-worker or supervisor can create a hostile work environment when they engage in one or more of the following behaviors:',10,12230,NULL,NULL),(1194,'The form used to report communicable diseases in TN is:',28,12237,NULL,NULL),(1195,'All communicable diseases must be reported within 1 week plus a PH-1600 form',28,12240,NULL,NULL),(1196,'Diseases that must be reported by phone immediately include',28,12249,NULL,NULL),(1197,'Diseases that must be reported by phone by the next day include',28,12251,NULL,NULL),(1198,'According to 1200-14-01-.02, mandated reporters of communicable diseases include:',28,12259,NULL,NULL),(1199,'HIPAA applies to all PH-1600 form submissions',28,12260,NULL,NULL),(1200,'State cases of tuberculosis:',28,12262,NULL,NULL),(1201,'Reportable abuse can occur to',29,12267,NULL,NULL),(1202,'Most elderly abusers are:',29,12271,NULL,NULL),(1203,'Elderly abuse and neglect can include',29,12276,NULL,NULL),(1204,'Vulnerable adults can be under 60',29,12277,NULL,NULL),(1205,'T.C.A. 71-6-103(b) states that',29,12281,NULL,NULL),(1206,'A common barrier to reporting abuse can include',29,12288,NULL,NULL),(1207,'For emergencies',29,12292,NULL,NULL),(1208,'Failure to report abuse is',29,12295,NULL,NULL),(1209,'All reports are confidential',29,12299,NULL,NULL),(1210,'How many children are victims of abuse and neglect each year?',29,12302,NULL,NULL),(1211,'Tennessee requires',29,12307,NULL,NULL),(1212,'Which of the following are questionable instances of child abuse or negelct',29,12310,NULL,NULL),(1213,'Erin\'s law:',29,12312,NULL,NULL);

--
-- Table structure for table `response`
--

CREATE TABLE `response` (
  `id` int(11) NOT NULL AUTO_INCREMENT,
  `user_id` int(11) unsigned NOT NULL,
  `question_id` int(11) unsigned NOT NULL,
  `course_id` int(11) unsigned NOT NULL,
  `response` varchar(60) NOT NULL,
  `attempt` int(11) NOT NULL,
  `correct` int(11) DEFAULT NULL,
  PRIMARY KEY (`id`),
  KEY `user_id` (`user_id`,`question_id`,`course_id`),
  KEY `question_id` (`question_id`),
  KEY `test_id` (`course_id`),
  KEY `response` (`response`),
  CONSTRAINT `response_ibfk_2` FOREIGN KEY (`user_id`) REFERENCES `user` (`id`) ON DELETE CASCADE ON UPDATE NO ACTION,
  CONSTRAINT `response_ibfk_4` FOREIGN KEY (`course_id`) REFERENCES `course` (`id`) ON DELETE CASCADE ON UPDATE NO ACTION
) ENGINE=InnoDB AUTO_INCREMENT=12763 DEFAULT CHARSET=utf8;

--
-- Dumping data for table `response`
--

INSERT INTO `response` VALUES (1,245,26,3,'463',1,1),(2,245,27,3,'466',1,NULL),(3,245,28,3,'467',1,1),(4,245,29,3,'469',1,1),(5,245,30,3,'471',1,1),(6,245,31,3,'474',1,1),(7,245,32,3,'475',1,1),(8,245,33,3,'477',1,1),(9,245,34,3,'12215',1,1),(10,245,35,3,'485',1,1),(11,245,36,3,'487',1,1),(12,245,37,3,'12207',1,1),(13,245,38,3,'500',1,1),(14,245,39,3,'508',1,1),(15,245,40,3,'511',1,1),(16,245,42,3,'12217',1,NULL),(17,245,47,3,'521',1,1),(18,245,48,3,'526',1,1),(19,245,26,3,'463',2,1),(20,245,27,3,'466',2,NULL),(21,245,28,3,'467',2,1),(22,245,29,3,'469',2,1),(23,245,30,3,'471',2,1),(24,245,31,3,'474',2,1),(25,245,32,3,'475',2,1),(26,245,33,3,'477',2,1),(27,245,34,3,'12215',2,1),(28,245,35,3,'485',2,1),(29,245,36,3,'487',2,1),(30,245,37,3,'12207',2,1),(31,245,38,3,'500',2,1),(32,245,39,3,'508',2,1),(33,245,40,3,'511',2,1),(34,245,42,3,'12217',2,NULL),(35,245,47,3,'521',2,1),(36,245,48,3,'526',2,1),(37,110,26,3,'463',1,1),(38,110,27,3,'465',1,1),(39,110,28,3,'467',1,1),(40,110,29,3,'469',1,1),(41,110,30,3,'471',1,1),(42,110,31,3,'474',1,1),(43,110,32,3,'475',1,1),(44,110,33,3,'477',1,1),(45,110,34,3,'12215',1,1),(46,110,35,3,'485',1,1),(47,110,36,3,'12224',1,1),(48,110,37,3,'12207',1,1),(49,110,38,3,'500',1,1),(50,110,39,3,'508',1,1),(51,110,40,3,'511',1,1),(52,110,42,3,'12217',1,NULL),(53,110,48,3,'526',1,1),(54,245,67,5,'540',1,1),(55,245,68,5,'544',1,1),(56,245,69,5,'546',1,1),(57,245,70,5,'551',1,1),(58,245,71,5,'553',1,1),(59,245,72,5,'557',1,1),(60,245,73,5,'565',1,1),(61,245,74,5,'569',1,1),(62,245,75,5,'575',1,1),(63,245,78,5,'582',1,1),(64,245,80,5,'593',1,NULL),(65,245,81,5,'576',1,1),(66,245,88,5,'596',1,1),(67,245,89,5,'600',1,1),(68,245,116,7,'694',1,1),(69,245,117,7,'697',1,1),(70,245,118,7,'703',1,1),(71,245,119,7,'706',1,1),(72,245,120,7,'709',1,NULL),(73,245,121,7,'714',1,1),(74,245,122,7,'718',1,NULL),(75,245,124,7,'726',1,1),(76,245,125,7,'745',1,1),(77,245,126,7,'735',1,1),(78,248,26,3,'463',1,1),(79,248,27,3,'465',1,1),(80,248,28,3,'467',1,1),(81,248,29,3,'469',1,1),(82,248,30,3,'471',1,1),(83,248,31,3,'474',1,1),(84,248,32,3,'476',1,NULL),(85,248,33,3,'477',1,1),(86,248,34,3,'12215',1,1),(87,248,35,3,'485',1,1),(88,248,36,3,'12224',1,1),(89,248,37,3,'12207',1,1),(90,248,38,3,'500',1,1),(91,248,39,3,'508',1,1),(92,248,40,3,'511',1,1),(93,248,42,3,'12222',1,1),(94,248,48,3,'526',1,1),(95,250,26,3,'463',1,1),(96,250,27,3,'465',1,1),(97,250,28,3,'467',1,1),(98,250,29,3,'469',1,1),(99,250,30,3,'471',1,1),(100,250,31,3,'474',1,1),(101,250,32,3,'475',1,1),(102,250,33,3,'477',1,1),(103,250,34,3,'12215',1,1),(104,250,35,3,'485',1,1),(105,250,36,3,'12224',1,1),(106,250,37,3,'12207',1,1),(107,250,38,3,'500',1,1),(108,250,39,3,'508',1,1),(109,250,40,3,'511',1,1),(110,250,42,3,'12222',1,1),(111,250,48,3,'526',1,1),(112,251,26,3,'464',1,NULL),(113,251,27,3,'465',1,1),(114,251,28,3,'468',1,NULL),(115,251,29,3,'469',1,1),(116,251,30,3,'471',1,1),(117,251,31,3,'474',1,1),(118,251,32,3,'476',1,NULL),(119,251,33,3,'477',1,1),(120,251,34,3,'12215',1,1),(121,251,35,3,'485',1,1),(122,251,36,3,'12224',1,1),(123,251,37,3,'12207',1,1),(124,251,38,3,'500',1,1),(125,251,39,3,'508',1,1),(126,251,40,3,'511',1,1),(127,251,42,3,'12222',1,1),(128,251,48,3,'526',1,1),(129,245,1141,10,'1870',1,1),(130,245,1142,10,'1792',1,NULL),(131,245,1143,10,'1873',1,1),(132,245,1144,10,'1881',1,1),(133,245,1145,10,'1885',1,1),(134,245,1146,10,'1886',1,1),(135,245,1147,10,'1888',1,1),(136,245,1148,10,'1890',1,1),(137,245,1149,10,'1892',1,1),(138,245,1150,10,'1894',1,1),(139,245,1151,10,'1897',1,1),(140,245,1152,10,'1899',1,1),(141,245,1154,10,'1900',1,1),(142,245,1155,10,'1902',1,NULL),(143,245,1156,10,'1904',1,1),(144,251,67,5,'540',1,1),(145,251,68,5,'544',1,1),(146,251,69,5,'546',1,1),(147,251,70,5,'552',1,NULL),(148,251,71,5,'553',1,1),(149,251,72,5,'557',1,1),(150,251,73,5,'565',1,1),(151,251,74,5,'569',1,1),(152,251,75,5,'575',1,1),(153,251,78,5,'582',1,1),(154,251,79,5,'588',1,1),(155,251,80,5,'593',1,NULL),(156,251,81,5,'576',1,1),(157,251,88,5,'597',1,NULL),(158,251,89,5,'600',1,1),(159,251,67,5,'540',2,1),(160,251,68,5,'544',2,1),(161,251,69,5,'546',2,1),(162,251,70,5,'552',2,NULL),(163,251,71,5,'553',2,1),(164,251,72,5,'557',2,1),(165,251,73,5,'565',2,1),(166,251,74,5,'569',2,1),(167,251,75,5,'575',2,1),(168,251,78,5,'582',2,1),(169,251,79,5,'588',2,1),(170,251,80,5,'593',2,NULL),(171,251,81,5,'576',2,1),(172,251,88,5,'597',2,NULL),(173,251,89,5,'600',2,1),(174,251,116,7,'694',1,1),(175,251,117,7,'697',1,1),(176,251,118,7,'704',1,NULL),(177,251,119,7,'706',1,1),(178,251,120,7,'711',1,1),(179,251,121,7,'714',1,1),(180,251,122,7,'720',1,1),(181,251,124,7,'726',1,1),(182,251,125,7,'745',1,1),(183,251,126,7,'735',1,1),(184,246,26,3,'463',1,1),(185,246,27,3,'465',1,1),(186,246,28,3,'467',1,1),(187,246,29,3,'469',1,1),(188,246,30,3,'471',1,1),(189,246,31,3,'474',1,1),(190,246,32,3,'475',1,1),(191,246,33,3,'477',1,1),(192,246,34,3,'12215',1,1),(193,246,35,3,'485',1,1),(194,246,36,3,'12224',1,1),(195,246,37,3,'12207',1,1),(196,246,38,3,'500',1,1),(197,246,39,3,'508',1,1),(198,246,40,3,'511',1,1),(199,246,42,3,'12222',1,1),(200,246,48,3,'526',1,1),(201,245,201,14,'1142',1,1),(202,245,202,14,'1146',1,1),(203,245,203,14,'1149',1,NULL),(204,245,204,14,'1157',1,1),(205,245,205,14,'1162',1,1),(206,245,206,14,'1163',1,1),(207,245,207,14,'1165',1,1),(208,245,208,14,'1169',1,1),(209,245,209,14,'1174',1,1),(210,245,210,14,'1179',1,1),(211,246,67,5,'540',1,1),(212,246,68,5,'544',1,1),(213,246,69,5,'546',1,1),(214,246,70,5,'551',1,1),(215,246,71,5,'554',1,NULL),(216,246,72,5,'557',1,1),(217,246,73,5,'565',1,1),(218,246,74,5,'569',1,1),(219,246,75,5,'575',1,1),(220,246,78,5,'582',1,1),(221,246,79,5,'588',1,1),(222,246,80,5,'592',1,1),(223,246,81,5,'576',1,1),(224,246,88,5,'596',1,1),(225,246,89,5,'600',1,1),(226,246,116,7,'694',1,1),(227,246,117,7,'697',1,1),(228,246,118,7,'703',1,1),(229,246,119,7,'706',1,1),(230,246,120,7,'711',1,1),(231,246,121,7,'714',1,1),(232,246,122,7,'720',1,1),(233,246,124,7,'726',1,1),(234,246,125,7,'745',1,1),(235,246,126,7,'735',1,1),(236,248,67,5,'540',1,1),(237,248,68,5,'544',1,1),(238,248,69,5,'548',1,NULL),(239,248,70,5,'552',1,NULL),(240,248,71,5,'556',1,NULL),(241,248,72,5,'558',1,NULL),(242,248,73,5,'565',1,1),(243,248,74,5,'569',1,1),(244,248,75,5,'575',1,1),(245,248,78,5,'580',1,NULL),(246,248,79,5,'588',1,1),(247,248,80,5,'593',1,NULL),(248,248,81,5,'576',1,1),(249,248,88,5,'597',1,NULL),(250,248,89,5,'600',1,1),(251,245,211,15,'1181',1,NULL),(252,245,212,15,'1183',1,NULL),(253,245,213,15,'1189',1,1),(254,245,214,15,'1192',1,1),(255,245,215,15,'1194',1,NULL),(256,245,211,15,'1180',2,1),(257,245,212,15,'1184',2,NULL),(258,245,213,15,'1189',2,1),(259,245,214,15,'1192',2,1),(260,245,215,15,'1193',2,1),(261,245,211,15,'1180',3,1),(262,245,212,15,'1185',3,1),(263,245,213,15,'1189',3,1),(264,245,214,15,'1192',3,1),(265,245,215,15,'1193',3,1),(323,246,1141,10,'1870',1,1),(324,246,1142,10,'1792',1,NULL),(325,246,1143,10,'1873',1,1),(326,246,1144,10,'1881',1,1),(327,246,1145,10,'1885',1,1),(328,246,1146,10,'1886',1,1),(329,246,1147,10,'1888',1,1),(330,246,1148,10,'1890',1,1),(331,246,1149,10,'1892',1,1),(332,246,1150,10,'1894',1,1),(333,246,1151,10,'1897',1,1),(334,246,1152,10,'1899',1,1),(335,246,1154,10,'1900',1,1),(336,246,1155,10,'1902',1,NULL),(337,246,1156,10,'1904',1,1),(338,246,1141,10,'1870',2,1),(339,246,1142,10,'1792',2,NULL),(340,246,1143,10,'1873',2,1),(341,246,1144,10,'1881',2,1),(342,246,1145,10,'1885',2,1),(343,246,1146,10,'1886',2,1),(344,246,1147,10,'1888',2,1),(345,246,1148,10,'1890',2,1),(346,246,1149,10,'1892',2,1),(347,246,1150,10,'1894',2,1),(348,246,1151,10,'1897',2,1),(349,246,1152,10,'1899',2,1),(350,246,1154,10,'1900',2,1),(351,246,1155,10,'1902',2,NULL),(352,246,1156,10,'1904',2,1),(372,248,67,5,'540',2,1),(373,248,68,5,'544',2,1),(374,248,69,5,'546',2,1),(375,248,70,5,'552',2,NULL),(376,248,71,5,'554',2,NULL),(377,248,72,5,'558',2,NULL),(378,248,73,5,'565',2,1),(379,248,74,5,'569',2,1),(380,248,75,5,'575',2,1),(381,248,78,5,'583',2,NULL),(382,248,79,5,'588',2,1),(383,248,80,5,'593',2,NULL),(384,248,81,5,'576',2,1),(385,248,88,5,'597',2,NULL),(386,248,89,5,'599',2,NULL),(387,245,591,25,'12151',1,1),(388,245,592,25,'11847',1,1),(389,245,593,25,'12162',1,1),(390,245,702,25,'12166',1,1),(391,245,703,25,'11859',1,1),(392,245,704,25,'11862',1,1),(393,245,705,25,'11864',1,1),(394,245,706,25,'11868',1,1),(395,245,707,25,'11874',1,NULL),(396,245,712,25,'11892',1,1),(397,245,713,25,'11895',1,1),(398,248,67,5,'540',3,1),(399,248,68,5,'544',3,1),(400,248,69,5,'546',3,1),(401,248,70,5,'551',3,1),(402,248,71,5,'554',3,NULL),(403,248,72,5,'558',3,NULL),(404,248,73,5,'565',3,1),(405,248,74,5,'569',3,1),(406,248,75,5,'575',3,1),(407,248,78,5,'583',3,NULL),(408,248,79,5,'588',3,1),(409,248,80,5,'593',3,NULL),(410,248,81,5,'576',3,1),(411,248,88,5,'597',3,NULL),(412,248,89,5,'599',3,NULL),(413,246,201,14,'1145',1,NULL),(414,246,202,14,'1146',1,1),(415,246,203,14,'1149',1,NULL),(416,246,204,14,'1157',1,1),(417,246,205,14,'1162',1,1),(418,246,206,14,'1163',1,1),(419,246,207,14,'1165',1,1),(420,246,208,14,'1169',1,1),(421,246,209,14,'1174',1,1),(422,246,210,14,'1179',1,1),(423,248,67,5,'540',4,1),(424,248,68,5,'544',4,1),(425,248,70,5,'551',4,1),(426,248,71,5,'556',4,NULL),(427,248,72,5,'557',4,1),(428,248,73,5,'565',4,1),(429,248,74,5,'566',4,NULL),(430,248,75,5,'573',4,NULL),(431,248,78,5,'582',4,1),(432,248,79,5,'584',4,NULL),(433,248,80,5,'591',4,NULL),(434,248,81,5,'576',4,1),(435,248,88,5,'595',4,NULL),(436,248,89,5,'601',4,NULL),(456,248,67,5,'540',5,1),(457,248,68,5,'544',5,1),(458,248,69,5,'545',5,NULL),(459,248,70,5,'551',5,1),(460,248,71,5,'554',5,NULL),(461,248,72,5,'557',5,1),(462,248,73,5,'564',5,NULL),(463,248,74,5,'569',5,1),(464,248,75,5,'575',5,1),(465,248,78,5,'582',5,1),(466,248,79,5,'588',5,1),(467,248,80,5,'591',5,NULL),(468,248,81,5,'576',5,1),(469,248,88,5,'596',5,1),(470,248,89,5,'601',5,NULL),(471,246,211,15,'1180',1,1),(472,246,212,15,'1185',1,1),(473,246,213,15,'1189',1,1),(474,246,214,15,'1192',1,1),(475,246,215,15,'1194',1,NULL),(476,246,211,15,'1180',2,1),(477,246,212,15,'1185',2,1),(478,246,213,15,'1189',2,1),(479,246,214,15,'1192',2,1),(480,246,215,15,'1193',2,1),(481,246,591,25,'12151',1,1),(482,246,592,25,'11847',1,1),(483,246,593,25,'12162',1,1),(484,246,702,25,'12166',1,1),(485,246,703,25,'11859',1,1),(486,246,704,25,'11862',1,1),(487,246,705,25,'11864',1,1),(488,246,706,25,'11868',1,1),(489,246,707,25,'11873',1,1),(490,246,712,25,'11892',1,1),(491,246,713,25,'11894',1,NULL),(492,246,1183,27,'12169',1,1),(493,246,1184,27,'12172',1,1),(494,246,1186,27,'12182',1,1),(495,246,1187,27,'12183',1,NULL),(496,246,1188,27,'12186',1,NULL),(497,246,1189,27,'12193',1,1),(498,246,1190,27,'12194',1,1),(499,246,1191,27,'12201',1,1),(500,246,1192,27,'12206',1,1),(501,251,1141,10,'1870',1,1),(502,251,1142,10,'1792',1,NULL),(503,251,1143,10,'1873',1,1),(504,251,1144,10,'1881',1,1),(505,251,1145,10,'1885',1,1),(506,251,1146,10,'1886',1,1),(507,251,1147,10,'1888',1,1),(508,251,1148,10,'1890',1,1),(509,251,1149,10,'1893',1,NULL),(510,251,1150,10,'1894',1,1),(511,251,1151,10,'1897',1,1),(512,251,1152,10,'1898',1,NULL),(513,251,1154,10,'1900',1,1),(514,251,1155,10,'1902',1,NULL),(515,251,1156,10,'1904',1,1),(516,246,1183,27,'12169',2,1),(517,246,1184,27,'12172',2,1),(518,246,1185,27,'12177',2,1),(519,246,1186,27,'12182',2,1),(520,246,1187,27,'12184',2,1),(521,246,1188,27,'12188',2,NULL),(522,246,1189,27,'12193',2,1),(523,246,1190,27,'12194',2,1),(524,246,1191,27,'12201',2,1),(525,246,1192,27,'12206',2,1),(526,251,1141,10,'1870',2,1),(527,251,1142,10,'1789',2,NULL),(528,251,1143,10,'1873',2,1),(529,251,1144,10,'1881',2,1),(530,251,1145,10,'1885',2,1),(531,251,1146,10,'1886',2,1),(532,251,1147,10,'1888',2,1),(533,251,1148,10,'1890',2,1),(534,251,1149,10,'1892',2,1),(535,251,1150,10,'1894',2,1),(536,251,1151,10,'1897',2,1),(537,251,1152,10,'1899',2,1),(538,251,1154,10,'1900',2,1),(539,251,1155,10,'1903',2,1),(540,251,1156,10,'1904',2,1),(541,251,201,14,'1141',1,NULL),(542,251,202,14,'1146',1,1),(543,251,203,14,'1149',1,NULL),(544,251,204,14,'1157',1,1),(545,251,205,14,'1162',1,1),(546,251,206,14,'1163',1,1),(547,251,207,14,'1165',1,1),(548,251,208,14,'1169',1,1),(549,251,209,14,'1174',1,1),(550,251,210,14,'1179',1,1),(551,251,211,15,'1180',1,1),(552,251,212,15,'1185',1,1),(553,251,213,15,'1189',1,1),(554,251,214,15,'1192',1,1),(555,251,215,15,'1194',1,NULL),(556,248,67,5,'540',6,1),(557,248,68,5,'544',6,1),(558,248,69,5,'546',6,1),(559,248,70,5,'552',6,NULL),(560,248,71,5,'554',6,NULL),(561,248,72,5,'557',6,1),(562,248,73,5,'565',6,1),(563,248,74,5,'569',6,1),(564,248,75,5,'575',6,1),(565,248,78,5,'582',6,1),(566,248,79,5,'588',6,1),(567,248,80,5,'591',6,NULL),(568,248,81,5,'576',6,1),(569,248,88,5,'597',6,NULL),(570,248,89,5,'600',6,1),(571,248,67,5,'540',7,1),(572,248,68,5,'544',7,1),(573,248,69,5,'546',7,1),(574,248,70,5,'549',7,NULL),(575,248,71,5,'555',7,NULL),(576,248,72,5,'557',7,1),(577,248,73,5,'565',7,1),(578,248,74,5,'569',7,1),(579,248,75,5,'575',7,1),(580,248,78,5,'582',7,1),(581,248,79,5,'588',7,1),(582,248,80,5,'593',7,NULL),(583,248,81,5,'576',7,1),(584,248,88,5,'596',7,1),(585,248,89,5,'600',7,1),(586,248,67,5,'540',8,1),(587,248,68,5,'544',8,1),(588,248,69,5,'546',8,1),(589,248,70,5,'549',8,NULL),(590,248,71,5,'555',8,NULL),(591,248,72,5,'557',8,1),(592,248,73,5,'565',8,1),(593,248,74,5,'569',8,1),(594,248,75,5,'575',8,1),(595,248,78,5,'582',8,1),(596,248,79,5,'588',8,1),(597,248,80,5,'593',8,NULL),(598,248,81,5,'576',8,1),(599,248,88,5,'596',8,1),(600,248,89,5,'600',8,1),(601,110,1141,10,'1869',1,NULL),(602,110,1142,10,'1792',1,NULL),(603,110,1143,10,'1873',1,1),(604,110,1144,10,'1877',1,NULL),(605,110,1145,10,'1882',1,NULL),(606,110,1146,10,'1886',1,1),(607,110,1147,10,'1888',1,1),(608,110,1148,10,'1890',1,1),(609,110,1149,10,'1892',1,1),(610,110,1150,10,'1894',1,1),(611,110,1151,10,'1896',1,NULL),(612,110,1152,10,'1898',1,NULL),(613,110,1154,10,'1900',1,1),(614,110,1155,10,'1902',1,NULL),(615,110,1156,10,'1904',1,1),(616,248,116,7,'692',1,NULL),(617,248,117,7,'695',1,NULL),(618,248,118,7,'704',1,NULL),(619,248,119,7,'706',1,1),(620,248,120,7,'711',1,1),(621,248,121,7,'714',1,1),(622,248,122,7,'720',1,1),(623,248,124,7,'726',1,1),(624,248,125,7,'745',1,1),(625,248,126,7,'735',1,1),(626,248,116,7,'694',2,1),(627,248,117,7,'696',2,NULL),(628,248,118,7,'702',2,NULL),(629,248,119,7,'706',2,1),(630,248,120,7,'711',2,1),(631,248,121,7,'714',2,1),(632,248,122,7,'720',2,1),(633,248,124,7,'726',2,1),(634,248,125,7,'745',2,1),(635,248,126,7,'735',2,1),(636,110,1141,10,'1869',2,NULL),(637,110,1143,10,'1873',2,1),(638,110,1144,10,'1877',2,NULL),(639,110,1145,10,'1882',2,NULL),(640,110,1146,10,'1886',2,1),(641,110,1147,10,'1888',2,1),(642,110,1148,10,'1890',2,1),(643,110,1149,10,'1892',2,1),(644,110,1150,10,'1894',2,1),(645,110,1151,10,'1896',2,NULL),(646,110,1152,10,'1898',2,NULL),(647,110,1154,10,'1900',2,1),(648,110,1155,10,'1902',2,NULL),(649,110,1156,10,'1904',2,1),(650,110,1193,10,'12230',2,1),(651,250,67,5,'540',1,1),(652,250,68,5,'544',1,1),(653,250,69,5,'547',1,NULL),(654,250,70,5,'550',1,NULL),(655,250,71,5,'553',1,1),(656,250,72,5,'557',1,1),(657,250,73,5,'565',1,1),(658,250,74,5,'569',1,1),(659,250,75,5,'575',1,1),(660,250,78,5,'582',1,1),(661,250,79,5,'588',1,1),(662,250,80,5,'593',1,NULL),(663,250,81,5,'577',1,NULL),(664,250,88,5,'597',1,NULL),(665,250,89,5,'599',1,NULL),(666,251,1183,27,'12168',1,NULL),(667,251,1184,27,'12172',1,1),(668,251,1185,27,'12175',1,NULL),(669,251,1186,27,'12181',1,NULL),(670,251,1187,27,'12183',1,NULL),(671,251,1188,27,'12186',1,NULL),(672,251,1189,27,'12193',1,1),(673,251,1190,27,'12196',1,NULL),(674,251,1191,27,'12201',1,1),(675,251,1192,27,'12206',1,1),(676,250,67,5,'540',2,1),(677,250,68,5,'544',2,1),(678,250,69,5,'548',2,NULL),(679,250,70,5,'551',2,1),(680,250,71,5,'553',2,1),(681,250,72,5,'557',2,1),(682,250,73,5,'565',2,1),(683,250,74,5,'569',2,1),(684,250,75,5,'575',2,1),(685,250,78,5,'582',2,1),(686,250,79,5,'588',2,1),(687,250,80,5,'591',2,NULL),(688,250,81,5,'576',2,1),(689,250,88,5,'595',2,NULL),(690,250,89,5,'600',2,1),(691,251,1183,27,'12169',2,1),(692,251,1184,27,'12172',2,1),(693,251,1185,27,'12175',2,NULL),(694,251,1186,27,'12180',2,NULL),(695,251,1187,27,'12184',2,1),(696,251,1188,27,'12187',2,1),(697,251,1189,27,'12193',2,1),(698,251,1190,27,'12194',2,1),(699,251,1191,27,'12201',2,1),(700,251,1192,27,'12206',2,1),(701,250,116,7,'692',1,NULL),(702,250,117,7,'695',1,NULL),(703,250,118,7,'703',1,1),(704,250,119,7,'706',1,1),(705,250,120,7,'711',1,1),(706,250,121,7,'714',1,1),(707,250,122,7,'720',1,1),(708,250,124,7,'726',1,1),(709,250,125,7,'745',1,1),(710,250,126,7,'735',1,1),(711,249,201,14,'1141',1,NULL),(712,249,202,14,'1146',1,1),(713,249,203,14,'1149',1,NULL),(714,249,204,14,'1157',1,1),(715,249,205,14,'1162',1,1),(716,249,206,14,'1163',1,1),(717,249,207,14,'1165',1,1),(718,249,208,14,'1170',1,NULL),(719,249,209,14,'1171',1,NULL),(720,249,210,14,'1179',1,1),(721,247,26,3,'463',1,1),(722,247,27,3,'465',1,1),(723,247,28,3,'467',1,1),(724,247,29,3,'469',1,1),(725,247,30,3,'471',1,1),(726,247,31,3,'474',1,1),(727,247,32,3,'476',1,NULL),(728,247,33,3,'477',1,1),(729,247,34,3,'12215',1,1),(730,247,35,3,'485',1,1),(731,247,36,3,'12224',1,1),(732,247,37,3,'12207',1,1),(733,247,38,3,'500',1,1),(734,247,39,3,'508',1,1),(735,247,40,3,'511',1,1),(736,247,42,3,'12222',1,1),(737,247,48,3,'526',1,1),(738,247,67,5,'540',1,1),(739,247,68,5,'544',1,1),(740,247,69,5,'546',1,1),(741,247,70,5,'551',1,1),(742,247,71,5,'553',1,1),(743,247,72,5,'557',1,1),(744,247,73,5,'565',1,1),(745,247,74,5,'569',1,1),(746,247,75,5,'575',1,1),(747,247,78,5,'582',1,1),(748,247,79,5,'588',1,1),(749,247,80,5,'592',1,1),(750,247,81,5,'576',1,1),(751,247,88,5,'596',1,1),(752,247,89,5,'600',1,1),(753,247,116,7,'694',1,1),(754,247,117,7,'697',1,1),(755,247,118,7,'703',1,1),(756,247,119,7,'706',1,1),(757,247,120,7,'711',1,1),(758,247,121,7,'714',1,1),(759,247,122,7,'720',1,1),(760,247,124,7,'726',1,1),(761,247,125,7,'745',1,1),(762,247,126,7,'735',1,1),(763,251,591,25,'12151',1,1),(764,251,592,25,'11847',1,1),(765,251,593,25,'12163',1,NULL),(766,251,702,25,'12167',1,NULL),(767,251,703,25,'11859',1,1),(768,251,704,25,'11862',1,1),(769,251,705,25,'11864',1,1),(770,251,706,25,'11868',1,1),(771,251,707,25,'11873',1,1),(772,251,712,25,'11892',1,1),(773,251,713,25,'11894',1,NULL),(774,247,1141,10,'1870',1,1),(775,247,1143,10,'1873',1,1),(776,247,1144,10,'1881',1,1),(777,247,1145,10,'1885',1,1),(778,247,1146,10,'1886',1,1),(779,247,1147,10,'1888',1,1),(780,247,1148,10,'1890',1,1),(781,247,1149,10,'1892',1,1),(782,247,1150,10,'1894',1,1),(783,247,1151,10,'1897',1,1),(784,247,1152,10,'1899',1,1),(785,247,1154,10,'1900',1,1),(786,247,1155,10,'1902',1,NULL),(787,247,1156,10,'1904',1,1),(788,247,1193,10,'12230',1,1),(789,251,591,25,'12151',2,1),(790,251,592,25,'11847',2,1),(791,251,593,25,'12160',2,NULL),(792,251,702,25,'12166',2,1),(793,251,703,25,'11859',2,1),(794,251,704,25,'11862',2,1),(795,251,705,25,'11864',2,1),(796,251,706,25,'11868',2,1),(797,251,707,25,'11873',2,1),(798,251,712,25,'11892',2,1),(799,251,713,25,'11895',2,1),(800,247,201,14,'1142',1,1),(801,247,202,14,'1146',1,1),(802,247,203,14,'1151',1,NULL),(803,247,204,14,'1157',1,1),(804,247,205,14,'1162',1,1),(805,247,206,14,'1163',1,1),(806,247,207,14,'1165',1,1),(807,247,208,14,'1169',1,1),(808,247,209,14,'1174',1,1),(809,247,210,14,'1179',1,1),(810,247,211,15,'1180',1,1),(811,247,212,15,'1185',1,1),(812,247,213,15,'1189',1,1),(813,247,214,15,'1192',1,1),(814,247,215,15,'1193',1,1),(815,247,591,25,'12151',1,1),(816,247,592,25,'11847',1,1),(817,247,593,25,'12162',1,1),(818,247,702,25,'12166',1,1),(819,247,703,25,'11859',1,1),(820,247,704,25,'11862',1,1),(821,247,705,25,'11864',1,1),(822,247,706,25,'11868',1,1),(823,247,707,25,'11873',1,1),(824,247,712,25,'11892',1,1),(825,247,713,25,'11894',1,NULL),(826,247,1183,27,'12169',1,1),(827,247,1184,27,'12172',1,1),(828,247,1185,27,'12177',1,1),(829,247,1186,27,'12182',1,1),(830,247,1187,27,'12183',1,NULL),(831,247,1189,27,'12193',1,1),(832,247,1190,27,'12194',1,1),(833,247,1191,27,'12201',1,1),(834,247,1192,27,'12206',1,1),(835,253,26,3,'463',1,1),(836,253,27,3,'465',1,1),(837,253,28,3,'467',1,1),(838,253,29,3,'470',1,NULL),(839,253,30,3,'471',1,1),(840,253,31,3,'474',1,1),(841,253,32,3,'476',1,NULL),(842,253,33,3,'477',1,1),(843,253,34,3,'12215',1,1),(844,253,35,3,'485',1,1),(845,253,36,3,'12224',1,1),(846,253,37,3,'12207',1,1),(847,253,38,3,'500',1,1),(848,253,39,3,'508',1,1),(849,253,40,3,'510',1,NULL),(850,253,42,3,'12222',1,1),(851,253,48,3,'526',1,1),(852,253,67,5,'540',1,1),(853,253,68,5,'544',1,1),(854,253,69,5,'546',1,1),(855,253,70,5,'551',1,1),(856,253,71,5,'553',1,1),(857,253,72,5,'558',1,NULL),(858,253,73,5,'561',1,NULL),(859,253,74,5,'569',1,1),(860,253,75,5,'575',1,1),(861,253,78,5,'582',1,1),(862,253,79,5,'588',1,1),(863,253,80,5,'591',1,NULL),(864,253,81,5,'576',1,1),(865,253,88,5,'596',1,1),(866,253,89,5,'600',1,1),(867,253,116,7,'694',1,1),(868,253,117,7,'696',1,NULL),(869,253,118,7,'703',1,1),(870,253,119,7,'706',1,1),(871,253,120,7,'711',1,1),(872,253,121,7,'714',1,1),(873,253,122,7,'720',1,1),(874,253,124,7,'726',1,1),(875,253,125,7,'745',1,1),(876,253,126,7,'735',1,1),(877,253,1141,10,'1870',1,1),(878,253,1143,10,'1873',1,1),(879,253,1144,10,'1881',1,1),(880,253,1145,10,'1885',1,1),(881,253,1146,10,'1886',1,1),(882,253,1147,10,'1888',1,1),(883,253,1148,10,'1890',1,1),(884,253,1149,10,'1892',1,1),(885,253,1150,10,'1894',1,1),(886,253,1151,10,'1897',1,1),(887,253,1152,10,'1899',1,1),(888,253,1154,10,'1900',1,1),(889,253,1155,10,'1902',1,NULL),(890,253,1156,10,'1904',1,1),(891,253,1193,10,'12230',1,1),(892,255,26,3,'463',1,1),(893,255,27,3,'465',1,1),(894,255,28,3,'467',1,1),(895,255,29,3,'469',1,1),(896,255,30,3,'471',1,1),(897,255,31,3,'474',1,1),(898,255,33,3,'477',1,1),(899,255,34,3,'12215',1,1),(900,255,35,3,'485',1,1),(901,255,36,3,'12224',1,1),(902,255,37,3,'12207',1,1),(903,255,38,3,'500',1,1),(904,255,39,3,'508',1,1),(905,255,40,3,'511',1,1),(906,255,42,3,'12222',1,1),(907,255,48,3,'526',1,1),(908,245,1183,27,'12169',1,1),(909,245,1184,27,'12172',1,1),(910,245,1185,27,'12177',1,1),(911,245,1186,27,'12179',1,NULL),(912,245,1187,27,'12184',1,1),(913,245,1188,27,'12187',1,1),(914,245,1189,27,'12193',1,1),(915,245,1190,27,'12194',1,1),(916,245,1191,27,'12199',1,NULL),(917,245,1192,27,'12206',1,1),(918,254,26,3,'463',1,1),(919,254,27,3,'465',1,1),(920,254,28,3,'467',1,1),(921,254,29,3,'469',1,1),(922,254,30,3,'471',1,1),(923,254,31,3,'474',1,1),(924,254,32,3,'476',1,NULL),(925,254,33,3,'477',1,1),(926,254,34,3,'12215',1,1),(927,254,35,3,'485',1,1),(928,254,36,3,'12224',1,1),(929,254,37,3,'12207',1,1),(930,254,38,3,'500',1,1),(931,254,39,3,'508',1,1),(932,254,40,3,'511',1,1),(933,254,42,3,'12217',1,NULL),(934,254,48,3,'526',1,1),(935,248,1141,10,'1870',1,1),(936,248,1143,10,'1873',1,1),(937,248,1144,10,'1881',1,1),(938,248,1145,10,'1885',1,1),(939,248,1146,10,'1887',1,NULL),(940,248,1147,10,'1888',1,1),(941,248,1148,10,'1890',1,1),(942,248,1149,10,'1892',1,1),(943,248,1150,10,'1895',1,NULL),(944,248,1151,10,'1897',1,1),(945,248,1152,10,'1899',1,1),(946,248,1154,10,'1900',1,1),(947,248,1155,10,'1902',1,NULL),(948,248,1156,10,'1904',1,1),(949,248,1193,10,'12230',1,1),(950,254,67,5,'540',1,1),(951,254,68,5,'544',1,1),(952,254,69,5,'548',1,NULL),(953,254,70,5,'551',1,1),(954,254,71,5,'553',1,1),(955,254,72,5,'558',1,NULL),(956,254,73,5,'565',1,1),(957,254,74,5,'569',1,1),(958,254,75,5,'575',1,1),(959,254,78,5,'582',1,1),(960,254,79,5,'588',1,1),(961,254,80,5,'590',1,NULL),(962,254,81,5,'577',1,NULL),(963,254,88,5,'596',1,1),(964,254,89,5,'600',1,1),(965,254,67,5,'540',2,1),(966,254,68,5,'544',2,1),(967,254,69,5,'548',2,NULL),(968,254,70,5,'551',2,1),(969,254,71,5,'553',2,1),(970,254,72,5,'558',2,NULL),(971,254,73,5,'565',2,1),(972,254,74,5,'569',2,1),(973,254,75,5,'575',2,1),(974,254,78,5,'582',2,1),(975,254,79,5,'588',2,1),(976,254,80,5,'589',2,NULL),(977,254,81,5,'577',2,NULL),(978,254,88,5,'594',2,NULL),(979,254,89,5,'600',2,1),(980,248,201,14,'1141',1,NULL),(981,248,202,14,'1146',1,1),(982,248,203,14,'1151',1,NULL),(983,248,204,14,'1157',1,1),(984,248,205,14,'1162',1,1),(985,248,206,14,'1163',1,1),(986,248,207,14,'1165',1,1),(987,248,208,14,'1170',1,NULL),(988,248,209,14,'1172',1,NULL),(989,248,210,14,'1179',1,1),(990,254,67,5,'540',3,1),(991,254,68,5,'544',3,1),(992,254,69,5,'548',3,NULL),(993,254,70,5,'551',3,1),(994,254,71,5,'553',3,1),(995,254,72,5,'558',3,NULL),(996,254,73,5,'565',3,1),(997,254,74,5,'569',3,1),(998,254,75,5,'575',3,1),(999,254,78,5,'582',3,1),(1000,254,79,5,'588',3,1),(1001,254,80,5,'591',3,NULL),(1002,254,81,5,'577',3,NULL),(1003,254,88,5,'596',3,1),(1004,254,89,5,'600',3,1),(1005,254,67,5,'540',4,1),(1006,254,68,5,'544',4,1),(1007,254,69,5,'547',4,NULL),(1008,254,70,5,'551',4,1),(1009,254,71,5,'553',4,1),(1010,254,72,5,'558',4,NULL),(1011,254,73,5,'565',4,1),(1012,254,74,5,'569',4,1),(1013,254,75,5,'575',4,1),(1014,254,78,5,'582',4,1),(1015,254,79,5,'588',4,1),(1016,254,80,5,'591',4,NULL),(1017,254,81,5,'577',4,NULL),(1018,254,88,5,'596',4,1),(1019,254,89,5,'600',4,1),(1020,254,67,5,'540',5,1),(1021,254,68,5,'544',5,1),(1022,254,69,5,'546',5,1),(1023,254,70,5,'551',5,1),(1024,254,71,5,'553',5,1),(1025,254,72,5,'558',5,NULL),(1026,254,73,5,'565',5,1),(1027,254,74,5,'569',5,1),(1028,254,75,5,'575',5,1),(1029,254,78,5,'582',5,1),(1030,254,79,5,'588',5,1),(1031,254,80,5,'591',5,NULL),(1032,254,81,5,'577',5,NULL),(1033,254,88,5,'596',5,1),(1034,254,89,5,'600',5,1),(1035,254,116,7,'692',1,NULL),(1036,254,117,7,'695',1,NULL),(1037,254,118,7,'703',1,1),(1038,254,119,7,'706',1,1),(1039,254,120,7,'711',1,1),(1040,254,121,7,'714',1,1),(1041,254,122,7,'720',1,1),(1042,254,124,7,'726',1,1),(1043,254,125,7,'745',1,1),(1044,254,126,7,'735',1,1),(1045,248,201,14,'1145',2,NULL),(1046,248,202,14,'1146',2,1),(1047,248,203,14,'1150',2,NULL),(1048,248,204,14,'1157',2,1),(1049,248,205,14,'1162',2,1),(1050,248,206,14,'1164',2,NULL),(1051,248,207,14,'1165',2,1),(1052,248,208,14,'1169',2,1),(1053,248,209,14,'1171',2,NULL),(1054,248,210,14,'1179',2,1),(1055,254,1141,10,'1870',1,1),(1056,254,1143,10,'1875',1,NULL),(1057,254,1144,10,'1881',1,1),(1058,254,1145,10,'1885',1,1),(1059,254,1146,10,'1886',1,1),(1060,254,1147,10,'1888',1,1),(1061,254,1148,10,'1890',1,1),(1062,254,1149,10,'1892',1,1),(1063,254,1150,10,'1894',1,1),(1064,254,1151,10,'1897',1,1),(1065,254,1152,10,'1899',1,1),(1066,254,1154,10,'1900',1,1),(1067,254,1155,10,'1902',1,NULL),(1068,254,1156,10,'1904',1,1),(1069,254,1193,10,'12230',1,1),(1070,248,201,14,'1142',3,1),(1071,248,202,14,'1146',3,1),(1072,248,203,14,'1148',3,NULL),(1073,248,204,14,'1157',3,1),(1074,248,205,14,'1162',3,1),(1075,248,206,14,'1163',3,1),(1076,248,207,14,'1165',3,1),(1077,248,208,14,'1168',3,NULL),(1078,248,209,14,'1174',3,1),(1079,248,210,14,'1179',3,1),(1080,252,26,3,'463',1,1),(1081,252,27,3,'465',1,1),(1082,252,28,3,'467',1,1),(1083,252,29,3,'469',1,1),(1084,252,30,3,'471',1,1),(1085,252,31,3,'474',1,1),(1086,252,32,3,'475',1,1),(1087,252,33,3,'477',1,1),(1088,252,34,3,'12216',1,NULL),(1089,252,35,3,'485',1,1),(1090,252,36,3,'12224',1,1),(1091,252,37,3,'12207',1,1),(1092,252,38,3,'500',1,1),(1093,252,39,3,'508',1,1),(1094,252,40,3,'511',1,1),(1095,252,42,3,'12222',1,1),(1096,252,48,3,'526',1,1),(1097,254,201,14,'1144',1,NULL),(1098,254,202,14,'1147',1,NULL),(1099,254,203,14,'1151',1,NULL),(1100,254,204,14,'1157',1,1),(1101,254,205,14,'1162',1,1),(1102,254,206,14,'1163',1,1),(1103,254,208,14,'1169',1,1),(1104,254,209,14,'1171',1,NULL),(1105,254,210,14,'1179',1,1),(1106,254,201,14,'1144',2,NULL),(1107,254,202,14,'1147',2,NULL),(1108,254,203,14,'1151',2,NULL),(1109,254,204,14,'1157',2,1),(1110,254,205,14,'1162',2,1),(1111,254,206,14,'1163',2,1),(1112,254,208,14,'1169',2,1),(1113,254,209,14,'1171',2,NULL),(1114,254,210,14,'1179',2,1),(1115,254,201,14,'1143',3,NULL),(1116,254,202,14,'1146',3,1),(1117,254,203,14,'1151',3,NULL),(1118,254,204,14,'1157',3,1),(1119,254,205,14,'1162',3,1),(1120,254,206,14,'1163',3,1),(1121,254,208,14,'1169',3,1),(1122,254,209,14,'1171',3,NULL),(1123,254,210,14,'1179',3,1),(1124,254,201,14,'1145',4,NULL),(1125,254,202,14,'1146',4,1),(1126,254,203,14,'1150',4,NULL),(1127,254,204,14,'1157',4,1),(1128,254,205,14,'1162',4,1),(1129,254,206,14,'1163',4,1),(1130,254,208,14,'1169',4,1),(1131,254,209,14,'1171',4,NULL),(1132,254,210,14,'1179',4,1),(1133,254,201,14,'1141',5,NULL),(1134,254,202,14,'1146',5,1),(1135,254,203,14,'1148',5,NULL),(1136,254,204,14,'1157',5,1),(1137,254,205,14,'1162',5,1),(1138,254,206,14,'1163',5,1),(1139,254,208,14,'1169',5,1),(1140,254,209,14,'1171',5,NULL),(1141,254,210,14,'1179',5,1),(1142,254,201,14,'1142',6,1),(1143,254,202,14,'1146',6,1),(1144,254,203,14,'1152',6,1),(1145,254,204,14,'1157',6,1),(1146,254,205,14,'1162',6,1),(1147,254,206,14,'1163',6,1),(1148,254,208,14,'1169',6,1),(1149,254,209,14,'1171',6,NULL),(1150,254,210,14,'1179',6,1),(1151,252,67,5,'540',1,1),(1152,252,68,5,'544',1,1),(1153,252,69,5,'546',1,1),(1154,252,70,5,'551',1,1),(1155,252,71,5,'553',1,1),(1156,252,72,5,'557',1,1),(1157,252,73,5,'565',1,1),(1158,252,74,5,'569',1,1),(1159,252,75,5,'575',1,1),(1160,252,78,5,'582',1,1),(1161,252,79,5,'588',1,1),(1162,252,80,5,'592',1,1),(1163,252,81,5,'576',1,1),(1164,252,88,5,'596',1,1),(1165,252,89,5,'600',1,1),(1166,256,201,14,'1145',1,NULL),(1167,256,202,14,'1146',1,1),(1168,256,203,14,'1149',1,NULL),(1169,256,204,14,'1157',1,1),(1170,256,205,14,'1162',1,1),(1171,256,206,14,'1163',1,1),(1172,256,207,14,'1167',1,NULL),(1173,256,208,14,'1169',1,1),(1174,256,209,14,'1174',1,1),(1175,256,210,14,'1179',1,1),(1176,256,201,14,'1141',2,NULL),(1177,256,202,14,'1146',2,1),(1178,256,203,14,'1151',2,NULL),(1179,256,204,14,'1157',2,1),(1180,256,205,14,'1162',2,1),(1181,256,206,14,'1163',2,1),(1182,256,207,14,'1165',2,1),(1183,256,208,14,'1169',2,1),(1184,256,209,14,'1174',2,1),(1185,256,210,14,'1179',2,1),(1186,252,116,7,'694',1,1),(1187,252,117,7,'697',1,1),(1188,252,118,7,'703',1,1),(1189,252,119,7,'706',1,1),(1190,252,120,7,'711',1,1),(1191,252,121,7,'714',1,1),(1192,252,122,7,'720',1,1),(1193,252,124,7,'726',1,1),(1194,252,125,7,'745',1,1),(1195,252,126,7,'735',1,1),(1196,252,1141,10,'1870',1,1),(1197,252,1143,10,'1873',1,1),(1198,252,1144,10,'1881',1,1),(1199,252,1145,10,'1885',1,1),(1200,252,1146,10,'1886',1,1),(1201,252,1147,10,'1888',1,1),(1202,252,1148,10,'1890',1,1),(1203,252,1149,10,'1892',1,1),(1204,252,1150,10,'1894',1,1),(1205,252,1151,10,'1897',1,1),(1206,252,1152,10,'1899',1,1),(1207,252,1154,10,'1900',1,1),(1208,252,1155,10,'1902',1,NULL),(1209,252,1156,10,'1904',1,1),(1210,252,1193,10,'12230',1,1),(1211,252,201,14,'1141',1,NULL),(1212,252,202,14,'1146',1,1),(1213,252,203,14,'1149',1,NULL),(1214,252,204,14,'1157',1,1),(1215,252,205,14,'1162',1,1),(1216,252,206,14,'1163',1,1),(1217,252,207,14,'1165',1,1),(1218,252,208,14,'1169',1,1),(1219,252,209,14,'1174',1,1),(1220,252,210,14,'1179',1,1),(1221,252,211,15,'1181',1,NULL),(1222,252,212,15,'1185',1,1),(1223,252,213,15,'1189',1,1),(1224,252,214,15,'1192',1,1),(1225,252,215,15,'1193',1,1),(1226,252,591,25,'12151',1,1),(1227,252,592,25,'11847',1,1),(1228,252,593,25,'12162',1,1),(1229,252,702,25,'12166',1,1),(1230,252,703,25,'11859',1,1),(1231,252,704,25,'11862',1,1),(1232,252,705,25,'11864',1,1),(1233,252,706,25,'11868',1,1),(1234,252,707,25,'11873',1,1),(1235,252,712,25,'11892',1,1),(1236,252,713,25,'11895',1,1),(1237,252,1183,27,'12169',1,1),(1238,252,1184,27,'12172',1,1),(1239,252,1185,27,'12177',1,1),(1240,252,1186,27,'12182',1,1),(1241,252,1187,27,'12184',1,1),(1242,252,1188,27,'12187',1,1),(1243,252,1189,27,'12193',1,1),(1244,252,1190,27,'12194',1,1),(1245,252,1191,27,'12201',1,1),(1246,252,1192,27,'12206',1,1),(1247,259,26,3,'463',1,1),(1248,259,27,3,'465',1,1),(1249,259,28,3,'467',1,1),(1250,259,29,3,'469',1,1),(1251,259,30,3,'471',1,1),(1252,259,31,3,'474',1,1),(1253,259,32,3,'475',1,1),(1254,259,33,3,'477',1,1),(1255,259,34,3,'12216',1,NULL),(1256,259,35,3,'485',1,1),(1257,259,36,3,'12224',1,1),(1258,259,37,3,'12207',1,1),(1259,259,38,3,'500',1,1),(1260,259,39,3,'508',1,1),(1261,259,40,3,'511',1,1),(1262,259,42,3,'12222',1,1),(1263,259,48,3,'526',1,1),(1264,258,26,3,'463',1,1),(1265,258,27,3,'465',1,1),(1266,258,28,3,'467',1,1),(1267,258,29,3,'469',1,1),(1268,258,30,3,'471',1,1),(1269,258,31,3,'474',1,1),(1270,258,32,3,'475',1,1),(1271,258,33,3,'477',1,1),(1272,258,34,3,'12216',1,NULL),(1273,258,35,3,'485',1,1),(1274,258,36,3,'12224',1,1),(1275,258,37,3,'12207',1,1),(1276,258,38,3,'500',1,1),(1277,258,39,3,'508',1,1),(1278,258,40,3,'511',1,1),(1279,258,42,3,'12222',1,1),(1280,258,48,3,'526',1,1),(1281,259,67,5,'540',1,1),(1282,259,68,5,'544',1,1),(1283,259,69,5,'546',1,1),(1284,259,70,5,'551',1,1),(1285,259,71,5,'553',1,1),(1286,259,72,5,'557',1,1),(1287,259,73,5,'565',1,1),(1288,259,74,5,'569',1,1),(1289,259,75,5,'575',1,1),(1290,259,78,5,'582',1,1),(1291,259,79,5,'588',1,1),(1292,259,80,5,'593',1,NULL),(1293,259,81,5,'576',1,1),(1294,259,88,5,'597',1,NULL),(1295,259,89,5,'600',1,1),(1296,258,67,5,'540',1,1),(1297,258,68,5,'544',1,1),(1298,258,69,5,'546',1,1),(1299,258,70,5,'551',1,1),(1300,258,71,5,'553',1,1),(1301,258,72,5,'557',1,1),(1302,258,73,5,'565',1,1),(1303,258,74,5,'569',1,1),(1304,258,75,5,'575',1,1),(1305,258,78,5,'582',1,1),(1306,258,79,5,'588',1,1),(1307,258,80,5,'593',1,NULL),(1308,258,81,5,'576',1,1),(1309,258,88,5,'596',1,1),(1310,258,89,5,'600',1,1),(1311,258,116,7,'694',1,1),(1312,258,117,7,'697',1,1),(1313,258,118,7,'704',1,NULL),(1314,258,119,7,'706',1,1),(1315,258,120,7,'711',1,1),(1316,258,121,7,'714',1,1),(1317,258,122,7,'720',1,1),(1318,258,124,7,'726',1,1),(1319,258,125,7,'745',1,1),(1320,258,126,7,'735',1,1),(1321,258,1141,10,'1870',1,1),(1322,258,1143,10,'1873',1,1),(1323,258,1144,10,'1881',1,1),(1324,258,1145,10,'1885',1,1),(1325,258,1146,10,'1886',1,1),(1326,258,1147,10,'1888',1,1),(1327,258,1148,10,'1890',1,1),(1328,258,1149,10,'1892',1,1),(1329,258,1150,10,'1894',1,1),(1330,258,1151,10,'1897',1,1),(1331,258,1152,10,'1899',1,1),(1332,258,1154,10,'1900',1,1),(1333,258,1155,10,'1903',1,1),(1334,258,1156,10,'1904',1,1),(1335,258,1193,10,'12230',1,1),(1336,260,26,3,'463',1,1),(1337,260,27,3,'465',1,1),(1338,260,28,3,'467',1,1),(1339,260,29,3,'469',1,1),(1340,260,30,3,'471',1,1),(1341,260,31,3,'474',1,1),(1342,260,32,3,'475',1,1),(1343,260,33,3,'477',1,1),(1344,260,34,3,'12215',1,1),(1345,260,35,3,'485',1,1),(1346,260,36,3,'12224',1,1),(1347,260,37,3,'12207',1,1),(1348,260,38,3,'500',1,1),(1349,260,39,3,'508',1,1),(1350,260,40,3,'511',1,1),(1351,260,42,3,'12222',1,1),(1352,260,48,3,'526',1,1),(1353,260,67,5,'540',1,1),(1354,260,68,5,'544',1,1),(1355,260,69,5,'546',1,1),(1356,260,70,5,'551',1,1),(1357,260,71,5,'553',1,1),(1358,260,72,5,'557',1,1),(1359,260,73,5,'565',1,1),(1360,260,74,5,'569',1,1),(1361,260,75,5,'575',1,1),(1362,260,78,5,'580',1,NULL),(1363,260,79,5,'588',1,1),(1364,260,80,5,'593',1,NULL),(1365,260,81,5,'576',1,1),(1366,260,88,5,'597',1,NULL),(1367,260,89,5,'600',1,1),(1368,260,116,7,'694',1,1),(1369,260,117,7,'695',1,NULL),(1370,260,118,7,'704',1,NULL),(1371,260,119,7,'706',1,1),(1372,260,120,7,'711',1,1),(1373,260,121,7,'714',1,1),(1374,260,122,7,'717',1,NULL),(1375,260,124,7,'726',1,1),(1376,260,125,7,'745',1,1),(1377,260,126,7,'735',1,1),(1378,260,116,7,'694',2,1),(1379,260,117,7,'697',2,1),(1380,260,118,7,'703',2,1),(1381,260,119,7,'706',2,1),(1382,260,120,7,'711',2,1),(1383,260,121,7,'714',2,1),(1384,260,122,7,'717',2,NULL),(1385,260,124,7,'726',2,1),(1386,260,125,7,'745',2,1),(1387,260,126,7,'735',2,1),(1388,261,26,3,'463',1,1),(1389,261,27,3,'465',1,1),(1390,261,28,3,'467',1,1),(1391,261,29,3,'469',1,1),(1392,261,30,3,'471',1,1),(1393,261,31,3,'474',1,1),(1394,261,32,3,'475',1,1),(1395,261,33,3,'477',1,1),(1396,261,34,3,'12215',1,1),(1397,261,35,3,'485',1,1),(1398,261,36,3,'12224',1,1),(1399,261,37,3,'12207',1,1),(1400,261,38,3,'500',1,1),(1401,261,39,3,'508',1,1),(1402,261,40,3,'511',1,1),(1403,261,42,3,'12222',1,1),(1404,261,48,3,'526',1,1),(1405,260,1141,10,'1870',1,1),(1406,260,1143,10,'1874',1,NULL),(1407,260,1144,10,'1881',1,1),(1408,260,1145,10,'1885',1,1),(1409,260,1146,10,'1886',1,1),(1410,260,1147,10,'1888',1,1),(1411,260,1148,10,'1891',1,NULL),(1412,260,1149,10,'1892',1,1),(1413,260,1150,10,'1894',1,1),(1414,260,1151,10,'1897',1,1),(1415,260,1152,10,'1899',1,1),(1416,260,1154,10,'1900',1,1),(1417,260,1155,10,'1902',1,NULL),(1418,260,1156,10,'1904',1,1),(1419,260,1193,10,'12230',1,1),(1420,260,201,14,'1141',1,NULL),(1421,260,202,14,'1146',1,1),(1422,260,203,14,'1150',1,NULL),(1423,260,204,14,'1157',1,1),(1424,260,205,14,'1162',1,1),(1425,260,206,14,'1163',1,1),(1426,260,207,14,'1165',1,1),(1427,260,208,14,'1169',1,1),(1428,260,209,14,'1172',1,NULL),(1429,260,210,14,'1179',1,1),(1430,260,201,14,'1142',2,1),(1431,260,202,14,'1146',2,1),(1432,260,203,14,'1151',2,NULL),(1433,260,204,14,'1157',2,1),(1434,260,205,14,'1162',2,1),(1435,260,206,14,'1163',2,1),(1436,260,207,14,'1165',2,1),(1437,260,208,14,'1169',2,1),(1438,260,209,14,'1171',2,NULL),(1439,260,210,14,'1179',2,1),(1440,260,211,15,'1180',1,1),(1441,260,212,15,'1183',1,NULL),(1442,260,213,15,'1189',1,1),(1443,260,214,15,'1192',1,1),(1444,260,215,15,'1194',1,NULL),(1445,260,211,15,'1180',2,1),(1446,260,212,15,'1182',2,NULL),(1447,260,213,15,'1189',2,1),(1448,260,214,15,'1192',2,1),(1449,260,215,15,'1193',2,1),(1450,260,591,25,'12151',1,1),(1451,260,592,25,'11847',1,1),(1452,260,593,25,'12162',1,1),(1453,260,702,25,'12166',1,1),(1454,260,703,25,'11858',1,NULL),(1455,260,704,25,'11862',1,1),(1456,260,705,25,'11864',1,1),(1457,260,706,25,'11870',1,NULL),(1458,260,707,25,'11873',1,1),(1459,260,712,25,'11890',1,NULL),(1460,260,713,25,'11894',1,NULL),(1461,260,591,25,'12151',2,1),(1462,260,592,25,'11847',2,1),(1463,260,593,25,'12162',2,1),(1464,260,702,25,'12167',2,NULL),(1465,260,703,25,'11859',2,1),(1466,260,704,25,'11862',2,1),(1467,260,705,25,'11864',2,1),(1468,260,706,25,'11868',2,1),(1469,260,707,25,'11873',2,1),(1470,260,712,25,'11892',2,1),(1471,260,713,25,'11895',2,1),(1472,260,591,25,'12151',3,1),(1473,260,592,25,'11847',3,1),(1474,260,593,25,'12162',3,1),(1475,260,702,25,'12167',3,NULL),(1476,260,703,25,'11859',3,1),(1477,260,704,25,'11862',3,1),(1478,260,705,25,'11864',3,1),(1479,260,706,25,'11868',3,1),(1480,260,707,25,'11873',3,1),(1481,260,712,25,'11892',3,1),(1482,260,713,25,'11895',3,1),(1483,260,1183,27,'12170',1,NULL),(1484,260,1184,27,'12172',1,1),(1485,260,1185,27,'12174',1,NULL),(1486,260,1186,27,'12181',1,NULL),(1487,260,1187,27,'12183',1,NULL),(1488,260,1188,27,'12188',1,NULL),(1489,260,1189,27,'12193',1,1),(1490,260,1190,27,'12194',1,1),(1491,260,1191,27,'12201',1,1),(1492,260,1192,27,'12206',1,1),(1493,260,1183,27,'12171',2,NULL),(1494,260,1184,27,'12172',2,1),(1495,260,1185,27,'12176',2,NULL),(1496,260,1186,27,'12179',2,NULL),(1497,260,1187,27,'12184',2,1),(1498,260,1188,27,'12185',2,NULL),(1499,260,1189,27,'12193',2,1),(1500,260,1190,27,'12194',2,1),(1501,260,1191,27,'12201',2,1),(1502,260,1192,27,'12206',2,1),(1503,260,1183,27,'12168',3,NULL),(1504,260,1184,27,'12172',3,1),(1505,260,1185,27,'12177',3,1),(1506,260,1186,27,'12182',3,1),(1507,260,1187,27,'12184',3,1),(1508,260,1188,27,'12187',3,1),(1509,260,1189,27,'12193',3,1),(1510,260,1190,27,'12194',3,1),(1511,260,1191,27,'12201',3,1),(1512,260,1192,27,'12206',3,1),(1513,260,1183,27,'12168',4,NULL),(1514,260,1184,27,'12172',4,1),(1515,260,1185,27,'12177',4,1),(1516,260,1186,27,'12182',4,1),(1517,260,1187,27,'12184',4,1),(1518,260,1188,27,'12187',4,1),(1519,260,1189,27,'12193',4,1),(1520,260,1190,27,'12194',4,1),(1521,260,1191,27,'12201',4,1),(1522,260,1192,27,'12206',4,1),(1523,261,67,5,'540',1,1),(1524,261,68,5,'544',1,1),(1525,261,69,5,'546',1,1),(1526,261,70,5,'551',1,1),(1527,261,71,5,'553',1,1),(1528,261,72,5,'558',1,NULL),(1529,261,73,5,'565',1,1),(1530,261,74,5,'569',1,1),(1531,261,75,5,'575',1,1),(1532,261,78,5,'582',1,1),(1533,261,79,5,'588',1,1),(1534,261,80,5,'592',1,1),(1535,261,81,5,'576',1,1),(1536,261,88,5,'596',1,1),(1537,261,89,5,'600',1,1),(1538,261,116,7,'694',1,1),(1539,261,117,7,'697',1,1),(1540,261,118,7,'703',1,1),(1541,261,119,7,'706',1,1),(1542,261,120,7,'711',1,1),(1543,261,121,7,'714',1,1),(1544,261,122,7,'720',1,1),(1545,261,124,7,'726',1,1),(1546,261,125,7,'745',1,1),(1547,261,126,7,'735',1,1),(1548,261,1141,10,'1870',1,1),(1549,261,1143,10,'1873',1,1),(1550,261,1144,10,'1881',1,1),(1551,261,1145,10,'1883',1,NULL),(1552,261,1146,10,'1886',1,1),(1553,261,1147,10,'1888',1,1),(1554,261,1148,10,'1890',1,1),(1555,261,1149,10,'1892',1,1),(1556,261,1150,10,'1894',1,1),(1557,261,1151,10,'1897',1,1),(1558,261,1152,10,'1899',1,1),(1559,261,1154,10,'1900',1,1),(1560,261,1155,10,'1903',1,1),(1561,261,1156,10,'1904',1,1),(1562,261,1193,10,'12230',1,1),(1563,259,116,7,'694',1,1),(1564,259,117,7,'697',1,1),(1565,259,118,7,'703',1,1),(1566,259,119,7,'706',1,1),(1567,259,120,7,'711',1,1),(1568,259,121,7,'714',1,1),(1569,259,122,7,'720',1,1),(1570,259,124,7,'726',1,1),(1571,259,125,7,'745',1,1),(1572,259,126,7,'735',1,1),(1573,259,1141,10,'1870',1,1),(1574,259,1143,10,'1873',1,1),(1575,259,1144,10,'1881',1,1),(1576,259,1145,10,'1885',1,1),(1577,259,1146,10,'1886',1,1),(1578,259,1147,10,'1888',1,1),(1579,259,1148,10,'1890',1,1),(1580,259,1149,10,'1892',1,1),(1581,259,1150,10,'1894',1,1),(1582,259,1151,10,'1897',1,1),(1583,259,1152,10,'1899',1,1),(1584,259,1154,10,'1900',1,1),(1585,259,1155,10,'1903',1,1),(1586,259,1156,10,'1904',1,1),(1587,259,1193,10,'12230',1,1),(1588,261,201,14,'1145',1,NULL),(1589,261,202,14,'1146',1,1),(1590,261,204,14,'1157',1,1),(1591,261,205,14,'1162',1,1),(1592,261,206,14,'1163',1,1),(1593,261,207,14,'1167',1,NULL),(1594,261,208,14,'1169',1,1),(1595,261,209,14,'1174',1,1),(1596,261,210,14,'1179',1,1),(1597,261,201,14,'1142',2,1),(1598,261,202,14,'1146',2,1),(1599,261,203,14,'1150',2,NULL),(1600,261,204,14,'1157',2,1),(1601,261,205,14,'1162',2,1),(1602,261,206,14,'1163',2,1),(1603,261,207,14,'1165',2,1),(1604,261,208,14,'1169',2,1),(1605,261,209,14,'1174',2,1),(1606,261,210,14,'1179',2,1),(1607,261,201,14,'1142',3,1),(1608,261,202,14,'1146',3,1),(1609,261,203,14,'1150',3,NULL),(1610,261,204,14,'1157',3,1),(1611,261,205,14,'1162',3,1),(1612,261,206,14,'1163',3,1),(1613,261,207,14,'1165',3,1),(1614,261,208,14,'1169',3,1),(1615,261,209,14,'1174',3,1),(1616,261,210,14,'1179',3,1),(1617,261,201,14,'1142',4,1),(1618,261,202,14,'1146',4,1),(1619,261,203,14,'1150',4,NULL),(1620,261,204,14,'1157',4,1),(1621,261,205,14,'1162',4,1),(1622,261,206,14,'1163',4,1),(1623,261,207,14,'1165',4,1),(1624,261,208,14,'1169',4,1),(1625,261,209,14,'1174',4,1),(1626,261,210,14,'1179',4,1),(1627,261,211,15,'1180',1,1),(1628,261,212,15,'1185',1,1),(1629,261,213,15,'1187',1,NULL),(1630,261,214,15,'1191',1,NULL),(1631,261,215,15,'1193',1,1),(1632,261,211,15,'1180',2,1),(1633,261,212,15,'1183',2,NULL),(1634,261,213,15,'1188',2,NULL),(1635,261,214,15,'1192',2,1),(1636,261,215,15,'1193',2,1),(1637,261,211,15,'1180',3,1),(1638,261,212,15,'1185',3,1),(1639,261,213,15,'1189',3,1),(1640,261,214,15,'1192',3,1),(1641,261,215,15,'1193',3,1),(1642,261,592,25,'11847',1,1),(1643,261,593,25,'12160',1,NULL),(1644,261,702,25,'12164',1,NULL),(1645,261,703,25,'11859',1,1),(1646,261,704,25,'11862',1,1),(1647,261,705,25,'11864',1,1),(1648,261,706,25,'11868',1,1),(1649,261,707,25,'11871',1,NULL),(1650,261,712,25,'11892',1,1),(1651,261,713,25,'11894',1,NULL),(1652,261,591,25,'12151',2,1),(1653,261,592,25,'11847',2,1),(1654,261,593,25,'12163',2,NULL),(1655,261,702,25,'12164',2,NULL),(1656,261,703,25,'11859',2,1),(1657,261,704,25,'11862',2,1),(1658,261,705,25,'11864',2,1),(1659,261,706,25,'11867',2,NULL),(1660,261,707,25,'11873',2,1),(1661,261,712,25,'11892',2,1),(1662,261,713,25,'11894',2,NULL),(1663,261,591,25,'12151',3,1),(1664,261,592,25,'11847',3,1),(1665,261,593,25,'12162',3,1),(1666,261,702,25,'12166',3,1),(1667,261,703,25,'11859',3,1),(1668,261,704,25,'11862',3,1),(1669,261,705,25,'11864',3,1),(1670,261,706,25,'11869',3,NULL),(1671,261,707,25,'11873',3,1),(1672,261,712,25,'11892',3,1),(1673,261,713,25,'11895',3,1),(1674,261,1183,27,'12169',1,1),(1675,261,1184,27,'12172',1,1),(1676,261,1185,27,'12174',1,NULL),(1677,261,1186,27,'12182',1,1),(1678,261,1187,27,'12183',1,NULL),(1679,261,1188,27,'12186',1,NULL),(1680,261,1189,27,'12193',1,1),(1681,261,1190,27,'12196',1,NULL),(1682,261,1191,27,'12197',1,NULL),(1683,261,1192,27,'12202',1,NULL),(1684,261,1183,27,'12169',2,1),(1685,261,1184,27,'12172',2,1),(1686,261,1185,27,'12176',2,NULL),(1687,261,1186,27,'12182',2,1),(1688,261,1187,27,'12184',2,1),(1689,261,1188,27,'12185',2,NULL),(1690,261,1189,27,'12193',2,1),(1691,261,1190,27,'12194',2,1),(1692,261,1191,27,'12201',2,1),(1693,261,1192,27,'12206',2,1),(1694,259,202,14,'1146',1,1),(1695,259,203,14,'1149',1,NULL),(1696,259,204,14,'1157',1,1),(1697,259,205,14,'1162',1,1),(1698,259,206,14,'1163',1,1),(1699,259,207,14,'1165',1,1),(1700,259,208,14,'1169',1,1),(1701,259,209,14,'1174',1,1),(1702,259,210,14,'1179',1,1),(1703,258,201,14,'1142',1,1),(1704,258,202,14,'1146',1,1),(1705,258,203,14,'1149',1,NULL),(1706,258,204,14,'1157',1,1),(1707,258,205,14,'1162',1,1),(1708,258,206,14,'1163',1,1),(1709,258,207,14,'1165',1,1),(1710,258,208,14,'1169',1,1),(1711,258,209,14,'1174',1,1),(1712,258,210,14,'1179',1,1),(1713,257,1183,27,'12169',1,1),(1714,257,1184,27,'12172',1,1),(1715,257,1185,27,'12177',1,1),(1716,257,1186,27,'12182',1,1),(1717,257,1187,27,'12184',1,1),(1718,257,1188,27,'12187',1,1),(1719,257,1189,27,'12193',1,1),(1720,257,1190,27,'12194',1,1),(1721,257,1191,27,'12199',1,NULL),(1722,257,1192,27,'12206',1,1),(1723,254,211,15,'1180',1,1),(1724,254,212,15,'1183',1,NULL),(1725,254,213,15,'1189',1,1),(1726,254,214,15,'1192',1,1),(1727,254,215,15,'1193',1,1),(1728,254,591,25,'12152',1,NULL),(1729,254,592,25,'11847',1,1),(1730,254,593,25,'12163',1,NULL),(1731,254,702,25,'12166',1,1),(1732,254,703,25,'11859',1,1),(1733,254,704,25,'11862',1,1),(1734,254,705,25,'11863',1,NULL),(1735,254,706,25,'11869',1,NULL),(1736,254,707,25,'11874',1,NULL),(1737,254,712,25,'11891',1,NULL),(1738,254,713,25,'11894',1,NULL),(1739,254,591,25,'12150',2,NULL),(1740,254,592,25,'11847',2,1),(1741,254,593,25,'12162',2,1),(1742,254,702,25,'12166',2,1),(1743,254,703,25,'11859',2,1),(1744,254,704,25,'11862',2,1),(1745,254,705,25,'11863',2,NULL),(1746,254,706,25,'11868',2,1),(1747,254,707,25,'11873',2,1),(1748,254,712,25,'11890',2,NULL),(1749,254,713,25,'11895',2,1),(1750,254,591,25,'12149',3,NULL),(1751,254,592,25,'11847',3,1),(1752,254,593,25,'12162',3,1),(1753,254,702,25,'12166',3,1),(1754,254,703,25,'11859',3,1),(1755,254,704,25,'11862',3,1),(1756,254,705,25,'11864',3,1),(1757,254,706,25,'11869',3,NULL),(1758,254,707,25,'11874',3,NULL),(1759,254,712,25,'11890',3,NULL),(1760,254,713,25,'11895',3,1),(1761,254,591,25,'12151',4,1),(1762,254,592,25,'11847',4,1),(1763,254,593,25,'12162',4,1),(1764,254,702,25,'12166',4,1),(1765,254,703,25,'11859',4,1),(1766,254,704,25,'11862',4,1),(1767,254,705,25,'11864',4,1),(1768,254,706,25,'11867',4,NULL),(1769,254,707,25,'11871',4,NULL),(1770,254,712,25,'11892',4,1),(1771,254,713,25,'11895',4,1),(1772,254,1183,27,'12171',1,NULL),(1773,254,1184,27,'12172',1,1),(1774,254,1185,27,'12174',1,NULL),(1775,254,1186,27,'12178',1,NULL),(1776,254,1187,27,'12183',1,NULL),(1777,254,1188,27,'12186',1,NULL),(1778,254,1189,27,'12193',1,1),(1779,254,1190,27,'12196',1,NULL),(1780,254,1191,27,'12201',1,1),(1781,254,1192,27,'12206',1,1),(1782,254,1183,27,'12168',2,NULL),(1783,254,1184,27,'12172',2,1),(1784,254,1185,27,'12177',2,1),(1785,254,1186,27,'12179',2,NULL),(1786,254,1187,27,'12184',2,1),(1787,254,1188,27,'12186',2,NULL),(1788,254,1189,27,'12193',2,1),(1789,254,1190,27,'12195',2,NULL),(1790,254,1191,27,'12201',2,1),(1791,254,1192,27,'12206',2,1),(1792,254,1183,27,'12171',3,NULL),(1793,254,1184,27,'12172',3,1),(1794,254,1185,27,'12175',3,NULL),(1795,254,1186,27,'12179',3,NULL),(1796,254,1187,27,'12184',3,1),(1797,254,1188,27,'12186',3,NULL),(1798,254,1189,27,'12193',3,1),(1799,254,1190,27,'12194',3,1),(1800,254,1191,27,'12201',3,1),(1801,254,1192,27,'12206',3,1),(1802,259,211,15,'1180',1,1),(1803,259,212,15,'1185',1,1),(1804,259,213,15,'1189',1,1),(1805,259,214,15,'1192',1,1),(1806,259,215,15,'1193',1,1),(1807,258,211,15,'1180',1,1),(1808,258,212,15,'1185',1,1),(1809,258,213,15,'1189',1,1),(1810,258,214,15,'1192',1,1),(1811,258,215,15,'1193',1,1),(1812,254,1183,27,'12171',4,NULL),(1813,254,1184,27,'12173',4,NULL),(1814,254,1185,27,'12175',4,NULL),(1815,254,1186,27,'12182',4,1),(1816,254,1187,27,'12184',4,1),(1817,254,1188,27,'12188',4,NULL),(1818,254,1189,27,'12193',4,1),(1819,254,1190,27,'12195',4,NULL),(1820,254,1191,27,'12201',4,1),(1821,254,1192,27,'12206',4,1),(1822,259,591,25,'12149',1,NULL),(1823,259,592,25,'11847',1,1),(1824,259,593,25,'12163',1,NULL),(1825,259,702,25,'12166',1,1),(1826,259,703,25,'11859',1,1),(1827,259,704,25,'11862',1,1),(1828,259,705,25,'11864',1,1),(1829,259,706,25,'11868',1,1),(1830,259,707,25,'11873',1,1),(1831,259,712,25,'11891',1,NULL),(1832,259,713,25,'11894',1,NULL),(1833,254,1183,27,'12168',5,NULL),(1834,254,1184,27,'12172',5,1),(1835,254,1185,27,'12176',5,NULL),(1836,254,1186,27,'12180',5,NULL),(1837,254,1187,27,'12183',5,NULL),(1838,254,1188,27,'12185',5,NULL),(1839,254,1189,27,'12193',5,1),(1840,254,1190,27,'12196',5,NULL),(1841,254,1191,27,'12201',5,1),(1842,254,1192,27,'12206',5,1),(1843,259,591,25,'12149',2,NULL),(1844,259,592,25,'11847',2,1),(1845,259,593,25,'12160',2,NULL),(1846,259,702,25,'12166',2,1),(1847,259,703,25,'11859',2,1),(1848,259,704,25,'11862',2,1),(1849,259,705,25,'11864',2,1),(1850,259,706,25,'11868',2,1),(1851,259,707,25,'11873',2,1),(1852,259,712,25,'11891',2,NULL),(1853,259,713,25,'11895',2,1),(1854,258,591,25,'12151',1,1),(1855,258,592,25,'11847',1,1),(1856,258,593,25,'12163',1,NULL),(1857,258,702,25,'12166',1,1),(1858,258,703,25,'11859',1,1),(1859,258,704,25,'11862',1,1),(1860,258,705,25,'11864',1,1),(1861,258,706,25,'11868',1,1),(1862,258,707,25,'11873',1,1),(1863,258,712,25,'11891',1,NULL),(1864,258,713,25,'11894',1,NULL),(1865,259,591,25,'12151',3,1),(1866,259,592,25,'11847',3,1),(1867,259,593,25,'12162',3,1),(1868,259,702,25,'12166',3,1),(1869,259,703,25,'11859',3,1),(1870,259,704,25,'11862',3,1),(1871,259,705,25,'11864',3,1),(1872,259,706,25,'11868',3,1),(1873,259,707,25,'11873',3,1),(1874,259,712,25,'11891',3,NULL),(1875,259,713,25,'11895',3,1),(1876,258,591,25,'12151',2,1),(1877,258,592,25,'11847',2,1),(1878,258,593,25,'12162',2,1),(1879,258,702,25,'12166',2,1),(1880,258,703,25,'11859',2,1),(1881,258,704,25,'11862',2,1),(1882,258,705,25,'11864',2,1),(1883,258,706,25,'11868',2,1),(1884,258,707,25,'11873',2,1),(1885,258,712,25,'11891',2,NULL),(1886,258,713,25,'11895',2,1),(1887,259,1183,27,'12169',1,1),(1888,259,1184,27,'12172',1,1),(1889,259,1185,27,'12177',1,1),(1890,259,1186,27,'12179',1,NULL),(1891,259,1187,27,'12183',1,NULL),(1892,259,1188,27,'12186',1,NULL),(1893,259,1189,27,'12193',1,1),(1894,259,1190,27,'12194',1,1),(1895,259,1191,27,'12199',1,NULL),(1896,259,1192,27,'12205',1,NULL),(1897,258,1183,27,'12169',1,1),(1898,258,1184,27,'12172',1,1),(1899,258,1185,27,'12177',1,1),(1900,258,1186,27,'12182',1,1),(1901,258,1187,27,'12184',1,1),(1902,258,1188,27,'12188',1,NULL),(1903,258,1189,27,'12193',1,1),(1904,258,1190,27,'12194',1,1),(1905,258,1191,27,'12198',1,NULL),(1906,258,1192,27,'12203',1,NULL),(1907,259,1183,27,'12169',2,1),(1908,259,1184,27,'12172',2,1),(1909,259,1185,27,'12177',2,1),(1910,259,1186,27,'12182',2,1),(1911,259,1187,27,'12184',2,1),(1912,259,1188,27,'12187',2,1),(1913,259,1189,27,'12193',2,1),(1914,259,1190,27,'12194',2,1),(1915,259,1191,27,'12197',2,NULL),(1916,259,1192,27,'12206',2,1),(1917,258,1183,27,'12169',2,1),(1918,258,1184,27,'12172',2,1),(1919,258,1185,27,'12177',2,1),(1920,258,1186,27,'12182',2,1),(1921,258,1187,27,'12184',2,1),(1922,258,1188,27,'12187',2,1),(1923,258,1189,27,'12193',2,1),(1924,258,1190,27,'12194',2,1),(1925,258,1191,27,'12197',2,NULL),(1926,258,1192,27,'12202',2,NULL),(1927,254,1183,27,'12169',6,1),(1928,254,1184,27,'12172',6,1),(1929,254,1185,27,'12177',6,1),(1930,254,1186,27,'12182',6,1),(1931,254,1187,27,'12183',6,NULL),(1932,254,1188,27,'12186',6,NULL),(1933,254,1189,27,'12193',6,1),(1934,254,1190,27,'12196',6,NULL),(1935,254,1191,27,'12201',6,1),(1936,254,1192,27,'12206',6,1),(1937,254,1183,27,'12169',7,1),(1938,254,1184,27,'12172',7,1),(1939,254,1185,27,'12177',7,1),(1940,254,1186,27,'12182',7,1),(1941,254,1187,27,'12184',7,1),(1942,254,1188,27,'12187',7,1),(1943,254,1189,27,'12193',7,1),(1944,254,1190,27,'12195',7,NULL),(1945,254,1191,27,'12201',7,1),(1946,254,1192,27,'12206',7,1),(1947,263,26,3,'463',1,1),(1948,263,27,3,'466',1,NULL),(1949,263,28,3,'467',1,1),(1950,263,29,3,'469',1,1),(1951,263,30,3,'471',1,1),(1952,263,31,3,'474',1,1),(1953,263,32,3,'475',1,1),(1954,263,33,3,'477',1,1),(1955,263,34,3,'12215',1,1),(1956,263,35,3,'485',1,1),(1957,263,36,3,'12224',1,1),(1958,263,37,3,'12207',1,1),(1959,263,38,3,'500',1,1),(1960,263,39,3,'508',1,1),(1961,263,40,3,'511',1,1),(1962,263,42,3,'12222',1,1),(1963,263,48,3,'526',1,1),(1964,263,116,7,'694',1,1),(1965,263,117,7,'697',1,1),(1966,263,118,7,'703',1,1),(1967,263,119,7,'706',1,1),(1968,263,120,7,'711',1,1),(1969,263,121,7,'714',1,1),(1970,263,122,7,'720',1,1),(1971,263,124,7,'726',1,1),(1972,263,125,7,'745',1,1),(1973,263,126,7,'735',1,1),(1974,263,1141,10,'1870',1,1),(1975,263,1143,10,'1873',1,1),(1976,263,1144,10,'1881',1,1),(1977,263,1145,10,'1885',1,1),(1978,263,1146,10,'1886',1,1),(1979,263,1147,10,'1888',1,1),(1980,263,1148,10,'1890',1,1),(1981,263,1149,10,'1893',1,NULL),(1982,263,1150,10,'1894',1,1),(1983,263,1151,10,'1897',1,1),(1984,263,1152,10,'1899',1,1),(1985,263,1154,10,'1900',1,1),(1986,263,1155,10,'1902',1,NULL),(1987,263,1156,10,'1904',1,1),(1988,263,1193,10,'12230',1,1),(1989,263,67,5,'540',1,1),(1990,263,68,5,'544',1,1),(1991,263,69,5,'546',1,1),(1992,263,70,5,'551',1,1),(1993,263,71,5,'553',1,1),(1994,263,72,5,'557',1,1),(1995,263,73,5,'565',1,1),(1996,263,74,5,'569',1,1),(1997,263,75,5,'575',1,1),(1998,263,78,5,'582',1,1),(1999,263,79,5,'588',1,1),(2000,263,80,5,'592',1,1),(2001,263,81,5,'579',1,NULL),(2002,263,88,5,'596',1,1),(2003,263,89,5,'600',1,1),(2004,263,1183,27,'12169',1,1),(2005,263,1184,27,'12172',1,1),(2006,263,1185,27,'12177',1,1),(2007,263,1186,27,'12182',1,1),(2008,263,1187,27,'12183',1,NULL),(2009,263,1188,27,'12187',1,1),(2010,263,1189,27,'12193',1,1),(2011,263,1190,27,'12194',1,1),(2012,263,1191,27,'12201',1,1),(2013,263,1192,27,'12206',1,1),(2014,263,591,25,'12151',1,1),(2015,263,592,25,'11847',1,1),(2016,263,593,25,'12162',1,1),(2017,263,702,25,'12166',1,1),(2018,263,703,25,'11859',1,1),(2019,263,704,25,'11862',1,1),(2020,263,705,25,'11864',1,1),(2021,263,706,25,'11868',1,1),(2022,263,707,25,'11873',1,1),(2023,263,712,25,'11892',1,1),(2024,263,713,25,'11895',1,1),(2025,263,211,15,'1180',1,1),(2026,263,212,15,'1185',1,1),(2027,263,213,15,'1189',1,1),(2028,263,214,15,'1191',1,NULL),(2029,263,215,15,'1193',1,1),(2030,263,201,14,'1144',1,NULL),(2031,263,202,14,'1146',1,1),(2032,263,203,14,'1151',1,NULL),(2033,263,204,14,'1157',1,1),(2034,263,205,14,'1162',1,1),(2035,263,206,14,'1163',1,1),(2036,263,207,14,'1165',1,1),(2037,263,208,14,'1169',1,1),(2038,263,209,14,'1174',1,1),(2039,263,210,14,'1179',1,1),(2040,257,591,25,'12151',1,1),(2041,257,592,25,'11847',1,1),(2042,257,593,25,'12160',1,NULL),(2043,257,702,25,'12166',1,1),(2044,257,703,25,'11859',1,1),(2045,257,704,25,'11862',1,1),(2046,257,705,25,'11864',1,1),(2047,257,706,25,'11868',1,1),(2048,257,707,25,'11873',1,1),(2049,257,712,25,'11892',1,1),(2050,257,713,25,'11894',1,NULL),(2051,257,591,25,'12151',2,1),(2052,257,592,25,'11847',2,1),(2053,257,593,25,'12160',2,NULL),(2054,257,702,25,'12166',2,1),(2055,257,703,25,'11859',2,1),(2056,257,704,25,'11862',2,1),(2057,257,705,25,'11864',2,1),(2058,257,706,25,'11868',2,1),(2059,257,707,25,'11873',2,1),(2060,257,712,25,'11892',2,1),(2061,257,713,25,'11894',2,NULL),(2062,265,26,3,'463',1,1),(2063,265,27,3,'465',1,1),(2064,265,28,3,'467',1,1),(2065,265,29,3,'469',1,1),(2066,265,30,3,'471',1,1),(2067,265,31,3,'474',1,1),(2068,265,32,3,'475',1,1),(2069,265,33,3,'477',1,1),(2070,265,34,3,'12215',1,1),(2071,265,35,3,'485',1,1),(2072,265,36,3,'12224',1,1),(2073,265,37,3,'12207',1,1),(2074,265,38,3,'500',1,1),(2075,265,39,3,'508',1,1),(2076,265,40,3,'511',1,1),(2077,265,42,3,'12222',1,1),(2078,265,48,3,'526',1,1),(2079,255,67,5,'540',1,1),(2080,255,68,5,'544',1,1),(2081,255,69,5,'546',1,1),(2082,255,70,5,'551',1,1),(2083,255,71,5,'554',1,NULL),(2084,255,72,5,'557',1,1),(2085,255,73,5,'565',1,1),(2086,255,74,5,'569',1,1),(2087,255,75,5,'575',1,1),(2088,255,78,5,'582',1,1),(2089,255,79,5,'588',1,1),(2090,255,80,5,'592',1,1),(2091,255,81,5,'576',1,1),(2092,255,88,5,'596',1,1),(2093,255,89,5,'600',1,1),(2094,265,67,5,'540',1,1),(2095,265,68,5,'544',1,1),(2096,265,69,5,'546',1,1),(2097,265,70,5,'551',1,1),(2098,265,71,5,'554',1,NULL),(2099,265,72,5,'557',1,1),(2100,265,73,5,'565',1,1),(2101,265,74,5,'569',1,1),(2102,265,75,5,'575',1,1),(2103,265,78,5,'582',1,1),(2104,265,79,5,'588',1,1),(2105,265,80,5,'592',1,1),(2106,265,81,5,'576',1,1),(2107,265,88,5,'596',1,1),(2108,265,89,5,'600',1,1),(2109,255,116,7,'694',1,1),(2110,255,117,7,'697',1,1),(2111,255,118,7,'703',1,1),(2112,255,119,7,'706',1,1),(2113,255,120,7,'711',1,1),(2114,255,121,7,'714',1,1),(2115,255,122,7,'720',1,1),(2116,255,124,7,'726',1,1),(2117,255,125,7,'745',1,1),(2118,255,126,7,'735',1,1),(2119,265,116,7,'694',1,1),(2120,265,117,7,'697',1,1),(2121,265,118,7,'703',1,1),(2122,265,119,7,'706',1,1),(2123,265,120,7,'711',1,1),(2124,265,121,7,'714',1,1),(2125,265,122,7,'720',1,1),(2126,265,124,7,'726',1,1),(2127,265,125,7,'745',1,1),(2128,265,126,7,'735',1,1),(2129,265,1141,10,'1870',1,1),(2130,265,1143,10,'1873',1,1),(2131,265,1144,10,'1881',1,1),(2132,265,1145,10,'1885',1,1),(2133,265,1146,10,'1886',1,1),(2134,265,1147,10,'1888',1,1),(2135,265,1148,10,'1890',1,1),(2136,265,1149,10,'1893',1,NULL),(2137,265,1150,10,'1894',1,1),(2138,265,1151,10,'1897',1,1),(2139,265,1152,10,'1898',1,NULL),(2140,265,1154,10,'1900',1,1),(2141,265,1155,10,'1902',1,NULL),(2142,265,1156,10,'1904',1,1),(2143,265,1193,10,'12230',1,1),(2144,255,1141,10,'1870',1,1),(2145,255,1143,10,'1873',1,1),(2146,255,1144,10,'1881',1,1),(2147,255,1145,10,'1885',1,1),(2148,255,1146,10,'1886',1,1),(2149,255,1147,10,'1888',1,1),(2150,255,1148,10,'1890',1,1),(2151,255,1149,10,'1892',1,1),(2152,255,1150,10,'1895',1,NULL),(2153,255,1151,10,'1897',1,1),(2154,255,1152,10,'1899',1,1),(2155,255,1154,10,'1900',1,1),(2156,255,1155,10,'1902',1,NULL),(2157,255,1156,10,'1904',1,1),(2158,255,1193,10,'12230',1,1),(2159,265,1141,10,'1870',2,1),(2160,265,1143,10,'1873',2,1),(2161,265,1144,10,'1881',2,1),(2162,265,1145,10,'1885',2,1),(2163,265,1146,10,'1886',2,1),(2164,265,1147,10,'1888',2,1),(2165,265,1148,10,'1890',2,1),(2166,265,1149,10,'1892',2,1),(2167,265,1150,10,'1895',2,NULL),(2168,265,1151,10,'1897',2,1),(2169,265,1152,10,'1899',2,1),(2170,265,1155,10,'1902',2,NULL),(2171,265,1193,10,'12230',2,1),(2172,265,1141,10,'1870',3,1),(2173,265,1143,10,'1873',3,1),(2174,265,1144,10,'1881',3,1),(2175,265,1145,10,'1885',3,1),(2176,265,1147,10,'1888',3,1),(2177,265,1148,10,'1890',3,1),(2178,265,1149,10,'1892',3,1),(2179,265,1150,10,'1894',3,1),(2180,265,1151,10,'1897',3,1),(2181,265,1152,10,'1899',3,1),(2182,265,1154,10,'1900',3,1),(2183,265,1155,10,'1903',3,1),(2184,265,1156,10,'1904',3,1),(2185,265,1193,10,'12230',3,1),(2186,265,201,14,'1145',1,NULL),(2187,265,202,14,'1147',1,NULL),(2188,265,203,14,'1149',1,NULL),(2189,265,204,14,'1157',1,1),(2190,265,205,14,'1162',1,1),(2191,265,206,14,'1163',1,1),(2192,265,207,14,'1165',1,1),(2193,265,208,14,'1169',1,1),(2194,265,209,14,'1174',1,1),(2195,265,210,14,'1179',1,1),(2196,265,201,14,'1142',2,1),(2197,265,202,14,'1147',2,NULL),(2198,265,203,14,'1149',2,NULL),(2199,265,204,14,'1157',2,1),(2200,265,205,14,'1162',2,1),(2201,265,206,14,'1163',2,1),(2202,265,207,14,'1165',2,1),(2203,265,208,14,'1169',2,1),(2204,265,209,14,'1174',2,1),(2205,265,210,14,'1179',2,1),(2206,265,211,15,'1180',1,1),(2207,265,212,15,'1182',1,NULL),(2208,265,214,15,'1191',1,NULL),(2209,265,215,15,'1193',1,1),(2210,265,211,15,'1180',2,1),(2211,265,212,15,'1183',2,NULL),(2212,265,213,15,'1188',2,NULL),(2213,265,214,15,'1191',2,NULL),(2214,265,215,15,'1193',2,1),(2215,265,211,15,'1180',3,1),(2216,265,212,15,'1185',3,1),(2217,265,213,15,'1190',3,NULL),(2218,265,214,15,'1192',3,1),(2219,265,215,15,'1193',3,1),(2220,265,591,25,'12151',1,1),(2221,265,592,25,'11847',1,1),(2222,265,593,25,'12162',1,1),(2223,265,702,25,'12166',1,1),(2224,265,703,25,'11859',1,1),(2225,265,705,25,'11864',1,1),(2226,265,706,25,'11869',1,NULL),(2227,265,707,25,'11873',1,1),(2228,265,712,25,'11892',1,1),(2229,265,713,25,'11895',1,1),(2230,255,1183,27,'12168',1,NULL),(2231,255,1184,27,'12172',1,1),(2232,255,1185,27,'12177',1,1),(2233,255,1186,27,'12182',1,1),(2234,255,1187,27,'12183',1,NULL),(2235,255,1188,27,'12187',1,1),(2236,255,1189,27,'12193',1,1),(2237,255,1190,27,'12194',1,1),(2238,255,1191,27,'12201',1,1),(2239,255,1192,27,'12206',1,1),(2240,265,1183,27,'12171',1,NULL),(2241,265,1184,27,'12172',1,1),(2242,265,1185,27,'12177',1,1),(2243,265,1186,27,'12182',1,1),(2244,265,1187,27,'12184',1,1),(2245,265,1188,27,'12187',1,1),(2246,265,1189,27,'12193',1,1),(2247,265,1190,27,'12194',1,1),(2248,265,1183,27,'12171',2,NULL),(2249,265,1184,27,'12172',2,1),(2250,265,1185,27,'12177',2,1),(2251,265,1186,27,'12182',2,1),(2252,265,1187,27,'12184',2,1),(2253,265,1188,27,'12187',2,1),(2254,265,1189,27,'12193',2,1),(2255,265,1190,27,'12194',2,1),(2256,265,1191,27,'12201',2,1),(2257,265,1192,27,'12206',2,1),(2258,255,201,14,'1142',1,1),(2259,255,202,14,'1146',1,1),(2260,255,203,14,'1152',1,1),(2261,255,204,14,'1157',1,1),(2262,255,205,14,'1162',1,1),(2263,255,206,14,'1163',1,1),(2264,255,207,14,'1165',1,1),(2265,255,208,14,'1169',1,1),(2266,255,209,14,'1174',1,1),(2267,255,210,14,'1176',1,NULL),(2268,255,211,15,'1180',1,1),(2269,255,212,15,'1185',1,1),(2270,255,213,15,'1190',1,NULL),(2271,255,214,15,'1192',1,1),(2272,255,215,15,'1193',1,1),(2273,255,591,25,'12151',1,1),(2274,255,592,25,'11847',1,1),(2275,255,593,25,'12162',1,1),(2276,255,702,25,'12166',1,1),(2277,255,703,25,'11859',1,1),(2278,255,704,25,'11862',1,1),(2279,255,705,25,'11864',1,1),(2280,255,706,25,'11869',1,NULL),(2281,255,707,25,'11871',1,NULL),(2282,255,712,25,'11892',1,1),(2283,255,713,25,'11895',1,1),(2284,266,26,3,'463',1,1),(2285,266,27,3,'465',1,1),(2286,266,28,3,'467',1,1),(2287,266,29,3,'469',1,1),(2288,266,30,3,'471',1,1),(2289,266,31,3,'474',1,1),(2290,266,32,3,'476',1,NULL),(2291,266,33,3,'477',1,1),(2292,266,34,3,'12216',1,NULL),(2293,266,35,3,'485',1,1),(2294,266,36,3,'12224',1,1),(2295,266,37,3,'12207',1,1),(2296,266,38,3,'500',1,1),(2297,266,39,3,'508',1,1),(2298,266,40,3,'511',1,1),(2299,266,42,3,'12222',1,1),(2300,266,48,3,'526',1,1),(2301,266,67,5,'540',1,1),(2302,266,68,5,'544',1,1),(2303,266,69,5,'546',1,1),(2304,266,70,5,'551',1,1),(2305,266,71,5,'556',1,NULL),(2306,266,72,5,'557',1,1),(2307,266,73,5,'565',1,1),(2308,266,74,5,'569',1,1),(2309,266,75,5,'575',1,1),(2310,266,78,5,'582',1,1),(2311,266,79,5,'588',1,1),(2312,266,80,5,'592',1,1),(2313,266,81,5,'576',1,1),(2314,266,88,5,'594',1,NULL),(2315,266,89,5,'600',1,1),(2316,266,116,7,'694',1,1),(2317,266,117,7,'697',1,1),(2318,266,118,7,'703',1,1),(2319,266,119,7,'706',1,1),(2320,266,120,7,'711',1,1),(2321,266,121,7,'714',1,1),(2322,266,122,7,'720',1,1),(2323,266,124,7,'726',1,1),(2324,266,125,7,'745',1,1),(2325,266,126,7,'735',1,1),(2326,266,1141,10,'1870',1,1),(2327,266,1143,10,'1873',1,1),(2328,266,1144,10,'1881',1,1),(2329,266,1145,10,'1885',1,1),(2330,266,1146,10,'1886',1,1),(2331,266,1147,10,'1888',1,1),(2332,266,1148,10,'1890',1,1),(2333,266,1149,10,'1892',1,1),(2334,266,1150,10,'1895',1,NULL),(2335,266,1151,10,'1896',1,NULL),(2336,266,1152,10,'1899',1,1),(2337,266,1154,10,'1900',1,1),(2338,266,1155,10,'1903',1,1),(2339,266,1156,10,'1904',1,1),(2340,266,1193,10,'12230',1,1),(2341,266,201,14,'1142',1,1),(2342,266,202,14,'1146',1,1),(2343,266,203,14,'1152',1,1),(2344,266,204,14,'1157',1,1),(2345,266,205,14,'1162',1,1),(2346,266,206,14,'1163',1,1),(2347,266,207,14,'1165',1,1),(2348,266,208,14,'1169',1,1),(2349,266,209,14,'1174',1,1),(2350,266,210,14,'1179',1,1),(2351,266,211,15,'1180',1,1),(2352,266,212,15,'1185',1,1),(2353,266,213,15,'1190',1,NULL),(2354,266,214,15,'1192',1,1),(2355,266,215,15,'1193',1,1),(2356,266,591,25,'12151',1,1),(2357,266,592,25,'11847',1,1),(2358,266,593,25,'12162',1,1),(2359,266,702,25,'12166',1,1),(2360,266,703,25,'11859',1,1),(2361,266,704,25,'11862',1,1),(2362,266,705,25,'11864',1,1),(2363,266,706,25,'11870',1,NULL),(2364,266,707,25,'11874',1,NULL),(2365,266,712,25,'11892',1,1),(2366,266,713,25,'11895',1,1),(2367,266,1183,27,'12171',1,NULL),(2368,266,1184,27,'12172',1,1),(2369,266,1185,27,'12177',1,1),(2370,266,1186,27,'12182',1,1),(2371,266,1187,27,'12184',1,1),(2372,266,1188,27,'12187',1,1),(2373,266,1189,27,'12193',1,1),(2374,266,1190,27,'12194',1,1),(2375,266,1191,27,'12201',1,1),(2376,266,1192,27,'12206',1,1),(2377,267,26,3,'463',1,1),(2378,267,27,3,'465',1,1),(2379,267,28,3,'467',1,1),(2380,267,29,3,'469',1,1),(2381,267,30,3,'471',1,1),(2382,267,31,3,'474',1,1),(2383,267,32,3,'476',1,NULL),(2384,267,33,3,'477',1,1),(2385,267,34,3,'12215',1,1),(2386,267,35,3,'485',1,1),(2387,267,36,3,'12224',1,1),(2388,267,37,3,'12207',1,1),(2389,267,38,3,'500',1,1),(2390,267,39,3,'508',1,1),(2391,267,40,3,'511',1,1),(2392,267,42,3,'12222',1,1),(2393,267,48,3,'526',1,1),(2394,267,67,5,'540',1,1),(2395,267,68,5,'544',1,1),(2396,267,69,5,'546',1,1),(2397,267,70,5,'551',1,1),(2398,267,71,5,'556',1,NULL),(2399,267,72,5,'557',1,1),(2400,267,73,5,'565',1,1),(2401,267,74,5,'569',1,1),(2402,267,75,5,'575',1,1),(2403,267,78,5,'582',1,1),(2404,267,79,5,'588',1,1),(2405,267,80,5,'592',1,1),(2406,267,81,5,'576',1,1),(2407,267,88,5,'596',1,1),(2408,267,89,5,'600',1,1),(2409,267,116,7,'694',1,1),(2410,267,117,7,'697',1,1),(2411,267,118,7,'703',1,1),(2412,267,119,7,'706',1,1),(2413,267,120,7,'711',1,1),(2414,267,121,7,'714',1,1),(2415,267,122,7,'720',1,1),(2416,267,124,7,'726',1,1),(2417,267,125,7,'745',1,1),(2418,267,126,7,'735',1,1),(2419,267,1141,10,'1870',1,1),(2420,267,1143,10,'1873',1,1),(2421,267,1144,10,'1881',1,1),(2422,267,1145,10,'1885',1,1),(2423,267,1146,10,'1886',1,1),(2424,267,1147,10,'1888',1,1),(2425,267,1148,10,'1890',1,1),(2426,267,1149,10,'1892',1,1),(2427,267,1150,10,'1894',1,1),(2428,267,1151,10,'1897',1,1),(2429,267,1152,10,'1899',1,1),(2430,267,1154,10,'1900',1,1),(2431,267,1155,10,'1903',1,1),(2432,267,1156,10,'1904',1,1),(2433,267,1193,10,'12230',1,1),(2434,267,201,14,'1142',1,1),(2435,267,202,14,'1146',1,1),(2436,267,203,14,'1152',1,1),(2437,267,204,14,'1157',1,1),(2438,267,205,14,'1162',1,1),(2439,267,206,14,'1163',1,1),(2440,267,207,14,'1165',1,1),(2441,267,208,14,'1169',1,1),(2442,267,209,14,'1174',1,1),(2443,267,210,14,'1179',1,1),(2444,267,211,15,'1180',1,1),(2445,267,212,15,'1185',1,1),(2446,267,213,15,'1190',1,NULL),(2447,267,214,15,'1192',1,1),(2448,267,215,15,'1193',1,1),(2449,267,591,25,'12151',1,1),(2450,267,592,25,'11847',1,1),(2451,267,593,25,'12162',1,1),(2452,267,702,25,'12166',1,1),(2453,267,703,25,'11859',1,1),(2454,267,704,25,'11862',1,1),(2455,267,705,25,'11864',1,1),(2456,267,706,25,'11870',1,NULL),(2457,267,707,25,'11874',1,NULL),(2458,267,712,25,'11892',1,1),(2459,267,713,25,'11895',1,1),(2460,267,1183,27,'12171',1,NULL),(2461,267,1184,27,'12172',1,1),(2462,267,1185,27,'12177',1,1),(2463,267,1186,27,'12182',1,1),(2464,267,1187,27,'12184',1,1),(2465,267,1188,27,'12187',1,1),(2466,267,1189,27,'12193',1,1),(2467,267,1190,27,'12194',1,1),(2468,267,1191,27,'12201',1,1),(2469,267,1192,27,'12206',1,1),(2470,268,26,3,'463',1,1),(2471,268,27,3,'465',1,1),(2472,268,28,3,'467',1,1),(2473,268,29,3,'469',1,1),(2474,268,30,3,'471',1,1),(2475,268,31,3,'474',1,1),(2476,268,32,3,'475',1,1),(2477,268,33,3,'477',1,1),(2478,268,34,3,'12215',1,1),(2479,268,35,3,'485',1,1),(2480,268,36,3,'12224',1,1),(2481,268,37,3,'12207',1,1),(2482,268,38,3,'500',1,1),(2483,268,39,3,'508',1,1),(2484,268,40,3,'511',1,1),(2485,268,42,3,'12222',1,1),(2486,268,48,3,'526',1,1),(2487,268,67,5,'540',1,1),(2488,268,68,5,'544',1,1),(2489,268,69,5,'546',1,1),(2490,268,70,5,'551',1,1),(2491,268,71,5,'553',1,1),(2492,268,72,5,'557',1,1),(2493,268,73,5,'565',1,1),(2494,268,74,5,'569',1,1),(2495,268,75,5,'575',1,1),(2496,268,78,5,'582',1,1),(2497,268,79,5,'588',1,1),(2498,268,80,5,'591',1,NULL),(2499,268,81,5,'576',1,1),(2500,268,88,5,'596',1,1),(2501,268,89,5,'600',1,1),(2502,268,116,7,'694',1,1),(2503,268,117,7,'697',1,1),(2504,268,118,7,'703',1,1),(2505,268,119,7,'706',1,1),(2506,268,120,7,'711',1,1),(2507,268,121,7,'714',1,1),(2508,268,122,7,'720',1,1),(2509,268,124,7,'725',1,NULL),(2510,268,125,7,'745',1,1),(2511,268,126,7,'735',1,1),(2512,268,1141,10,'1870',1,1),(2513,268,1143,10,'1873',1,1),(2514,268,1144,10,'1881',1,1),(2515,268,1145,10,'1885',1,1),(2516,268,1146,10,'1886',1,1),(2517,268,1147,10,'1888',1,1),(2518,268,1148,10,'1890',1,1),(2519,268,1149,10,'1892',1,1),(2520,268,1150,10,'1894',1,1),(2521,268,1151,10,'1897',1,1),(2522,268,1152,10,'1899',1,1),(2523,268,1154,10,'1900',1,1),(2524,268,1155,10,'1903',1,1),(2525,268,1156,10,'1904',1,1),(2526,268,1193,10,'12230',1,1),(2527,268,201,14,'1142',1,1),(2528,268,202,14,'1146',1,1),(2529,268,203,14,'1150',1,NULL),(2530,268,204,14,'1157',1,1),(2531,268,205,14,'1162',1,1),(2532,268,206,14,'1163',1,1),(2533,268,207,14,'1165',1,1),(2534,268,208,14,'1169',1,1),(2535,268,209,14,'1174',1,1),(2536,268,210,14,'1179',1,1),(2537,268,211,15,'1180',1,1),(2538,268,212,15,'1185',1,1),(2539,268,213,15,'1189',1,1),(2540,268,214,15,'1192',1,1),(2541,268,215,15,'1193',1,1),(2542,268,591,25,'12151',1,1),(2543,268,592,25,'11847',1,1),(2544,268,593,25,'12162',1,1),(2545,268,702,25,'12166',1,1),(2546,268,703,25,'11859',1,1),(2547,268,704,25,'11862',1,1),(2548,268,705,25,'11864',1,1),(2549,268,706,25,'11868',1,1),(2550,268,707,25,'11873',1,1),(2551,268,712,25,'11891',1,NULL),(2552,268,713,25,'11895',1,1),(2553,268,1183,27,'12168',1,NULL),(2554,268,1184,27,'12172',1,1),(2555,268,1185,27,'12177',1,1),(2556,268,1186,27,'12182',1,1),(2557,268,1187,27,'12184',1,1),(2558,268,1188,27,'12187',1,1),(2559,268,1189,27,'12193',1,1),(2560,268,1190,27,'12194',1,1),(2561,268,1191,27,'12198',1,NULL),(2562,268,1192,27,'12206',1,1),(2563,257,67,5,'540',1,1),(2564,257,68,5,'544',1,1),(2565,257,69,5,'546',1,1),(2566,257,70,5,'552',1,NULL),(2567,257,71,5,'553',1,1),(2568,257,72,5,'557',1,1),(2569,257,73,5,'565',1,1),(2570,257,74,5,'569',1,1),(2571,257,75,5,'575',1,1),(2572,257,78,5,'582',1,1),(2573,257,79,5,'588',1,1),(2574,257,80,5,'592',1,1),(2575,257,81,5,'576',1,1),(2576,257,88,5,'596',1,1),(2577,257,89,5,'600',1,1),(2578,257,116,7,'694',1,1),(2579,257,117,7,'697',1,1),(2580,257,118,7,'703',1,1),(2581,257,119,7,'706',1,1),(2582,257,120,7,'711',1,1),(2583,257,121,7,'714',1,1),(2584,257,122,7,'720',1,1),(2585,257,124,7,'726',1,1),(2586,257,125,7,'745',1,1),(2587,257,126,7,'735',1,1),(2588,257,1141,10,'1870',1,1),(2589,257,1143,10,'1873',1,1),(2590,257,1144,10,'1881',1,1),(2591,257,1145,10,'1885',1,1),(2592,257,1146,10,'1886',1,1),(2593,257,1147,10,'1888',1,1),(2594,257,1148,10,'1890',1,1),(2595,257,1149,10,'1892',1,1),(2596,257,1150,10,'1894',1,1),(2597,257,1151,10,'1897',1,1),(2598,257,1152,10,'1899',1,1),(2599,257,1154,10,'1900',1,1),(2600,257,1155,10,'1902',1,NULL),(2601,257,1156,10,'1904',1,1),(2602,257,1193,10,'12230',1,1),(2603,257,26,3,'463',1,1),(2604,257,27,3,'465',1,1),(2605,257,28,3,'467',1,1),(2606,257,29,3,'469',1,1),(2607,257,30,3,'471',1,1),(2608,257,31,3,'474',1,1),(2609,257,32,3,'475',1,1),(2610,257,33,3,'477',1,1),(2611,257,34,3,'12215',1,1),(2612,257,35,3,'485',1,1),(2613,257,36,3,'12224',1,1),(2614,257,37,3,'12207',1,1),(2615,257,38,3,'500',1,1),(2616,257,39,3,'508',1,1),(2617,257,40,3,'511',1,1),(2618,257,42,3,'12222',1,1),(2619,257,48,3,'526',1,1),(2620,257,211,15,'1180',1,1),(2621,257,212,15,'1185',1,1),(2622,257,213,15,'1189',1,1),(2623,257,214,15,'1192',1,1),(2624,257,215,15,'1193',1,1),(2625,257,201,14,'1141',1,NULL),(2626,257,202,14,'1146',1,1),(2627,257,203,14,'12235',1,1),(2628,257,204,14,'1157',1,1),(2629,257,205,14,'1162',1,1),(2630,257,206,14,'1163',1,1),(2631,257,207,14,'1165',1,1),(2632,257,208,14,'1169',1,1),(2633,257,209,14,'1174',1,1),(2634,257,210,14,'1179',1,1),(2635,269,26,3,'463',1,1),(2636,269,27,3,'465',1,1),(2637,269,28,3,'467',1,1),(2638,269,29,3,'469',1,1),(2639,269,30,3,'471',1,1),(2640,269,31,3,'474',1,1),(2641,269,32,3,'476',1,NULL),(2642,269,33,3,'477',1,1),(2643,269,34,3,'12215',1,1),(2644,269,35,3,'485',1,1),(2645,269,36,3,'12225',1,NULL),(2646,269,37,3,'12207',1,1),(2647,269,38,3,'500',1,1),(2648,269,39,3,'508',1,1),(2649,269,40,3,'511',1,1),(2650,269,42,3,'12222',1,1),(2651,269,48,3,'526',1,1),(2652,269,67,5,'540',1,1),(2653,269,68,5,'544',1,1),(2654,269,69,5,'548',1,NULL),(2655,269,70,5,'552',1,NULL),(2656,269,71,5,'553',1,1),(2657,269,72,5,'558',1,NULL),(2658,269,73,5,'565',1,1),(2659,269,74,5,'569',1,1),(2660,269,75,5,'575',1,1),(2661,269,78,5,'583',1,NULL),(2662,269,79,5,'588',1,1),(2663,269,80,5,'593',1,NULL),(2664,269,81,5,'576',1,1),(2665,269,88,5,'596',1,1),(2666,269,89,5,'600',1,1),(2667,269,67,5,'540',2,1),(2668,269,68,5,'544',2,1),(2669,269,69,5,'546',2,1),(2670,269,70,5,'550',2,NULL),(2671,269,71,5,'553',2,1),(2672,269,72,5,'557',2,1),(2673,269,73,5,'565',2,1),(2674,269,74,5,'569',2,1),(2675,269,75,5,'575',2,1),(2676,269,78,5,'582',2,1),(2677,269,79,5,'588',2,1),(2678,269,80,5,'593',2,NULL),(2679,269,81,5,'576',2,1),(2680,269,88,5,'596',2,1),(2681,269,89,5,'600',2,1),(2682,269,116,7,'694',1,1),(2683,269,117,7,'695',1,NULL),(2684,269,118,7,'703',1,1),(2685,269,119,7,'706',1,1),(2686,269,120,7,'711',1,1),(2687,269,121,7,'714',1,1),(2688,269,122,7,'717',1,NULL),(2689,269,124,7,'726',1,1),(2690,269,125,7,'745',1,1),(2691,269,126,7,'735',1,1),(2692,269,1141,10,'1870',1,1),(2693,269,1143,10,'1873',1,1),(2694,269,1144,10,'1881',1,1),(2695,269,1145,10,'1885',1,1),(2696,269,1146,10,'1886',1,1),(2697,269,1147,10,'1888',1,1),(2698,269,1148,10,'1890',1,1),(2699,269,1149,10,'1892',1,1),(2700,269,1150,10,'1894',1,1),(2701,269,1151,10,'1897',1,1),(2702,269,1152,10,'1899',1,1),(2703,269,1154,10,'1900',1,1),(2704,269,1155,10,'1902',1,NULL),(2705,269,1156,10,'1904',1,1),(2706,269,1193,10,'12230',1,1),(2707,269,201,14,'1141',1,NULL),(2708,269,202,14,'1146',1,1),(2709,269,203,14,'12235',1,1),(2710,269,204,14,'1157',1,1),(2711,269,205,14,'1162',1,1),(2712,269,206,14,'1163',1,1),(2713,269,207,14,'1165',1,1),(2714,269,208,14,'1170',1,NULL),(2715,269,209,14,'1171',1,NULL),(2716,269,210,14,'1179',1,1),(2717,269,201,14,'1142',2,1),(2718,269,202,14,'1146',2,1),(2719,269,203,14,'12235',2,1),(2720,269,204,14,'1157',2,1),(2721,269,205,14,'1162',2,1),(2722,269,206,14,'1163',2,1),(2723,269,207,14,'1165',2,1),(2724,269,208,14,'1168',2,NULL),(2725,269,209,14,'1174',2,1),(2726,269,210,14,'1179',2,1),(2727,269,211,15,'1180',1,1),(2728,269,212,15,'1183',1,NULL),(2729,269,213,15,'1189',1,1),(2730,269,214,15,'1192',1,1),(2731,269,215,15,'1194',1,NULL),(2732,269,211,15,'1180',2,1),(2733,269,212,15,'1184',2,NULL),(2734,269,214,15,'1192',2,1),(2735,269,215,15,'1193',2,1),(2736,269,211,15,'1180',3,1),(2737,269,212,15,'1185',3,1),(2738,269,213,15,'1189',3,1),(2739,269,214,15,'1192',3,1),(2740,269,215,15,'1193',3,1),(2741,269,1183,27,'12169',1,1),(2742,269,1184,27,'12172',1,1),(2743,269,1185,27,'12177',1,1),(2744,269,1186,27,'12182',1,1),(2745,269,1187,27,'12184',1,1),(2746,269,1188,27,'12186',1,NULL),(2747,269,1189,27,'12193',1,1),(2748,269,1190,27,'12196',1,NULL),(2749,269,1191,27,'12201',1,1),(2750,269,1192,27,'12206',1,1),(2751,269,591,25,'12151',1,1),(2752,269,592,25,'11847',1,1),(2753,269,593,25,'12160',1,NULL),(2754,269,702,25,'12166',1,1),(2755,269,703,25,'11859',1,1),(2756,269,704,25,'11862',1,1),(2757,269,705,25,'11864',1,1),(2758,269,706,25,'11867',1,NULL),(2759,269,707,25,'11871',1,NULL),(2760,269,712,25,'11892',1,1),(2761,269,713,25,'11894',1,NULL),(2762,269,591,25,'12151',2,1),(2763,269,592,25,'11847',2,1),(2764,269,593,25,'12163',2,NULL),(2765,269,702,25,'12166',2,1),(2766,269,703,25,'11859',2,1),(2767,269,704,25,'11862',2,1),(2768,269,705,25,'11864',2,1),(2769,269,706,25,'11869',2,NULL),(2770,269,707,25,'11873',2,1),(2771,269,712,25,'11892',2,1),(2772,269,713,25,'11895',2,1),(2773,256,67,5,'540',1,1),(2774,256,68,5,'544',1,1),(2775,256,69,5,'546',1,1),(2776,256,70,5,'551',1,1),(2777,256,71,5,'553',1,1),(2778,256,72,5,'557',1,1),(2779,256,73,5,'561',1,NULL),(2780,256,74,5,'569',1,1),(2781,256,75,5,'575',1,1),(2782,256,78,5,'583',1,NULL),(2783,256,79,5,'588',1,1),(2784,256,80,5,'593',1,NULL),(2785,256,81,5,'579',1,NULL),(2786,256,88,5,'596',1,1),(2787,256,89,5,'600',1,1),(2788,256,67,5,'540',2,1),(2789,256,68,5,'544',2,1),(2790,256,69,5,'546',2,1),(2791,256,70,5,'551',2,1),(2792,256,71,5,'553',2,1),(2793,256,72,5,'557',2,1),(2794,256,73,5,'565',2,1),(2795,256,74,5,'569',2,1),(2796,256,75,5,'575',2,1),(2797,256,78,5,'580',2,NULL),(2798,256,79,5,'588',2,1),(2799,256,80,5,'589',2,NULL),(2800,256,81,5,'576',2,1),(2801,256,88,5,'595',2,NULL),(2802,256,89,5,'600',2,1),(2803,270,26,3,'463',1,1),(2804,270,27,3,'465',1,1),(2805,270,28,3,'467',1,1),(2806,270,29,3,'469',1,1),(2807,270,30,3,'471',1,1),(2808,270,31,3,'474',1,1),(2809,270,32,3,'475',1,1),(2810,270,33,3,'477',1,1),(2811,270,34,3,'12215',1,1),(2812,270,35,3,'485',1,1),(2813,270,36,3,'12224',1,1),(2814,270,37,3,'12207',1,1),(2815,270,38,3,'500',1,1),(2816,270,39,3,'508',1,1),(2817,270,40,3,'511',1,1),(2818,270,42,3,'12222',1,1),(2819,270,48,3,'526',1,1),(2820,270,67,5,'540',1,1),(2821,270,68,5,'544',1,1),(2822,270,69,5,'545',1,NULL),(2823,270,70,5,'552',1,NULL),(2824,270,71,5,'556',1,NULL),(2825,270,72,5,'560',1,NULL),(2826,270,73,5,'561',1,NULL),(2827,270,74,5,'569',1,1),(2828,270,75,5,'575',1,1),(2829,270,78,5,'582',1,1),(2830,270,79,5,'588',1,1),(2831,270,80,5,'593',1,NULL),(2832,270,81,5,'579',1,NULL),(2833,270,88,5,'594',1,NULL),(2834,270,89,5,'600',1,1),(2835,110,1194,28,'12237',1,1),(2836,110,1195,28,'12240',1,1),(2837,110,1196,28,'12249',1,1),(2838,110,1197,28,'12251',1,1),(2839,110,1198,28,'12259',1,1),(2840,110,1199,28,'12260',1,1),(2841,110,1200,28,'12262',1,1),(2842,110,1201,29,'12267',1,1),(2843,110,1202,29,'12271',1,1),(2844,110,1203,29,'12276',1,1),(2845,110,1204,29,'12277',1,1),(2846,110,1205,29,'12281',1,1),(2847,110,1206,29,'12288',1,1),(2848,110,1207,29,'12292',1,1),(2849,110,1208,29,'12295',1,1),(2850,110,1209,29,'12299',1,1),(2851,110,1210,29,'12302',1,1),(2852,110,1211,29,'12307',1,1),(2853,110,1212,29,'12310',1,1),(2854,110,1213,29,'12312',1,1),(2855,253,201,14,'1142',1,1),(2856,253,202,14,'1146',1,1),(2857,253,203,14,'12235',1,1),(2858,253,204,14,'1157',1,1),(2859,253,205,14,'1162',1,1),(2860,253,206,14,'1163',1,1),(2861,253,207,14,'1167',1,NULL),(2862,253,208,14,'1169',1,1),(2863,253,209,14,'1174',1,1),(2864,253,210,14,'1179',1,1),(2865,253,211,15,'1180',1,1),(2866,253,212,15,'1185',1,1),(2867,253,213,15,'1189',1,1),(2868,253,214,15,'1192',1,1),(2869,253,215,15,'1194',1,NULL),(2870,253,591,25,'12151',1,1),(2871,253,592,25,'11847',1,1),(2872,253,593,25,'12162',1,1),(2873,253,702,25,'12166',1,1),(2874,253,703,25,'11859',1,1),(2875,253,704,25,'11862',1,1),(2876,253,705,25,'11864',1,1),(2877,253,706,25,'11868',1,1),(2878,253,707,25,'11873',1,1),(2879,253,712,25,'11892',1,1),(2880,253,713,25,'11894',1,NULL),(2881,253,1183,27,'12169',1,1),(2882,253,1184,27,'12172',1,1),(2883,253,1185,27,'12177',1,1),(2884,253,1186,27,'12182',1,1),(2885,253,1187,27,'12183',1,NULL),(2886,253,1188,27,'12188',1,NULL),(2887,253,1189,27,'12193',1,1),(2888,253,1190,27,'12194',1,1),(2889,253,1191,27,'12201',1,1),(2890,253,1192,27,'12206',1,1),(2891,270,67,5,'540',2,1),(2892,270,68,5,'544',2,1),(2893,270,69,5,'546',2,1),(2894,270,70,5,'551',2,1),(2895,270,71,5,'553',2,1),(2896,270,72,5,'558',2,NULL),(2897,270,73,5,'565',2,1),(2898,270,74,5,'569',2,1),(2899,270,75,5,'575',2,1),(2900,270,78,5,'582',2,1),(2901,270,79,5,'588',2,1),(2902,270,80,5,'592',2,1),(2903,270,81,5,'576',2,1),(2904,270,88,5,'597',2,NULL),(2905,270,89,5,'600',2,1),(2906,270,116,7,'694',1,1),(2907,270,117,7,'697',1,1),(2908,270,118,7,'704',1,NULL),(2909,270,119,7,'706',1,1),(2910,270,120,7,'711',1,1),(2911,270,121,7,'714',1,1),(2912,270,122,7,'720',1,1),(2913,270,124,7,'726',1,1),(2914,270,125,7,'745',1,1),(2915,270,126,7,'735',1,1),(2916,270,1141,10,'1870',1,1),(2917,270,1143,10,'1873',1,1),(2918,270,1144,10,'1881',1,1),(2919,270,1145,10,'1885',1,1),(2920,270,1146,10,'1886',1,1),(2921,270,1147,10,'1888',1,1),(2922,270,1148,10,'1890',1,1),(2923,270,1149,10,'1892',1,1),(2924,270,1150,10,'1894',1,1),(2925,270,1151,10,'1897',1,1),(2926,270,1152,10,'1899',1,1),(2927,270,1154,10,'1900',1,1),(2928,270,1155,10,'1902',1,NULL),(2929,270,1156,10,'1904',1,1),(2930,270,1193,10,'12230',1,1),(2931,270,201,14,'1141',1,NULL),(2932,270,202,14,'1146',1,1),(2933,270,203,14,'12235',1,1),(2934,270,204,14,'1157',1,1),(2935,270,205,14,'1162',1,1),(2936,270,206,14,'1163',1,1),(2937,270,207,14,'1165',1,1),(2938,270,208,14,'1169',1,1),(2939,270,209,14,'1174',1,1),(2940,270,210,14,'1179',1,1),(2941,270,211,15,'1180',1,1),(2942,270,212,15,'1182',1,NULL),(2943,270,213,15,'1189',1,1),(2944,270,214,15,'1192',1,1),(2945,270,215,15,'1194',1,NULL),(2946,270,211,15,'1180',2,1),(2947,270,212,15,'1183',2,NULL),(2948,270,213,15,'1189',2,1),(2949,270,214,15,'1192',2,1),(2950,270,215,15,'1193',2,1),(2951,256,26,3,'463',1,1),(2952,256,27,3,'465',1,1),(2953,256,28,3,'467',1,1),(2954,256,29,3,'469',1,1),(2955,256,30,3,'471',1,1),(2956,256,31,3,'474',1,1),(2957,256,32,3,'475',1,1),(2958,256,33,3,'477',1,1),(2959,256,34,3,'12215',1,1),(2960,256,35,3,'485',1,1),(2961,256,36,3,'12224',1,1),(2962,256,37,3,'12207',1,1),(2963,256,38,3,'500',1,1),(2964,256,39,3,'508',1,1),(2965,256,40,3,'511',1,1),(2966,256,42,3,'12222',1,1),(2967,256,48,3,'526',1,1),(2968,270,591,25,'12151',1,1),(2969,270,592,25,'11847',1,1),(2970,270,593,25,'12158',1,NULL),(2971,270,702,25,'12166',1,1),(2972,270,703,25,'11859',1,1),(2973,270,704,25,'11862',1,1),(2974,270,705,25,'11863',1,NULL),(2975,270,706,25,'11868',1,1),(2976,270,707,25,'11873',1,1),(2977,270,712,25,'11893',1,NULL),(2978,270,713,25,'11894',1,NULL),(2979,270,591,25,'12151',2,1),(2980,270,592,25,'11847',2,1),(2981,270,593,25,'12162',2,1),(2982,270,702,25,'12166',2,1),(2983,270,703,25,'11859',2,1),(2984,270,704,25,'11862',2,1),(2985,270,705,25,'11864',2,1),(2986,270,706,25,'11868',2,1),(2987,270,707,25,'11873',2,1),(2988,270,712,25,'11893',2,NULL),(2989,270,713,25,'11895',2,1),(2990,256,116,7,'694',1,1),(2991,256,117,7,'697',1,1),(2992,256,118,7,'703',1,1),(2993,256,119,7,'706',1,1),(2994,256,120,7,'711',1,1),(2995,256,121,7,'714',1,1),(2996,256,122,7,'720',1,1),(2997,256,124,7,'726',1,1),(2998,256,125,7,'745',1,1),(2999,256,126,7,'735',1,1),(3000,256,1141,10,'1870',1,1),(3001,256,1143,10,'1873',1,1),(3002,256,1144,10,'1881',1,1),(3003,256,1145,10,'1885',1,1),(3004,256,1146,10,'1886',1,1),(3005,256,1147,10,'1888',1,1),(3006,256,1148,10,'1890',1,1),(3007,256,1149,10,'1893',1,NULL),(3008,256,1150,10,'1895',1,NULL),(3009,256,1151,10,'1897',1,1),(3010,256,1152,10,'1899',1,1),(3011,256,1154,10,'1900',1,1),(3012,256,1155,10,'1902',1,NULL),(3013,256,1156,10,'1904',1,1),(3014,256,1193,10,'12230',1,1),(3015,270,1183,27,'12169',1,1),(3016,270,1184,27,'12172',1,1),(3017,270,1185,27,'12177',1,1),(3018,270,1186,27,'12182',1,1),(3019,270,1187,27,'12183',1,NULL),(3020,270,1188,27,'12187',1,1),(3021,270,1189,27,'12193',1,1),(3022,270,1190,27,'12194',1,1),(3023,270,1191,27,'12201',1,1),(3024,270,1192,27,'12204',1,NULL),(3025,270,1194,28,'12237',1,1),(3026,270,1195,28,'12240',1,1),(3027,270,1196,28,'12248',1,NULL),(3028,270,1197,28,'12254',1,NULL),(3029,270,1198,28,'12259',1,1),(3030,270,1199,28,'12260',1,1),(3031,270,1200,28,'12262',1,1),(3032,270,1201,29,'12267',1,1),(3033,270,1202,29,'12271',1,1),(3034,270,1203,29,'12276',1,1),(3035,270,1204,29,'12277',1,1),(3036,270,1205,29,'12281',1,1),(3037,270,1206,29,'12288',1,1),(3038,270,1207,29,'12292',1,1),(3039,270,1208,29,'12295',1,1),(3040,270,1209,29,'12299',1,1),(3041,270,1210,29,'12302',1,1),(3042,270,1211,29,'12307',1,1),(3043,270,1212,29,'12310',1,1),(3044,270,1213,29,'12312',1,1),(3045,271,26,3,'463',1,1),(3046,271,27,3,'465',1,1),(3047,271,28,3,'467',1,1),(3048,271,29,3,'469',1,1),(3049,271,30,3,'471',1,1),(3050,271,31,3,'474',1,1),(3051,271,32,3,'475',1,1),(3052,271,33,3,'477',1,1),(3053,271,34,3,'12215',1,1),(3054,271,35,3,'485',1,1),(3055,271,36,3,'12225',1,NULL),(3056,271,37,3,'12207',1,1),(3057,271,38,3,'500',1,1),(3058,271,39,3,'508',1,1),(3059,271,40,3,'511',1,1),(3060,271,42,3,'12222',1,1),(3061,271,48,3,'526',1,1),(3062,272,211,15,'1180',1,1),(3063,272,212,15,'1185',1,1),(3064,272,213,15,'1190',1,NULL),(3065,272,214,15,'1192',1,1),(3066,272,215,15,'1193',1,1),(3067,264,26,3,'463',1,1),(3068,264,27,3,'465',1,1),(3069,264,28,3,'467',1,1),(3070,264,29,3,'469',1,1),(3071,264,30,3,'471',1,1),(3072,264,31,3,'474',1,1),(3073,264,32,3,'475',1,1),(3074,264,33,3,'477',1,1),(3075,264,34,3,'12216',1,NULL),(3076,264,35,3,'485',1,1),(3077,264,36,3,'12224',1,1),(3078,264,37,3,'12207',1,1),(3079,264,38,3,'500',1,1),(3080,264,39,3,'508',1,1),(3081,264,40,3,'510',1,NULL),(3082,264,42,3,'12222',1,1),(3083,264,48,3,'526',1,1),(3084,264,67,5,'540',1,1),(3085,264,68,5,'544',1,1),(3086,264,69,5,'546',1,1),(3087,264,70,5,'551',1,1),(3088,264,71,5,'553',1,1),(3089,264,72,5,'557',1,1),(3090,264,73,5,'561',1,NULL),(3091,264,74,5,'569',1,1),(3092,264,75,5,'575',1,1),(3093,264,78,5,'580',1,NULL),(3094,264,79,5,'588',1,1),(3095,264,80,5,'593',1,NULL),(3096,264,81,5,'576',1,1),(3097,264,88,5,'597',1,NULL),(3098,264,89,5,'600',1,1),(3099,264,67,5,'540',2,1),(3100,264,68,5,'544',2,1),(3101,264,69,5,'546',2,1),(3102,264,70,5,'551',2,1),(3103,264,71,5,'553',2,1),(3104,264,72,5,'557',2,1),(3105,264,73,5,'565',2,1),(3106,264,74,5,'569',2,1),(3107,264,75,5,'575',2,1),(3108,264,78,5,'583',2,NULL),(3109,264,79,5,'588',2,1),(3110,264,80,5,'591',2,NULL),(3111,264,81,5,'576',2,1),(3112,264,88,5,'597',2,NULL),(3113,264,89,5,'600',2,1),(3114,264,116,7,'694',1,1),(3115,264,117,7,'698',1,NULL),(3116,264,118,7,'704',1,NULL),(3117,264,119,7,'705',1,NULL),(3118,264,120,7,'711',1,1),(3119,264,121,7,'714',1,1),(3120,264,122,7,'720',1,1),(3121,264,124,7,'726',1,1),(3122,264,125,7,'745',1,1),(3123,264,126,7,'735',1,1),(3124,264,116,7,'694',2,1),(3125,264,117,7,'695',2,NULL),(3126,264,118,7,'703',2,1),(3127,264,119,7,'706',2,1),(3128,264,120,7,'711',2,1),(3129,264,121,7,'714',2,1),(3130,264,122,7,'720',2,1),(3131,264,124,7,'726',2,1),(3132,264,125,7,'745',2,1),(3133,264,126,7,'735',2,1),(3134,264,1141,10,'1870',1,1),(3135,264,1143,10,'1875',1,NULL),(3136,264,1144,10,'1881',1,1),(3137,264,1146,10,'1886',1,1),(3138,264,1147,10,'1888',1,1),(3139,264,1148,10,'1890',1,1),(3140,264,1149,10,'1893',1,NULL),(3141,264,1150,10,'1894',1,1),(3142,264,1151,10,'1897',1,1),(3143,264,1152,10,'1898',1,NULL),(3144,264,1154,10,'1900',1,1),(3145,264,1155,10,'1902',1,NULL),(3146,264,1156,10,'1904',1,1),(3147,264,1193,10,'12230',1,1),(3148,264,1141,10,'1870',2,1),(3149,264,1143,10,'1876',2,NULL),(3150,264,1144,10,'1881',2,1),(3151,264,1145,10,'1885',2,1),(3152,264,1146,10,'1886',2,1),(3153,264,1147,10,'1888',2,1),(3154,264,1148,10,'1890',2,1),(3155,264,1149,10,'1892',2,1),(3156,264,1150,10,'1894',2,1),(3157,264,1151,10,'1897',2,1),(3158,264,1152,10,'1899',2,1),(3159,264,1154,10,'1900',2,1),(3160,264,1155,10,'1903',2,1),(3161,264,1156,10,'1904',2,1),(3162,264,1193,10,'12230',2,1),(3163,273,26,3,'463',1,1),(3164,273,27,3,'466',1,NULL),(3165,273,28,3,'467',1,1),(3166,273,29,3,'469',1,1),(3167,273,30,3,'471',1,1),(3168,273,31,3,'474',1,1),(3169,273,32,3,'475',1,1),(3170,273,33,3,'477',1,1),(3171,273,34,3,'12215',1,1),(3172,273,35,3,'485',1,1),(3173,273,36,3,'12224',1,1),(3174,273,37,3,'12207',1,1),(3175,273,38,3,'500',1,1),(3176,273,39,3,'508',1,1),(3177,273,40,3,'511',1,1),(3178,273,42,3,'12222',1,1),(3179,273,48,3,'526',1,1),(3180,257,1194,28,'12237',1,1),(3181,257,1195,28,'12240',1,1),(3182,257,1196,28,'12249',1,1),(3183,257,1197,28,'12251',1,1),(3184,257,1198,28,'12259',1,1),(3185,257,1199,28,'12260',1,1),(3186,257,1200,28,'12262',1,1),(3187,257,1201,29,'12267',1,1),(3188,257,1202,29,'12271',1,1),(3189,257,1203,29,'12276',1,1),(3190,257,1204,29,'12277',1,1),(3191,257,1205,29,'12281',1,1),(3192,257,1206,29,'12288',1,1),(3193,257,1207,29,'12292',1,1),(3194,257,1208,29,'12295',1,1),(3195,257,1209,29,'12299',1,1),(3196,257,1210,29,'12302',1,1),(3197,257,1211,29,'12307',1,1),(3198,257,1212,29,'12310',1,1),(3199,257,1213,29,'12312',1,1),(3200,249,201,14,'1145',2,NULL),(3201,249,202,14,'1146',2,1),(3202,249,203,14,'12235',2,1),(3203,249,204,14,'1157',2,1),(3204,249,205,14,'1162',2,1),(3205,249,206,14,'1163',2,1),(3206,249,207,14,'1167',2,NULL),(3207,249,208,14,'1170',2,NULL),(3208,249,209,14,'1173',2,NULL),(3209,249,210,14,'1179',2,1),(3210,274,26,3,'463',1,1),(3211,274,27,3,'465',1,1),(3212,274,28,3,'467',1,1),(3213,274,29,3,'469',1,1),(3214,274,30,3,'471',1,1),(3215,274,31,3,'474',1,1),(3216,274,32,3,'476',1,NULL),(3217,274,33,3,'477',1,1),(3218,274,34,3,'12216',1,NULL),(3219,274,35,3,'485',1,1),(3220,274,36,3,'12226',1,NULL),(3221,274,37,3,'12207',1,1),(3222,274,38,3,'500',1,1),(3223,274,39,3,'509',1,NULL),(3224,274,40,3,'511',1,1),(3225,274,42,3,'12222',1,1),(3226,274,48,3,'526',1,1),(3227,249,201,14,'1145',3,NULL),(3228,249,202,14,'1146',3,1),(3229,249,203,14,'12235',3,1),(3230,249,204,14,'1157',3,1),(3231,249,205,14,'1162',3,1),(3232,249,206,14,'1163',3,1),(3233,249,207,14,'1165',3,1),(3234,249,208,14,'1169',3,1),(3235,249,209,14,'1174',3,1),(3236,249,210,14,'1179',3,1),(3237,274,26,3,'463',2,1),(3238,274,27,3,'465',2,1),(3239,274,28,3,'467',2,1),(3240,274,29,3,'469',2,1),(3241,274,30,3,'471',2,1),(3242,274,31,3,'474',2,1),(3243,274,32,3,'475',2,1),(3244,274,33,3,'477',2,1),(3245,274,34,3,'12215',2,1),(3246,274,35,3,'485',2,1),(3247,274,36,3,'12225',2,NULL),(3248,274,37,3,'12207',2,1),(3249,274,38,3,'500',2,1),(3250,274,39,3,'508',2,1),(3251,274,40,3,'511',2,1),(3252,274,42,3,'12222',2,1),(3253,274,48,3,'526',2,1),(3254,249,26,3,'463',1,1),(3255,249,27,3,'465',1,1),(3256,249,28,3,'467',1,1),(3257,249,29,3,'470',1,NULL),(3258,249,30,3,'471',1,1),(3259,249,31,3,'474',1,1),(3260,249,32,3,'476',1,NULL),(3261,249,33,3,'477',1,1),(3262,249,34,3,'12215',1,1),(3263,249,35,3,'485',1,1),(3264,249,36,3,'12226',1,NULL),(3265,249,37,3,'12207',1,1),(3266,249,38,3,'500',1,1),(3267,249,39,3,'508',1,1),(3268,249,40,3,'511',1,1),(3269,249,42,3,'12217',1,NULL),(3270,249,48,3,'526',1,1),(3271,249,26,3,'463',2,1),(3272,249,27,3,'465',2,1),(3273,249,28,3,'467',2,1),(3274,249,29,3,'469',2,1),(3275,249,30,3,'471',2,1),(3276,249,31,3,'474',2,1),(3277,249,32,3,'475',2,1),(3278,249,33,3,'477',2,1),(3279,249,34,3,'12215',2,1),(3280,249,35,3,'485',2,1),(3281,249,36,3,'12225',2,NULL),(3282,249,37,3,'12207',2,1),(3283,249,38,3,'500',2,1),(3284,249,39,3,'508',2,1),(3285,249,40,3,'511',2,1),(3286,249,42,3,'12219',2,NULL),(3287,249,48,3,'525',2,NULL),(3288,274,67,5,'540',1,1),(3289,274,68,5,'544',1,1),(3290,274,69,5,'546',1,1),(3291,274,70,5,'551',1,1),(3292,274,71,5,'553',1,1),(3293,274,72,5,'557',1,1),(3294,274,73,5,'565',1,1),(3295,274,74,5,'569',1,1),(3296,274,75,5,'575',1,1),(3297,274,78,5,'582',1,1),(3298,274,79,5,'588',1,1),(3299,274,80,5,'592',1,1),(3300,274,88,5,'594',1,NULL),(3301,274,89,5,'599',1,NULL),(3302,249,1201,29,'12267',1,1),(3303,249,1202,29,'12268',1,NULL),(3304,249,1203,29,'12276',1,1),(3305,249,1204,29,'12277',1,1),(3306,249,1205,29,'12281',1,1),(3307,249,1206,29,'12288',1,1),(3308,249,1207,29,'12292',1,1),(3309,249,1208,29,'12295',1,1),(3310,249,1209,29,'12299',1,1),(3311,249,1210,29,'12301',1,NULL),(3312,249,1211,29,'12307',1,1),(3313,249,1212,29,'12310',1,1),(3314,249,1213,29,'12312',1,1),(3315,274,116,7,'694',1,1),(3316,274,117,7,'696',1,NULL),(3317,274,118,7,'703',1,1),(3318,274,119,7,'706',1,1),(3319,274,120,7,'711',1,1),(3320,274,121,7,'714',1,1),(3321,274,122,7,'720',1,1),(3322,274,124,7,'726',1,1),(3323,274,125,7,'745',1,1),(3324,274,126,7,'735',1,1),(3325,249,67,5,'540',1,1),(3326,249,68,5,'544',1,1),(3327,249,69,5,'547',1,NULL),(3328,249,70,5,'551',1,1),(3329,249,71,5,'555',1,NULL),(3330,249,72,5,'558',1,NULL),(3331,249,73,5,'561',1,NULL),(3332,249,74,5,'569',1,1),(3333,249,75,5,'575',1,1),(3334,249,78,5,'582',1,1),(3335,249,79,5,'584',1,NULL),(3336,249,80,5,'591',1,NULL),(3337,249,81,5,'579',1,NULL),(3338,249,88,5,'596',1,1),(3339,249,89,5,'600',1,1),(3340,274,1141,10,'1870',1,1),(3341,274,1143,10,'1873',1,1),(3342,274,1144,10,'1877',1,NULL),(3343,274,1145,10,'1885',1,1),(3344,274,1146,10,'1886',1,1),(3345,274,1147,10,'1888',1,1),(3346,274,1148,10,'1890',1,1),(3347,274,1149,10,'1892',1,1),(3348,274,1150,10,'1894',1,1),(3349,274,1151,10,'1897',1,1),(3350,274,1152,10,'1899',1,1),(3351,274,1154,10,'1900',1,1),(3352,274,1155,10,'1902',1,NULL),(3353,274,1156,10,'1904',1,1),(3354,274,1193,10,'12230',1,1),(3355,249,67,5,'540',2,1),(3356,249,68,5,'544',2,1),(3357,249,69,5,'548',2,NULL),(3358,249,70,5,'552',2,NULL),(3359,249,71,5,'553',2,1),(3360,249,72,5,'557',2,1),(3361,249,73,5,'565',2,1),(3362,249,74,5,'569',2,1),(3363,249,75,5,'575',2,1),(3364,249,78,5,'582',2,1),(3365,249,79,5,'588',2,1),(3366,249,80,5,'593',2,NULL),(3367,249,81,5,'576',2,1),(3368,249,88,5,'597',2,NULL),(3369,249,89,5,'600',2,1),(3370,274,201,14,'1145',1,NULL),(3371,274,202,14,'1146',1,1),(3372,274,203,14,'12235',1,1),(3373,274,204,14,'1157',1,1),(3374,274,205,14,'1162',1,1),(3375,274,206,14,'1163',1,1),(3376,274,207,14,'1167',1,NULL),(3377,274,208,14,'1169',1,1),(3378,274,209,14,'1174',1,1),(3379,274,210,14,'1179',1,1),(3380,249,67,5,'540',3,1),(3381,249,68,5,'544',3,1),(3382,249,69,5,'546',3,1),(3383,249,70,5,'552',3,NULL),(3384,249,71,5,'553',3,1),(3385,249,72,5,'557',3,1),(3386,249,73,5,'565',3,1),(3387,249,74,5,'569',3,1),(3388,249,75,5,'573',3,NULL),(3389,249,78,5,'582',3,1),(3390,249,79,5,'588',3,1),(3391,249,80,5,'591',3,NULL),(3392,249,81,5,'576',3,1),(3393,249,88,5,'596',3,1),(3394,249,89,5,'600',3,1),(3395,249,211,15,'1180',1,1),(3396,249,212,15,'1185',1,1),(3397,249,213,15,'1189',1,1),(3398,249,214,15,'1192',1,1),(3399,249,215,15,'1193',1,1),(3400,249,116,7,'692',1,NULL),(3401,249,117,7,'698',1,NULL),(3402,249,118,7,'704',1,NULL),(3403,249,119,7,'706',1,1),(3404,249,120,7,'711',1,1),(3405,249,121,7,'714',1,1),(3406,249,122,7,'720',1,1),(3407,249,124,7,'726',1,1),(3408,249,125,7,'745',1,1),(3409,249,126,7,'735',1,1),(3410,249,116,7,'694',2,1),(3411,249,117,7,'695',2,NULL),(3412,249,118,7,'702',2,NULL),(3413,249,119,7,'706',2,1),(3414,249,120,7,'711',2,1),(3415,249,121,7,'714',2,1),(3416,249,122,7,'720',2,1),(3417,249,124,7,'726',2,1),(3418,249,125,7,'745',2,1),(3419,249,126,7,'735',2,1),(3420,249,1141,10,'1870',1,1),(3421,249,1143,10,'1873',1,1),(3422,249,1144,10,'1881',1,1),(3423,249,1145,10,'1885',1,1),(3424,249,1146,10,'1886',1,1),(3425,249,1147,10,'1888',1,1),(3426,249,1148,10,'1890',1,1),(3427,249,1149,10,'1893',1,NULL),(3428,249,1150,10,'1895',1,NULL),(3429,249,1151,10,'1897',1,1),(3430,249,1152,10,'1899',1,1),(3431,249,1154,10,'1901',1,NULL),(3432,249,1155,10,'1902',1,NULL),(3433,249,1156,10,'1904',1,1),(3434,249,1193,10,'12230',1,1),(3435,249,1141,10,'1870',2,1),(3436,249,1143,10,'1875',2,NULL),(3437,249,1144,10,'1881',2,1),(3438,249,1145,10,'1885',2,1),(3439,249,1146,10,'1886',2,1),(3440,249,1147,10,'1888',2,1),(3441,249,1148,10,'1890',2,1),(3442,249,1149,10,'1892',2,1),(3443,249,1150,10,'1894',2,1),(3444,249,1151,10,'1897',2,1),(3445,249,1152,10,'1899',2,1),(3446,249,1154,10,'1901',2,NULL),(3447,249,1155,10,'1903',2,1),(3448,249,1156,10,'1904',2,1),(3449,249,1193,10,'12230',2,1),(3450,249,1183,27,'12169',1,1),(3451,249,1184,27,'12172',1,1),(3452,249,1185,27,'12176',1,NULL),(3453,249,1186,27,'12182',1,1),(3454,249,1187,27,'12184',1,1),(3455,249,1188,27,'12186',1,NULL),(3456,249,1189,27,'12193',1,1),(3457,249,1190,27,'12194',1,1),(3458,249,1191,27,'12201',1,1),(3459,249,1192,27,'12206',1,1),(3460,249,591,25,'12150',1,NULL),(3461,249,592,25,'11845',1,NULL),(3462,249,593,25,'12163',1,NULL),(3463,249,702,25,'12167',1,NULL),(3464,249,703,25,'11857',1,NULL),(3465,249,704,25,'11861',1,NULL),(3466,249,705,25,'11863',1,NULL),(3467,249,706,25,'11867',1,NULL),(3468,249,707,25,'11874',1,NULL),(3469,249,712,25,'11892',1,1),(3470,249,713,25,'11894',1,NULL),(3471,249,1194,28,'12238',1,NULL),(3472,249,1195,28,'12241',1,NULL),(3473,249,1196,28,'12249',1,1),(3474,249,1197,28,'12253',1,NULL),(3475,249,1198,28,'12259',1,1),(3476,249,1200,28,'12263',1,NULL),(3477,249,1194,28,'12237',2,1),(3478,249,1195,28,'12241',2,NULL),(3479,249,1196,28,'12249',2,1),(3480,249,1197,28,'12250',2,NULL),(3481,249,1198,28,'12259',2,1),(3482,249,1199,28,'12260',2,1),(3483,249,1200,28,'12264',2,NULL),(3484,249,1194,28,'12237',3,1),(3485,249,1195,28,'12242',3,NULL),(3486,249,1196,28,'12249',3,1),(3487,249,1197,28,'12254',3,NULL),(3488,249,1198,28,'12259',3,1),(3489,249,1199,28,'12260',3,1),(3490,249,1200,28,'12262',3,1),(3491,272,1141,10,'1870',1,1),(3492,272,1143,10,'1873',1,1),(3493,272,1144,10,'1881',1,1),(3494,272,1145,10,'1885',1,1),(3495,272,1146,10,'1886',1,1),(3496,272,1147,10,'1888',1,1),(3497,272,1148,10,'1890',1,1),(3498,272,1149,10,'1892',1,1),(3499,272,1150,10,'1894',1,1),(3500,272,1151,10,'1897',1,1),(3501,272,1152,10,'1899',1,1),(3502,272,1154,10,'1900',1,1),(3503,272,1155,10,'1902',1,NULL),(3504,272,1156,10,'1904',1,1),(3505,272,1193,10,'12230',1,1),(3506,272,201,14,'1142',1,1),(3507,272,202,14,'1146',1,1),(3508,272,203,14,'12235',1,1),(3509,272,204,14,'1157',1,1),(3510,272,205,14,'1162',1,1),(3511,272,206,14,'1163',1,1),(3512,272,207,14,'1165',1,1),(3513,272,208,14,'1169',1,1),(3514,272,209,14,'1174',1,1),(3515,272,210,14,'1179',1,1),(3516,272,591,25,'12151',1,1),(3517,272,592,25,'11847',1,1),(3518,272,593,25,'12162',1,1),(3519,272,702,25,'12166',1,1),(3520,272,703,25,'11859',1,1),(3521,272,704,25,'11862',1,1),(3522,272,705,25,'11864',1,1),(3523,272,706,25,'11869',1,NULL),(3524,272,707,25,'11873',1,1),(3525,272,712,25,'11892',1,1),(3526,272,713,25,'11894',1,NULL),(3527,272,26,3,'463',1,1),(3528,272,27,3,'465',1,1),(3529,272,28,3,'467',1,1),(3530,272,29,3,'469',1,1),(3531,272,30,3,'471',1,1),(3532,272,31,3,'474',1,1),(3533,272,32,3,'475',1,1),(3534,272,33,3,'477',1,1),(3535,272,34,3,'12215',1,1),(3536,272,35,3,'485',1,1),(3537,272,36,3,'12225',1,NULL),(3538,272,37,3,'12207',1,1),(3539,272,38,3,'500',1,1),(3540,272,39,3,'508',1,1),(3541,272,40,3,'511',1,1),(3542,272,42,3,'12222',1,1),(3543,272,48,3,'526',1,1),(3544,272,67,5,'540',1,1),(3545,272,68,5,'544',1,1),(3546,272,69,5,'546',1,1),(3547,272,70,5,'551',1,1),(3548,272,71,5,'555',1,NULL),(3549,272,72,5,'557',1,1),(3550,272,73,5,'565',1,1),(3551,272,74,5,'569',1,1),(3552,272,75,5,'575',1,1),(3553,272,78,5,'582',1,1),(3554,272,79,5,'588',1,1),(3555,272,80,5,'589',1,NULL),(3556,272,81,5,'576',1,1),(3557,272,88,5,'597',1,NULL),(3558,272,89,5,'600',1,1),(3559,272,1183,27,'12169',1,1),(3560,272,1184,27,'12172',1,1),(3561,272,1185,27,'12177',1,1),(3562,272,1186,27,'12179',1,NULL),(3563,272,1187,27,'12183',1,NULL),(3564,272,1188,27,'12187',1,1),(3565,272,1189,27,'12193',1,1),(3566,272,1190,27,'12194',1,1),(3567,272,1191,27,'12201',1,1),(3568,272,1192,27,'12206',1,1),(3569,272,1183,27,'12169',2,1),(3570,272,1184,27,'12172',2,1),(3571,272,1185,27,'12177',2,1),(3572,272,1186,27,'12179',2,NULL),(3573,272,1187,27,'12183',2,NULL),(3574,272,1188,27,'12187',2,1),(3575,272,1189,27,'12193',2,1),(3576,272,1190,27,'12194',2,1),(3577,272,1191,27,'12201',2,1),(3578,272,1192,27,'12206',2,1),(3579,272,116,7,'694',1,1),(3580,272,117,7,'697',1,1),(3581,272,118,7,'703',1,1),(3582,272,119,7,'706',1,1),(3583,272,120,7,'709',1,NULL),(3584,272,121,7,'714',1,1),(3585,272,122,7,'720',1,1),(3586,272,124,7,'726',1,1),(3587,272,125,7,'745',1,1),(3588,272,126,7,'735',1,1),(3589,272,1194,28,'12237',1,1),(3590,272,1195,28,'12240',1,1),(3591,272,1197,28,'12254',1,NULL),(3592,272,1198,28,'12259',1,1),(3593,272,1199,28,'12260',1,1),(3594,272,1200,28,'12262',1,1),(3595,272,1201,29,'12267',1,1),(3596,272,1202,29,'12271',1,1),(3597,272,1203,29,'12276',1,1),(3598,272,1204,29,'12277',1,1),(3599,272,1205,29,'12281',1,1),(3600,272,1206,29,'12288',1,1),(3601,272,1207,29,'12292',1,1),(3602,272,1208,29,'12295',1,1),(3603,272,1209,29,'12299',1,1),(3604,272,1210,29,'12302',1,1),(3605,272,1211,29,'12307',1,1),(3606,272,1212,29,'12310',1,1),(3607,272,1213,29,'12312',1,1),(3608,245,1194,28,'12237',1,1),(3609,245,1195,28,'12240',1,1),(3610,245,1196,28,'12249',1,1),(3611,245,1197,28,'12251',1,1),(3612,245,1198,28,'12259',1,1),(3613,245,1199,28,'12260',1,1),(3614,245,1200,28,'12262',1,1),(3615,245,1201,29,'12267',1,1),(3616,245,1202,29,'12271',1,1),(3617,245,1203,29,'12276',1,1),(3618,245,1204,29,'12277',1,1),(3619,245,1205,29,'12281',1,1),(3620,245,1206,29,'12288',1,1),(3621,245,1207,29,'12292',1,1),(3622,245,1208,29,'12295',1,1),(3623,245,1209,29,'12299',1,1),(3624,245,1210,29,'12302',1,1),(3625,245,1211,29,'12307',1,1),(3626,245,1212,29,'12310',1,1),(3627,245,1213,29,'12312',1,1),(3628,274,211,15,'1180',1,1),(3629,274,212,15,'1185',1,1),(3630,274,213,15,'1189',1,1),(3631,274,214,15,'1191',1,NULL),(3632,274,215,15,'1193',1,1),(3633,274,591,25,'12151',1,1),(3634,274,592,25,'11847',1,1),(3635,274,593,25,'12162',1,1),(3636,274,702,25,'12166',1,1),(3637,274,703,25,'11859',1,1),(3638,274,704,25,'11862',1,1),(3639,274,705,25,'11864',1,1),(3640,274,706,25,'11868',1,1),(3641,274,707,25,'11873',1,1),(3642,274,712,25,'11892',1,1),(3643,274,713,25,'11895',1,1),(3644,274,1183,27,'12169',1,1),(3645,274,1184,27,'12172',1,1),(3646,274,1185,27,'12177',1,1),(3647,274,1186,27,'12182',1,1),(3648,274,1187,27,'12183',1,NULL),(3649,274,1188,27,'12186',1,NULL),(3650,274,1189,27,'12193',1,1),(3651,274,1190,27,'12194',1,1),(3652,274,1191,27,'12198',1,NULL),(3653,274,1192,27,'12202',1,NULL),(3654,274,1183,27,'12169',2,1),(3655,274,1184,27,'12172',2,1),(3656,274,1185,27,'12177',2,1),(3657,274,1186,27,'12179',2,NULL),(3658,274,1187,27,'12184',2,1),(3659,274,1188,27,'12185',2,NULL),(3660,274,1189,27,'12193',2,1),(3661,274,1190,27,'12194',2,1),(3662,274,1191,27,'12201',2,1),(3663,274,1192,27,'12206',2,1),(3664,274,1194,28,'12237',1,1),(3665,274,1195,28,'12240',1,1),(3666,274,1196,28,'12249',1,1),(3667,274,1197,28,'12251',1,1),(3668,274,1198,28,'12259',1,1),(3669,274,1199,28,'12260',1,1),(3670,274,1200,28,'12262',1,1),(3671,274,1201,29,'12267',1,1),(3672,274,1202,29,'12268',1,NULL),(3673,274,1203,29,'12276',1,1),(3674,274,1204,29,'12277',1,1),(3675,274,1205,29,'12281',1,1),(3676,274,1206,29,'12288',1,1),(3677,274,1207,29,'12292',1,1),(3678,274,1208,29,'12295',1,1),(3679,274,1209,29,'12299',1,1),(3680,274,1210,29,'12302',1,1),(3681,274,1211,29,'12307',1,1),(3682,274,1212,29,'12310',1,1),(3683,274,1213,29,'12312',1,1),(3684,273,67,5,'540',1,1),(3685,273,68,5,'544',1,1),(3686,273,69,5,'546',1,1),(3687,273,70,5,'551',1,1),(3688,273,71,5,'553',1,1),(3689,273,72,5,'557',1,1),(3690,273,73,5,'565',1,1),(3691,273,74,5,'569',1,1),(3692,273,75,5,'575',1,1),(3693,273,78,5,'582',1,1),(3694,273,79,5,'588',1,1),(3695,273,80,5,'592',1,1),(3696,273,81,5,'576',1,1),(3697,273,88,5,'596',1,1),(3698,273,89,5,'600',1,1),(3699,273,116,7,'694',1,1),(3700,273,117,7,'697',1,1),(3701,273,118,7,'703',1,1),(3702,273,119,7,'706',1,1),(3703,273,120,7,'711',1,1),(3704,273,121,7,'714',1,1),(3705,273,122,7,'720',1,1),(3706,273,124,7,'726',1,1),(3707,273,125,7,'745',1,1),(3708,273,126,7,'735',1,1),(3709,273,1141,10,'1870',1,1),(3710,273,1143,10,'1873',1,1),(3711,273,1144,10,'1881',1,1),(3712,273,1145,10,'1885',1,1),(3713,273,1146,10,'1886',1,1),(3714,273,1147,10,'1888',1,1),(3715,273,1148,10,'1890',1,1),(3716,273,1149,10,'1892',1,1),(3717,273,1150,10,'1894',1,1),(3718,273,1151,10,'1897',1,1),(3719,273,1152,10,'1899',1,1),(3720,273,1154,10,'1900',1,1),(3721,273,1155,10,'1902',1,NULL),(3722,273,1156,10,'1904',1,1),(3723,273,1193,10,'12230',1,1),(3724,273,201,14,'1145',1,NULL),(3725,273,202,14,'1146',1,1),(3726,273,203,14,'12235',1,1),(3727,273,204,14,'1157',1,1),(3728,273,205,14,'1162',1,1),(3729,273,206,14,'1163',1,1),(3730,273,207,14,'1166',1,NULL),(3731,273,208,14,'1169',1,1),(3732,273,209,14,'1174',1,1),(3733,273,210,14,'1179',1,1),(3734,273,211,15,'1180',1,1),(3735,273,212,15,'1185',1,1),(3736,273,213,15,'1189',1,1),(3737,273,214,15,'1192',1,1),(3738,273,215,15,'1194',1,NULL),(3739,267,1194,28,'12237',1,1),(3740,267,1195,28,'12240',1,1),(3741,267,1196,28,'12249',1,1),(3742,267,1197,28,'12251',1,1),(3743,267,1198,28,'12259',1,1),(3744,267,1199,28,'12260',1,1),(3745,267,1200,28,'12263',1,NULL),(3746,267,1201,29,'12267',1,1),(3747,267,1202,29,'12268',1,NULL),(3748,267,1203,29,'12276',1,1),(3749,267,1204,29,'12277',1,1),(3750,267,1205,29,'12281',1,1),(3751,267,1206,29,'12288',1,1),(3752,267,1207,29,'12292',1,1),(3753,267,1208,29,'12295',1,1),(3754,267,1209,29,'12299',1,1),(3755,267,1210,29,'12302',1,1),(3756,267,1211,29,'12307',1,1),(3757,267,1212,29,'12310',1,1),(3758,267,1213,29,'12315',1,NULL),(3759,255,1194,28,'12237',1,1),(3760,255,1195,28,'12240',1,1),(3761,255,1196,28,'12249',1,1),(3762,255,1197,28,'12251',1,1),(3763,255,1198,28,'12259',1,1),(3764,255,1199,28,'12260',1,1),(3765,255,1200,28,'12264',1,NULL),(3766,255,1201,29,'12267',1,1),(3767,255,1202,29,'12271',1,1),(3768,255,1203,29,'12276',1,1),(3769,255,1204,29,'12277',1,1),(3770,255,1205,29,'12281',1,1),(3771,255,1206,29,'12288',1,1),(3772,255,1207,29,'12292',1,1),(3773,255,1208,29,'12295',1,1),(3774,255,1209,29,'12299',1,1),(3775,255,1210,29,'12302',1,1),(3776,255,1211,29,'12307',1,1),(3777,255,1212,29,'12310',1,1),(3778,255,1213,29,'12315',1,NULL),(3779,266,1194,28,'12237',1,1),(3780,266,1195,28,'12240',1,1),(3781,266,1196,28,'12249',1,1),(3782,266,1197,28,'12251',1,1),(3783,266,1198,28,'12259',1,1),(3784,266,1199,28,'12260',1,1),(3785,266,1200,28,'12264',1,NULL),(3786,266,1201,29,'12267',1,1),(3787,266,1202,29,'12271',1,1),(3788,266,1203,29,'12276',1,1),(3789,266,1204,29,'12277',1,1),(3790,266,1205,29,'12281',1,1),(3791,266,1206,29,'12288',1,1),(3792,266,1207,29,'12292',1,1),(3793,266,1208,29,'12295',1,1),(3794,266,1209,29,'12299',1,1),(3795,266,1210,29,'12302',1,1),(3796,266,1211,29,'12307',1,1),(3797,266,1212,29,'12310',1,1),(3798,266,1213,29,'12315',1,NULL),(3799,273,591,25,'12151',1,1),(3800,273,592,25,'11847',1,1),(3801,273,593,25,'12162',1,1),(3802,273,702,25,'12166',1,1),(3803,273,703,25,'11859',1,1),(3804,273,704,25,'11862',1,1),(3805,273,705,25,'11864',1,1),(3806,273,706,25,'11868',1,1),(3807,273,707,25,'11873',1,1),(3808,273,712,25,'11892',1,1),(3809,273,713,25,'11894',1,NULL),(3810,273,1183,27,'12169',1,1),(3811,273,1184,27,'12172',1,1),(3812,273,1185,27,'12177',1,1),(3813,273,1186,27,'12182',1,1),(3814,273,1187,27,'12184',1,1),(3815,273,1188,27,'12187',1,1),(3816,273,1189,27,'12193',1,1),(3817,273,1190,27,'12194',1,1),(3818,273,1191,27,'12201',1,1),(3819,273,1192,27,'12206',1,1),(3820,273,1194,28,'12237',1,1),(3821,273,1195,28,'12240',1,1),(3822,273,1196,28,'12249',1,1),(3823,273,1197,28,'12251',1,1),(3824,273,1198,28,'12259',1,1),(3825,273,1199,28,'12260',1,1),(3826,273,1200,28,'12262',1,1),(3827,273,1201,29,'12267',1,1),(3828,273,1202,29,'12271',1,1),(3829,273,1203,29,'12276',1,1),(3830,273,1204,29,'12277',1,1),(3831,273,1205,29,'12282',1,NULL),(3832,273,1206,29,'12288',1,1),(3833,273,1207,29,'12290',1,NULL),(3834,273,1208,29,'12295',1,1),(3835,273,1209,29,'12299',1,1),(3836,273,1210,29,'12301',1,NULL),(3837,273,1211,29,'12307',1,1),(3838,273,1212,29,'12310',1,1),(3839,273,1213,29,'12312',1,1),(3840,256,211,15,'1181',1,NULL),(3841,256,212,15,'1183',1,NULL),(3842,256,213,15,'1189',1,1),(3843,256,214,15,'1192',1,1),(3844,256,215,15,'1194',1,NULL),(3845,256,211,15,'1180',2,1),(3846,256,212,15,'1185',2,1),(3847,256,213,15,'1189',2,1),(3848,256,214,15,'1192',2,1),(3849,256,215,15,'1193',2,1),(3850,256,591,25,'12152',1,NULL),(3851,256,592,25,'11847',1,1),(3852,256,593,25,'12160',1,NULL),(3853,256,702,25,'12166',1,1),(3854,256,703,25,'11857',1,NULL),(3855,256,704,25,'11862',1,1),(3856,256,705,25,'11863',1,NULL),(3857,256,706,25,'11868',1,1),(3858,256,707,25,'11873',1,1),(3859,256,712,25,'11891',1,NULL),(3860,256,713,25,'11894',1,NULL),(3861,256,591,25,'12150',2,NULL),(3862,256,592,25,'11847',2,1),(3863,256,593,25,'12161',2,NULL),(3864,256,702,25,'12166',2,1),(3865,256,703,25,'11859',2,1),(3866,256,704,25,'11862',2,1),(3867,256,705,25,'11864',2,1),(3868,256,706,25,'11868',2,1),(3869,256,707,25,'11873',2,1),(3870,256,712,25,'11890',2,NULL),(3871,256,713,25,'11895',2,1),(3872,256,591,25,'12149',3,NULL),(3873,256,592,25,'11847',3,1),(3874,256,593,25,'12163',3,NULL),(3875,256,702,25,'12166',3,1),(3876,256,703,25,'11859',3,1),(3877,256,704,25,'11862',3,1),(3878,256,705,25,'11864',3,1),(3879,256,706,25,'11868',3,1),(3880,256,707,25,'11873',3,1),(3881,256,712,25,'11892',3,1),(3882,256,713,25,'11895',3,1),(3883,256,1183,27,'12169',1,1),(3884,256,1184,27,'12172',1,1),(3885,256,1185,27,'12174',1,NULL),(3886,256,1186,27,'12182',1,1),(3887,256,1187,27,'12183',1,NULL),(3888,256,1188,27,'12187',1,1),(3889,256,1189,27,'12193',1,1),(3890,256,1190,27,'12196',1,NULL),(3891,256,1191,27,'12201',1,1),(3892,256,1192,27,'12206',1,1),(3893,256,1183,27,'12169',2,1),(3894,256,1184,27,'12172',2,1),(3895,256,1185,27,'12175',2,NULL),(3896,256,1186,27,'12182',2,1),(3897,256,1187,27,'12184',2,1),(3898,256,1188,27,'12187',2,1),(3899,256,1189,27,'12193',2,1),(3900,256,1190,27,'12195',2,NULL),(3901,256,1191,27,'12201',2,1),(3902,256,1192,27,'12206',2,1),(3903,256,1194,28,'12237',1,1),(3904,256,1195,28,'12240',1,1),(3905,256,1196,28,'12249',1,1),(3906,256,1197,28,'12254',1,NULL),(3907,256,1198,28,'12259',1,1),(3908,256,1199,28,'12260',1,1),(3909,256,1200,28,'12263',1,NULL),(3910,256,1201,29,'12267',1,1),(3911,256,1202,29,'12271',1,1),(3912,256,1203,29,'12276',1,1),(3913,256,1204,29,'12277',1,1),(3914,256,1205,29,'12280',1,NULL),(3915,256,1206,29,'12288',1,1),(3916,256,1207,29,'12292',1,1),(3917,256,1208,29,'12295',1,1),(3918,256,1209,29,'12299',1,1),(3919,256,1210,29,'12301',1,NULL),(3920,256,1211,29,'12307',1,1),(3921,256,1212,29,'12310',1,1),(3922,256,1213,29,'12312',1,1),(3923,276,26,3,'463',1,1),(3924,276,27,3,'465',1,1),(3925,276,28,3,'467',1,1),(3926,276,29,3,'469',1,1),(3927,276,30,3,'471',1,1),(3928,276,31,3,'474',1,1),(3929,276,32,3,'476',1,NULL),(3930,276,33,3,'477',1,1),(3931,276,34,3,'12215',1,1),(3932,276,35,3,'485',1,1),(3933,276,36,3,'12224',1,1),(3934,276,37,3,'12207',1,1),(3935,276,38,3,'500',1,1),(3936,276,39,3,'508',1,1),(3937,276,40,3,'511',1,1),(3938,276,42,3,'12222',1,1),(3939,276,48,3,'526',1,1),(3940,276,1141,10,'1872',1,NULL),(3941,276,1143,10,'1873',1,1),(3942,276,1144,10,'1881',1,1),(3943,276,1145,10,'1885',1,1),(3944,276,1146,10,'1886',1,1),(3945,276,1147,10,'1888',1,1),(3946,276,1148,10,'1890',1,1),(3947,276,1149,10,'1892',1,1),(3948,276,1150,10,'1894',1,1),(3949,276,1151,10,'1897',1,1),(3950,276,1152,10,'1899',1,1),(3951,276,1154,10,'1900',1,1),(3952,276,1155,10,'1902',1,NULL),(3953,276,1156,10,'1904',1,1),(3954,276,1193,10,'12230',1,1),(3955,246,1194,28,'12237',1,1),(3956,246,1195,28,'12240',1,1),(3957,246,1196,28,'12249',1,1),(3958,246,1197,28,'12251',1,1),(3959,246,1198,28,'12259',1,1),(3960,246,1199,28,'12260',1,1),(3961,246,1200,28,'12262',1,1),(3962,246,1201,29,'12267',1,1),(3963,246,1202,29,'12271',1,1),(3964,246,1203,29,'12276',1,1),(3965,246,1204,29,'12277',1,1),(3966,246,1205,29,'12281',1,1),(3967,246,1206,29,'12288',1,1),(3968,246,1207,29,'12292',1,1),(3969,246,1208,29,'12295',1,1),(3970,246,1209,29,'12299',1,1),(3971,246,1210,29,'12302',1,1),(3972,246,1211,29,'12307',1,1),(3973,246,1212,29,'12310',1,1),(3974,246,1213,29,'12312',1,1),(3975,277,26,3,'463',1,1),(3976,277,27,3,'465',1,1),(3977,277,28,3,'467',1,1),(3978,277,29,3,'469',1,1),(3979,277,30,3,'471',1,1),(3980,277,31,3,'474',1,1),(3981,277,32,3,'476',1,NULL),(3982,277,33,3,'477',1,1),(3983,277,34,3,'12215',1,1),(3984,277,35,3,'485',1,1),(3985,277,36,3,'12224',1,1),(3986,277,37,3,'12207',1,1),(3987,277,38,3,'500',1,1),(3988,277,39,3,'508',1,1),(3989,277,40,3,'511',1,1),(3990,277,42,3,'12222',1,1),(3991,277,48,3,'526',1,1),(3992,277,67,5,'540',1,1),(3993,277,68,5,'544',1,1),(3994,277,69,5,'546',1,1),(3995,277,70,5,'551',1,1),(3996,277,71,5,'553',1,1),(3997,277,72,5,'557',1,1),(3998,277,73,5,'565',1,1),(3999,277,74,5,'569',1,1),(4000,277,75,5,'575',1,1),(4001,277,78,5,'582',1,1),(4002,277,79,5,'588',1,1),(4003,277,80,5,'592',1,1),(4004,277,81,5,'576',1,1),(4005,277,88,5,'596',1,1),(4006,277,89,5,'600',1,1),(4007,277,116,7,'694',1,1),(4008,277,117,7,'697',1,1),(4009,277,118,7,'703',1,1),(4010,277,119,7,'706',1,1),(4011,277,120,7,'709',1,NULL),(4012,277,121,7,'714',1,1),(4013,277,122,7,'720',1,1),(4014,277,124,7,'726',1,1),(4015,277,125,7,'745',1,1),(4016,277,126,7,'735',1,1),(4017,277,116,7,'694',2,1),(4018,277,117,7,'697',2,1),(4019,277,118,7,'703',2,1),(4020,277,119,7,'706',2,1),(4021,277,120,7,'711',2,1),(4022,277,121,7,'714',2,1),(4023,277,122,7,'720',2,1),(4024,277,124,7,'726',2,1),(4025,277,125,7,'745',2,1),(4026,277,126,7,'735',2,1),(4027,277,1141,10,'1870',1,1),(4028,277,1143,10,'1873',1,1),(4029,277,1144,10,'1881',1,1),(4030,277,1145,10,'1885',1,1),(4031,277,1146,10,'1886',1,1),(4032,277,1147,10,'1888',1,1),(4033,277,1148,10,'1890',1,1),(4034,277,1149,10,'1892',1,1),(4035,277,1150,10,'1894',1,1),(4036,277,1151,10,'1897',1,1),(4037,277,1152,10,'1899',1,1),(4038,277,1154,10,'1900',1,1),(4039,277,1155,10,'1902',1,NULL),(4040,277,1156,10,'1904',1,1),(4041,277,1193,10,'12230',1,1),(4042,248,211,15,'1180',1,1),(4043,248,212,15,'1185',1,1),(4044,248,213,15,'1188',1,NULL),(4045,248,214,15,'1191',1,NULL),(4046,248,215,15,'1193',1,1),(4047,248,211,15,'1180',2,1),(4048,248,212,15,'1185',2,1),(4049,248,213,15,'1187',2,NULL),(4050,248,214,15,'1192',2,1),(4051,248,215,15,'1193',2,1),(4052,248,591,25,'12150',1,NULL),(4053,248,592,25,'11847',1,1),(4054,248,593,25,'12163',1,NULL),(4055,248,702,25,'12166',1,1),(4056,248,703,25,'11860',1,NULL),(4057,248,704,25,'11862',1,1),(4058,248,705,25,'11863',1,NULL),(4059,248,706,25,'11868',1,1),(4060,248,707,25,'11873',1,1),(4061,248,712,25,'11892',1,1),(4062,248,713,25,'11894',1,NULL),(4063,248,591,25,'12149',2,NULL),(4064,248,592,25,'11847',2,1),(4065,248,593,25,'12160',2,NULL),(4066,248,702,25,'12166',2,1),(4067,248,703,25,'11857',2,NULL),(4068,248,704,25,'11862',2,1),(4069,248,705,25,'11864',2,1),(4070,248,706,25,'11869',2,NULL),(4071,248,707,25,'11873',2,1),(4072,248,712,25,'11892',2,1),(4073,248,713,25,'11895',2,1),(4074,248,591,25,'12151',3,1),(4075,248,592,25,'11847',3,1),(4076,248,593,25,'12158',3,NULL),(4077,248,702,25,'12166',3,1),(4078,248,703,25,'11859',3,1),(4079,248,704,25,'11862',3,1),(4080,248,705,25,'11864',3,1),(4081,248,706,25,'11868',3,1),(4082,248,707,25,'11873',3,1),(4083,248,712,25,'11892',3,1),(4084,248,713,25,'11895',3,1),(4085,248,1183,27,'12169',1,1),(4086,248,1184,27,'12172',1,1),(4087,248,1185,27,'12175',1,NULL),(4088,248,1186,27,'12182',1,1),(4089,248,1187,27,'12183',1,NULL),(4090,248,1188,27,'12185',1,NULL),(4091,248,1189,27,'12193',1,1),(4092,248,1190,27,'12194',1,1),(4093,248,1191,27,'12199',1,NULL),(4094,248,1192,27,'12206',1,1),(4095,248,1183,27,'12169',2,1),(4096,248,1184,27,'12172',2,1),(4097,248,1185,27,'12174',2,NULL),(4098,248,1186,27,'12182',2,1),(4099,248,1187,27,'12184',2,1),(4100,248,1188,27,'12186',2,NULL),(4101,248,1189,27,'12193',2,1),(4102,248,1190,27,'12194',2,1),(4103,248,1191,27,'12200',2,NULL),(4104,248,1192,27,'12206',2,1),(4105,248,1183,27,'12169',3,1),(4106,248,1184,27,'12172',3,1),(4107,248,1185,27,'12177',3,1),(4108,248,1186,27,'12182',3,1),(4109,248,1187,27,'12184',3,1),(4110,248,1188,27,'12187',3,1),(4111,248,1189,27,'12193',3,1),(4112,248,1190,27,'12194',3,1),(4113,248,1191,27,'12201',3,1),(4114,248,1192,27,'12206',3,1),(4115,248,1194,28,'12237',1,1),(4116,248,1195,28,'12240',1,1),(4117,248,1196,28,'12249',1,1),(4118,248,1197,28,'12254',1,NULL),(4119,248,1198,28,'12255',1,NULL),(4120,248,1199,28,'12260',1,1),(4121,248,1200,28,'12263',1,NULL),(4122,248,1194,28,'12237',2,1),(4123,248,1195,28,'12240',2,1),(4124,248,1196,28,'12249',2,1),(4125,248,1197,28,'12250',2,NULL),(4126,248,1198,28,'12259',2,1),(4127,248,1199,28,'12260',2,1),(4128,248,1200,28,'12264',2,NULL),(4129,248,1201,29,'12267',1,1),(4130,248,1202,29,'12271',1,1),(4131,248,1203,29,'12276',1,1),(4132,248,1204,29,'12277',1,1),(4133,248,1205,29,'12280',1,NULL),(4134,248,1206,29,'12288',1,1),(4135,248,1207,29,'12292',1,1),(4136,248,1208,29,'12297',1,NULL),(4137,248,1209,29,'12299',1,1),(4138,248,1210,29,'12303',1,NULL),(4139,248,1211,29,'12307',1,1),(4140,248,1212,29,'12310',1,1),(4141,248,1213,29,'12312',1,1),(4142,278,26,3,'463',1,1),(4143,278,27,3,'466',1,NULL),(4144,278,28,3,'467',1,1),(4145,278,29,3,'469',1,1),(4146,278,30,3,'471',1,1),(4147,278,31,3,'474',1,1),(4148,278,32,3,'476',1,NULL),(4149,278,33,3,'477',1,1),(4150,278,34,3,'12215',1,1),(4151,278,35,3,'485',1,1),(4152,278,36,3,'12224',1,1),(4153,278,37,3,'12207',1,1),(4154,278,38,3,'500',1,1),(4155,278,39,3,'509',1,NULL),(4156,278,40,3,'511',1,1),(4157,278,42,3,'12222',1,1),(4158,278,48,3,'526',1,1),(4159,278,67,5,'540',1,1),(4160,278,68,5,'544',1,1),(4161,278,70,5,'552',1,NULL),(4162,278,71,5,'553',1,1),(4163,278,72,5,'557',1,1),(4164,278,73,5,'565',1,1),(4165,278,74,5,'569',1,1),(4166,278,75,5,'575',1,1),(4167,278,78,5,'583',1,NULL),(4168,278,79,5,'588',1,1),(4169,278,80,5,'593',1,NULL),(4170,278,81,5,'576',1,1),(4171,278,88,5,'597',1,NULL),(4172,278,89,5,'600',1,1),(4173,278,67,5,'540',2,1),(4174,278,68,5,'544',2,1),(4175,278,69,5,'547',2,NULL),(4176,278,70,5,'552',2,NULL),(4177,278,71,5,'553',2,1),(4178,278,72,5,'557',2,1),(4179,278,73,5,'565',2,1),(4180,278,74,5,'569',2,1),(4181,278,75,5,'575',2,1),(4182,278,78,5,'582',2,1),(4183,278,79,5,'588',2,1),(4184,278,80,5,'592',2,1),(4185,278,81,5,'576',2,1),(4186,278,88,5,'594',2,NULL),(4187,278,89,5,'600',2,1),(4188,278,116,7,'694',1,1),(4189,278,117,7,'695',1,NULL),(4190,278,118,7,'704',1,NULL),(4191,278,119,7,'706',1,1),(4192,278,120,7,'711',1,1),(4193,278,121,7,'714',1,1),(4194,278,122,7,'720',1,1),(4195,278,124,7,'726',1,1),(4196,278,125,7,'745',1,1),(4197,278,126,7,'735',1,1),(4198,278,1141,10,'1870',1,1),(4199,278,1143,10,'1873',1,1),(4200,278,1144,10,'1881',1,1),(4201,278,1145,10,'1885',1,1),(4202,278,1146,10,'1886',1,1),(4203,278,1147,10,'1888',1,1),(4204,278,1148,10,'1890',1,1),(4205,278,1149,10,'1893',1,NULL),(4206,278,1150,10,'1894',1,1),(4207,278,1151,10,'1897',1,1),(4208,278,1152,10,'1899',1,1),(4209,278,1154,10,'1900',1,1),(4210,278,1155,10,'1902',1,NULL),(4211,278,1156,10,'1904',1,1),(4212,278,1193,10,'12230',1,1),(4213,264,201,14,'1141',1,NULL),(4214,264,202,14,'1147',1,NULL),(4215,264,203,14,'12231',1,NULL),(4216,264,204,14,'1157',1,1),(4217,264,205,14,'1162',1,1),(4218,264,206,14,'1163',1,1),(4219,264,207,14,'1166',1,NULL),(4220,264,208,14,'1168',1,NULL),(4221,264,209,14,'1172',1,NULL),(4222,264,210,14,'1179',1,1),(4223,264,201,14,'1145',2,NULL),(4224,264,202,14,'1146',2,1),(4225,264,203,14,'12234',2,NULL),(4226,264,204,14,'1157',2,1),(4227,264,206,14,'1163',2,1),(4228,264,207,14,'1165',2,1),(4229,264,208,14,'1170',2,NULL),(4230,264,209,14,'1173',2,NULL),(4231,264,210,14,'1179',2,1),(4232,264,201,14,'1143',3,NULL),(4233,264,202,14,'1146',3,1),(4234,264,203,14,'12233',3,NULL),(4235,264,204,14,'1157',3,1),(4236,264,205,14,'1162',3,1),(4237,264,206,14,'1163',3,1),(4238,264,207,14,'1165',3,1),(4239,264,208,14,'1169',3,1),(4240,264,209,14,'1173',3,NULL),(4241,264,210,14,'1179',3,1),(4242,278,201,14,'1141',1,NULL),(4243,278,202,14,'1146',1,1),(4244,278,203,14,'12234',1,NULL),(4245,278,204,14,'1157',1,1),(4246,278,205,14,'1162',1,1),(4247,278,206,14,'1163',1,1),(4248,278,207,14,'1165',1,1),(4249,278,208,14,'1169',1,1),(4250,278,209,14,'1174',1,1),(4251,278,210,14,'1179',1,1),(4252,264,201,14,'1144',4,NULL),(4253,264,202,14,'1146',4,1),(4254,264,203,14,'12235',4,1),(4255,264,204,14,'1157',4,1),(4256,264,205,14,'1162',4,1),(4257,264,206,14,'1163',4,1),(4258,264,207,14,'1165',4,1),(4259,264,208,14,'1169',4,1),(4260,264,209,14,'1174',4,1),(4261,264,210,14,'1179',4,1),(4262,278,211,15,'1180',1,1),(4263,278,212,15,'1182',1,NULL),(4264,278,213,15,'1189',1,1),(4265,278,214,15,'1192',1,1),(4266,278,215,15,'1194',1,NULL),(4267,278,211,15,'1181',2,NULL),(4268,278,212,15,'1183',2,NULL),(4269,278,213,15,'1189',2,1),(4270,278,214,15,'1192',2,1),(4271,278,215,15,'1193',2,1),(4272,264,211,15,'1180',1,1),(4273,264,212,15,'1185',1,1),(4274,264,213,15,'1189',1,1),(4275,264,214,15,'1191',1,NULL),(4276,264,215,15,'1194',1,NULL),(4277,264,211,15,'1180',2,1),(4278,264,212,15,'1185',2,1),(4279,264,213,15,'1189',2,1),(4280,264,214,15,'1192',2,1),(4281,264,215,15,'1193',2,1),(4282,278,211,15,'1180',3,1),(4283,278,212,15,'1184',3,NULL),(4284,278,213,15,'1189',3,1),(4285,278,214,15,'1192',3,1),(4286,278,215,15,'1193',3,1),(4287,264,591,25,'12150',1,NULL),(4288,264,592,25,'11847',1,1),(4289,264,593,25,'12162',1,1),(4290,264,702,25,'12167',1,NULL),(4291,264,703,25,'11858',1,NULL),(4292,264,704,25,'11861',1,NULL),(4293,264,705,25,'11863',1,NULL),(4294,264,706,25,'11867',1,NULL),(4295,264,707,25,'11871',1,NULL),(4296,264,712,25,'11892',1,1),(4297,264,713,25,'11894',1,NULL),(4298,264,591,25,'12149',2,NULL),(4299,264,592,25,'11847',2,1),(4300,264,593,25,'12162',2,1),(4301,264,702,25,'12166',2,1),(4302,264,703,25,'11859',2,1),(4303,264,704,25,'11861',2,NULL),(4304,264,705,25,'11864',2,1),(4305,264,706,25,'11869',2,NULL),(4306,264,707,25,'11874',2,NULL),(4307,264,712,25,'11892',2,1),(4308,264,713,25,'11895',2,1),(4309,264,591,25,'12150',3,NULL),(4310,264,592,25,'11847',3,1),(4311,264,593,25,'12162',3,1),(4312,264,702,25,'12166',3,1),(4313,264,703,25,'11859',3,1),(4314,264,704,25,'11862',3,1),(4315,264,705,25,'11864',3,1),(4316,264,706,25,'11870',3,NULL),(4317,264,707,25,'11873',3,1),(4318,264,712,25,'11892',3,1),(4319,264,713,25,'11895',3,1),(4320,264,1183,27,'12171',1,NULL),(4321,264,1184,27,'12172',1,1),(4322,264,1185,27,'12176',1,NULL),(4323,264,1186,27,'12181',1,NULL),(4324,264,1187,27,'12183',1,NULL),(4325,264,1188,27,'12187',1,1),(4326,264,1189,27,'12193',1,1),(4327,264,1190,27,'12195',1,NULL),(4328,264,1191,27,'12201',1,1),(4329,264,1192,27,'12206',1,1),(4330,264,1183,27,'12170',2,NULL),(4331,264,1184,27,'12172',2,1),(4332,264,1185,27,'12177',2,1),(4333,264,1186,27,'12182',2,1),(4334,264,1187,27,'12183',2,NULL),(4335,264,1188,27,'12186',2,NULL),(4336,264,1189,27,'12193',2,1),(4337,264,1190,27,'12196',2,NULL),(4338,264,1191,27,'12201',2,1),(4339,264,1192,27,'12206',2,1),(4340,264,1183,27,'12168',3,NULL),(4341,264,1184,27,'12172',3,1),(4342,264,1185,27,'12177',3,1),(4343,264,1186,27,'12182',3,1),(4344,264,1187,27,'12184',3,1),(4345,264,1188,27,'12185',3,NULL),(4346,264,1189,27,'12193',3,1),(4347,264,1190,27,'12194',3,1),(4348,264,1191,27,'12201',3,1),(4349,264,1192,27,'12206',3,1),(4350,264,1194,28,'12237',1,1),(4351,264,1195,28,'12240',1,1),(4352,264,1196,28,'12249',1,1),(4353,264,1197,28,'12254',1,NULL),(4354,264,1198,28,'12259',1,1),(4355,264,1200,28,'12263',1,NULL),(4356,264,1194,28,'12237',2,1),(4357,264,1195,28,'12240',2,1),(4358,264,1196,28,'12249',2,1),(4359,264,1197,28,'12251',2,1),(4360,264,1198,28,'12259',2,1),(4361,264,1199,28,'12260',2,1),(4362,264,1200,28,'12262',2,1),(4363,278,591,25,'12151',1,1),(4364,278,592,25,'11847',1,1),(4365,278,593,25,'12162',1,1),(4366,278,702,25,'12166',1,1),(4367,278,703,25,'11858',1,NULL),(4368,278,704,25,'11862',1,1),(4369,278,705,25,'11864',1,1),(4370,278,706,25,'11868',1,1),(4371,278,707,25,'11874',1,NULL),(4372,278,712,25,'11892',1,1),(4373,278,713,25,'11894',1,NULL),(4374,278,592,25,'11847',2,1),(4375,278,593,25,'12162',2,1),(4376,278,702,25,'12166',2,1),(4377,278,703,25,'11860',2,NULL),(4378,278,704,25,'11862',2,1),(4379,278,705,25,'11864',2,1),(4380,278,707,25,'11871',2,NULL),(4381,278,712,25,'11892',2,1),(4382,278,713,25,'11895',2,1),(4383,278,591,25,'12151',3,1),(4384,278,592,25,'11847',3,1),(4385,278,593,25,'12162',3,1),(4386,278,702,25,'12166',3,1),(4387,278,703,25,'11859',3,1),(4388,278,704,25,'11862',3,1),(4389,278,705,25,'11864',3,1),(4390,278,707,25,'11873',3,1),(4391,278,712,25,'11892',3,1),(4392,278,713,25,'11895',3,1),(4393,264,1201,29,'12267',1,1),(4394,264,1202,29,'12271',1,1),(4395,264,1203,29,'12276',1,1),(4396,264,1204,29,'12278',1,NULL),(4397,264,1205,29,'12281',1,1),(4398,264,1206,29,'12288',1,1),(4399,264,1207,29,'12292',1,1),(4400,264,1208,29,'12296',1,NULL),(4401,264,1209,29,'12300',1,NULL),(4402,264,1210,29,'12303',1,NULL),(4403,264,1211,29,'12307',1,1),(4404,264,1212,29,'12308',1,NULL),(4405,264,1213,29,'12312',1,1),(4406,264,1201,29,'12267',2,1),(4407,264,1202,29,'12271',2,1),(4408,264,1203,29,'12276',2,1),(4409,264,1204,29,'12277',2,1),(4410,264,1205,29,'12281',2,1),(4411,264,1206,29,'12288',2,1),(4412,264,1207,29,'12292',2,1),(4413,264,1208,29,'12295',2,1),(4414,264,1209,29,'12299',2,1),(4415,264,1210,29,'12302',2,1),(4416,264,1211,29,'12307',2,1),(4417,264,1212,29,'12310',2,1),(4418,264,1213,29,'12312',2,1),(4419,278,1201,29,'12267',1,1),(4420,278,1202,29,'12271',1,1),(4421,278,1203,29,'12276',1,1),(4422,278,1204,29,'12277',1,1),(4423,278,1205,29,'12281',1,1),(4424,278,1206,29,'12288',1,1),(4425,278,1207,29,'12292',1,1),(4426,278,1208,29,'12295',1,1),(4427,278,1209,29,'12299',1,1),(4428,278,1210,29,'12302',1,1),(4429,278,1211,29,'12307',1,1),(4430,278,1212,29,'12309',1,NULL),(4431,278,1213,29,'12312',1,1),(4432,278,1183,27,'12169',1,1),(4433,278,1184,27,'12172',1,1),(4434,278,1185,27,'12177',1,1),(4435,278,1186,27,'12180',1,NULL),(4436,278,1187,27,'12184',1,1),(4437,278,1188,27,'12187',1,1),(4438,278,1189,27,'12193',1,1),(4439,278,1190,27,'12194',1,1),(4440,278,1191,27,'12201',1,1),(4441,278,1192,27,'12206',1,1),(4442,278,1194,28,'12237',1,1),(4443,278,1195,28,'12240',1,1),(4444,278,1196,28,'12249',1,1),(4445,278,1197,28,'12251',1,1),(4446,278,1198,28,'12259',1,1),(4447,278,1199,28,'12260',1,1),(4448,278,1200,28,'12262',1,1),(4449,250,1141,10,'1870',1,1),(4450,250,1143,10,'1873',1,1),(4451,250,1144,10,'1881',1,1),(4452,250,1145,10,'1885',1,1),(4453,250,1146,10,'1886',1,1),(4454,250,1147,10,'1888',1,1),(4455,250,1148,10,'1890',1,1),(4456,250,1149,10,'1893',1,NULL),(4457,250,1150,10,'1894',1,1),(4458,250,1151,10,'1897',1,1),(4459,250,1152,10,'1898',1,NULL),(4460,250,1154,10,'1900',1,1),(4461,250,1155,10,'1902',1,NULL),(4462,250,1156,10,'1904',1,1),(4463,250,1193,10,'12230',1,1),(4464,250,201,14,'1141',1,NULL),(4465,250,202,14,'1147',1,NULL),(4466,250,203,14,'12234',1,NULL),(4467,250,204,14,'1157',1,1),(4468,250,205,14,'1162',1,1),(4469,250,206,14,'1163',1,1),(4470,250,207,14,'1166',1,NULL),(4471,250,208,14,'1169',1,1),(4472,250,209,14,'1174',1,1),(4473,250,210,14,'1179',1,1),(4474,250,201,14,'1145',2,NULL),(4475,250,202,14,'1146',2,1),(4476,250,203,14,'12235',2,1),(4477,250,204,14,'1157',2,1),(4478,250,205,14,'1162',2,1),(4479,250,206,14,'1163',2,1),(4480,250,207,14,'1165',2,1),(4481,250,208,14,'1169',2,1),(4482,250,209,14,'1174',2,1),(4483,250,210,14,'1179',2,1),(4484,250,211,15,'1180',1,1),(4485,250,212,15,'1183',1,NULL),(4486,250,213,15,'1189',1,1),(4487,250,214,15,'1191',1,NULL),(4488,250,215,15,'1193',1,1),(4489,250,211,15,'1180',2,1),(4490,250,212,15,'1185',2,1),(4491,250,213,15,'1189',2,1),(4492,250,214,15,'1192',2,1),(4493,250,215,15,'1193',2,1),(4494,250,591,25,'12151',1,1),(4495,250,592,25,'11847',1,1),(4496,250,593,25,'12162',1,1),(4497,250,702,25,'12166',1,1),(4498,250,703,25,'11858',1,NULL),(4499,250,704,25,'11862',1,1),(4500,250,705,25,'11863',1,NULL),(4501,250,706,25,'11870',1,NULL),(4502,250,707,25,'11873',1,1),(4503,250,712,25,'11892',1,1),(4504,250,713,25,'11894',1,NULL),(4505,250,591,25,'12151',2,1),(4506,250,592,25,'11847',2,1),(4507,250,593,25,'12162',2,1),(4508,250,702,25,'12166',2,1),(4509,250,703,25,'11860',2,NULL),(4510,250,704,25,'11862',2,1),(4511,250,705,25,'11864',2,1),(4512,250,706,25,'11868',2,1),(4513,250,707,25,'11873',2,1),(4514,250,712,25,'11892',2,1),(4515,250,713,25,'11895',2,1),(4516,250,1183,27,'12170',1,NULL),(4517,250,1184,27,'12172',1,1),(4518,250,1185,27,'12175',1,NULL),(4519,250,1186,27,'12181',1,NULL),(4520,250,1188,27,'12186',1,NULL),(4521,250,1189,27,'12193',1,1),(4522,250,1190,27,'12194',1,1),(4523,250,1191,27,'12201',1,1),(4524,250,1192,27,'12206',1,1),(4525,250,1183,27,'12171',2,NULL),(4526,250,1184,27,'12172',2,1),(4527,250,1185,27,'12177',2,1),(4528,250,1186,27,'12182',2,1),(4529,250,1187,27,'12183',2,NULL),(4530,250,1188,27,'12185',2,NULL),(4531,250,1189,27,'12193',2,1),(4532,250,1190,27,'12194',2,1),(4533,250,1191,27,'12201',2,1),(4534,250,1192,27,'12206',2,1),(4535,250,1183,27,'12169',3,1),(4536,250,1184,27,'12172',3,1),(4537,250,1185,27,'12177',3,1),(4538,250,1186,27,'12182',3,1),(4539,250,1187,27,'12184',3,1),(4540,250,1188,27,'12187',3,1),(4541,250,1189,27,'12193',3,1),(4542,250,1190,27,'12194',3,1),(4543,250,1191,27,'12201',3,1),(4544,250,1192,27,'12206',3,1),(4545,250,1194,28,'12238',1,NULL),(4546,250,1195,28,'12240',1,1),(4547,250,1196,28,'12248',1,NULL),(4548,250,1197,28,'12254',1,NULL),(4549,250,1198,28,'12259',1,1),(4550,250,1199,28,'12260',1,1),(4551,250,1200,28,'12263',1,NULL),(4552,250,1194,28,'12237',2,1),(4553,250,1195,28,'12240',2,1),(4554,250,1196,28,'12249',2,1),(4555,250,1197,28,'12250',2,NULL),(4556,250,1198,28,'12259',2,1),(4557,250,1199,28,'12260',2,1),(4558,250,1200,28,'12264',2,NULL),(4559,250,1201,29,'12267',1,1),(4560,250,1202,29,'12271',1,1),(4561,250,1203,29,'12276',1,1),(4562,250,1204,29,'12277',1,1),(4563,250,1205,29,'12282',1,NULL),(4564,250,1206,29,'12288',1,1),(4565,250,1207,29,'12292',1,1),(4566,250,1208,29,'12295',1,1),(4567,250,1209,29,'12299',1,1),(4568,250,1210,29,'12302',1,1),(4569,250,1211,29,'12307',1,1),(4570,250,1212,29,'12311',1,NULL),(4571,250,1213,29,'12312',1,1),(4572,280,26,3,'463',1,1),(4573,280,27,3,'466',1,NULL),(4574,280,28,3,'467',1,1),(4575,280,29,3,'470',1,NULL),(4576,280,30,3,'471',1,1),(4577,280,31,3,'474',1,1),(4578,280,32,3,'476',1,NULL),(4579,280,33,3,'477',1,1),(4580,280,34,3,'12215',1,1),(4581,280,35,3,'485',1,1),(4582,280,36,3,'12226',1,NULL),(4583,280,37,3,'12207',1,1),(4584,280,38,3,'500',1,1),(4585,280,39,3,'508',1,1),(4586,280,40,3,'511',1,1),(4587,280,42,3,'12222',1,1),(4588,280,48,3,'526',1,1),(4589,280,26,3,'463',2,1),(4590,280,27,3,'465',2,1),(4591,280,28,3,'467',2,1),(4592,280,29,3,'469',2,1),(4593,280,30,3,'471',2,1),(4594,280,31,3,'474',2,1),(4595,280,32,3,'476',2,NULL),(4596,280,33,3,'477',2,1),(4597,280,34,3,'12215',2,1),(4598,280,35,3,'485',2,1),(4599,280,36,3,'12226',2,NULL),(4600,280,37,3,'12207',2,1),(4601,280,38,3,'500',2,1),(4602,280,39,3,'508',2,1),(4603,280,40,3,'511',2,1),(4604,280,42,3,'12222',2,1),(4605,280,48,3,'526',2,1),(4606,280,67,5,'540',1,1),(4607,280,68,5,'544',1,1),(4608,280,69,5,'548',1,NULL),(4609,280,70,5,'551',1,1),(4610,280,71,5,'553',1,1),(4611,280,72,5,'557',1,1),(4612,280,73,5,'565',1,1),(4613,280,74,5,'569',1,1),(4614,280,75,5,'575',1,1),(4615,280,78,5,'580',1,NULL),(4616,280,79,5,'588',1,1),(4617,280,80,5,'593',1,NULL),(4618,280,81,5,'576',1,1),(4619,280,88,5,'595',1,NULL),(4620,280,89,5,'600',1,1),(4621,280,67,5,'540',2,1),(4622,280,68,5,'544',2,1),(4623,280,69,5,'546',2,1),(4624,280,70,5,'551',2,1),(4625,280,71,5,'553',2,1),(4626,280,72,5,'557',2,1),(4627,280,73,5,'565',2,1),(4628,280,74,5,'569',2,1),(4629,280,75,5,'575',2,1),(4630,280,78,5,'582',2,1),(4631,280,79,5,'588',2,1),(4632,280,80,5,'590',2,NULL),(4633,280,81,5,'576',2,1),(4634,280,88,5,'596',2,1),(4635,280,89,5,'600',2,1),(4636,280,116,7,'694',1,1),(4637,280,117,7,'695',1,NULL),(4638,280,118,7,'704',1,NULL),(4639,280,119,7,'706',1,1),(4640,280,120,7,'711',1,1),(4641,280,121,7,'714',1,1),(4642,280,122,7,'720',1,1),(4643,280,124,7,'726',1,1),(4644,280,125,7,'745',1,1),(4645,280,126,7,'735',1,1),(4646,277,201,14,'1142',1,1),(4647,277,202,14,'1146',1,1),(4648,277,203,14,'12235',1,1),(4649,277,204,14,'1157',1,1),(4650,277,205,14,'1162',1,1),(4651,277,206,14,'1163',1,1),(4652,277,207,14,'1165',1,1),(4653,277,208,14,'1169',1,1),(4654,277,209,14,'1174',1,1),(4655,277,210,14,'1179',1,1),(4656,261,1194,28,'12237',1,1),(4657,261,1195,28,'12240',1,1),(4658,261,1196,28,'12249',1,1),(4659,261,1197,28,'12251',1,1),(4660,261,1198,28,'12259',1,1),(4661,261,1199,28,'12260',1,1),(4662,261,1200,28,'12262',1,1),(4663,261,1201,29,'12267',1,1),(4664,261,1202,29,'12271',1,1),(4665,261,1203,29,'12276',1,1),(4666,261,1204,29,'12277',1,1),(4667,261,1205,29,'12280',1,NULL),(4668,261,1206,29,'12288',1,1),(4669,261,1207,29,'12292',1,1),(4670,261,1208,29,'12295',1,1),(4671,261,1209,29,'12299',1,1),(4672,261,1210,29,'12303',1,NULL),(4673,261,1211,29,'12307',1,1),(4674,261,1212,29,'12310',1,1),(4675,261,1213,29,'12312',1,1),(4676,282,26,3,'463',1,1),(4677,282,27,3,'465',1,1),(4678,282,28,3,'467',1,1),(4679,282,29,3,'469',1,1),(4680,282,30,3,'471',1,1),(4681,282,31,3,'474',1,1),(4682,282,32,3,'475',1,1),(4683,282,33,3,'477',1,1),(4684,282,34,3,'12215',1,1),(4685,282,35,3,'485',1,1),(4686,282,36,3,'12225',1,NULL),(4687,282,37,3,'12207',1,1),(4688,282,38,3,'500',1,1),(4689,282,39,3,'508',1,1),(4690,282,40,3,'511',1,1),(4691,282,42,3,'12217',1,NULL),(4692,282,48,3,'526',1,1),(4693,282,67,5,'540',1,1),(4694,282,68,5,'544',1,1),(4695,282,69,5,'545',1,NULL),(4696,282,70,5,'551',1,1),(4697,282,71,5,'553',1,1),(4698,282,72,5,'557',1,1),(4699,282,73,5,'561',1,NULL),(4700,282,74,5,'569',1,1),(4701,282,75,5,'575',1,1),(4702,282,78,5,'583',1,NULL),(4703,282,79,5,'588',1,1),(4704,282,80,5,'593',1,NULL),(4705,282,81,5,'579',1,NULL),(4706,282,88,5,'596',1,1),(4707,282,89,5,'600',1,1),(4708,283,26,3,'463',1,1),(4709,283,27,3,'465',1,1),(4710,283,28,3,'468',1,NULL),(4711,283,29,3,'469',1,1),(4712,283,30,3,'471',1,1),(4713,283,31,3,'474',1,1),(4714,283,32,3,'475',1,1),(4715,283,33,3,'477',1,1),(4716,283,34,3,'12215',1,1),(4717,283,35,3,'485',1,1),(4718,283,36,3,'12224',1,1),(4719,283,37,3,'12207',1,1),(4720,283,38,3,'500',1,1),(4721,283,39,3,'508',1,1),(4722,283,40,3,'511',1,1),(4723,283,42,3,'12222',1,1),(4724,283,48,3,'526',1,1),(4725,282,67,5,'540',2,1),(4726,282,68,5,'544',2,1),(4727,282,69,5,'546',2,1),(4728,282,70,5,'551',2,1),(4729,282,71,5,'553',2,1),(4730,282,72,5,'557',2,1),(4731,282,73,5,'565',2,1),(4732,282,74,5,'569',2,1),(4733,282,75,5,'575',2,1),(4734,282,78,5,'582',2,1),(4735,282,79,5,'588',2,1),(4736,282,80,5,'593',2,NULL),(4737,282,81,5,'576',2,1),(4738,282,88,5,'596',2,1),(4739,282,89,5,'600',2,1),(4740,283,67,5,'540',1,1),(4741,283,68,5,'544',1,1),(4742,283,69,5,'546',1,1),(4743,283,70,5,'551',1,1),(4744,283,71,5,'553',1,1),(4745,283,72,5,'557',1,1),(4746,283,73,5,'565',1,1),(4747,283,74,5,'569',1,1),(4748,283,75,5,'575',1,1),(4749,283,78,5,'582',1,1),(4750,283,79,5,'588',1,1),(4751,283,80,5,'592',1,1),(4752,283,81,5,'576',1,1),(4753,283,88,5,'596',1,1),(4754,283,89,5,'600',1,1),(4755,283,116,7,'694',1,1),(4756,283,117,7,'697',1,1),(4757,283,118,7,'704',1,NULL),(4758,283,119,7,'706',1,1),(4759,283,120,7,'711',1,1),(4760,283,121,7,'714',1,1),(4761,283,122,7,'720',1,1),(4762,283,124,7,'726',1,1),(4763,283,125,7,'745',1,1),(4764,283,126,7,'735',1,1),(4765,284,26,3,'463',1,1),(4766,284,27,3,'466',1,NULL),(4767,284,28,3,'467',1,1),(4768,284,29,3,'469',1,1),(4769,284,30,3,'471',1,1),(4770,284,31,3,'474',1,1),(4771,284,32,3,'475',1,1),(4772,284,33,3,'477',1,1),(4773,284,34,3,'12215',1,1),(4774,284,35,3,'485',1,1),(4775,284,36,3,'12224',1,1),(4776,284,37,3,'12207',1,1),(4777,284,38,3,'500',1,1),(4778,284,39,3,'508',1,1),(4779,284,40,3,'511',1,1),(4780,284,42,3,'12222',1,1),(4781,284,48,3,'526',1,1),(4782,284,26,3,'463',2,1),(4783,284,27,3,'466',2,NULL),(4784,284,28,3,'467',2,1),(4785,284,29,3,'469',2,1),(4786,284,30,3,'471',2,1),(4787,284,31,3,'474',2,1),(4788,284,32,3,'475',2,1),(4789,284,33,3,'477',2,1),(4790,284,34,3,'12215',2,1),(4791,284,35,3,'485',2,1),(4792,284,36,3,'12224',2,1),(4793,284,37,3,'12207',2,1),(4794,284,38,3,'500',2,1),(4795,284,39,3,'508',2,1),(4796,284,40,3,'511',2,1),(4797,284,42,3,'12222',2,1),(4798,284,48,3,'526',2,1),(4799,271,67,5,'540',1,1),(4800,271,68,5,'544',1,1),(4801,271,69,5,'548',1,NULL),(4802,271,70,5,'551',1,1),(4803,271,71,5,'553',1,1),(4804,271,72,5,'557',1,1),(4805,271,73,5,'565',1,1),(4806,271,74,5,'569',1,1),(4807,271,75,5,'575',1,1),(4808,271,78,5,'582',1,1),(4809,271,79,5,'588',1,1),(4810,271,80,5,'593',1,NULL),(4811,271,81,5,'576',1,1),(4812,271,88,5,'597',1,NULL),(4813,271,89,5,'600',1,1),(4814,284,116,7,'694',1,1),(4815,284,117,7,'697',1,1),(4816,284,118,7,'703',1,1),(4817,284,119,7,'706',1,1),(4818,284,120,7,'711',1,1),(4819,284,121,7,'714',1,1),(4820,284,122,7,'720',1,1),(4821,284,124,7,'726',1,1),(4822,284,125,7,'745',1,1),(4823,284,126,7,'735',1,1),(4824,284,67,5,'540',1,1),(4825,284,68,5,'544',1,1),(4826,284,69,5,'548',1,NULL),(4827,284,70,5,'551',1,1),(4828,284,71,5,'553',1,1),(4829,284,72,5,'557',1,1),(4830,284,73,5,'565',1,1),(4831,284,74,5,'569',1,1),(4832,284,75,5,'575',1,1),(4833,284,78,5,'582',1,1),(4834,284,79,5,'588',1,1),(4835,284,80,5,'593',1,NULL),(4836,284,81,5,'576',1,1),(4837,284,88,5,'597',1,NULL),(4838,284,89,5,'600',1,1),(4839,271,116,7,'694',1,1),(4840,271,117,7,'697',1,1),(4841,271,118,7,'703',1,1),(4842,271,119,7,'706',1,1),(4843,271,120,7,'711',1,1),(4844,271,121,7,'714',1,1),(4845,271,122,7,'720',1,1),(4846,271,124,7,'726',1,1),(4847,271,125,7,'745',1,1),(4848,271,126,7,'735',1,1),(4849,284,201,14,'1141',1,NULL),(4850,284,202,14,'1146',1,1),(4851,284,203,14,'12234',1,NULL),(4852,284,204,14,'1157',1,1),(4853,284,205,14,'1162',1,1),(4854,284,206,14,'1163',1,1),(4855,284,207,14,'1165',1,1),(4856,284,208,14,'1169',1,1),(4857,284,209,14,'1174',1,1),(4858,284,210,14,'1179',1,1),(4859,271,1141,10,'1870',1,1),(4860,271,1143,10,'1873',1,1),(4861,271,1144,10,'1881',1,1),(4862,271,1145,10,'1885',1,1),(4863,271,1146,10,'1886',1,1),(4864,271,1147,10,'1888',1,1),(4865,271,1148,10,'1890',1,1),(4866,271,1149,10,'1892',1,1),(4867,271,1150,10,'1894',1,1),(4868,271,1151,10,'1897',1,1),(4869,271,1152,10,'1898',1,NULL),(4870,271,1154,10,'1900',1,1),(4871,271,1155,10,'1902',1,NULL),(4872,271,1156,10,'1904',1,1),(4873,271,1193,10,'12230',1,1),(4874,271,201,14,'1141',1,NULL),(4875,271,202,14,'1146',1,1),(4876,271,203,14,'12234',1,NULL),(4877,271,204,14,'1157',1,1),(4878,271,205,14,'1162',1,1),(4879,271,206,14,'1163',1,1),(4880,271,207,14,'1165',1,1),(4881,271,208,14,'1169',1,1),(4882,271,209,14,'1174',1,1),(4883,271,210,14,'1179',1,1),(4884,284,1141,10,'1870',1,1),(4885,284,1143,10,'1873',1,1),(4886,284,1144,10,'1881',1,1),(4887,284,1145,10,'1885',1,1),(4888,284,1146,10,'1886',1,1),(4889,284,1147,10,'1888',1,1),(4890,284,1148,10,'1890',1,1),(4891,284,1149,10,'1892',1,1),(4892,284,1150,10,'1894',1,1),(4893,284,1151,10,'1897',1,1),(4894,284,1152,10,'1899',1,1),(4895,284,1154,10,'1900',1,1),(4896,284,1155,10,'1903',1,1),(4897,284,1156,10,'1904',1,1),(4898,284,1193,10,'12230',1,1),(4899,284,211,15,'1180',1,1),(4900,284,212,15,'1185',1,1),(4901,284,213,15,'1189',1,1),(4902,284,214,15,'1192',1,1),(4903,284,215,15,'1193',1,1),(4904,271,591,25,'12151',1,1),(4905,271,592,25,'11847',1,1),(4906,271,593,25,'12162',1,1),(4907,271,702,25,'12166',1,1),(4908,271,703,25,'11859',1,1),(4909,271,704,25,'11862',1,1),(4910,271,705,25,'11864',1,1),(4911,271,706,25,'11868',1,1),(4912,271,707,25,'11873',1,1),(4913,271,712,25,'11892',1,1),(4914,271,713,25,'11894',1,NULL),(4915,284,591,25,'12151',1,1),(4916,284,592,25,'11847',1,1),(4917,284,593,25,'12162',1,1),(4918,284,702,25,'12166',1,1),(4919,284,703,25,'11859',1,1),(4920,284,704,25,'11862',1,1),(4921,284,705,25,'11864',1,1),(4922,284,706,25,'11868',1,1),(4923,284,707,25,'11873',1,1),(4924,284,712,25,'11892',1,1),(4925,284,713,25,'11894',1,NULL),(4926,271,211,15,'1180',1,1),(4927,271,212,15,'1185',1,1),(4928,271,213,15,'1189',1,1),(4929,271,214,15,'1192',1,1),(4930,271,215,15,'1193',1,1),(4931,271,1183,27,'12169',1,1),(4932,271,1184,27,'12172',1,1),(4933,271,1185,27,'12175',1,NULL),(4934,271,1186,27,'12182',1,1),(4935,271,1187,27,'12183',1,NULL),(4936,271,1188,27,'12187',1,1),(4937,271,1189,27,'12193',1,1),(4938,271,1190,27,'12194',1,1),(4939,271,1191,27,'12201',1,1),(4940,271,1192,27,'12206',1,1),(4941,284,1194,28,'12237',1,1),(4942,284,1195,28,'12240',1,1),(4943,284,1196,28,'12248',1,NULL),(4944,284,1197,28,'12254',1,NULL),(4945,284,1198,28,'12259',1,1),(4946,284,1199,28,'12260',1,1),(4947,284,1200,28,'12263',1,NULL),(4948,284,1194,28,'12237',2,1),(4949,284,1195,28,'12240',2,1),(4950,284,1196,28,'12249',2,1),(4951,284,1197,28,'12252',2,NULL),(4952,284,1198,28,'12259',2,1),(4953,284,1199,28,'12260',2,1),(4954,284,1200,28,'12262',2,1),(4955,284,1183,27,'12169',1,1),(4956,284,1184,27,'12172',1,1),(4957,284,1185,27,'12177',1,1),(4958,284,1186,27,'12182',1,1),(4959,284,1187,27,'12183',1,NULL),(4960,284,1188,27,'12187',1,1),(4961,284,1189,27,'12193',1,1),(4962,284,1190,27,'12194',1,1),(4963,284,1191,27,'12201',1,1),(4964,284,1192,27,'12206',1,1),(4965,271,1201,29,'12267',1,1),(4966,271,1202,29,'12271',1,1),(4967,271,1203,29,'12276',1,1),(4968,271,1204,29,'12278',1,NULL),(4969,271,1205,29,'12281',1,1),(4970,271,1206,29,'12288',1,1),(4971,271,1207,29,'12292',1,1),(4972,271,1208,29,'12295',1,1),(4973,271,1209,29,'12299',1,1),(4974,271,1210,29,'12302',1,1),(4975,271,1211,29,'12307',1,1),(4976,271,1212,29,'12308',1,NULL),(4977,271,1213,29,'12312',1,1),(4978,284,1201,29,'12267',1,1),(4979,284,1202,29,'12271',1,1),(4980,284,1203,29,'12276',1,1),(4981,284,1204,29,'12278',1,NULL),(4982,284,1205,29,'12281',1,1),(4983,284,1206,29,'12288',1,1),(4984,284,1207,29,'12292',1,1),(4985,284,1208,29,'12295',1,1),(4986,284,1209,29,'12299',1,1),(4987,284,1210,29,'12302',1,1),(4988,284,1211,29,'12307',1,1),(4989,284,1212,29,'12308',1,NULL),(4990,284,1213,29,'12312',1,1),(4991,271,1194,28,'12237',1,1),(4992,271,1195,28,'12240',1,1),(4993,271,1196,28,'12249',1,1),(4994,271,1197,28,'12252',1,NULL),(4995,271,1198,28,'12259',1,1),(4996,271,1199,28,'12260',1,1),(4997,271,1200,28,'12262',1,1),(4998,280,1141,10,'1870',1,1),(4999,280,1143,10,'1873',1,1),(5000,280,1144,10,'1881',1,1),(5001,280,1145,10,'1885',1,1),(5002,280,1146,10,'1886',1,1),(5003,280,1147,10,'1888',1,1),(5004,280,1148,10,'1890',1,1),(5005,280,1149,10,'1892',1,1),(5006,280,1150,10,'1895',1,NULL),(5007,280,1151,10,'1897',1,1),(5008,280,1152,10,'1899',1,1),(5009,280,1154,10,'1900',1,1),(5010,280,1155,10,'1902',1,NULL),(5011,280,1156,10,'1904',1,1),(5012,280,1193,10,'12230',1,1),(5013,280,201,14,'1141',1,NULL),(5014,280,202,14,'1146',1,1),(5015,280,203,14,'12233',1,NULL),(5016,280,204,14,'1157',1,1),(5017,280,205,14,'1162',1,1),(5018,280,206,14,'1163',1,1),(5019,280,207,14,'1166',1,NULL),(5020,280,208,14,'1168',1,NULL),(5021,280,209,14,'1171',1,NULL),(5022,280,210,14,'1179',1,1),(5023,280,201,14,'1145',2,NULL),(5024,280,202,14,'1146',2,1),(5025,280,203,14,'12234',2,NULL),(5026,280,204,14,'1157',2,1),(5027,280,205,14,'1162',2,1),(5028,280,206,14,'1163',2,1),(5029,280,207,14,'1167',2,NULL),(5030,280,208,14,'1169',2,1),(5031,280,209,14,'1172',2,NULL),(5032,280,210,14,'1179',2,1),(5033,280,201,14,'1144',3,NULL),(5034,280,202,14,'1146',3,1),(5035,280,203,14,'12235',3,1),(5036,280,204,14,'1157',3,1),(5037,280,205,14,'1162',3,1),(5038,280,206,14,'1163',3,1),(5039,280,207,14,'1165',3,1),(5040,280,208,14,'1169',3,1),(5041,280,209,14,'1174',3,1),(5042,280,210,14,'1179',3,1),(5043,280,211,15,'1180',1,1),(5044,280,212,15,'1185',1,1),(5045,280,213,15,'1189',1,1),(5046,280,214,15,'1192',1,1),(5047,280,215,15,'1194',1,NULL),(5048,280,591,25,'12149',1,NULL),(5049,280,592,25,'11847',1,1),(5050,280,593,25,'12160',1,NULL),(5051,280,702,25,'12166',1,1),(5052,280,703,25,'11859',1,1),(5053,280,704,25,'11862',1,1),(5054,280,705,25,'11863',1,NULL),(5055,280,706,25,'11868',1,1),(5056,280,707,25,'11873',1,1),(5057,280,712,25,'11892',1,1),(5058,280,713,25,'11894',1,NULL),(5059,280,591,25,'12150',2,NULL),(5060,280,592,25,'11847',2,1),(5061,280,593,25,'12162',2,1),(5062,280,702,25,'12166',2,1),(5063,280,703,25,'11859',2,1),(5064,280,704,25,'11862',2,1),(5065,280,705,25,'11864',2,1),(5066,280,706,25,'11868',2,1),(5067,280,707,25,'11873',2,1),(5068,280,712,25,'11892',2,1),(5069,280,713,25,'11895',2,1),(5070,280,1183,27,'12169',1,1),(5071,280,1184,27,'12172',1,1),(5072,280,1185,27,'12174',1,NULL),(5073,280,1186,27,'12182',1,1),(5074,280,1187,27,'12184',1,1),(5075,280,1188,27,'12187',1,1),(5076,280,1189,27,'12193',1,1),(5077,280,1190,27,'12194',1,1),(5078,280,1191,27,'12197',1,NULL),(5079,280,1192,27,'12206',1,1),(5080,280,1194,28,'12237',1,1),(5081,280,1195,28,'12240',1,1),(5082,280,1196,28,'12249',1,1),(5083,280,1197,28,'12254',1,NULL),(5084,280,1198,28,'12259',1,1),(5085,280,1199,28,'12260',1,1),(5086,280,1200,28,'12262',1,1),(5087,280,1201,29,'12267',1,1),(5088,280,1202,29,'12271',1,1),(5089,280,1203,29,'12276',1,1),(5090,280,1204,29,'12277',1,1),(5091,280,1205,29,'12281',1,1),(5092,280,1206,29,'12288',1,1),(5093,280,1207,29,'12290',1,NULL),(5094,280,1208,29,'12295',1,1),(5095,280,1209,29,'12299',1,1),(5096,280,1210,29,'12303',1,NULL),(5097,280,1211,29,'12307',1,1),(5098,280,1212,29,'12311',1,NULL),(5099,280,1213,29,'12312',1,1),(5100,269,1194,28,'12237',1,1),(5101,269,1195,28,'12240',1,1),(5102,269,1196,28,'12247',1,NULL),(5103,269,1197,28,'12254',1,NULL),(5104,269,1198,28,'12259',1,1),(5105,269,1199,28,'12260',1,1),(5106,269,1200,28,'12263',1,NULL),(5107,269,1194,28,'12237',2,1),(5108,269,1195,28,'12240',2,1),(5109,269,1196,28,'12248',2,NULL),(5110,269,1197,28,'12254',2,NULL),(5111,269,1198,28,'12259',2,1),(5112,269,1199,28,'12260',2,1),(5113,269,1200,28,'12264',2,NULL),(5114,269,1194,28,'12237',3,1),(5115,269,1195,28,'12240',3,1),(5116,269,1196,28,'12249',3,1),(5117,269,1197,28,'12252',3,NULL),(5118,269,1198,28,'12259',3,1),(5119,269,1199,28,'12260',3,1),(5120,269,1200,28,'12262',3,1),(5121,269,1201,29,'12267',1,1),(5122,269,1202,29,'12268',1,NULL),(5123,269,1203,29,'12276',1,1),(5124,269,1204,29,'12277',1,1),(5125,269,1205,29,'12281',1,1),(5126,269,1206,29,'12288',1,1),(5127,269,1207,29,'12292',1,1),(5128,269,1208,29,'12295',1,1),(5129,269,1209,29,'12299',1,1),(5130,269,1210,29,'12302',1,1),(5131,269,1211,29,'12307',1,1),(5132,269,1212,29,'12310',1,1),(5133,269,1213,29,'12312',1,1),(5134,277,591,25,'12151',1,1),(5135,277,592,25,'11847',1,1),(5136,277,593,25,'12162',1,1),(5137,277,702,25,'12166',1,1),(5138,277,703,25,'11859',1,1),(5139,277,704,25,'11862',1,1),(5140,277,705,25,'11864',1,1),(5141,277,706,25,'11868',1,1),(5142,277,707,25,'11873',1,1),(5143,277,712,25,'11891',1,NULL),(5144,277,713,25,'11894',1,NULL),(5145,262,26,3,'463',1,1),(5146,262,27,3,'465',1,1),(5147,262,28,3,'468',1,NULL),(5148,262,29,3,'469',1,1),(5149,262,30,3,'471',1,1),(5150,262,31,3,'474',1,1),(5151,262,32,3,'475',1,1),(5152,262,33,3,'477',1,1),(5153,262,34,3,'12216',1,NULL),(5154,262,35,3,'485',1,1),(5155,262,36,3,'12224',1,1),(5156,262,37,3,'12207',1,1),(5157,262,38,3,'500',1,1),(5158,262,39,3,'508',1,1),(5159,262,40,3,'511',1,1),(5160,262,42,3,'12222',1,1),(5161,262,48,3,'526',1,1),(5162,262,67,5,'540',1,1),(5163,262,68,5,'544',1,1),(5164,262,69,5,'546',1,1),(5165,262,70,5,'551',1,1),(5166,262,71,5,'553',1,1),(5167,262,72,5,'557',1,1),(5168,262,73,5,'565',1,1),(5169,262,74,5,'569',1,1),(5170,262,75,5,'575',1,1),(5171,262,78,5,'582',1,1),(5172,262,79,5,'588',1,1),(5173,262,80,5,'592',1,1),(5174,262,81,5,'576',1,1),(5175,262,88,5,'596',1,1),(5176,262,89,5,'600',1,1),(5177,262,116,7,'694',1,1),(5178,262,117,7,'697',1,1),(5179,262,118,7,'703',1,1),(5180,262,119,7,'706',1,1),(5181,262,120,7,'711',1,1),(5182,262,121,7,'714',1,1),(5183,262,122,7,'720',1,1),(5184,262,124,7,'726',1,1),(5185,262,125,7,'745',1,1),(5186,262,126,7,'735',1,1),(5187,262,1141,10,'1870',1,1),(5188,262,1143,10,'1873',1,1),(5189,262,1144,10,'1881',1,1),(5190,262,1145,10,'1885',1,1),(5191,262,1146,10,'1886',1,1),(5192,262,1147,10,'1888',1,1),(5193,262,1148,10,'1890',1,1),(5194,262,1149,10,'1893',1,NULL),(5195,262,1150,10,'1894',1,1),(5196,262,1151,10,'1897',1,1),(5197,262,1152,10,'1899',1,1),(5198,262,1154,10,'1900',1,1),(5199,262,1155,10,'1902',1,NULL),(5200,262,1156,10,'1904',1,1),(5201,262,1193,10,'12230',1,1),(5202,262,201,14,'1142',1,1),(5203,262,202,14,'1146',1,1),(5204,262,203,14,'12235',1,1),(5205,262,204,14,'1157',1,1),(5206,262,205,14,'1162',1,1),(5207,262,206,14,'1163',1,1),(5208,262,207,14,'1167',1,NULL),(5209,262,208,14,'1169',1,1),(5210,262,209,14,'1174',1,1),(5211,262,210,14,'1179',1,1),(5212,262,1183,27,'12168',1,NULL),(5213,262,1184,27,'12172',1,1),(5214,262,1185,27,'12177',1,1),(5215,262,1186,27,'12182',1,1),(5216,262,1187,27,'12183',1,NULL),(5217,262,1188,27,'12186',1,NULL),(5218,262,1189,27,'12193',1,1),(5219,262,1190,27,'12195',1,NULL),(5220,262,1191,27,'12201',1,1),(5221,262,1192,27,'12206',1,1),(5222,275,26,3,'463',1,1),(5223,275,27,3,'465',1,1),(5224,275,28,3,'467',1,1),(5225,275,29,3,'469',1,1),(5226,275,30,3,'471',1,1),(5227,275,31,3,'474',1,1),(5228,275,32,3,'475',1,1),(5229,275,34,3,'12215',1,1),(5230,275,35,3,'485',1,1),(5231,275,36,3,'12224',1,1),(5232,275,37,3,'12207',1,1),(5233,275,38,3,'500',1,1),(5234,275,39,3,'508',1,1),(5235,275,40,3,'511',1,1),(5236,275,42,3,'12222',1,1),(5237,275,48,3,'526',1,1),(5238,251,1194,28,'12237',1,1),(5239,251,1195,28,'12240',1,1),(5240,251,1196,28,'12249',1,1),(5241,251,1197,28,'12251',1,1),(5242,251,1198,28,'12259',1,1),(5243,251,1199,28,'12260',1,1),(5244,251,1200,28,'12262',1,1),(5245,275,67,5,'540',1,1),(5246,275,68,5,'544',1,1),(5247,275,69,5,'546',1,1),(5248,275,70,5,'551',1,1),(5249,275,71,5,'553',1,1),(5250,275,72,5,'557',1,1),(5251,275,73,5,'565',1,1),(5252,275,74,5,'569',1,1),(5253,275,75,5,'575',1,1),(5254,275,78,5,'582',1,1),(5255,275,79,5,'588',1,1),(5256,275,80,5,'592',1,1),(5257,275,81,5,'576',1,1),(5258,275,88,5,'596',1,1),(5259,275,89,5,'600',1,1),(5260,275,116,7,'694',1,1),(5261,275,117,7,'697',1,1),(5262,275,118,7,'703',1,1),(5263,275,119,7,'706',1,1),(5264,275,120,7,'711',1,1),(5265,275,121,7,'714',1,1),(5266,275,122,7,'720',1,1),(5267,275,124,7,'726',1,1),(5268,275,125,7,'745',1,1),(5269,275,126,7,'735',1,1),(5270,253,1194,28,'12237',1,1),(5271,253,1195,28,'12240',1,1),(5272,253,1196,28,'12249',1,1),(5273,253,1197,28,'12250',1,NULL),(5274,253,1198,28,'12259',1,1),(5275,253,1199,28,'12260',1,1),(5276,253,1200,28,'12262',1,1),(5277,275,1141,10,'1870',1,1),(5278,275,1143,10,'1873',1,1),(5279,275,1144,10,'1881',1,1),(5280,275,1145,10,'1885',1,1),(5281,275,1146,10,'1886',1,1),(5282,275,1147,10,'1888',1,1),(5283,275,1148,10,'1890',1,1),(5284,275,1149,10,'1892',1,1),(5285,275,1150,10,'1894',1,1),(5286,275,1151,10,'1897',1,1),(5287,275,1152,10,'1899',1,1),(5288,275,1154,10,'1900',1,1),(5289,275,1155,10,'1902',1,NULL),(5290,275,1156,10,'1904',1,1),(5291,275,1193,10,'12230',1,1),(5292,260,1201,29,'12267',1,1),(5293,260,1202,29,'12271',1,1),(5294,260,1203,29,'12276',1,1),(5295,260,1204,29,'12278',1,NULL),(5296,260,1205,29,'12281',1,1),(5297,260,1206,29,'12288',1,1),(5298,260,1207,29,'12292',1,1),(5299,260,1208,29,'12295',1,1),(5300,260,1209,29,'12299',1,1),(5301,260,1210,29,'12301',1,NULL),(5302,260,1211,29,'12307',1,1),(5303,260,1212,29,'12310',1,1),(5304,260,1213,29,'12312',1,1),(5305,260,1194,28,'12237',1,1),(5306,260,1195,28,'12240',1,1),(5307,260,1196,28,'12249',1,1),(5308,260,1197,28,'12251',1,1),(5309,260,1198,28,'12259',1,1),(5310,260,1199,28,'12260',1,1),(5311,260,1200,28,'12263',1,NULL),(5312,285,26,3,'463',1,1),(5313,285,27,3,'465',1,1),(5314,285,28,3,'467',1,1),(5315,285,29,3,'469',1,1),(5316,285,30,3,'471',1,1),(5317,285,31,3,'474',1,1),(5318,285,32,3,'475',1,1),(5319,285,33,3,'477',1,1),(5320,285,34,3,'12215',1,1),(5321,285,35,3,'485',1,1),(5322,285,36,3,'12226',1,NULL),(5323,285,37,3,'12209',1,NULL),(5324,285,38,3,'500',1,1),(5325,285,39,3,'508',1,1),(5326,285,40,3,'511',1,1),(5327,285,42,3,'12222',1,1),(5328,285,48,3,'526',1,1),(5329,285,67,5,'540',1,1),(5330,285,68,5,'544',1,1),(5331,285,69,5,'546',1,1),(5332,285,70,5,'551',1,1),(5333,285,71,5,'553',1,1),(5334,285,72,5,'557',1,1),(5335,285,73,5,'565',1,1),(5336,285,74,5,'569',1,1),(5337,285,75,5,'575',1,1),(5338,285,78,5,'582',1,1),(5339,285,79,5,'588',1,1),(5340,285,80,5,'593',1,NULL),(5341,285,81,5,'576',1,1),(5342,285,88,5,'596',1,1),(5343,285,89,5,'600',1,1),(5344,285,116,7,'694',1,1),(5345,285,117,7,'695',1,NULL),(5346,285,118,7,'703',1,1),(5347,285,119,7,'706',1,1),(5348,285,120,7,'711',1,1),(5349,285,121,7,'714',1,1),(5350,285,122,7,'718',1,NULL),(5351,285,124,7,'726',1,1),(5352,285,125,7,'745',1,1),(5353,285,126,7,'735',1,1),(5354,285,1141,10,'1870',1,1),(5355,285,1143,10,'1873',1,1),(5356,285,1144,10,'1881',1,1),(5357,285,1145,10,'1885',1,1),(5358,285,1146,10,'1886',1,1),(5359,285,1147,10,'1888',1,1),(5360,285,1148,10,'1890',1,1),(5361,285,1149,10,'1893',1,NULL),(5362,285,1150,10,'1894',1,1),(5363,285,1151,10,'1897',1,1),(5364,285,1152,10,'1899',1,1),(5365,285,1154,10,'1900',1,1),(5366,285,1155,10,'1902',1,NULL),(5367,285,1156,10,'1904',1,1),(5368,285,1193,10,'12230',1,1),(5369,286,26,3,'463',1,1),(5370,286,27,3,'466',1,NULL),(5371,286,28,3,'468',1,NULL),(5372,286,29,3,'469',1,1),(5373,286,30,3,'471',1,1),(5374,286,31,3,'474',1,1),(5375,286,32,3,'475',1,1),(5376,286,33,3,'477',1,1),(5377,286,34,3,'12215',1,1),(5378,286,35,3,'485',1,1),(5379,286,36,3,'12226',1,NULL),(5380,286,37,3,'12209',1,NULL),(5381,286,38,3,'498',1,NULL),(5382,286,39,3,'508',1,1),(5383,286,40,3,'511',1,1),(5384,286,42,3,'12217',1,NULL),(5385,286,48,3,'526',1,1),(5386,285,201,14,'1141',1,NULL),(5387,285,202,14,'1146',1,1),(5388,285,203,14,'12233',1,NULL),(5389,285,204,14,'1157',1,1),(5390,285,205,14,'1162',1,1),(5391,285,206,14,'1163',1,1),(5392,285,207,14,'1166',1,NULL),(5393,285,208,14,'1168',1,NULL),(5394,285,209,14,'1171',1,NULL),(5395,285,210,14,'1179',1,1),(5396,286,26,3,'463',2,1),(5397,286,27,3,'465',2,1),(5398,286,28,3,'467',2,1),(5399,286,29,3,'469',2,1),(5400,286,30,3,'471',2,1),(5401,286,31,3,'474',2,1),(5402,286,32,3,'475',2,1),(5403,286,33,3,'477',2,1),(5404,286,34,3,'12215',2,1),(5405,286,35,3,'485',2,1),(5406,286,36,3,'12224',2,1),(5407,286,37,3,'12208',2,NULL),(5408,286,38,3,'500',2,1),(5409,286,39,3,'508',2,1),(5410,286,40,3,'511',2,1),(5411,286,42,3,'12222',2,1),(5412,286,48,3,'526',2,1),(5413,285,201,14,'1142',2,1),(5414,285,202,14,'1146',2,1),(5415,285,203,14,'12235',2,1),(5416,285,204,14,'1157',2,1),(5417,285,205,14,'1162',2,1),(5418,285,206,14,'1163',2,1),(5419,285,207,14,'1165',2,1),(5420,285,208,14,'1168',2,NULL),(5421,285,209,14,'1171',2,NULL),(5422,285,210,14,'1179',2,1),(5423,285,211,15,'1180',1,1),(5424,285,212,15,'1185',1,1),(5425,285,213,15,'1189',1,1),(5426,285,214,15,'1192',1,1),(5427,285,215,15,'1194',1,NULL),(5428,286,67,5,'540',1,1),(5429,286,68,5,'544',1,1),(5430,286,69,5,'548',1,NULL),(5431,286,70,5,'551',1,1),(5432,286,71,5,'553',1,1),(5433,286,72,5,'557',1,1),(5434,286,73,5,'565',1,1),(5435,286,74,5,'569',1,1),(5436,286,75,5,'575',1,1),(5437,286,78,5,'582',1,1),(5438,286,79,5,'588',1,1),(5439,286,80,5,'593',1,NULL),(5440,286,81,5,'576',1,1),(5441,286,88,5,'597',1,NULL),(5442,286,89,5,'600',1,1),(5443,286,116,7,'694',1,1),(5444,286,117,7,'695',1,NULL),(5445,286,118,7,'704',1,NULL),(5446,286,119,7,'706',1,1),(5447,286,120,7,'711',1,1),(5448,286,121,7,'714',1,1),(5449,286,122,7,'720',1,1),(5450,286,124,7,'726',1,1),(5451,286,125,7,'745',1,1),(5452,286,126,7,'735',1,1),(5453,286,1141,10,'1870',1,1),(5454,286,1143,10,'1873',1,1),(5455,286,1144,10,'1881',1,1),(5456,286,1145,10,'1885',1,1),(5457,286,1146,10,'1886',1,1),(5458,286,1147,10,'1888',1,1),(5459,286,1148,10,'1890',1,1),(5460,286,1149,10,'1892',1,1),(5461,286,1150,10,'1894',1,1),(5462,286,1151,10,'1897',1,1),(5463,286,1152,10,'1899',1,1),(5464,286,1154,10,'1900',1,1),(5465,286,1155,10,'1902',1,NULL),(5466,286,1156,10,'1904',1,1),(5467,286,1193,10,'12230',1,1),(5468,285,591,25,'12150',1,NULL),(5469,285,592,25,'11847',1,1),(5470,285,593,25,'12162',1,1),(5471,285,702,25,'12166',1,1),(5472,285,703,25,'11858',1,NULL),(5473,285,704,25,'11862',1,1),(5474,285,705,25,'11864',1,1),(5475,285,706,25,'11868',1,1),(5476,285,707,25,'11871',1,NULL),(5477,285,712,25,'11890',1,NULL),(5478,285,713,25,'11894',1,NULL),(5479,286,201,14,'1141',1,NULL),(5480,286,202,14,'1146',1,1),(5481,286,203,14,'12231',1,NULL),(5482,286,204,14,'1157',1,1),(5483,286,205,14,'1162',1,1),(5484,286,206,14,'1163',1,1),(5485,286,207,14,'1165',1,1),(5486,286,208,14,'1168',1,NULL),(5487,286,209,14,'1171',1,NULL),(5488,286,210,14,'1179',1,1),(5489,285,591,25,'12151',2,1),(5490,285,592,25,'11847',2,1),(5491,285,593,25,'12162',2,1),(5492,285,702,25,'12166',2,1),(5493,285,703,25,'11859',2,1),(5494,285,704,25,'11862',2,1),(5495,285,705,25,'11864',2,1),(5496,285,706,25,'11868',2,1),(5497,285,707,25,'11873',2,1),(5498,285,712,25,'11892',2,1),(5499,285,713,25,'11895',2,1),(5500,286,201,14,'1145',2,NULL),(5501,286,202,14,'1146',2,1),(5502,286,203,14,'12233',2,NULL),(5503,286,204,14,'1157',2,1),(5504,286,205,14,'1162',2,1),(5505,286,206,14,'1163',2,1),(5506,286,207,14,'1165',2,1),(5507,286,208,14,'1170',2,NULL),(5508,286,209,14,'1174',2,1),(5509,286,210,14,'1179',2,1),(5510,286,201,14,'1145',3,NULL),(5511,286,202,14,'1146',3,1),(5512,286,203,14,'12234',3,NULL),(5513,286,204,14,'1157',3,1),(5514,286,205,14,'1162',3,1),(5515,286,206,14,'1163',3,1),(5516,286,207,14,'1165',3,1),(5517,286,208,14,'1169',3,1),(5518,286,209,14,'1174',3,1),(5519,286,210,14,'1179',3,1),(5520,285,1183,27,'12169',1,1),(5521,285,1184,27,'12172',1,1),(5522,285,1185,27,'12174',1,NULL),(5523,285,1186,27,'12182',1,1),(5524,285,1187,27,'12183',1,NULL),(5525,285,1188,27,'12186',1,NULL),(5526,285,1189,27,'12193',1,1),(5527,285,1190,27,'12196',1,NULL),(5528,285,1191,27,'12201',1,1),(5529,285,1192,27,'12206',1,1),(5530,286,211,15,'1180',1,1),(5531,286,212,15,'1185',1,1),(5532,286,213,15,'1189',1,1),(5533,286,214,15,'1192',1,1),(5534,286,215,15,'1193',1,1),(5535,285,1183,27,'12169',2,1),(5536,285,1184,27,'12172',2,1),(5537,285,1185,27,'12174',2,NULL),(5538,285,1186,27,'12182',2,1),(5539,285,1187,27,'12183',2,NULL),(5540,285,1188,27,'12187',2,1),(5541,285,1189,27,'12193',2,1),(5542,285,1190,27,'12195',2,NULL),(5543,285,1191,27,'12201',2,1),(5544,285,1192,27,'12206',2,1),(5545,285,1183,27,'12169',3,1),(5546,285,1184,27,'12172',3,1),(5547,285,1185,27,'12177',3,1),(5548,285,1186,27,'12182',3,1),(5549,285,1187,27,'12184',3,1),(5550,285,1188,27,'12187',3,1),(5551,285,1189,27,'12193',3,1),(5552,285,1190,27,'12194',3,1),(5553,285,1191,27,'12201',3,1),(5554,285,1192,27,'12206',3,1),(5555,285,1194,28,'12239',1,NULL),(5556,285,1195,28,'12243',1,NULL),(5557,285,1196,28,'12248',1,NULL),(5558,285,1197,28,'12254',1,NULL),(5559,285,1198,28,'12259',1,1),(5560,285,1199,28,'12260',1,1),(5561,285,1200,28,'12264',1,NULL),(5562,286,591,25,'12151',1,1),(5563,286,592,25,'11847',1,1),(5564,286,593,25,'12162',1,1),(5565,286,702,25,'12167',1,NULL),(5566,286,703,25,'11859',1,1),(5567,286,704,25,'11862',1,1),(5568,286,705,25,'11864',1,1),(5569,286,706,25,'11867',1,NULL),(5570,286,707,25,'11874',1,NULL),(5571,286,712,25,'11891',1,NULL),(5572,286,713,25,'11894',1,NULL),(5573,285,1194,28,'12237',2,1),(5574,285,1195,28,'12240',2,1),(5575,285,1196,28,'12248',2,NULL),(5576,285,1197,28,'12252',2,NULL),(5577,285,1198,28,'12259',2,1),(5578,285,1199,28,'12260',2,1),(5579,285,1200,28,'12262',2,1),(5580,286,591,25,'12151',2,1),(5581,286,592,25,'11847',2,1),(5582,286,593,25,'12162',2,1),(5583,286,702,25,'12166',2,1),(5584,286,703,25,'11859',2,1),(5585,286,704,25,'11862',2,1),(5586,286,705,25,'11864',2,1),(5587,286,706,25,'11870',2,NULL),(5588,286,707,25,'11873',2,1),(5589,286,712,25,'11892',2,1),(5590,286,713,25,'11895',2,1),(5591,285,1201,29,'12267',1,1),(5592,285,1202,29,'12271',1,1),(5593,285,1203,29,'12276',1,1),(5594,285,1204,29,'12277',1,1),(5595,285,1205,29,'12281',1,1),(5596,285,1206,29,'12288',1,1),(5597,285,1207,29,'12292',1,1),(5598,285,1208,29,'12297',1,NULL),(5599,285,1209,29,'12299',1,1),(5600,285,1210,29,'12303',1,NULL),(5601,285,1211,29,'12307',1,1),(5602,285,1212,29,'12311',1,NULL),(5603,285,1213,29,'12312',1,1),(5604,286,1183,27,'12169',1,1),(5605,286,1184,27,'12172',1,1),(5606,286,1185,27,'12177',1,1),(5607,286,1186,27,'12182',1,1),(5608,286,1187,27,'12183',1,NULL),(5609,286,1188,27,'12187',1,1),(5610,286,1189,27,'12193',1,1),(5611,286,1190,27,'12196',1,NULL),(5612,286,1191,27,'12201',1,1),(5613,286,1192,27,'12206',1,1),(5614,286,1194,28,'12237',1,1),(5615,286,1195,28,'12240',1,1),(5616,286,1196,28,'12249',1,1),(5617,286,1197,28,'12252',1,NULL),(5618,286,1198,28,'12259',1,1),(5619,286,1199,28,'12261',1,NULL),(5620,286,1200,28,'12263',1,NULL),(5621,286,1194,28,'12237',2,1),(5622,286,1195,28,'12240',2,1),(5623,286,1196,28,'12249',2,1),(5624,286,1197,28,'12251',2,1),(5625,286,1198,28,'12259',2,1),(5626,286,1199,28,'12260',2,1),(5627,286,1200,28,'12262',2,1),(5628,286,1201,29,'12267',1,1),(5629,286,1202,29,'12268',1,NULL),(5630,286,1203,29,'12276',1,1),(5631,286,1204,29,'12277',1,1),(5632,286,1205,29,'12283',1,NULL),(5633,286,1206,29,'12288',1,1),(5634,286,1207,29,'12292',1,1),(5635,286,1208,29,'12297',1,NULL),(5636,286,1209,29,'12299',1,1),(5637,286,1210,29,'12301',1,NULL),(5638,286,1211,29,'12307',1,1),(5639,286,1212,29,'12310',1,1),(5640,286,1213,29,'12312',1,1),(5641,286,1201,29,'12267',2,1),(5642,286,1202,29,'12271',2,1),(5643,286,1203,29,'12276',2,1),(5644,286,1204,29,'12277',2,1),(5645,286,1205,29,'12281',2,1),(5646,286,1206,29,'12288',2,1),(5647,286,1207,29,'12292',2,1),(5648,286,1208,29,'12296',2,NULL),(5649,286,1210,29,'12303',2,NULL),(5650,286,1211,29,'12307',2,1),(5651,286,1212,29,'12310',2,1),(5652,286,1213,29,'12312',2,1),(5653,258,1194,28,'12237',1,1),(5654,258,1195,28,'12240',1,1),(5655,258,1196,28,'12248',1,NULL),(5656,258,1197,28,'12254',1,NULL),(5657,258,1198,28,'12259',1,1),(5658,258,1199,28,'12261',1,NULL),(5659,258,1200,28,'12262',1,1),(5660,258,1194,28,'12237',2,1),(5661,258,1195,28,'12240',2,1),(5662,258,1196,28,'12244',2,NULL),(5663,258,1197,28,'12253',2,NULL),(5664,258,1198,28,'12259',2,1),(5665,258,1199,28,'12260',2,1),(5666,258,1200,28,'12262',2,1),(5667,258,1201,29,'12267',1,1),(5668,258,1202,29,'12271',1,1),(5669,258,1203,29,'12276',1,1),(5670,258,1204,29,'12277',1,1),(5671,258,1205,29,'12281',1,1),(5672,258,1206,29,'12288',1,1),(5673,258,1207,29,'12292',1,1),(5674,258,1208,29,'12295',1,1),(5675,258,1209,29,'12299',1,1),(5676,258,1210,29,'12302',1,1),(5677,258,1211,29,'12307',1,1),(5678,258,1212,29,'12310',1,1),(5679,258,1213,29,'12312',1,1),(5680,252,1194,28,'12237',1,1),(5681,252,1195,28,'12240',1,1),(5682,252,1196,28,'12249',1,1),(5683,252,1197,28,'12251',1,1),(5684,252,1198,28,'12259',1,1),(5685,252,1199,28,'12260',1,1),(5686,252,1200,28,'12262',1,1),(5687,252,1201,29,'12267',1,1),(5688,252,1202,29,'12271',1,1),(5689,252,1203,29,'12276',1,1),(5690,252,1204,29,'12277',1,1),(5691,252,1205,29,'12281',1,1),(5692,252,1206,29,'12288',1,1),(5693,252,1207,29,'12292',1,1),(5694,252,1208,29,'12295',1,1),(5695,252,1209,29,'12299',1,1),(5696,252,1210,29,'12302',1,1),(5697,252,1211,29,'12307',1,1),(5698,252,1212,29,'12310',1,1),(5699,252,1213,29,'12312',1,1),(5700,247,1194,28,'12237',1,1),(5701,247,1195,28,'12240',1,1),(5702,247,1196,28,'12248',1,NULL),(5703,247,1197,28,'12254',1,NULL),(5704,247,1198,28,'12259',1,1),(5705,247,1199,28,'12260',1,1),(5706,247,1200,28,'12262',1,1),(5707,247,1201,29,'12267',1,1),(5708,247,1202,29,'12271',1,1),(5709,247,1203,29,'12276',1,1),(5710,247,1204,29,'12277',1,1),(5711,247,1205,29,'12281',1,1),(5712,247,1206,29,'12288',1,1),(5713,247,1207,29,'12292',1,1),(5714,247,1208,29,'12295',1,1),(5715,247,1209,29,'12299',1,1),(5716,247,1210,29,'12302',1,1),(5717,247,1211,29,'12307',1,1),(5718,247,1212,29,'12310',1,1),(5719,247,1213,29,'12312',1,1),(5720,249,591,25,'12151',2,1),(5721,249,592,25,'11847',2,1),(5722,249,593,25,'12163',2,NULL),(5723,249,703,25,'11860',2,NULL),(5724,249,704,25,'11862',2,1),(5725,249,705,25,'11864',2,1),(5726,249,706,25,'11869',2,NULL),(5727,249,707,25,'11873',2,1),(5728,249,712,25,'11892',2,1),(5729,249,713,25,'11894',2,NULL),(5730,249,591,25,'12151',3,1),(5731,249,592,25,'11847',3,1),(5732,249,593,25,'12162',3,1),(5733,249,702,25,'12166',3,1),(5734,249,703,25,'11857',3,NULL),(5735,249,704,25,'11862',3,1),(5736,249,705,25,'11864',3,1),(5737,249,706,25,'11868',3,1),(5738,249,707,25,'11873',3,1),(5739,249,712,25,'11892',3,1),(5740,249,713,25,'11895',3,1),(5741,268,1194,28,'12237',1,1),(5742,268,1195,28,'12240',1,1),(5743,268,1196,28,'12248',1,NULL),(5744,268,1197,28,'12253',1,NULL),(5745,268,1198,28,'12259',1,1),(5746,268,1199,28,'12260',1,1),(5747,268,1200,28,'12262',1,1),(5748,279,26,3,'463',1,1),(5749,279,27,3,'465',1,1),(5750,279,28,3,'467',1,1),(5751,279,29,3,'470',1,NULL),(5752,279,30,3,'471',1,1),(5753,279,31,3,'474',1,1),(5754,279,32,3,'475',1,1),(5755,279,33,3,'477',1,1),(5756,279,34,3,'12216',1,NULL),(5757,279,35,3,'485',1,1),(5758,279,36,3,'12224',1,1),(5759,279,37,3,'12207',1,1),(5760,279,38,3,'500',1,1),(5761,279,39,3,'508',1,1),(5762,279,40,3,'511',1,1),(5763,279,42,3,'12217',1,NULL),(5764,279,48,3,'526',1,1),(5765,268,1201,29,'12267',1,1),(5766,268,1202,29,'12271',1,1),(5767,268,1203,29,'12276',1,1),(5768,268,1204,29,'12277',1,1),(5769,268,1205,29,'12281',1,1),(5770,268,1206,29,'12288',1,1),(5771,268,1207,29,'12291',1,NULL),(5772,268,1208,29,'12297',1,NULL),(5773,268,1209,29,'12299',1,1),(5774,268,1210,29,'12301',1,NULL),(5775,268,1211,29,'12307',1,1),(5776,268,1212,29,'12308',1,NULL),(5777,268,1213,29,'12312',1,1),(5778,268,1201,29,'12267',2,1),(5779,268,1202,29,'12271',2,1),(5780,268,1203,29,'12276',2,1),(5781,268,1204,29,'12277',2,1),(5782,268,1205,29,'12281',2,1),(5783,268,1206,29,'12288',2,1),(5784,268,1207,29,'12292',2,1),(5785,268,1208,29,'12295',2,1),(5786,268,1209,29,'12299',2,1),(5787,268,1210,29,'12303',2,NULL),(5788,268,1211,29,'12307',2,1),(5789,268,1212,29,'12311',2,NULL),(5790,268,1213,29,'12312',2,1),(5791,253,1201,29,'12267',1,1),(5792,253,1202,29,'12271',1,1),(5793,253,1203,29,'12276',1,1),(5794,253,1204,29,'12277',1,1),(5795,253,1205,29,'12281',1,1),(5796,253,1206,29,'12288',1,1),(5797,253,1207,29,'12292',1,1),(5798,253,1208,29,'12295',1,1),(5799,253,1209,29,'12299',1,1),(5800,253,1210,29,'12302',1,1),(5801,253,1211,29,'12307',1,1),(5802,253,1212,29,'12310',1,1),(5803,253,1213,29,'12312',1,1),(5804,279,67,5,'540',1,1),(5805,279,68,5,'544',1,1),(5806,279,69,5,'546',1,1),(5807,279,70,5,'551',1,1),(5808,279,71,5,'553',1,1),(5809,279,72,5,'557',1,1),(5810,279,73,5,'565',1,1),(5811,279,74,5,'569',1,1),(5812,279,75,5,'575',1,1),(5813,279,78,5,'582',1,1),(5814,279,79,5,'588',1,1),(5815,279,80,5,'593',1,NULL),(5816,279,81,5,'576',1,1),(5817,279,88,5,'596',1,1),(5818,279,89,5,'600',1,1),(5819,279,116,7,'694',1,1),(5820,279,117,7,'695',1,NULL),(5821,279,118,7,'703',1,1),(5822,279,119,7,'706',1,1),(5823,279,120,7,'711',1,1),(5824,279,121,7,'714',1,1),(5825,279,122,7,'720',1,1),(5826,279,124,7,'726',1,1),(5827,279,125,7,'745',1,1),(5828,279,126,7,'735',1,1),(5829,279,1141,10,'1870',1,1),(5830,279,1143,10,'1873',1,1),(5831,279,1144,10,'1881',1,1),(5832,279,1145,10,'1885',1,1),(5833,279,1146,10,'1886',1,1),(5834,279,1147,10,'1888',1,1),(5835,279,1148,10,'1890',1,1),(5836,279,1149,10,'1892',1,1),(5837,279,1150,10,'1894',1,1),(5838,279,1151,10,'1897',1,1),(5839,279,1152,10,'1899',1,1),(5840,279,1154,10,'1900',1,1),(5841,279,1155,10,'1903',1,1),(5842,279,1156,10,'1904',1,1),(5843,279,1193,10,'12230',1,1),(5844,275,201,14,'1145',1,NULL),(5845,275,202,14,'1146',1,1),(5846,275,203,14,'12235',1,1),(5847,275,204,14,'1157',1,1),(5848,275,205,14,'1162',1,1),(5849,275,206,14,'1163',1,1),(5850,275,207,14,'1165',1,1),(5851,275,208,14,'1169',1,1),(5852,275,209,14,'1174',1,1),(5853,275,210,14,'1179',1,1),(5854,262,1183,27,'12169',2,1),(5855,262,1184,27,'12172',2,1),(5856,262,1185,27,'12177',2,1),(5857,262,1186,27,'12182',2,1),(5858,262,1187,27,'12184',2,1),(5859,262,1188,27,'12187',2,1),(5860,262,1189,27,'12193',2,1),(5861,262,1190,27,'12194',2,1),(5862,262,1191,27,'12201',2,1),(5863,262,1192,27,'12206',2,1),(5864,262,591,25,'12151',1,1),(5865,262,592,25,'11847',1,1),(5866,262,593,25,'12158',1,NULL),(5867,262,702,25,'12166',1,1),(5868,262,703,25,'11859',1,1),(5869,262,704,25,'11862',1,1),(5870,262,705,25,'11863',1,NULL),(5871,262,706,25,'11870',1,NULL),(5872,262,707,25,'11874',1,NULL),(5873,262,712,25,'11890',1,NULL),(5874,262,713,25,'11894',1,NULL),(5875,262,591,25,'12151',2,1),(5876,262,592,25,'11847',2,1),(5877,262,593,25,'12162',2,1),(5878,262,702,25,'12166',2,1),(5879,262,703,25,'11859',2,1),(5880,262,704,25,'11862',2,1),(5881,262,705,25,'11864',2,1),(5882,262,706,25,'11868',2,1),(5883,262,707,25,'11871',2,NULL),(5884,262,712,25,'11892',2,1),(5885,262,713,25,'11894',2,NULL),(5886,262,211,15,'1180',1,1),(5887,262,212,15,'1185',1,1),(5888,262,213,15,'1189',1,1),(5889,262,214,15,'1192',1,1),(5890,262,215,15,'1194',1,NULL),(5891,262,211,15,'1180',2,1),(5892,262,212,15,'1185',2,1),(5893,262,213,15,'1189',2,1),(5894,262,214,15,'1192',2,1),(5895,262,215,15,'1193',2,1),(5896,262,1194,28,'12237',1,1),(5897,262,1195,28,'12240',1,1),(5898,262,1196,28,'12249',1,1),(5899,262,1197,28,'12251',1,1),(5900,262,1198,28,'12259',1,1),(5901,262,1199,28,'12260',1,1),(5902,262,1200,28,'12262',1,1),(5903,262,1201,29,'12267',1,1),(5904,262,1202,29,'12271',1,1),(5905,262,1203,29,'12276',1,1),(5906,262,1204,29,'12277',1,1),(5907,262,1205,29,'12281',1,1),(5908,262,1206,29,'12288',1,1),(5909,262,1207,29,'12292',1,1),(5910,262,1208,29,'12295',1,1),(5911,262,1209,29,'12299',1,1),(5912,262,1210,29,'12302',1,1),(5913,262,1211,29,'12307',1,1),(5914,262,1212,29,'12310',1,1),(5915,262,1213,29,'12312',1,1),(5916,275,1183,27,'12169',1,1),(5917,275,1184,27,'12172',1,1),(5918,275,1185,27,'12177',1,1),(5919,275,1186,27,'12182',1,1),(5920,275,1187,27,'12184',1,1),(5921,275,1188,27,'12187',1,1),(5922,275,1189,27,'12193',1,1),(5923,275,1190,27,'12194',1,1),(5924,275,1191,27,'12201',1,1),(5925,275,1192,27,'12206',1,1),(5926,275,211,15,'1180',1,1),(5927,275,212,15,'1185',1,1),(5928,275,213,15,'1189',1,1),(5929,275,214,15,'1192',1,1),(5930,275,215,15,'1193',1,1),(5931,275,591,25,'12151',1,1),(5932,275,592,25,'11847',1,1),(5933,275,593,25,'12162',1,1),(5934,275,702,25,'12166',1,1),(5935,275,703,25,'11859',1,1),(5936,275,704,25,'11862',1,1),(5937,275,705,25,'11864',1,1),(5938,275,706,25,'11869',1,NULL),(5939,275,707,25,'11873',1,1),(5940,275,712,25,'11892',1,1),(5941,275,713,25,'11894',1,NULL),(5942,282,201,14,'1142',1,1),(5943,282,202,14,'1146',1,1),(5944,282,203,14,'12235',1,1),(5945,282,204,14,'1157',1,1),(5946,282,205,14,'1162',1,1),(5947,282,206,14,'1163',1,1),(5948,282,207,14,'1167',1,NULL),(5949,282,208,14,'1169',1,1),(5950,282,209,14,'1174',1,1),(5951,282,210,14,'1179',1,1),(5952,282,1183,27,'12169',1,1),(5953,282,1184,27,'12172',1,1),(5954,282,1185,27,'12177',1,1),(5955,282,1186,27,'12182',1,1),(5956,282,1187,27,'12183',1,NULL),(5957,282,1188,27,'12186',1,NULL),(5958,282,1189,27,'12193',1,1),(5959,282,1190,27,'12194',1,1),(5960,282,1191,27,'12201',1,1),(5961,282,1192,27,'12206',1,1),(5962,275,1201,29,'12267',1,1),(5963,275,1202,29,'12271',1,1),(5964,275,1203,29,'12276',1,1),(5965,275,1204,29,'12277',1,1),(5966,275,1205,29,'12281',1,1),(5967,275,1206,29,'12288',1,1),(5968,275,1207,29,'12292',1,1),(5969,275,1208,29,'12295',1,1),(5970,275,1209,29,'12299',1,1),(5971,275,1210,29,'12302',1,1),(5972,275,1211,29,'12307',1,1),(5973,275,1212,29,'12310',1,1),(5974,275,1213,29,'12312',1,1),(5975,282,117,7,'697',1,1),(5976,282,118,7,'704',1,NULL),(5977,282,119,7,'706',1,1),(5978,282,120,7,'711',1,1),(5979,282,121,7,'714',1,1),(5980,282,122,7,'720',1,1),(5981,282,124,7,'726',1,1),(5982,282,125,7,'745',1,1),(5983,282,126,7,'735',1,1),(5984,275,1194,28,'12237',1,1),(5985,275,1195,28,'12240',1,1),(5986,275,1196,28,'12248',1,NULL),(5987,275,1197,28,'12251',1,1),(5988,275,1198,28,'12259',1,1),(5989,275,1199,28,'12260',1,1),(5990,275,1200,28,'12263',1,NULL),(5991,282,1141,10,'1870',1,1),(5992,282,1143,10,'1873',1,1),(5993,282,1144,10,'1881',1,1),(5994,282,1145,10,'1885',1,1),(5995,282,1146,10,'1886',1,1),(5996,282,1147,10,'1888',1,1),(5997,282,1148,10,'1890',1,1),(5998,282,1149,10,'1892',1,1),(5999,282,1150,10,'1894',1,1),(6000,282,1151,10,'1897',1,1),(6001,282,1152,10,'1899',1,1),(6002,282,1154,10,'1900',1,1),(6003,282,1155,10,'1903',1,1),(6004,282,1156,10,'1904',1,1),(6005,282,1193,10,'12230',1,1),(6006,282,211,15,'1180',1,1),(6007,282,212,15,'1185',1,1),(6008,282,213,15,'1189',1,1),(6009,282,214,15,'1192',1,1),(6010,282,215,15,'1193',1,1),(6011,282,1194,28,'12237',1,1),(6012,282,1195,28,'12240',1,1),(6013,282,1196,28,'12249',1,1),(6014,282,1197,28,'12251',1,1),(6015,282,1198,28,'12259',1,1),(6016,282,1199,28,'12260',1,1),(6017,282,1200,28,'12262',1,1),(6018,282,591,25,'12151',1,1),(6019,282,592,25,'11847',1,1),(6020,282,593,25,'12163',1,NULL),(6021,282,702,25,'12166',1,1),(6022,282,703,25,'11860',1,NULL),(6023,282,704,25,'11862',1,1),(6024,282,705,25,'11863',1,NULL),(6025,282,706,25,'11868',1,1),(6026,282,707,25,'11874',1,NULL),(6027,282,712,25,'11892',1,1),(6028,282,713,25,'11894',1,NULL),(6029,282,591,25,'12151',2,1),(6030,282,592,25,'11847',2,1),(6031,282,593,25,'12162',2,1),(6032,282,702,25,'12166',2,1),(6033,282,703,25,'11857',2,NULL),(6034,282,704,25,'11862',2,1),(6035,282,705,25,'11864',2,1),(6036,282,706,25,'11868',2,1),(6037,282,707,25,'11871',2,NULL),(6038,282,712,25,'11892',2,1),(6039,282,713,25,'11895',2,1),(6040,282,1201,29,'12267',1,1),(6041,282,1202,29,'12271',1,1),(6042,282,1203,29,'12276',1,1),(6043,282,1204,29,'12277',1,1),(6044,282,1205,29,'12281',1,1),(6045,282,1206,29,'12284',1,NULL),(6046,282,1207,29,'12292',1,1),(6047,282,1208,29,'12295',1,1),(6048,282,1209,29,'12299',1,1),(6049,282,1210,29,'12302',1,1),(6050,282,1211,29,'12307',1,1),(6051,282,1212,29,'12310',1,1),(6052,282,1213,29,'12312',1,1),(6053,276,201,14,'1141',1,NULL),(6054,276,202,14,'1146',1,1),(6055,276,203,14,'12232',1,NULL),(6056,276,204,14,'1157',1,1),(6057,276,205,14,'1162',1,1),(6058,276,206,14,'1163',1,1),(6059,276,207,14,'1165',1,1),(6060,276,208,14,'1168',1,NULL),(6061,276,209,14,'1172',1,NULL),(6062,276,210,14,'1179',1,1),(6063,276,201,14,'1144',2,NULL),(6064,276,202,14,'1146',2,1),(6065,276,203,14,'12235',2,1),(6066,276,204,14,'1157',2,1),(6067,276,205,14,'1162',2,1),(6068,276,206,14,'1163',2,1),(6069,276,207,14,'1165',2,1),(6070,276,208,14,'1169',2,1),(6071,276,209,14,'1174',2,1),(6072,276,210,14,'1179',2,1),(6073,276,211,15,'1180',1,1),(6074,276,212,15,'1185',1,1),(6075,276,213,15,'1189',1,1),(6076,276,214,15,'1192',1,1),(6077,276,215,15,'1193',1,1),(6078,276,67,5,'540',1,1),(6079,276,68,5,'544',1,1),(6080,276,69,5,'548',1,NULL),(6081,276,70,5,'551',1,1),(6082,276,71,5,'553',1,1),(6083,276,72,5,'557',1,1),(6084,276,73,5,'561',1,NULL),(6085,276,74,5,'569',1,1),(6086,276,75,5,'575',1,1),(6087,276,78,5,'582',1,1),(6088,276,79,5,'588',1,1),(6089,276,80,5,'591',1,NULL),(6090,276,81,5,'576',1,1),(6091,276,88,5,'596',1,1),(6092,276,89,5,'600',1,1),(6093,276,116,7,'694',1,1),(6094,276,117,7,'697',1,1),(6095,276,118,7,'703',1,1),(6096,276,119,7,'706',1,1),(6097,276,120,7,'711',1,1),(6098,276,121,7,'714',1,1),(6099,276,122,7,'720',1,1),(6100,276,124,7,'726',1,1),(6101,276,125,7,'745',1,1),(6102,276,126,7,'735',1,1),(6103,276,591,25,'12151',1,1),(6104,276,592,25,'11847',1,1),(6105,276,593,25,'12162',1,1),(6106,276,702,25,'12166',1,1),(6107,276,703,25,'11859',1,1),(6108,276,704,25,'11862',1,1),(6109,276,705,25,'11864',1,1),(6110,276,706,25,'11868',1,1),(6111,276,707,25,'11873',1,1),(6112,276,712,25,'11892',1,1),(6113,276,713,25,'11894',1,NULL),(6114,276,1183,27,'12169',1,1),(6115,276,1184,27,'12172',1,1),(6116,276,1185,27,'12176',1,NULL),(6117,276,1186,27,'12182',1,1),(6118,276,1187,27,'12183',1,NULL),(6119,276,1188,27,'12187',1,1),(6120,276,1189,27,'12193',1,1),(6121,276,1190,27,'12196',1,NULL),(6122,276,1191,27,'12201',1,1),(6123,276,1192,27,'12206',1,1),(6124,276,1183,27,'12169',2,1),(6125,276,1184,27,'12172',2,1),(6126,276,1185,27,'12176',2,NULL),(6127,276,1186,27,'12182',2,1),(6128,276,1187,27,'12184',2,1),(6129,276,1188,27,'12187',2,1),(6130,276,1189,27,'12193',2,1),(6131,276,1190,27,'12194',2,1),(6132,276,1191,27,'12201',2,1),(6133,276,1192,27,'12206',2,1),(6134,276,1194,28,'12237',1,1),(6135,276,1195,28,'12240',1,1),(6136,276,1196,28,'12246',1,NULL),(6137,276,1197,28,'12251',1,1),(6138,276,1198,28,'12259',1,1),(6139,276,1199,28,'12260',1,1),(6140,276,1200,28,'12262',1,1),(6141,276,1201,29,'12267',1,1),(6142,276,1202,29,'12271',1,1),(6143,276,1203,29,'12276',1,1),(6144,276,1204,29,'12277',1,1),(6145,276,1205,29,'12281',1,1),(6146,276,1206,29,'12288',1,1),(6147,276,1207,29,'12292',1,1),(6148,276,1208,29,'12296',1,NULL),(6149,276,1209,29,'12299',1,1),(6150,276,1210,29,'12303',1,NULL),(6151,276,1211,29,'12307',1,1),(6152,276,1212,29,'12310',1,1),(6153,276,1213,29,'12312',1,1),(6154,265,1194,28,'12237',1,1),(6155,265,1195,28,'12240',1,1),(6156,265,1196,28,'12249',1,1),(6157,265,1197,28,'12254',1,NULL),(6158,265,1198,28,'12259',1,1),(6159,265,1199,28,'12260',1,1),(6160,265,1200,28,'12263',1,NULL),(6161,265,1201,29,'12267',1,1),(6162,265,1202,29,'12271',1,1),(6163,265,1203,29,'12275',1,NULL),(6164,265,1204,29,'12277',1,1),(6165,265,1205,29,'12281',1,1),(6166,265,1206,29,'12288',1,1),(6167,265,1207,29,'12292',1,1),(6168,265,1208,29,'12295',1,1),(6169,265,1209,29,'12299',1,1),(6170,265,1210,29,'12302',1,1),(6171,265,1211,29,'12307',1,1),(6172,265,1212,29,'12308',1,NULL),(6173,265,1213,29,'12315',1,NULL),(6174,279,201,14,'1142',1,1),(6175,279,202,14,'1146',1,1),(6176,279,203,14,'12235',1,1),(6177,279,204,14,'1157',1,1),(6178,279,205,14,'1162',1,1),(6179,279,206,14,'1163',1,1),(6180,279,207,14,'1167',1,NULL),(6181,279,208,14,'1169',1,1),(6182,279,209,14,'1174',1,1),(6183,279,210,14,'1179',1,1),(6184,279,211,15,'1180',1,1),(6185,279,212,15,'1185',1,1),(6186,279,213,15,'1189',1,1),(6187,279,214,15,'1192',1,1),(6188,279,215,15,'1193',1,1),(6189,279,211,15,'1180',2,1),(6190,279,212,15,'1185',2,1),(6191,279,213,15,'1189',2,1),(6192,279,214,15,'1192',2,1),(6193,279,215,15,'1193',2,1),(6194,279,591,25,'12151',1,1),(6195,279,592,25,'11847',1,1),(6196,279,593,25,'12162',1,1),(6197,279,702,25,'12166',1,1),(6198,279,703,25,'11859',1,1),(6199,279,704,25,'11862',1,1),(6200,279,705,25,'11864',1,1),(6201,279,706,25,'11870',1,NULL),(6202,279,707,25,'11873',1,1),(6203,279,712,25,'11890',1,NULL),(6204,279,713,25,'11894',1,NULL),(6205,277,1183,27,'12169',1,1),(6206,277,1184,27,'12172',1,1),(6207,277,1185,27,'12177',1,1),(6208,277,1186,27,'12182',1,1),(6209,277,1187,27,'12184',1,1),(6210,277,1188,27,'12186',1,NULL),(6211,277,1189,27,'12193',1,1),(6212,277,1190,27,'12195',1,NULL),(6213,277,1191,27,'12199',1,NULL),(6214,277,1192,27,'12204',1,NULL),(6215,279,591,25,'12151',2,1),(6216,279,592,25,'11847',2,1),(6217,279,593,25,'12162',2,1),(6218,279,702,25,'12166',2,1),(6219,279,703,25,'11859',2,1),(6220,279,704,25,'11862',2,1),(6221,279,705,25,'11864',2,1),(6222,279,706,25,'11869',2,NULL),(6223,279,707,25,'11873',2,1),(6224,279,712,25,'11891',2,NULL),(6225,279,713,25,'11895',2,1),(6226,279,591,25,'12151',3,1),(6227,279,592,25,'11847',3,1),(6228,279,593,25,'12162',3,1),(6229,279,702,25,'12166',3,1),(6230,279,703,25,'11859',3,1),(6231,279,704,25,'11862',3,1),(6232,279,705,25,'11864',3,1),(6233,279,706,25,'11869',3,NULL),(6234,279,707,25,'11873',3,1),(6235,279,712,25,'11891',3,NULL),(6236,279,713,25,'11895',3,1),(6237,277,1183,27,'12169',2,1),(6238,277,1184,27,'12172',2,1),(6239,277,1185,27,'12177',2,1),(6240,277,1186,27,'12182',2,1),(6241,277,1187,27,'12184',2,1),(6242,277,1188,27,'12187',2,1),(6243,277,1189,27,'12193',2,1),(6244,277,1190,27,'12194',2,1),(6245,277,1191,27,'12199',2,NULL),(6246,277,1192,27,'12206',2,1),(6247,277,211,15,'1180',1,1),(6248,277,212,15,'1185',1,1),(6249,277,213,15,'1189',1,1),(6250,277,214,15,'1192',1,1),(6251,277,215,15,'1193',1,1),(6252,277,1194,28,'12237',1,1),(6253,277,1195,28,'12240',1,1),(6254,277,1196,28,'12249',1,1),(6255,277,1197,28,'12251',1,1),(6256,277,1198,28,'12259',1,1),(6257,277,1199,28,'12260',1,1),(6258,277,1200,28,'12262',1,1),(6259,279,1183,27,'12169',1,1),(6260,279,1184,27,'12172',1,1),(6261,279,1185,27,'12177',1,1),(6262,279,1186,27,'12181',1,NULL),(6263,279,1187,27,'12184',1,1),(6264,279,1188,27,'12188',1,NULL),(6265,279,1189,27,'12193',1,1),(6266,279,1190,27,'12194',1,1),(6267,279,1191,27,'12201',1,1),(6268,279,1192,27,'12206',1,1),(6269,279,1194,28,'12237',1,1),(6270,279,1195,28,'12240',1,1),(6271,279,1196,28,'12249',1,1),(6272,279,1197,28,'12252',1,NULL),(6273,279,1198,28,'12259',1,1),(6274,279,1199,28,'12260',1,1),(6275,279,1200,28,'12262',1,1),(6276,279,1201,29,'12267',1,1),(6277,279,1202,29,'12271',1,1),(6278,279,1203,29,'12276',1,1),(6279,279,1204,29,'12277',1,1),(6280,279,1205,29,'12281',1,1),(6281,279,1206,29,'12288',1,1),(6282,279,1207,29,'12292',1,1),(6283,279,1208,29,'12295',1,1),(6284,279,1209,29,'12299',1,1),(6285,279,1210,29,'12302',1,1),(6286,279,1211,29,'12307',1,1),(6287,279,1212,29,'12310',1,1),(6288,279,1213,29,'12312',1,1),(6289,277,1201,29,'12267',1,1),(6290,277,1202,29,'12271',1,1),(6291,277,1203,29,'12276',1,1),(6292,277,1204,29,'12277',1,1),(6293,277,1205,29,'12281',1,1),(6294,277,1206,29,'12288',1,1),(6295,277,1207,29,'12292',1,1),(6296,277,1208,29,'12295',1,1),(6297,277,1209,29,'12299',1,1),(6298,277,1210,29,'12302',1,1),(6299,277,1211,29,'12307',1,1),(6300,277,1212,29,'12310',1,1),(6301,277,1213,29,'12312',1,1),(6302,288,26,3,'463',1,1),(6303,288,27,3,'465',1,1),(6304,288,28,3,'467',1,1),(6305,288,29,3,'469',1,1),(6306,288,30,3,'471',1,1),(6307,288,31,3,'474',1,1),(6308,288,32,3,'475',1,1),(6309,288,33,3,'477',1,1),(6310,288,34,3,'12215',1,1),(6311,288,35,3,'485',1,1),(6312,288,36,3,'12224',1,1),(6313,288,37,3,'12207',1,1),(6314,288,38,3,'500',1,1),(6315,288,39,3,'506',1,NULL),(6316,288,40,3,'511',1,1),(6317,288,42,3,'12222',1,1),(6318,288,48,3,'526',1,1),(6319,288,67,5,'540',1,1),(6320,288,68,5,'544',1,1),(6321,288,69,5,'546',1,1),(6322,288,70,5,'551',1,1),(6323,288,71,5,'553',1,1),(6324,288,72,5,'557',1,1),(6325,288,73,5,'565',1,1),(6326,288,74,5,'569',1,1),(6327,288,75,5,'575',1,1),(6328,288,78,5,'582',1,1),(6329,288,79,5,'588',1,1),(6330,288,80,5,'592',1,1),(6331,288,81,5,'576',1,1),(6332,288,88,5,'596',1,1),(6333,288,89,5,'600',1,1),(6334,288,116,7,'694',1,1),(6335,288,117,7,'697',1,1),(6336,288,118,7,'703',1,1),(6337,288,119,7,'706',1,1),(6338,288,120,7,'711',1,1),(6339,288,121,7,'714',1,1),(6340,288,122,7,'720',1,1),(6341,288,124,7,'726',1,1),(6342,288,125,7,'745',1,1),(6343,288,126,7,'735',1,1),(6344,259,1194,28,'12237',1,1),(6345,259,1195,28,'12241',1,NULL),(6346,259,1196,28,'12248',1,NULL),(6347,259,1197,28,'12254',1,NULL),(6348,259,1198,28,'12259',1,1),(6349,259,1199,28,'12260',1,1),(6350,259,1200,28,'12262',1,1),(6351,259,1194,28,'12237',2,1),(6352,259,1195,28,'12240',2,1),(6353,259,1196,28,'12248',2,NULL),(6354,259,1197,28,'12254',2,NULL),(6355,259,1199,28,'12260',2,1),(6356,259,1200,28,'12262',2,1),(6357,259,1194,28,'12237',3,1),(6358,259,1195,28,'12240',3,1),(6359,259,1196,28,'12249',3,1),(6360,259,1197,28,'12252',3,NULL),(6361,259,1198,28,'12259',3,1),(6362,259,1199,28,'12260',3,1),(6363,259,1200,28,'12262',3,1),(6364,259,1201,29,'12267',1,1),(6365,259,1202,29,'12271',1,1),(6366,259,1203,29,'12276',1,1),(6367,259,1204,29,'12278',1,NULL),(6368,259,1205,29,'12281',1,1),(6369,259,1206,29,'12288',1,1),(6370,259,1207,29,'12292',1,1),(6371,259,1208,29,'12297',1,NULL),(6372,259,1209,29,'12299',1,1),(6373,259,1210,29,'12302',1,1),(6374,259,1211,29,'12307',1,1),(6375,259,1212,29,'12309',1,NULL),(6376,259,1213,29,'12313',1,NULL),(6377,259,1201,29,'12267',2,1),(6378,259,1202,29,'12271',2,1),(6379,259,1203,29,'12276',2,1),(6380,259,1204,29,'12277',2,1),(6381,259,1205,29,'12281',2,1),(6382,259,1206,29,'12288',2,1),(6383,259,1207,29,'12292',2,1),(6384,259,1208,29,'12295',2,1),(6385,259,1209,29,'12299',2,1),(6386,259,1210,29,'12302',2,1),(6387,259,1211,29,'12307',2,1),(6388,259,1212,29,'12308',2,NULL),(6389,259,1213,29,'12312',2,1),(6390,288,1194,28,'12237',1,1),(6391,288,1195,28,'12240',1,1),(6392,288,1196,28,'12249',1,1),(6393,288,1197,28,'12251',1,1),(6394,288,1198,28,'12259',1,1),(6395,288,1199,28,'12260',1,1),(6396,288,1200,28,'12262',1,1),(6397,288,1141,10,'1870',1,1),(6398,288,1143,10,'1873',1,1),(6399,288,1144,10,'1881',1,1),(6400,288,1145,10,'1885',1,1),(6401,288,1146,10,'1886',1,1),(6402,288,1147,10,'1888',1,1),(6403,288,1148,10,'1890',1,1),(6404,288,1149,10,'1892',1,1),(6405,288,1150,10,'1894',1,1),(6406,288,1151,10,'1897',1,1),(6407,288,1152,10,'1899',1,1),(6408,288,1154,10,'1900',1,1),(6409,288,1155,10,'1902',1,NULL),(6410,288,1156,10,'1904',1,1),(6411,288,1193,10,'12230',1,1),(6412,288,591,25,'12151',1,1),(6413,288,592,25,'11847',1,1),(6414,288,593,25,'12162',1,1),(6415,288,702,25,'12166',1,1),(6416,288,703,25,'11859',1,1),(6417,288,704,25,'11862',1,1),(6418,288,705,25,'11864',1,1),(6419,288,706,25,'11868',1,1),(6420,288,707,25,'11873',1,1),(6421,288,712,25,'11892',1,1),(6422,288,713,25,'11894',1,NULL),(6423,288,211,15,'1180',1,1),(6424,288,212,15,'1185',1,1),(6425,288,213,15,'1189',1,1),(6426,288,214,15,'1192',1,1),(6427,288,215,15,'1193',1,1),(6428,288,201,14,'1142',1,1),(6429,288,202,14,'1146',1,1),(6430,288,203,14,'12234',1,NULL),(6431,288,204,14,'1157',1,1),(6432,288,205,14,'1162',1,1),(6433,288,206,14,'1163',1,1),(6434,288,207,14,'1165',1,1),(6435,288,208,14,'1169',1,1),(6436,288,209,14,'1174',1,1),(6437,288,210,14,'1179',1,1),(6438,288,1183,27,'12169',1,1),(6439,288,1184,27,'12172',1,1),(6440,288,1185,27,'12177',1,1),(6441,288,1186,27,'12182',1,1),(6442,288,1187,27,'12184',1,1),(6443,288,1188,27,'12187',1,1),(6444,288,1189,27,'12193',1,1),(6445,288,1190,27,'12194',1,1),(6446,288,1191,27,'12201',1,1),(6447,288,1192,27,'12206',1,1),(6448,288,1201,29,'12267',1,1),(6449,288,1202,29,'12271',1,1),(6450,288,1203,29,'12276',1,1),(6451,288,1204,29,'12277',1,1),(6452,288,1205,29,'12281',1,1),(6453,288,1206,29,'12288',1,1),(6454,288,1207,29,'12292',1,1),(6455,288,1208,29,'12295',1,1),(6456,288,1209,29,'12299',1,1),(6457,288,1210,29,'12302',1,1),(6458,288,1211,29,'12307',1,1),(6459,288,1212,29,'12310',1,1),(6460,288,1213,29,'12312',1,1),(6461,254,1194,28,'12237',1,1),(6462,254,1195,28,'12240',1,1),(6463,254,1196,28,'12248',1,NULL),(6464,254,1197,28,'12254',1,NULL),(6465,254,1198,28,'12259',1,1),(6466,254,1199,28,'12260',1,1),(6467,254,1200,28,'12263',1,NULL),(6468,254,1194,28,'12237',2,1),(6469,254,1196,28,'12244',2,NULL),(6470,254,1197,28,'12251',2,1),(6471,254,1198,28,'12259',2,1),(6472,254,1199,28,'12260',2,1),(6473,254,1200,28,'12262',2,1),(6474,254,1201,29,'12267',1,1),(6475,254,1202,29,'12268',1,NULL),(6476,254,1203,29,'12276',1,1),(6477,254,1204,29,'12277',1,1),(6478,254,1205,29,'12280',1,NULL),(6479,254,1206,29,'12288',1,1),(6480,254,1207,29,'12292',1,1),(6481,254,1208,29,'12295',1,1),(6482,254,1209,29,'12299',1,1),(6483,254,1210,29,'12301',1,NULL),(6484,254,1211,29,'12307',1,1),(6485,254,1212,29,'12309',1,NULL),(6486,254,1213,29,'12312',1,1),(6487,254,1201,29,'12267',2,1),(6488,254,1202,29,'12268',2,NULL),(6489,254,1203,29,'12276',2,1),(6490,254,1204,29,'12277',2,1),(6491,254,1205,29,'12280',2,NULL),(6492,254,1206,29,'12288',2,1),(6493,254,1207,29,'12292',2,1),(6494,254,1208,29,'12295',2,1),(6495,254,1209,29,'12299',2,1),(6496,254,1210,29,'12302',2,1),(6497,254,1211,29,'12307',2,1),(6498,254,1212,29,'12309',2,NULL),(6499,254,1213,29,'12312',2,1),(6500,110,53,4,'12343',1,1),(6501,110,54,4,'12344',1,1),(6502,110,55,4,'12347',1,1),(6503,110,57,4,'12349',1,1),(6504,110,58,4,'12356',1,NULL),(6505,110,59,4,'12362',1,1),(6506,110,60,4,'12366',1,1),(6507,110,61,4,'425',1,1),(6508,110,62,4,'327',1,1),(6509,110,63,4,'12322',1,1),(6510,110,64,4,'12324',1,1),(6511,110,65,4,'12326',1,NULL),(6512,110,82,4,'12334',1,1),(6513,110,83,4,'12338',1,1),(6514,110,85,4,'12340',1,1),(6515,290,26,3,'463',1,1),(6516,290,27,3,'465',1,1),(6517,290,28,3,'467',1,1),(6518,290,29,3,'469',1,1),(6519,290,30,3,'471',1,1),(6520,290,31,3,'474',1,1),(6521,290,32,3,'475',1,1),(6522,290,33,3,'477',1,1),(6523,290,34,3,'12215',1,1),(6524,290,35,3,'485',1,1),(6525,290,36,3,'12224',1,1),(6526,290,37,3,'12207',1,1),(6527,290,38,3,'500',1,1),(6528,290,39,3,'508',1,1),(6529,290,40,3,'511',1,1),(6530,290,42,3,'12222',1,1),(6531,290,48,3,'526',1,1),(6532,290,53,4,'12343',1,1),(6533,290,54,4,'12344',1,1),(6534,290,55,4,'12347',1,1),(6535,290,57,4,'12349',1,1),(6536,290,58,4,'12357',1,1),(6537,290,59,4,'12362',1,1),(6538,290,60,4,'12366',1,1),(6539,290,61,4,'425',1,1),(6540,290,63,4,'12322',1,1),(6541,290,64,4,'12324',1,1),(6542,290,65,4,'12329',1,1),(6543,290,82,4,'12334',1,1),(6544,290,83,4,'12338',1,1),(6545,290,85,4,'12340',1,1),(6546,290,67,5,'540',1,1),(6547,290,68,5,'544',1,1),(6548,290,69,5,'546',1,1),(6549,290,70,5,'551',1,1),(6550,290,71,5,'553',1,1),(6551,290,72,5,'557',1,1),(6552,290,73,5,'565',1,1),(6553,290,74,5,'569',1,1),(6554,290,75,5,'575',1,1),(6555,290,78,5,'582',1,1),(6556,290,79,5,'588',1,1),(6557,290,80,5,'592',1,1),(6558,290,81,5,'576',1,1),(6559,290,88,5,'596',1,1),(6560,290,89,5,'600',1,1),(6561,290,116,7,'694',1,1),(6562,290,117,7,'697',1,1),(6563,290,118,7,'703',1,1),(6564,290,119,7,'706',1,1),(6565,290,120,7,'709',1,NULL),(6566,290,121,7,'714',1,1),(6567,290,122,7,'720',1,1),(6568,290,124,7,'726',1,1),(6569,290,125,7,'745',1,1),(6570,290,126,7,'735',1,1),(6571,290,1141,10,'1870',1,1),(6572,290,1143,10,'1873',1,1),(6573,290,1144,10,'1881',1,1),(6574,290,1145,10,'1885',1,1),(6575,290,1146,10,'1886',1,1),(6576,290,1147,10,'1888',1,1),(6577,290,1148,10,'1890',1,1),(6578,290,1149,10,'1892',1,1),(6579,290,1150,10,'1895',1,NULL),(6580,290,1151,10,'1897',1,1),(6581,290,1152,10,'1899',1,1),(6582,290,1154,10,'1900',1,1),(6583,290,1155,10,'1902',1,NULL),(6584,290,1156,10,'1904',1,1),(6585,290,1193,10,'12230',1,1),(6586,290,201,14,'1141',1,NULL),(6587,290,202,14,'1146',1,1),(6588,290,203,14,'12235',1,1),(6589,290,204,14,'1157',1,1),(6590,290,205,14,'1162',1,1),(6591,290,206,14,'1163',1,1),(6592,290,207,14,'1165',1,1),(6593,290,208,14,'1169',1,1),(6594,290,209,14,'1174',1,1),(6595,290,210,14,'1179',1,1),(6596,290,211,15,'1180',1,1),(6597,290,212,15,'1185',1,1),(6598,290,213,15,'1189',1,1),(6599,290,214,15,'1192',1,1),(6600,290,215,15,'1194',1,NULL),(6601,290,591,25,'12151',1,1),(6602,290,592,25,'11847',1,1),(6603,290,593,25,'12162',1,1),(6604,290,702,25,'12166',1,1),(6605,290,703,25,'11859',1,1),(6606,290,704,25,'11862',1,1),(6607,290,705,25,'11864',1,1),(6608,290,706,25,'11868',1,1),(6609,290,707,25,'11873',1,1),(6610,290,712,25,'11892',1,1),(6611,290,713,25,'11894',1,NULL),(6612,290,1183,27,'12169',1,1),(6613,290,1184,27,'12172',1,1),(6614,290,1185,27,'12177',1,1),(6615,290,1186,27,'12181',1,NULL),(6616,290,1187,27,'12183',1,NULL),(6617,290,1188,27,'12188',1,NULL),(6618,290,1189,27,'12189',1,NULL),(6619,290,1190,27,'12194',1,1),(6620,290,1191,27,'12197',1,NULL),(6621,290,1192,27,'12206',1,1),(6622,290,1183,27,'12169',2,1),(6623,290,1184,27,'12172',2,1),(6624,290,1185,27,'12177',2,1),(6625,290,1186,27,'12179',2,NULL),(6626,290,1187,27,'12184',2,1),(6627,290,1188,27,'12188',2,NULL),(6628,290,1189,27,'12189',2,NULL),(6629,290,1190,27,'12194',2,1),(6630,290,1191,27,'12200',2,NULL),(6631,290,1192,27,'12204',2,NULL),(6632,290,1183,27,'12169',3,1),(6633,290,1184,27,'12172',3,1),(6634,290,1185,27,'12177',3,1),(6635,290,1186,27,'12182',3,1),(6636,290,1187,27,'12183',3,NULL),(6637,290,1188,27,'12187',3,1),(6638,290,1189,27,'12190',3,NULL),(6639,290,1190,27,'12194',3,1),(6640,290,1191,27,'12199',3,NULL),(6641,290,1192,27,'12206',3,1),(6642,290,1183,27,'12169',4,1),(6643,290,1184,27,'12172',4,1),(6644,290,1185,27,'12177',4,1),(6645,290,1186,27,'12182',4,1),(6646,290,1187,27,'12184',4,1),(6647,290,1188,27,'12187',4,1),(6648,290,1189,27,'12193',4,1),(6649,290,1190,27,'12194',4,1),(6650,290,1191,27,'12201',4,1),(6651,290,1192,27,'12206',4,1),(6652,290,1194,28,'12237',1,1),(6653,290,1195,28,'12240',1,1),(6654,290,1196,28,'12248',1,NULL),(6655,290,1197,28,'12254',1,NULL),(6656,290,1198,28,'12255',1,NULL),(6657,290,1199,28,'12260',1,1),(6658,290,1200,28,'12262',1,1),(6659,290,1194,28,'12237',2,1),(6660,290,1195,28,'12240',2,1),(6661,290,1196,28,'12246',2,NULL),(6662,290,1197,28,'12251',2,1),(6663,290,1198,28,'12259',2,1),(6664,290,1199,28,'12260',2,1),(6665,290,1200,28,'12262',2,1),(6666,290,1201,29,'12267',1,1),(6667,290,1202,29,'12271',1,1),(6668,290,1203,29,'12276',1,1),(6669,290,1204,29,'12277',1,1),(6670,290,1205,29,'12281',1,1),(6671,290,1206,29,'12288',1,1),(6672,290,1207,29,'12291',1,NULL),(6673,290,1208,29,'12295',1,1),(6674,290,1209,29,'12299',1,1),(6675,290,1210,29,'12302',1,1),(6676,290,1211,29,'12307',1,1),(6677,290,1212,29,'12310',1,1),(6678,290,1213,29,'12312',1,1),(6679,289,26,3,'463',1,1),(6680,289,27,3,'465',1,1),(6681,289,28,3,'467',1,1),(6682,289,29,3,'469',1,1),(6683,289,30,3,'472',1,NULL),(6684,289,31,3,'474',1,1),(6685,289,32,3,'475',1,1),(6686,289,33,3,'477',1,1),(6687,289,34,3,'12215',1,1),(6688,289,35,3,'485',1,1),(6689,289,36,3,'12224',1,1),(6690,289,37,3,'12207',1,1),(6691,289,38,3,'500',1,1),(6692,289,39,3,'508',1,1),(6693,289,40,3,'511',1,1),(6694,289,42,3,'12222',1,1),(6695,289,48,3,'525',1,NULL),(6696,289,53,4,'12343',1,1),(6697,289,54,4,'12344',1,1),(6698,289,55,4,'12347',1,1),(6699,289,57,4,'12349',1,1),(6700,289,58,4,'12357',1,1),(6701,289,59,4,'12362',1,1),(6702,289,60,4,'12366',1,1),(6703,289,61,4,'425',1,1),(6704,289,62,4,'327',1,1),(6705,289,63,4,'12322',1,1),(6706,289,64,4,'12324',1,1),(6707,289,65,4,'12326',1,NULL),(6708,289,82,4,'12334',1,1),(6709,289,83,4,'12338',1,1),(6710,289,85,4,'12340',1,1),(6711,289,67,5,'540',1,1),(6712,289,68,5,'544',1,1),(6713,289,69,5,'546',1,1),(6714,289,70,5,'551',1,1),(6715,289,71,5,'553',1,1),(6716,289,72,5,'557',1,1),(6717,289,73,5,'565',1,1),(6718,289,74,5,'569',1,1),(6719,289,75,5,'575',1,1),(6720,289,78,5,'582',1,1),(6721,289,79,5,'588',1,1),(6722,289,80,5,'592',1,1),(6723,289,81,5,'576',1,1),(6724,289,88,5,'596',1,1),(6725,289,89,5,'600',1,1),(6726,258,53,4,'12343',1,1),(6727,258,54,4,'12344',1,1),(6728,258,55,4,'12347',1,1),(6729,258,57,4,'12349',1,1),(6730,258,58,4,'12357',1,1),(6731,258,60,4,'12367',1,NULL),(6732,258,61,4,'425',1,1),(6733,258,62,4,'327',1,1),(6734,258,63,4,'12321',1,NULL),(6735,258,64,4,'12324',1,1),(6736,258,65,4,'12329',1,1),(6737,258,82,4,'12334',1,1),(6738,258,83,4,'12338',1,1),(6739,258,85,4,'12340',1,1),(6740,281,26,3,'463',1,1),(6741,281,27,3,'465',1,1),(6742,281,28,3,'468',1,NULL),(6743,281,29,3,'469',1,1),(6744,281,30,3,'471',1,1),(6745,281,31,3,'474',1,1),(6746,281,32,3,'476',1,NULL),(6747,281,33,3,'477',1,1),(6748,281,34,3,'12215',1,1),(6749,281,35,3,'485',1,1),(6750,281,36,3,'12224',1,1),(6751,281,37,3,'12207',1,1),(6752,281,38,3,'500',1,1),(6753,281,39,3,'508',1,1),(6754,281,40,3,'511',1,1),(6755,281,42,3,'12222',1,1),(6756,281,48,3,'526',1,1),(6757,281,1201,29,'12267',1,1),(6758,281,1202,29,'12271',1,1),(6759,281,1203,29,'12276',1,1),(6760,281,1204,29,'12277',1,1),(6761,281,1205,29,'12281',1,1),(6762,281,1206,29,'12288',1,1),(6763,281,1207,29,'12292',1,1),(6764,281,1208,29,'12295',1,1),(6765,281,1209,29,'12299',1,1),(6766,281,1210,29,'12302',1,1),(6767,281,1211,29,'12307',1,1),(6768,281,1212,29,'12310',1,1),(6769,281,1213,29,'12312',1,1),(6770,281,1183,27,'12169',1,1),(6771,281,1184,27,'12172',1,1),(6772,281,1185,27,'12177',1,1),(6773,281,1186,27,'12182',1,1),(6774,281,1187,27,'12184',1,1),(6775,281,1188,27,'12187',1,1),(6776,281,1189,27,'12193',1,1),(6777,281,1190,27,'12194',1,1),(6778,281,1191,27,'12201',1,1),(6779,281,1192,27,'12206',1,1),(6780,281,53,4,'12343',1,1),(6781,281,54,4,'12344',1,1),(6782,281,55,4,'12347',1,1),(6783,281,57,4,'12349',1,1),(6784,281,58,4,'12357',1,1),(6785,281,59,4,'12362',1,1),(6786,281,60,4,'12366',1,1),(6787,281,61,4,'424',1,NULL),(6788,281,62,4,'327',1,1),(6789,281,63,4,'12322',1,1),(6790,281,64,4,'12324',1,1),(6791,281,65,4,'12329',1,1),(6792,281,82,4,'12334',1,1),(6793,281,83,4,'12338',1,1),(6794,281,85,4,'12340',1,1),(6795,281,1194,28,'12237',1,1),(6796,281,1195,28,'12240',1,1),(6797,281,1196,28,'12249',1,1),(6798,281,1197,28,'12251',1,1),(6799,281,1198,28,'12259',1,1),(6800,281,1199,28,'12260',1,1),(6801,281,1200,28,'12263',1,NULL),(6802,281,67,5,'540',1,1),(6803,281,68,5,'544',1,1),(6804,281,69,5,'546',1,1),(6805,281,70,5,'552',1,NULL),(6806,281,71,5,'553',1,1),(6807,281,72,5,'557',1,1),(6808,281,73,5,'565',1,1),(6809,281,74,5,'569',1,1),(6810,281,75,5,'575',1,1),(6811,281,78,5,'582',1,1),(6812,281,79,5,'588',1,1),(6813,281,80,5,'591',1,NULL),(6814,281,81,5,'576',1,1),(6815,281,88,5,'596',1,1),(6816,281,89,5,'600',1,1),(6817,281,116,7,'694',1,1),(6818,281,117,7,'697',1,1),(6819,281,118,7,'703',1,1),(6820,281,119,7,'706',1,1),(6821,281,120,7,'709',1,NULL),(6822,281,121,7,'714',1,1),(6823,281,122,7,'720',1,1),(6824,281,124,7,'726',1,1),(6825,281,125,7,'745',1,1),(6826,281,126,7,'735',1,1),(6827,281,591,25,'12151',1,1),(6828,281,592,25,'11847',1,1),(6829,281,593,25,'12162',1,1),(6830,281,702,25,'12166',1,1),(6831,281,703,25,'11859',1,1),(6832,281,704,25,'11862',1,1),(6833,281,705,25,'11864',1,1),(6834,281,706,25,'11867',1,NULL),(6835,281,707,25,'11873',1,1),(6836,281,712,25,'11892',1,1),(6837,281,713,25,'11894',1,NULL),(6838,281,211,15,'1180',1,1),(6839,281,212,15,'1185',1,1),(6840,281,213,15,'1189',1,1),(6841,281,214,15,'1192',1,1),(6842,281,215,15,'1194',1,NULL),(6843,281,201,14,'1143',1,NULL),(6844,281,202,14,'1146',1,1),(6845,281,203,14,'12235',1,1),(6846,281,204,14,'1157',1,1),(6847,281,205,14,'1162',1,1),(6848,281,206,14,'1163',1,1),(6849,281,207,14,'1166',1,NULL),(6850,281,208,14,'1169',1,1),(6851,281,209,14,'1172',1,NULL),(6852,281,210,14,'1179',1,1),(6853,281,201,14,'1145',2,NULL),(6854,281,202,14,'1146',2,1),(6855,281,203,14,'12235',2,1),(6856,281,204,14,'1157',2,1),(6857,281,205,14,'1162',2,1),(6858,281,206,14,'1163',2,1),(6859,281,207,14,'1165',2,1),(6860,281,208,14,'1169',2,1),(6861,281,209,14,'1174',2,1),(6862,281,210,14,'1179',2,1),(6863,281,1141,10,'1870',1,1),(6864,281,1143,10,'1873',1,1),(6865,281,1144,10,'1881',1,1),(6866,281,1145,10,'1885',1,1),(6867,281,1146,10,'1886',1,1),(6868,281,1147,10,'1888',1,1),(6869,281,1148,10,'1890',1,1),(6870,281,1149,10,'1892',1,1),(6871,281,1150,10,'1894',1,1),(6872,281,1151,10,'1897',1,1),(6873,281,1152,10,'1899',1,1),(6874,281,1154,10,'1900',1,1),(6875,281,1155,10,'1902',1,NULL),(6876,281,1156,10,'1904',1,1),(6877,281,1193,10,'12230',1,1),(6878,292,1201,29,'12267',1,1),(6879,292,1202,29,'12271',1,1),(6880,292,1203,29,'12276',1,1),(6881,292,1204,29,'12277',1,1),(6882,292,1205,29,'12281',1,1),(6883,292,1206,29,'12288',1,1),(6884,292,1207,29,'12290',1,NULL),(6885,292,1208,29,'12295',1,1),(6886,292,1209,29,'12299',1,1),(6887,292,1210,29,'12303',1,NULL),(6888,292,1211,29,'12307',1,1),(6889,292,1212,29,'12310',1,1),(6890,292,1213,29,'12312',1,1),(6891,293,26,3,'463',1,1),(6892,293,27,3,'466',1,NULL),(6893,293,28,3,'467',1,1),(6894,293,29,3,'469',1,1),(6895,293,30,3,'471',1,1),(6896,293,31,3,'474',1,1),(6897,293,32,3,'475',1,1),(6898,293,33,3,'478',1,NULL),(6899,293,34,3,'12215',1,1),(6900,293,35,3,'485',1,1),(6901,293,36,3,'12224',1,1),(6902,293,37,3,'12207',1,1),(6903,293,38,3,'500',1,1),(6904,293,39,3,'508',1,1),(6905,293,40,3,'510',1,NULL),(6906,293,42,3,'12222',1,1),(6907,293,48,3,'526',1,1),(6908,295,26,3,'463',1,1),(6909,295,27,3,'465',1,1),(6910,295,28,3,'467',1,1),(6911,295,29,3,'469',1,1),(6912,295,30,3,'471',1,1),(6913,295,31,3,'474',1,1),(6914,295,32,3,'475',1,1),(6915,295,33,3,'477',1,1),(6916,295,34,3,'12215',1,1),(6917,295,35,3,'485',1,1),(6918,295,36,3,'12224',1,1),(6919,295,37,3,'12207',1,1),(6920,295,38,3,'500',1,1),(6921,295,39,3,'508',1,1),(6922,295,40,3,'511',1,1),(6923,295,42,3,'12222',1,1),(6924,295,48,3,'526',1,1),(6925,295,1201,29,'12267',1,1),(6926,295,1202,29,'12271',1,1),(6927,295,1203,29,'12276',1,1),(6928,295,1204,29,'12278',1,NULL),(6929,295,1205,29,'12281',1,1),(6930,295,1206,29,'12288',1,1),(6931,295,1207,29,'12292',1,1),(6932,295,1208,29,'12295',1,1),(6933,295,1209,29,'12299',1,1),(6934,295,1210,29,'12304',1,NULL),(6935,295,1211,29,'12307',1,1),(6936,295,1212,29,'12310',1,1),(6937,295,1213,29,'12312',1,1),(6938,295,1194,28,'12237',1,1),(6939,295,1195,28,'12240',1,1),(6940,295,1196,28,'12248',1,NULL),(6941,295,1197,28,'12253',1,NULL),(6942,295,1198,28,'12259',1,1),(6943,295,1199,28,'12260',1,1),(6944,295,1200,28,'12263',1,NULL),(6945,295,1194,28,'12237',2,1),(6946,295,1195,28,'12240',2,1),(6947,295,1196,28,'12249',2,1),(6948,295,1197,28,'12252',2,NULL),(6949,295,1198,28,'12259',2,1),(6950,295,1199,28,'12260',2,1),(6951,295,1200,28,'12262',2,1),(6952,295,1183,27,'12171',1,NULL),(6953,295,1184,27,'12172',1,1),(6954,295,1185,27,'12174',1,NULL),(6955,295,1186,27,'12182',1,1),(6956,295,1187,27,'12183',1,NULL),(6957,295,1188,27,'12186',1,NULL),(6958,295,1189,27,'12193',1,1),(6959,295,1190,27,'12194',1,1),(6960,295,1191,27,'12201',1,1),(6961,295,1192,27,'12206',1,1),(6962,295,1183,27,'12169',2,1),(6963,295,1184,27,'12172',2,1),(6964,295,1185,27,'12175',2,NULL),(6965,295,1186,27,'12182',2,1),(6966,295,1187,27,'12184',2,1),(6967,295,1188,27,'12185',2,NULL),(6968,295,1189,27,'12193',2,1),(6969,295,1190,27,'12194',2,1),(6970,295,1191,27,'12201',2,1),(6971,295,1192,27,'12206',2,1),(6972,295,591,25,'12150',1,NULL),(6973,295,592,25,'11847',1,1),(6974,295,593,25,'12162',1,1),(6975,295,702,25,'12167',1,NULL),(6976,295,703,25,'11858',1,NULL),(6977,295,704,25,'11862',1,1),(6978,295,705,25,'11864',1,1),(6979,295,706,25,'11869',1,NULL),(6980,295,707,25,'11873',1,1),(6981,295,712,25,'11890',1,NULL),(6982,295,713,25,'11894',1,NULL),(6983,295,591,25,'12151',2,1),(6984,295,592,25,'11847',2,1),(6985,295,593,25,'12162',2,1),(6986,295,702,25,'12166',2,1),(6987,295,703,25,'11857',2,NULL),(6988,295,704,25,'11862',2,1),(6989,295,705,25,'11864',2,1),(6990,295,706,25,'11868',2,1),(6991,295,707,25,'11873',2,1),(6992,295,712,25,'11891',2,NULL),(6993,295,713,25,'11894',2,NULL),(6994,295,591,25,'12151',3,1),(6995,295,592,25,'11847',3,1),(6996,295,593,25,'12162',3,1),(6997,295,702,25,'12166',3,1),(6998,295,703,25,'11859',3,1),(6999,295,704,25,'11862',3,1),(7000,295,705,25,'11864',3,1),(7001,295,706,25,'11868',3,1),(7002,295,707,25,'11873',3,1),(7003,295,712,25,'11892',3,1),(7004,295,713,25,'11895',3,1),(7005,295,211,15,'1180',1,1),(7006,295,212,15,'1184',1,NULL),(7007,295,213,15,'1189',1,1),(7008,295,214,15,'1192',1,1),(7009,295,215,15,'1193',1,1),(7010,295,201,14,'1141',1,NULL),(7011,295,202,14,'1146',1,1),(7012,295,203,14,'12234',1,NULL),(7013,295,204,14,'1157',1,1),(7014,295,205,14,'1162',1,1),(7015,295,206,14,'1163',1,1),(7016,295,207,14,'1165',1,1),(7017,295,208,14,'1168',1,NULL),(7018,295,209,14,'1174',1,1),(7019,295,210,14,'1179',1,1),(7020,295,201,14,'1142',2,1),(7021,295,202,14,'1146',2,1),(7022,295,203,14,'12233',2,NULL),(7023,295,204,14,'1157',2,1),(7024,295,205,14,'1162',2,1),(7025,295,206,14,'1163',2,1),(7026,295,207,14,'1165',2,1),(7027,295,208,14,'1169',2,1),(7028,295,209,14,'1174',2,1),(7029,295,210,14,'1179',2,1),(7030,295,1141,10,'1870',1,1),(7031,295,1143,10,'1873',1,1),(7032,295,1144,10,'1881',1,1),(7033,295,1145,10,'1885',1,1),(7034,295,1146,10,'1886',1,1),(7035,295,1147,10,'1888',1,1),(7036,295,1148,10,'1890',1,1),(7037,295,1149,10,'1892',1,1),(7038,295,1150,10,'1894',1,1),(7039,295,1151,10,'1897',1,1),(7040,295,1152,10,'1899',1,1),(7041,295,1154,10,'1900',1,1),(7042,295,1155,10,'1902',1,NULL),(7043,295,1156,10,'1904',1,1),(7044,295,1193,10,'12230',1,1),(7045,295,116,7,'694',1,1),(7046,295,117,7,'697',1,1),(7047,295,118,7,'704',1,NULL),(7048,295,119,7,'706',1,1),(7049,295,120,7,'711',1,1),(7050,295,121,7,'714',1,1),(7051,295,122,7,'717',1,NULL),(7052,295,124,7,'726',1,1),(7053,295,125,7,'745',1,1),(7054,295,126,7,'735',1,1),(7055,295,67,5,'540',1,1),(7056,295,68,5,'544',1,1),(7057,295,69,5,'546',1,1),(7058,295,70,5,'551',1,1),(7059,295,71,5,'553',1,1),(7060,295,72,5,'557',1,1),(7061,295,73,5,'564',1,NULL),(7062,295,74,5,'569',1,1),(7063,295,75,5,'575',1,1),(7064,295,78,5,'580',1,NULL),(7065,295,79,5,'588',1,1),(7066,295,80,5,'593',1,NULL),(7067,295,81,5,'576',1,1),(7068,295,88,5,'596',1,1),(7069,295,89,5,'600',1,1),(7070,295,53,4,'12343',1,1),(7071,295,54,4,'12344',1,1),(7072,295,55,4,'12346',1,NULL),(7073,295,57,4,'12349',1,1),(7074,295,58,4,'12357',1,1),(7075,295,59,4,'12362',1,1),(7076,295,60,4,'12366',1,1),(7077,295,61,4,'425',1,1),(7078,295,62,4,'327',1,1),(7079,295,63,4,'12322',1,1),(7080,295,64,4,'12324',1,1),(7081,295,65,4,'12329',1,1),(7082,295,82,4,'12334',1,1),(7083,295,83,4,'12338',1,1),(7084,295,85,4,'12340',1,1),(7085,293,53,4,'12343',1,1),(7086,293,54,4,'12344',1,1),(7087,293,55,4,'12347',1,1),(7088,293,57,4,'12349',1,1),(7089,293,58,4,'12357',1,1),(7090,293,59,4,'12362',1,1),(7091,293,60,4,'12366',1,1),(7092,293,61,4,'423',1,NULL),(7093,293,62,4,'328',1,NULL),(7094,293,63,4,'12322',1,1),(7095,293,64,4,'12324',1,1),(7096,293,65,4,'12329',1,1),(7097,293,82,4,'12334',1,1),(7098,293,83,4,'12338',1,1),(7099,293,85,4,'12340',1,1),(7100,297,26,3,'463',1,1),(7101,297,27,3,'466',1,NULL),(7102,297,28,3,'468',1,NULL),(7103,297,29,3,'469',1,1),(7104,297,30,3,'471',1,1),(7105,297,31,3,'474',1,1),(7106,297,32,3,'475',1,1),(7107,297,33,3,'477',1,1),(7108,297,34,3,'12215',1,1),(7109,297,35,3,'485',1,1),(7110,297,36,3,'12224',1,1),(7111,297,37,3,'12207',1,1),(7112,297,38,3,'500',1,1),(7113,297,39,3,'508',1,1),(7114,297,40,3,'511',1,1),(7115,297,42,3,'12222',1,1),(7116,297,48,3,'526',1,1),(7117,297,53,4,'12343',1,1),(7118,297,54,4,'12344',1,1),(7119,297,55,4,'12347',1,1),(7120,297,57,4,'12349',1,1),(7121,297,58,4,'12357',1,1),(7122,297,59,4,'12362',1,1),(7123,297,60,4,'12366',1,1),(7124,297,61,4,'424',1,NULL),(7125,297,62,4,'327',1,1),(7126,297,63,4,'12322',1,1),(7127,297,64,4,'12324',1,1),(7128,297,65,4,'12326',1,NULL),(7129,297,82,4,'12334',1,1),(7130,297,83,4,'12338',1,1),(7131,297,85,4,'12340',1,1),(7132,297,67,5,'540',1,1),(7133,297,68,5,'544',1,1),(7134,297,69,5,'546',1,1),(7135,297,70,5,'552',1,NULL),(7136,297,71,5,'553',1,1),(7137,297,72,5,'557',1,1),(7138,297,73,5,'564',1,NULL),(7139,297,74,5,'569',1,1),(7140,297,75,5,'575',1,1),(7141,297,78,5,'582',1,1),(7142,297,79,5,'588',1,1),(7143,297,80,5,'593',1,NULL),(7144,297,81,5,'576',1,1),(7145,297,88,5,'596',1,1),(7146,297,89,5,'600',1,1),(7147,297,116,7,'694',1,1),(7148,297,117,7,'697',1,1),(7149,297,118,7,'704',1,NULL),(7150,297,119,7,'706',1,1),(7151,297,120,7,'711',1,1),(7152,297,121,7,'714',1,1),(7153,297,122,7,'720',1,1),(7154,297,124,7,'726',1,1),(7155,297,125,7,'745',1,1),(7156,297,126,7,'735',1,1),(7157,297,1141,10,'1870',1,1),(7158,297,1143,10,'1874',1,NULL),(7159,297,1144,10,'1881',1,1),(7160,297,1145,10,'1885',1,1),(7161,297,1146,10,'1886',1,1),(7162,297,1147,10,'1888',1,1),(7163,297,1148,10,'1891',1,NULL),(7164,297,1149,10,'1892',1,1),(7165,297,1150,10,'1894',1,1),(7166,297,1151,10,'1897',1,1),(7167,297,1152,10,'1899',1,1),(7168,297,1154,10,'1900',1,1),(7169,297,1155,10,'1902',1,NULL),(7170,297,1156,10,'1904',1,1),(7171,297,1193,10,'12230',1,1),(7172,297,201,14,'1141',1,NULL),(7173,297,202,14,'1147',1,NULL),(7174,297,203,14,'12233',1,NULL),(7175,297,204,14,'1157',1,1),(7176,297,205,14,'1162',1,1),(7177,297,206,14,'1163',1,1),(7178,297,207,14,'1165',1,1),(7179,297,208,14,'1168',1,NULL),(7180,297,209,14,'1171',1,NULL),(7181,297,210,14,'1179',1,1),(7182,297,201,14,'1142',2,1),(7183,297,202,14,'1146',2,1),(7184,297,203,14,'12234',2,NULL),(7185,297,204,14,'1157',2,1),(7186,297,205,14,'1162',2,1),(7187,297,206,14,'1163',2,1),(7188,297,207,14,'1165',2,1),(7189,297,208,14,'1169',2,1),(7190,297,209,14,'1174',2,1),(7191,297,210,14,'1179',2,1),(7192,297,211,15,'1180',1,1),(7193,297,212,15,'1185',1,1),(7194,297,213,15,'1189',1,1),(7195,297,214,15,'1192',1,1),(7196,297,215,15,'1193',1,1),(7197,297,591,25,'12151',1,1),(7198,297,592,25,'11847',1,1),(7199,297,593,25,'12162',1,1),(7200,297,702,25,'12166',1,1),(7201,297,703,25,'11859',1,1),(7202,297,704,25,'11862',1,1),(7203,297,705,25,'11863',1,NULL),(7204,297,706,25,'11868',1,1),(7205,297,707,25,'11873',1,1),(7206,297,712,25,'11892',1,1),(7207,297,713,25,'11894',1,NULL),(7208,297,1183,27,'12169',1,1),(7209,297,1184,27,'12172',1,1),(7210,297,1185,27,'12175',1,NULL),(7211,297,1186,27,'12182',1,1),(7212,297,1187,27,'12183',1,NULL),(7213,297,1188,27,'12187',1,1),(7214,297,1189,27,'12193',1,1),(7215,297,1190,27,'12194',1,1),(7216,297,1191,27,'12201',1,1),(7217,297,1192,27,'12206',1,1),(7218,297,1194,28,'12237',1,1),(7219,297,1195,28,'12242',1,NULL),(7220,297,1196,28,'12249',1,1),(7221,297,1197,28,'12250',1,NULL),(7222,297,1198,28,'12259',1,1),(7223,297,1199,28,'12260',1,1),(7224,297,1200,28,'12262',1,1),(7225,297,1201,29,'12267',1,1),(7226,297,1202,29,'12271',1,1),(7227,297,1203,29,'12276',1,1),(7228,297,1204,29,'12277',1,1),(7229,297,1205,29,'12281',1,1),(7230,297,1206,29,'12288',1,1),(7231,297,1207,29,'12290',1,NULL),(7232,297,1208,29,'12296',1,NULL),(7233,297,1209,29,'12299',1,1),(7234,297,1210,29,'12301',1,NULL),(7235,297,1211,29,'12307',1,1),(7236,297,1212,29,'12310',1,1),(7237,297,1213,29,'12312',1,1),(7238,298,26,3,'463',1,1),(7239,298,27,3,'465',1,1),(7240,298,28,3,'467',1,1),(7241,298,29,3,'469',1,1),(7242,298,30,3,'471',1,1),(7243,298,31,3,'474',1,1),(7244,298,32,3,'475',1,1),(7245,298,33,3,'477',1,1),(7246,298,34,3,'12215',1,1),(7247,298,35,3,'485',1,1),(7248,298,36,3,'12226',1,NULL),(7249,298,37,3,'12207',1,1),(7250,298,38,3,'500',1,1),(7251,298,39,3,'508',1,1),(7252,298,40,3,'511',1,1),(7253,298,42,3,'12222',1,1),(7254,298,48,3,'526',1,1),(7255,298,1141,10,'1870',1,1),(7256,298,1143,10,'1873',1,1),(7257,298,1144,10,'1881',1,1),(7258,298,1145,10,'1885',1,1),(7259,298,1146,10,'1886',1,1),(7260,298,1147,10,'1888',1,1),(7261,298,1148,10,'1890',1,1),(7262,298,1149,10,'1892',1,1),(7263,298,1150,10,'1894',1,1),(7264,298,1151,10,'1897',1,1),(7265,298,1152,10,'1898',1,NULL),(7266,298,1154,10,'1900',1,1),(7267,298,1155,10,'1902',1,NULL),(7268,298,1156,10,'1904',1,1),(7269,298,1193,10,'12230',1,1),(7270,298,201,14,'1142',1,1),(7271,298,202,14,'1146',1,1),(7272,298,203,14,'12232',1,NULL),(7273,298,204,14,'1157',1,1),(7274,298,205,14,'1162',1,1),(7275,298,206,14,'1163',1,1),(7276,298,207,14,'1166',1,NULL),(7277,298,209,14,'1171',1,NULL),(7278,298,210,14,'1179',1,1),(7279,298,201,14,'1142',2,1),(7280,298,202,14,'1146',2,1),(7281,298,203,14,'12235',2,1),(7282,298,204,14,'1157',2,1),(7283,298,205,14,'1162',2,1),(7284,298,206,14,'1163',2,1),(7285,298,207,14,'1167',2,NULL),(7286,298,208,14,'1169',2,1),(7287,298,209,14,'1174',2,1),(7288,298,210,14,'1179',2,1),(7289,298,211,15,'1180',1,1),(7290,298,212,15,'1185',1,1),(7291,298,213,15,'1189',1,1),(7292,298,214,15,'1192',1,1),(7293,298,215,15,'1194',1,NULL),(7294,298,53,4,'12342',1,NULL),(7295,298,54,4,'12344',1,1),(7296,298,55,4,'12347',1,1),(7297,298,57,4,'12349',1,1),(7298,298,58,4,'12357',1,1),(7299,298,59,4,'12362',1,1),(7300,298,60,4,'12366',1,1),(7301,298,61,4,'424',1,NULL),(7302,298,62,4,'328',1,NULL),(7303,298,63,4,'12322',1,1),(7304,298,64,4,'12324',1,1),(7305,298,65,4,'12329',1,1),(7306,298,82,4,'12334',1,1),(7307,298,83,4,'12338',1,1),(7308,298,85,4,'12340',1,1),(7309,298,116,7,'694',1,1),(7310,298,117,7,'697',1,1),(7311,298,118,7,'703',1,1),(7312,298,119,7,'706',1,1),(7313,298,120,7,'711',1,1),(7314,298,121,7,'714',1,1),(7315,298,122,7,'720',1,1),(7316,298,124,7,'726',1,1),(7317,298,125,7,'745',1,1),(7318,298,126,7,'735',1,1),(7319,298,67,5,'540',1,1),(7320,298,68,5,'544',1,1),(7321,298,69,5,'546',1,1),(7322,298,70,5,'552',1,NULL),(7323,298,71,5,'553',1,1),(7324,298,72,5,'557',1,1),(7325,298,73,5,'565',1,1),(7326,298,74,5,'569',1,1),(7327,298,75,5,'575',1,1),(7328,298,78,5,'583',1,NULL),(7329,298,79,5,'588',1,1),(7330,298,80,5,'593',1,NULL),(7331,298,81,5,'579',1,NULL),(7332,298,88,5,'597',1,NULL),(7333,298,89,5,'600',1,1),(7334,298,67,5,'540',2,1),(7335,298,68,5,'544',2,1),(7336,298,69,5,'546',2,1),(7337,298,70,5,'551',2,1),(7338,298,71,5,'553',2,1),(7339,298,72,5,'557',2,1),(7340,298,73,5,'565',2,1),(7341,298,74,5,'569',2,1),(7342,298,75,5,'575',2,1),(7343,298,78,5,'582',2,1),(7344,298,79,5,'588',2,1),(7345,298,80,5,'592',2,1),(7346,298,81,5,'576',2,1),(7347,298,88,5,'596',2,1),(7348,298,89,5,'600',2,1),(7349,298,591,25,'12151',1,1),(7350,298,592,25,'11847',1,1),(7351,298,593,25,'12163',1,NULL),(7352,298,702,25,'12164',1,NULL),(7353,298,703,25,'11859',1,1),(7354,298,704,25,'11862',1,1),(7355,298,705,25,'11864',1,1),(7356,298,706,25,'11868',1,1),(7357,298,707,25,'11871',1,NULL),(7358,298,712,25,'11892',1,1),(7359,298,713,25,'11894',1,NULL),(7360,298,591,25,'12151',2,1),(7361,298,592,25,'11847',2,1),(7362,298,593,25,'12162',2,1),(7363,298,702,25,'12167',2,NULL),(7364,298,703,25,'11859',2,1),(7365,298,704,25,'11862',2,1),(7366,298,705,25,'11864',2,1),(7367,298,706,25,'11868',2,1),(7368,298,707,25,'11873',2,1),(7369,298,712,25,'11892',2,1),(7370,298,713,25,'11895',2,1),(7371,298,1183,27,'12169',1,1),(7372,298,1184,27,'12172',1,1),(7373,298,1185,27,'12177',1,1),(7374,298,1186,27,'12182',1,1),(7375,298,1187,27,'12183',1,NULL),(7376,298,1188,27,'12188',1,NULL),(7377,298,1189,27,'12193',1,1),(7378,298,1190,27,'12194',1,1),(7379,298,1191,27,'12201',1,1),(7380,298,1192,27,'12206',1,1),(7381,298,1194,28,'12237',1,1),(7382,298,1195,28,'12240',1,1),(7383,298,1196,28,'12249',1,1),(7384,298,1197,28,'12254',1,NULL),(7385,298,1198,28,'12259',1,1),(7386,298,1199,28,'12260',1,1),(7387,298,1200,28,'12262',1,1),(7388,298,1201,29,'12267',1,1),(7389,298,1202,29,'12271',1,1),(7390,298,1203,29,'12276',1,1),(7391,298,1204,29,'12277',1,1),(7392,298,1205,29,'12281',1,1),(7393,298,1206,29,'12288',1,1),(7394,298,1207,29,'12292',1,1),(7395,298,1208,29,'12295',1,1),(7396,298,1209,29,'12299',1,1),(7397,298,1210,29,'12302',1,1),(7398,298,1211,29,'12307',1,1),(7399,298,1212,29,'12310',1,1),(7400,298,1213,29,'12312',1,1),(7401,299,26,3,'463',1,1),(7402,299,27,3,'465',1,1),(7403,299,28,3,'467',1,1),(7404,299,29,3,'469',1,1),(7405,299,30,3,'471',1,1),(7406,299,31,3,'474',1,1),(7407,299,32,3,'476',1,NULL),(7408,299,33,3,'477',1,1),(7409,299,34,3,'12215',1,1),(7410,299,35,3,'485',1,1),(7411,299,36,3,'12224',1,1),(7412,299,37,3,'12207',1,1),(7413,299,38,3,'500',1,1),(7414,299,39,3,'508',1,1),(7415,299,40,3,'511',1,1),(7416,299,42,3,'12222',1,1),(7417,299,48,3,'526',1,1),(7418,299,53,4,'12343',1,1),(7419,299,54,4,'12344',1,1),(7420,299,55,4,'12346',1,NULL),(7421,299,57,4,'12349',1,1),(7422,299,58,4,'12356',1,NULL),(7423,299,59,4,'12362',1,1),(7424,299,60,4,'12367',1,NULL),(7425,299,61,4,'425',1,1),(7426,299,62,4,'327',1,1),(7427,299,63,4,'12323',1,NULL),(7428,299,64,4,'12324',1,1),(7429,299,65,4,'12326',1,NULL),(7430,299,82,4,'12332',1,NULL),(7431,299,83,4,'12338',1,1),(7432,299,85,4,'12340',1,1),(7433,299,53,4,'12343',2,1),(7434,299,54,4,'12345',2,NULL),(7435,299,55,4,'12347',2,1),(7436,299,57,4,'12349',2,1),(7437,299,58,4,'12357',2,1),(7438,299,59,4,'12362',2,1),(7439,299,60,4,'12366',2,1),(7440,299,61,4,'425',2,1),(7441,299,62,4,'327',2,1),(7442,299,63,4,'12321',2,NULL),(7443,299,64,4,'12324',2,1),(7444,299,65,4,'12329',2,1),(7445,299,82,4,'12330',2,NULL),(7446,299,83,4,'12338',2,1),(7447,299,85,4,'12340',2,1),(7448,299,67,5,'540',1,1),(7449,299,68,5,'544',1,1),(7450,299,69,5,'548',1,NULL),(7451,299,70,5,'551',1,1),(7452,299,71,5,'554',1,NULL),(7453,299,72,5,'557',1,1),(7454,299,73,5,'564',1,NULL),(7455,299,74,5,'569',1,1),(7456,299,75,5,'575',1,1),(7457,299,78,5,'582',1,1),(7458,299,79,5,'588',1,1),(7459,299,80,5,'593',1,NULL),(7460,299,81,5,'576',1,1),(7461,299,88,5,'597',1,NULL),(7462,299,89,5,'600',1,1),(7463,293,67,5,'540',1,1),(7464,293,68,5,'544',1,1),(7465,293,69,5,'546',1,1),(7466,293,70,5,'552',1,NULL),(7467,293,71,5,'553',1,1),(7468,293,72,5,'557',1,1),(7469,293,73,5,'565',1,1),(7470,293,74,5,'569',1,1),(7471,293,75,5,'575',1,1),(7472,293,78,5,'582',1,1),(7473,293,79,5,'588',1,1),(7474,293,80,5,'592',1,1),(7475,293,81,5,'578',1,NULL),(7476,293,88,5,'595',1,NULL),(7477,293,89,5,'600',1,1),(7478,300,26,3,'463',1,1),(7479,300,27,3,'465',1,1),(7480,300,28,3,'467',1,1),(7481,300,29,3,'469',1,1),(7482,300,30,3,'471',1,1),(7483,300,31,3,'474',1,1),(7484,300,32,3,'475',1,1),(7485,300,33,3,'477',1,1),(7486,300,34,3,'12215',1,1),(7487,300,35,3,'485',1,1),(7488,300,36,3,'12224',1,1),(7489,300,37,3,'12207',1,1),(7490,300,38,3,'500',1,1),(7491,300,39,3,'508',1,1),(7492,300,40,3,'512',1,NULL),(7493,300,42,3,'12222',1,1),(7494,300,48,3,'526',1,1),(7495,300,53,4,'12343',1,1),(7496,300,54,4,'12344',1,1),(7497,300,55,4,'12347',1,1),(7498,300,57,4,'12349',1,1),(7499,300,58,4,'12356',1,NULL),(7500,300,59,4,'12362',1,1),(7501,300,60,4,'12366',1,1),(7502,300,61,4,'425',1,1),(7503,300,62,4,'327',1,1),(7504,300,63,4,'12322',1,1),(7505,300,64,4,'12324',1,1),(7506,300,65,4,'12329',1,1),(7507,300,82,4,'12334',1,1),(7508,300,83,4,'12338',1,1),(7509,300,85,4,'12340',1,1),(7510,300,67,5,'540',1,1),(7511,300,68,5,'544',1,1),(7512,300,69,5,'546',1,1),(7513,300,70,5,'551',1,1),(7514,300,71,5,'553',1,1),(7515,300,72,5,'557',1,1),(7516,300,73,5,'565',1,1),(7517,300,74,5,'569',1,1),(7518,300,75,5,'575',1,1),(7519,300,78,5,'582',1,1),(7520,300,79,5,'588',1,1),(7521,300,80,5,'592',1,1),(7522,300,81,5,'576',1,1),(7523,300,88,5,'596',1,1),(7524,300,89,5,'600',1,1),(7525,300,116,7,'694',1,1),(7526,300,117,7,'697',1,1),(7527,300,118,7,'703',1,1),(7528,300,119,7,'706',1,1),(7529,300,120,7,'711',1,1),(7530,300,121,7,'714',1,1),(7531,300,122,7,'720',1,1),(7532,300,124,7,'726',1,1),(7533,300,125,7,'745',1,1),(7534,300,126,7,'735',1,1),(7535,300,1141,10,'1870',1,1),(7536,300,1143,10,'1873',1,1),(7537,300,1144,10,'1881',1,1),(7538,300,1145,10,'1885',1,1),(7539,300,1146,10,'1886',1,1),(7540,300,1147,10,'1888',1,1),(7541,300,1148,10,'1890',1,1),(7542,300,1149,10,'1892',1,1),(7543,300,1150,10,'1894',1,1),(7544,300,1151,10,'1897',1,1),(7545,300,1152,10,'1899',1,1),(7546,300,1154,10,'1900',1,1),(7547,300,1155,10,'1902',1,NULL),(7548,300,1156,10,'1904',1,1),(7549,300,1193,10,'12230',1,1),(7550,300,201,14,'1144',1,NULL),(7551,300,202,14,'1146',1,1),(7552,300,203,14,'12232',1,NULL),(7553,300,204,14,'1157',1,1),(7554,300,205,14,'1162',1,1),(7555,300,206,14,'1163',1,1),(7556,300,207,14,'1166',1,NULL),(7557,300,208,14,'1169',1,1),(7558,300,209,14,'1174',1,1),(7559,300,210,14,'1179',1,1),(7560,300,201,14,'1141',2,NULL),(7561,300,202,14,'1146',2,1),(7562,300,203,14,'12231',2,NULL),(7563,300,204,14,'1157',2,1),(7564,300,205,14,'1162',2,1),(7565,300,206,14,'1163',2,1),(7566,300,207,14,'1165',2,1),(7567,300,208,14,'1169',2,1),(7568,300,209,14,'1174',2,1),(7569,300,210,14,'1179',2,1),(7570,300,211,15,'1180',1,1),(7571,300,212,15,'1183',1,NULL),(7572,300,213,15,'1189',1,1),(7573,300,214,15,'1192',1,1),(7574,300,215,15,'1194',1,NULL),(7575,300,211,15,'1180',2,1),(7576,300,212,15,'1185',2,1),(7577,300,213,15,'1189',2,1),(7578,300,214,15,'1192',2,1),(7579,300,215,15,'1193',2,1),(7580,300,591,25,'12151',1,1),(7581,300,592,25,'11847',1,1),(7582,300,593,25,'12162',1,1),(7583,300,702,25,'12166',1,1),(7584,300,703,25,'11859',1,1),(7585,300,704,25,'11862',1,1),(7586,300,705,25,'11864',1,1),(7587,300,706,25,'11869',1,NULL),(7588,300,707,25,'11873',1,1),(7589,300,712,25,'11892',1,1),(7590,300,713,25,'11894',1,NULL),(7591,300,1183,27,'12169',1,1),(7592,300,1184,27,'12172',1,1),(7593,300,1185,27,'12177',1,1),(7594,300,1186,27,'12182',1,1),(7595,300,1187,27,'12184',1,1),(7596,300,1188,27,'12187',1,1),(7597,300,1189,27,'12193',1,1),(7598,300,1190,27,'12194',1,1),(7599,300,1191,27,'12201',1,1),(7600,300,1192,27,'12206',1,1),(7601,300,1194,28,'12237',1,1),(7602,300,1195,28,'12240',1,1),(7603,300,1196,28,'12249',1,1),(7604,300,1197,28,'12251',1,1),(7605,300,1198,28,'12255',1,NULL),(7606,300,1199,28,'12260',1,1),(7607,300,1200,28,'12262',1,1),(7608,300,1194,28,'12237',2,1),(7609,300,1195,28,'12240',2,1),(7610,300,1196,28,'12249',2,1),(7611,300,1197,28,'12251',2,1),(7612,300,1198,28,'12255',2,NULL),(7613,300,1199,28,'12260',2,1),(7614,300,1200,28,'12262',2,1),(7615,300,1201,29,'12267',1,1),(7616,300,1203,29,'12276',1,1),(7617,300,1204,29,'12277',1,1),(7618,300,1205,29,'12281',1,1),(7619,300,1206,29,'12288',1,1),(7620,300,1207,29,'12292',1,1),(7621,300,1208,29,'12295',1,1),(7622,300,1209,29,'12299',1,1),(7623,300,1210,29,'12302',1,1),(7624,300,1211,29,'12307',1,1),(7625,300,1212,29,'12310',1,1),(7626,300,1213,29,'12313',1,NULL),(7627,293,116,7,'694',1,1),(7628,293,117,7,'697',1,1),(7629,293,118,7,'703',1,1),(7630,293,119,7,'706',1,1),(7631,293,120,7,'711',1,1),(7632,293,121,7,'714',1,1),(7633,293,122,7,'718',1,NULL),(7634,293,124,7,'726',1,1),(7635,293,125,7,'745',1,1),(7636,293,126,7,'735',1,1),(7637,293,1141,10,'1870',1,1),(7638,293,1143,10,'1873',1,1),(7639,293,1144,10,'1881',1,1),(7640,293,1145,10,'1885',1,1),(7641,293,1146,10,'1886',1,1),(7642,293,1147,10,'1888',1,1),(7643,293,1148,10,'1890',1,1),(7644,293,1149,10,'1892',1,1),(7645,293,1150,10,'1894',1,1),(7646,293,1151,10,'1897',1,1),(7647,293,1154,10,'1900',1,1),(7648,293,1155,10,'1903',1,1),(7649,293,1156,10,'1904',1,1),(7650,293,1193,10,'12230',1,1),(7651,301,26,3,'463',1,1),(7652,301,27,3,'465',1,1),(7653,301,28,3,'467',1,1),(7654,301,29,3,'469',1,1),(7655,301,30,3,'471',1,1),(7656,301,31,3,'474',1,1),(7657,301,32,3,'475',1,1),(7658,301,33,3,'477',1,1),(7659,301,34,3,'12216',1,NULL),(7660,301,35,3,'485',1,1),(7661,301,36,3,'12226',1,NULL),(7662,301,37,3,'12207',1,1),(7663,301,38,3,'500',1,1),(7664,301,39,3,'508',1,1),(7665,301,40,3,'511',1,1),(7666,301,42,3,'12222',1,1),(7667,301,48,3,'526',1,1),(7668,301,53,4,'12343',1,1),(7669,301,54,4,'12344',1,1),(7670,301,55,4,'12347',1,1),(7671,301,57,4,'12349',1,1),(7672,301,58,4,'12357',1,1),(7673,301,59,4,'12362',1,1),(7674,301,60,4,'12366',1,1),(7675,301,61,4,'424',1,NULL),(7676,301,62,4,'327',1,1),(7677,301,63,4,'12322',1,1),(7678,301,64,4,'12324',1,1),(7679,301,65,4,'12326',1,NULL),(7680,301,82,4,'12334',1,1),(7681,301,83,4,'12339',1,NULL),(7682,301,85,4,'12340',1,1),(7683,301,67,5,'540',1,1),(7684,301,68,5,'544',1,1),(7685,301,69,5,'546',1,1),(7686,301,70,5,'551',1,1),(7687,301,71,5,'553',1,1),(7688,301,72,5,'557',1,1),(7689,301,73,5,'565',1,1),(7690,301,74,5,'569',1,1),(7691,301,75,5,'575',1,1),(7692,301,78,5,'582',1,1),(7693,301,79,5,'588',1,1),(7694,301,80,5,'593',1,NULL),(7695,301,81,5,'576',1,1),(7696,301,88,5,'597',1,NULL),(7697,301,89,5,'600',1,1),(7698,301,116,7,'694',1,1),(7699,301,117,7,'697',1,1),(7700,301,118,7,'704',1,NULL),(7701,301,119,7,'706',1,1),(7702,301,120,7,'711',1,1),(7703,301,121,7,'714',1,1),(7704,301,122,7,'720',1,1),(7705,301,124,7,'726',1,1),(7706,301,125,7,'745',1,1),(7707,301,126,7,'735',1,1),(7708,301,1141,10,'1870',1,1),(7709,301,1143,10,'1875',1,NULL),(7710,301,1144,10,'1878',1,NULL),(7711,301,1145,10,'1885',1,1),(7712,301,1146,10,'1886',1,1),(7713,301,1147,10,'1888',1,1),(7714,301,1148,10,'1890',1,1),(7715,301,1149,10,'1893',1,NULL),(7716,301,1150,10,'1894',1,1),(7717,301,1151,10,'1897',1,1),(7718,301,1152,10,'1899',1,1),(7719,301,1154,10,'1900',1,1),(7720,301,1155,10,'1902',1,NULL),(7721,301,1156,10,'1904',1,1),(7722,301,1193,10,'12230',1,1),(7723,301,1141,10,'1870',2,1),(7724,301,1143,10,'1874',2,NULL),(7725,301,1144,10,'1881',2,1),(7726,301,1145,10,'1885',2,1),(7727,301,1146,10,'1886',2,1),(7728,301,1147,10,'1888',2,1),(7729,301,1148,10,'1890',2,1),(7730,301,1149,10,'1892',2,1),(7731,301,1150,10,'1894',2,1),(7732,301,1151,10,'1897',2,1),(7733,301,1152,10,'1899',2,1),(7734,301,1154,10,'1900',2,1),(7735,301,1155,10,'1903',2,1),(7736,301,1156,10,'1904',2,1),(7737,301,1193,10,'12230',2,1),(7738,293,201,14,'1141',1,NULL),(7739,293,202,14,'1147',1,NULL),(7740,293,203,14,'12234',1,NULL),(7741,293,204,14,'1157',1,1),(7742,293,205,14,'1162',1,1),(7743,293,206,14,'1163',1,1),(7744,293,207,14,'1166',1,NULL),(7745,293,208,14,'1168',1,NULL),(7746,293,209,14,'1174',1,1),(7747,293,210,14,'1179',1,1),(7748,293,201,14,'1141',2,NULL),(7749,293,202,14,'1147',2,NULL),(7750,293,203,14,'12234',2,NULL),(7751,293,204,14,'1157',2,1),(7752,293,205,14,'1162',2,1),(7753,293,206,14,'1163',2,1),(7754,293,207,14,'1166',2,NULL),(7755,293,208,14,'1168',2,NULL),(7756,293,209,14,'1174',2,1),(7757,293,210,14,'1179',2,1),(7758,293,201,14,'1142',3,1),(7759,293,202,14,'1147',3,NULL),(7760,293,203,14,'12231',3,NULL),(7761,293,204,14,'1157',3,1),(7762,293,205,14,'1162',3,1),(7763,293,206,14,'1163',3,1),(7764,293,207,14,'1165',3,1),(7765,293,208,14,'1169',3,1),(7766,293,209,14,'1174',3,1),(7767,293,210,14,'1179',3,1),(7768,293,211,15,'1180',1,1),(7769,293,212,15,'1184',1,NULL),(7770,293,213,15,'1187',1,NULL),(7771,293,214,15,'1191',1,NULL),(7772,293,215,15,'1193',1,1),(7773,293,211,15,'1180',2,1),(7774,293,212,15,'1182',2,NULL),(7775,293,213,15,'1188',2,NULL),(7776,293,214,15,'1192',2,1),(7777,293,215,15,'1193',2,1),(7778,293,211,15,'1180',3,1),(7779,293,212,15,'1183',3,NULL),(7780,293,213,15,'1189',3,1),(7781,293,214,15,'1192',3,1),(7782,293,215,15,'1193',3,1),(7783,248,53,4,'12343',1,1),(7784,248,54,4,'12344',1,1),(7785,248,55,4,'12347',1,1),(7786,248,57,4,'12349',1,1),(7787,248,58,4,'12357',1,1),(7788,248,59,4,'12362',1,1),(7789,248,60,4,'12366',1,1),(7790,248,61,4,'425',1,1),(7791,248,62,4,'327',1,1),(7792,248,63,4,'12321',1,NULL),(7793,248,64,4,'12324',1,1),(7794,248,65,4,'12326',1,NULL),(7795,248,82,4,'12334',1,1),(7796,248,83,4,'12338',1,1),(7797,248,85,4,'12340',1,1),(7798,302,26,3,'463',1,1),(7799,302,27,3,'465',1,1),(7800,302,28,3,'467',1,1),(7801,302,29,3,'469',1,1),(7802,302,30,3,'471',1,1),(7803,302,31,3,'474',1,1),(7804,302,32,3,'476',1,NULL),(7805,302,33,3,'477',1,1),(7806,302,34,3,'12215',1,1),(7807,302,35,3,'485',1,1),(7808,302,36,3,'12224',1,1),(7809,302,37,3,'12207',1,1),(7810,302,38,3,'500',1,1),(7811,302,39,3,'508',1,1),(7812,302,40,3,'511',1,1),(7813,302,42,3,'12222',1,1),(7814,302,48,3,'526',1,1),(7815,302,53,4,'12343',1,1),(7816,302,54,4,'12344',1,1),(7817,302,55,4,'12347',1,1),(7818,302,57,4,'12349',1,1),(7819,302,58,4,'12357',1,1),(7820,302,59,4,'12362',1,1),(7821,302,60,4,'12366',1,1),(7822,302,61,4,'425',1,1),(7823,302,62,4,'327',1,1),(7824,302,63,4,'12322',1,1),(7825,302,64,4,'12324',1,1),(7826,302,65,4,'12326',1,NULL),(7827,302,82,4,'12334',1,1),(7828,302,83,4,'12338',1,1),(7829,302,85,4,'12340',1,1),(7830,302,67,5,'540',1,1),(7831,302,68,5,'544',1,1),(7832,302,69,5,'546',1,1),(7833,302,70,5,'552',1,NULL),(7834,302,71,5,'553',1,1),(7835,302,72,5,'557',1,1),(7836,302,73,5,'565',1,1),(7837,302,74,5,'569',1,1),(7838,302,75,5,'575',1,1),(7839,302,78,5,'582',1,1),(7840,302,79,5,'588',1,1),(7841,302,80,5,'593',1,NULL),(7842,302,81,5,'576',1,1),(7843,302,88,5,'596',1,1),(7844,302,89,5,'600',1,1),(7845,302,116,7,'694',1,1),(7846,302,117,7,'697',1,1),(7847,302,118,7,'703',1,1),(7848,302,119,7,'706',1,1),(7849,302,120,7,'711',1,1),(7850,302,121,7,'714',1,1),(7851,302,122,7,'717',1,NULL),(7852,302,124,7,'726',1,1),(7853,302,125,7,'745',1,1),(7854,302,126,7,'735',1,1),(7855,302,1141,10,'1870',1,1),(7856,302,1143,10,'1873',1,1),(7857,302,1144,10,'1881',1,1),(7858,302,1145,10,'1885',1,1),(7859,302,1146,10,'1886',1,1),(7860,302,1147,10,'1888',1,1),(7861,302,1148,10,'1890',1,1),(7862,302,1149,10,'1893',1,NULL),(7863,302,1150,10,'1894',1,1),(7864,302,1151,10,'1897',1,1),(7865,302,1152,10,'1899',1,1),(7866,302,1154,10,'1900',1,1),(7867,302,1155,10,'1902',1,NULL),(7868,302,1156,10,'1904',1,1),(7869,302,1193,10,'12230',1,1),(7870,302,201,14,'1141',1,NULL),(7871,302,202,14,'1147',1,NULL),(7872,302,203,14,'12233',1,NULL),(7873,302,204,14,'1157',1,1),(7874,302,205,14,'1162',1,1),(7875,302,206,14,'1163',1,1),(7876,302,207,14,'1165',1,1),(7877,302,208,14,'1168',1,NULL),(7878,302,209,14,'1172',1,NULL),(7879,302,210,14,'1179',1,1),(7880,302,201,14,'1145',2,NULL),(7881,302,202,14,'1146',2,1),(7882,302,203,14,'12234',2,NULL),(7883,302,204,14,'1157',2,1),(7884,302,205,14,'1162',2,1),(7885,302,206,14,'1163',2,1),(7886,302,207,14,'1165',2,1),(7887,302,208,14,'1169',2,1),(7888,302,209,14,'1171',2,NULL),(7889,302,210,14,'1179',2,1),(7890,302,201,14,'1142',3,1),(7891,302,202,14,'1146',3,1),(7892,302,203,14,'12231',3,NULL),(7893,302,204,14,'1157',3,1),(7894,302,205,14,'1162',3,1),(7895,302,206,14,'1163',3,1),(7896,302,207,14,'1165',3,1),(7897,302,208,14,'1169',3,1),(7898,302,209,14,'1174',3,1),(7899,302,210,14,'1179',3,1),(7900,302,211,15,'1180',1,1),(7901,302,212,15,'1185',1,1),(7902,302,213,15,'1187',1,NULL),(7903,302,214,15,'1192',1,1),(7904,302,215,15,'1193',1,1),(7905,302,591,25,'12149',1,NULL),(7906,302,592,25,'11847',1,1),(7907,302,593,25,'12162',1,1),(7908,302,702,25,'12166',1,1),(7909,302,703,25,'11858',1,NULL),(7910,302,704,25,'11862',1,1),(7911,302,705,25,'11863',1,NULL),(7912,302,706,25,'11867',1,NULL),(7913,302,707,25,'11873',1,1),(7914,302,712,25,'11890',1,NULL),(7915,302,713,25,'11895',1,1),(7916,302,591,25,'12151',2,1),(7917,302,592,25,'11847',2,1),(7918,302,593,25,'12162',2,1),(7919,302,702,25,'12166',2,1),(7920,302,703,25,'11859',2,1),(7921,302,704,25,'11862',2,1),(7922,302,705,25,'11864',2,1),(7923,302,706,25,'11867',2,NULL),(7924,302,707,25,'11873',2,1),(7925,302,712,25,'11892',2,1),(7926,302,713,25,'11894',2,NULL),(7927,302,1183,27,'12168',1,NULL),(7928,302,1184,27,'12172',1,1),(7929,302,1185,27,'12175',1,NULL),(7930,302,1186,27,'12182',1,1),(7931,302,1187,27,'12183',1,NULL),(7932,302,1188,27,'12186',1,NULL),(7933,302,1189,27,'12193',1,1),(7934,302,1190,27,'12195',1,NULL),(7935,302,1191,27,'12198',1,NULL),(7936,302,1192,27,'12202',1,NULL),(7937,302,1183,27,'12169',2,1),(7938,302,1184,27,'12172',2,1),(7939,302,1185,27,'12177',2,1),(7940,302,1186,27,'12182',2,1),(7941,302,1187,27,'12184',2,1),(7942,302,1188,27,'12187',2,1),(7943,302,1189,27,'12193',2,1),(7944,302,1190,27,'12194',2,1),(7945,302,1191,27,'12201',2,1),(7946,302,1192,27,'12206',2,1),(7947,302,1194,28,'12237',1,1),(7948,302,1195,28,'12240',1,1),(7949,302,1196,28,'12249',1,1),(7950,302,1197,28,'12251',1,1),(7951,302,1198,28,'12259',1,1),(7952,302,1199,28,'12260',1,1),(7953,302,1200,28,'12263',1,NULL),(7954,302,1201,29,'12267',1,1),(7955,302,1202,29,'12271',1,1),(7956,302,1203,29,'12276',1,1),(7957,302,1204,29,'12277',1,1),(7958,302,1205,29,'12281',1,1),(7959,302,1206,29,'12288',1,1),(7960,302,1207,29,'12292',1,1),(7961,302,1208,29,'12296',1,NULL),(7962,302,1209,29,'12299',1,1),(7963,302,1210,29,'12302',1,1),(7964,302,1211,29,'12307',1,1),(7965,302,1212,29,'12311',1,NULL),(7966,302,1213,29,'12312',1,1),(7967,292,591,25,'12150',1,NULL),(7968,292,592,25,'11847',1,1),(7969,292,593,25,'12162',1,1),(7970,292,702,25,'12166',1,1),(7971,292,703,25,'11859',1,1),(7972,292,704,25,'11862',1,1),(7973,292,705,25,'11864',1,1),(7974,292,706,25,'11868',1,1),(7975,292,707,25,'11873',1,1),(7976,292,712,25,'11890',1,NULL),(7977,292,713,25,'11894',1,NULL),(7978,292,591,25,'12151',2,1),(7979,292,592,25,'11847',2,1),(7980,292,593,25,'12162',2,1),(7981,292,702,25,'12166',2,1),(7982,292,703,25,'11859',2,1),(7983,292,704,25,'11862',2,1),(7984,292,705,25,'11864',2,1),(7985,292,706,25,'11868',2,1),(7986,292,707,25,'11873',2,1),(7987,292,712,25,'11891',2,NULL),(7988,292,713,25,'11895',2,1),(7989,292,1194,28,'12237',1,1),(7990,292,1195,28,'12240',1,1),(7991,292,1196,28,'12248',1,NULL),(7992,292,1197,28,'12253',1,NULL),(7993,292,1198,28,'12259',1,1),(7994,292,1199,28,'12260',1,1),(7995,292,1200,28,'12262',1,1),(7996,292,67,5,'540',1,1),(7997,292,68,5,'544',1,1),(7998,292,69,5,'546',1,1),(7999,292,70,5,'552',1,NULL),(8000,292,71,5,'553',1,1),(8001,292,72,5,'557',1,1),(8002,292,73,5,'565',1,1),(8003,292,74,5,'569',1,1),(8004,292,75,5,'575',1,1),(8005,292,78,5,'582',1,1),(8006,292,79,5,'588',1,1),(8007,292,80,5,'592',1,1),(8008,292,81,5,'576',1,1),(8009,292,88,5,'596',1,1),(8010,292,89,5,'600',1,1),(8011,292,1183,27,'12169',1,1),(8012,292,1184,27,'12172',1,1),(8013,292,1185,27,'12177',1,1),(8014,292,1186,27,'12182',1,1),(8015,292,1187,27,'12183',1,NULL),(8016,292,1188,27,'12188',1,NULL),(8017,292,1189,27,'12193',1,1),(8018,292,1190,27,'12194',1,1),(8019,292,1191,27,'12201',1,1),(8020,292,1192,27,'12206',1,1),(8021,292,116,7,'694',1,1),(8022,292,117,7,'696',1,NULL),(8023,292,118,7,'703',1,1),(8024,292,119,7,'706',1,1),(8025,292,120,7,'711',1,1),(8026,292,121,7,'714',1,1),(8027,292,122,7,'718',1,NULL),(8028,292,124,7,'726',1,1),(8029,292,125,7,'745',1,1),(8030,292,126,7,'735',1,1),(8031,303,26,3,'463',1,1),(8032,303,27,3,'465',1,1),(8033,303,28,3,'467',1,1),(8034,303,29,3,'469',1,1),(8035,303,30,3,'471',1,1),(8036,303,31,3,'474',1,1),(8037,303,32,3,'475',1,1),(8038,303,33,3,'477',1,1),(8039,303,34,3,'12215',1,1),(8040,303,35,3,'485',1,1),(8041,303,36,3,'12224',1,1),(8042,303,37,3,'12207',1,1),(8043,303,38,3,'500',1,1),(8044,303,39,3,'508',1,1),(8045,303,40,3,'511',1,1),(8046,303,42,3,'12222',1,1),(8047,303,48,3,'526',1,1),(8048,292,1141,10,'1870',1,1),(8049,292,1143,10,'1873',1,1),(8050,292,1144,10,'1881',1,1),(8051,292,1145,10,'1885',1,1),(8052,292,1146,10,'1886',1,1),(8053,292,1147,10,'1888',1,1),(8054,292,1148,10,'1890',1,1),(8055,292,1149,10,'1892',1,1),(8056,292,1150,10,'1894',1,1),(8057,292,1151,10,'1897',1,1),(8058,292,1152,10,'1898',1,NULL),(8059,292,1154,10,'1900',1,1),(8060,292,1155,10,'1902',1,NULL),(8061,292,1156,10,'1904',1,1),(8062,292,1193,10,'12230',1,1),(8063,292,201,14,'1141',1,NULL),(8064,292,202,14,'1146',1,1),(8065,292,203,14,'12234',1,NULL),(8066,292,204,14,'1157',1,1),(8067,292,205,14,'1162',1,1),(8068,292,206,14,'1163',1,1),(8069,292,207,14,'1165',1,1),(8070,292,208,14,'1169',1,1),(8071,292,209,14,'1174',1,1),(8072,292,210,14,'1179',1,1),(8073,292,1201,29,'12267',2,1),(8074,292,1202,29,'12271',2,1),(8075,292,1203,29,'12276',2,1),(8076,292,1204,29,'12277',2,1),(8077,292,1205,29,'12280',2,NULL),(8078,292,1206,29,'12288',2,1),(8079,292,1207,29,'12292',2,1),(8080,292,1208,29,'12295',2,1),(8081,292,1209,29,'12299',2,1),(8082,292,1210,29,'12303',2,NULL),(8083,292,1211,29,'12307',2,1),(8084,292,1212,29,'12310',2,1),(8085,292,1213,29,'12312',2,1),(8086,292,26,3,'463',1,1),(8087,292,27,3,'465',1,1),(8088,292,28,3,'467',1,1),(8089,292,29,3,'469',1,1),(8090,292,30,3,'471',1,1),(8091,292,31,3,'474',1,1),(8092,292,32,3,'475',1,1),(8093,292,33,3,'477',1,1),(8094,292,34,3,'12215',1,1),(8095,292,35,3,'485',1,1),(8096,292,36,3,'12224',1,1),(8097,292,37,3,'12207',1,1),(8098,292,38,3,'500',1,1),(8099,292,39,3,'508',1,1),(8100,292,40,3,'511',1,1),(8101,292,42,3,'12217',1,NULL),(8102,292,48,3,'526',1,1),(8103,303,53,4,'12343',1,1),(8104,303,54,4,'12344',1,1),(8105,303,55,4,'12347',1,1),(8106,303,57,4,'12349',1,1),(8107,303,58,4,'12357',1,1),(8108,303,59,4,'12362',1,1),(8109,303,60,4,'12366',1,1),(8110,303,61,4,'423',1,NULL),(8111,303,62,4,'327',1,1),(8112,303,63,4,'12322',1,1),(8113,303,64,4,'12324',1,1),(8114,303,65,4,'12329',1,1),(8115,303,82,4,'12334',1,1),(8116,303,83,4,'12338',1,1),(8117,303,85,4,'12340',1,1),(8118,303,67,5,'540',1,1),(8119,303,68,5,'544',1,1),(8120,303,69,5,'546',1,1),(8121,303,70,5,'551',1,1),(8122,303,71,5,'553',1,1),(8123,303,72,5,'557',1,1),(8124,303,73,5,'565',1,1),(8125,303,74,5,'569',1,1),(8126,303,75,5,'575',1,1),(8127,303,78,5,'582',1,1),(8128,303,79,5,'588',1,1),(8129,303,80,5,'593',1,NULL),(8130,303,81,5,'576',1,1),(8131,303,88,5,'596',1,1),(8132,303,89,5,'600',1,1),(8133,303,116,7,'694',1,1),(8134,303,117,7,'697',1,1),(8135,303,118,7,'703',1,1),(8136,303,119,7,'706',1,1),(8137,303,120,7,'711',1,1),(8138,303,121,7,'714',1,1),(8139,303,122,7,'720',1,1),(8140,303,124,7,'726',1,1),(8141,303,125,7,'745',1,1),(8142,303,126,7,'735',1,1),(8143,303,1141,10,'1869',1,NULL),(8144,303,1143,10,'1873',1,1),(8145,303,1144,10,'1881',1,1),(8146,303,1145,10,'1885',1,1),(8147,303,1146,10,'1887',1,NULL),(8148,303,1147,10,'1888',1,1),(8149,303,1148,10,'1890',1,1),(8150,303,1150,10,'1894',1,1),(8151,303,1151,10,'1897',1,1),(8152,303,1152,10,'1899',1,1),(8153,303,1154,10,'1900',1,1),(8154,303,1155,10,'1902',1,NULL),(8155,303,1156,10,'1904',1,1),(8156,303,1193,10,'12230',1,1),(8157,303,1141,10,'1870',2,1),(8158,303,1143,10,'1873',2,1),(8159,303,1144,10,'1881',2,1),(8160,303,1145,10,'1885',2,1),(8161,303,1146,10,'1887',2,NULL),(8162,303,1147,10,'1888',2,1),(8163,303,1148,10,'1890',2,1),(8164,303,1149,10,'1892',2,1),(8165,303,1150,10,'1894',2,1),(8166,303,1151,10,'1897',2,1),(8167,303,1152,10,'1899',2,1),(8168,303,1154,10,'1900',2,1),(8169,303,1155,10,'1903',2,1),(8170,303,1156,10,'1904',2,1),(8171,303,1193,10,'12230',2,1),(8172,303,1194,28,'12237',1,1),(8173,303,1195,28,'12240',1,1),(8174,303,1196,28,'12248',1,NULL),(8175,303,1197,28,'12254',1,NULL),(8176,303,1198,28,'12259',1,1),(8177,303,1199,28,'12260',1,1),(8178,303,1200,28,'12262',1,1),(8179,303,1183,27,'12169',1,1),(8180,303,1184,27,'12172',1,1),(8181,303,1185,27,'12175',1,NULL),(8182,303,1186,27,'12182',1,1),(8183,303,1187,27,'12184',1,1),(8184,303,1188,27,'12187',1,1),(8185,303,1189,27,'12193',1,1),(8186,303,1190,27,'12194',1,1),(8187,303,1191,27,'12201',1,1),(8188,303,1192,27,'12204',1,NULL),(8189,303,1201,29,'12267',1,1),(8190,303,1202,29,'12271',1,1),(8191,303,1203,29,'12276',1,1),(8192,303,1204,29,'12278',1,NULL),(8193,303,1205,29,'12281',1,1),(8194,303,1206,29,'12288',1,1),(8195,303,1207,29,'12292',1,1),(8196,303,1208,29,'12295',1,1),(8197,303,1209,29,'12299',1,1),(8198,303,1210,29,'12302',1,1),(8199,303,1211,29,'12307',1,1),(8200,303,1212,29,'12310',1,1),(8201,303,1213,29,'12313',1,NULL),(8202,303,591,25,'12151',1,1),(8203,303,592,25,'11847',1,1),(8204,303,593,25,'12163',1,NULL),(8205,303,702,25,'12166',1,1),(8206,303,703,25,'11859',1,1),(8207,303,704,25,'11862',1,1),(8208,303,705,25,'11864',1,1),(8209,303,706,25,'11867',1,NULL),(8210,303,707,25,'11873',1,1),(8211,303,712,25,'11890',1,NULL),(8212,303,713,25,'11894',1,NULL),(8213,303,591,25,'12151',2,1),(8214,303,592,25,'11847',2,1),(8215,303,593,25,'12163',2,NULL),(8216,303,702,25,'12167',2,NULL),(8217,303,703,25,'11859',2,1),(8218,303,704,25,'11862',2,1),(8219,303,705,25,'11864',2,1),(8220,303,706,25,'11868',2,1),(8221,303,707,25,'11873',2,1),(8222,303,712,25,'11892',2,1),(8223,303,713,25,'11895',2,1),(8224,293,591,25,'12151',1,1),(8225,293,592,25,'11847',1,1),(8226,293,593,25,'12162',1,1),(8227,293,702,25,'12165',1,NULL),(8228,293,703,25,'11859',1,1),(8229,293,704,25,'11861',1,NULL),(8230,293,705,25,'11864',1,1),(8231,293,706,25,'11869',1,NULL),(8232,293,707,25,'11874',1,NULL),(8233,293,712,25,'11893',1,NULL),(8234,293,713,25,'11895',1,1),(8235,293,591,25,'12150',2,NULL),(8236,293,592,25,'11847',2,1),(8237,293,593,25,'12162',2,1),(8238,293,702,25,'12167',2,NULL),(8239,293,703,25,'11859',2,1),(8240,293,704,25,'11861',2,NULL),(8241,293,705,25,'11864',2,1),(8242,293,706,25,'11867',2,NULL),(8243,293,707,25,'11874',2,NULL),(8244,293,712,25,'11890',2,NULL),(8245,293,713,25,'11895',2,1),(8246,293,591,25,'12151',3,1),(8247,293,592,25,'11847',3,1),(8248,293,593,25,'12162',3,1),(8249,293,702,25,'12164',3,NULL),(8250,293,703,25,'11859',3,1),(8251,293,704,25,'11862',3,1),(8252,293,705,25,'11864',3,1),(8253,293,706,25,'11870',3,NULL),(8254,293,707,25,'11872',3,NULL),(8255,293,712,25,'11892',3,1),(8256,293,713,25,'11894',3,NULL),(8257,293,591,25,'12151',4,1),(8258,293,592,25,'11847',4,1),(8259,293,593,25,'12162',4,1),(8260,293,702,25,'12166',4,1),(8261,293,703,25,'11859',4,1),(8262,293,704,25,'11861',4,NULL),(8263,293,705,25,'11864',4,1),(8264,293,706,25,'11869',4,NULL),(8265,293,707,25,'11873',4,1),(8266,293,712,25,'11892',4,1),(8267,293,713,25,'11895',4,1),(8268,293,1183,27,'12171',1,NULL),(8269,293,1184,27,'12172',1,1),(8270,293,1185,27,'12175',1,NULL),(8271,293,1186,27,'12181',1,NULL),(8272,293,1187,27,'12183',1,NULL),(8273,293,1188,27,'12188',1,NULL),(8274,293,1189,27,'12193',1,1),(8275,293,1190,27,'12196',1,NULL),(8276,293,1191,27,'12198',1,NULL),(8277,293,1192,27,'12205',1,NULL),(8278,293,1183,27,'12168',2,NULL),(8279,293,1184,27,'12172',2,1),(8280,293,1185,27,'12174',2,NULL),(8281,293,1186,27,'12182',2,1),(8282,293,1187,27,'12183',2,NULL),(8283,293,1189,27,'12193',2,1),(8284,293,1190,27,'12195',2,NULL),(8285,293,1191,27,'12197',2,NULL),(8286,293,1192,27,'12202',2,NULL),(8287,293,1184,27,'12172',3,1),(8288,293,1185,27,'12177',3,1),(8289,293,1186,27,'12182',3,1),(8290,293,1187,27,'12184',3,1),(8291,293,1188,27,'12185',3,NULL),(8292,293,1189,27,'12193',3,1),(8293,293,1190,27,'12194',3,1),(8294,293,1191,27,'12198',3,NULL),(8295,293,1192,27,'12204',3,NULL),(8296,293,1183,27,'12169',4,1),(8297,293,1184,27,'12172',4,1),(8298,293,1185,27,'12177',4,1),(8299,293,1186,27,'12182',4,1),(8300,293,1187,27,'12184',4,1),(8301,293,1188,27,'12185',4,NULL),(8302,293,1189,27,'12193',4,1),(8303,293,1190,27,'12194',4,1),(8304,293,1191,27,'12201',4,1),(8305,293,1192,27,'12206',4,1),(8306,293,1194,28,'12238',1,NULL),(8307,293,1195,28,'12240',1,1),(8308,293,1196,28,'12248',1,NULL),(8309,293,1197,28,'12254',1,NULL),(8310,293,1198,28,'12259',1,1),(8311,293,1199,28,'12260',1,1),(8312,293,1200,28,'12263',1,NULL),(8313,293,1194,28,'12236',2,NULL),(8314,293,1195,28,'12242',2,NULL),(8315,293,1196,28,'12249',2,1),(8316,293,1197,28,'12251',2,1),(8317,293,1198,28,'12259',2,1),(8318,293,1199,28,'12260',2,1),(8319,293,1200,28,'12262',2,1),(8320,293,1201,29,'12267',1,1),(8321,293,1202,29,'12271',1,1),(8322,293,1203,29,'12276',1,1),(8323,293,1204,29,'12278',1,NULL),(8324,293,1205,29,'12279',1,NULL),(8325,293,1206,29,'12288',1,1),(8326,293,1207,29,'12291',1,NULL),(8327,293,1208,29,'12296',1,NULL),(8328,293,1209,29,'12299',1,1),(8329,293,1210,29,'12302',1,1),(8330,293,1211,29,'12305',1,NULL),(8331,293,1212,29,'12308',1,NULL),(8332,293,1213,29,'12312',1,1),(8333,293,1201,29,'12267',2,1),(8334,293,1202,29,'12271',2,1),(8335,293,1203,29,'12276',2,1),(8336,293,1204,29,'12278',2,NULL),(8337,293,1205,29,'12283',2,NULL),(8338,293,1206,29,'12288',2,1),(8339,293,1207,29,'12290',2,NULL),(8340,293,1208,29,'12295',2,1),(8341,293,1209,29,'12299',2,1),(8342,293,1210,29,'12302',2,1),(8343,293,1211,29,'12306',2,NULL),(8344,293,1212,29,'12309',2,NULL),(8345,293,1213,29,'12312',2,1),(8346,293,1201,29,'12267',3,1),(8347,293,1202,29,'12271',3,1),(8348,293,1203,29,'12276',3,1),(8349,293,1204,29,'12278',3,NULL),(8350,293,1205,29,'12281',3,1),(8351,293,1206,29,'12288',3,1),(8352,293,1207,29,'12293',3,NULL),(8353,293,1208,29,'12295',3,1),(8354,293,1209,29,'12299',3,1),(8355,293,1210,29,'12302',3,1),(8356,293,1211,29,'12307',3,1),(8357,293,1212,29,'12311',3,NULL),(8358,293,1213,29,'12312',3,1),(8359,253,53,4,'12343',1,1),(8360,253,54,4,'12344',1,1),(8361,253,55,4,'12347',1,1),(8362,253,57,4,'12349',1,1),(8363,253,58,4,'12356',1,NULL),(8364,253,59,4,'12362',1,1),(8365,253,60,4,'12366',1,1),(8366,253,61,4,'423',1,NULL),(8367,253,62,4,'327',1,1),(8368,253,63,4,'12322',1,1),(8369,253,64,4,'12324',1,1),(8370,253,65,4,'12329',1,1),(8371,253,82,4,'12334',1,1),(8372,253,83,4,'12338',1,1),(8373,253,85,4,'12340',1,1),(8374,294,67,5,'540',1,1),(8375,294,68,5,'544',1,1),(8376,294,69,5,'546',1,1),(8377,294,70,5,'552',1,NULL),(8378,294,71,5,'553',1,1),(8379,294,72,5,'557',1,1),(8380,294,73,5,'565',1,1),(8381,294,74,5,'569',1,1),(8382,294,75,5,'575',1,1),(8383,294,78,5,'582',1,1),(8384,294,79,5,'588',1,1),(8385,294,80,5,'592',1,1),(8386,294,81,5,'576',1,1),(8387,294,88,5,'596',1,1),(8388,294,89,5,'600',1,1),(8389,294,1183,27,'12169',1,1),(8390,294,1184,27,'12172',1,1),(8391,294,1185,27,'12177',1,1),(8392,294,1186,27,'12182',1,1),(8393,294,1187,27,'12184',1,1),(8394,294,1188,27,'12187',1,1),(8395,294,1189,27,'12193',1,1),(8396,294,1190,27,'12194',1,1),(8397,294,1191,27,'12200',1,NULL),(8398,294,1192,27,'12205',1,NULL),(8399,294,591,25,'12151',1,1),(8400,294,592,25,'11847',1,1),(8401,294,593,25,'12162',1,1),(8402,294,702,25,'12166',1,1),(8403,294,703,25,'11859',1,1),(8404,294,704,25,'11862',1,1),(8405,294,705,25,'11864',1,1),(8406,294,706,25,'11868',1,1),(8407,294,707,25,'11873',1,1),(8408,294,712,25,'11892',1,1),(8409,294,713,25,'11894',1,NULL),(8410,294,26,3,'463',1,1),(8411,294,27,3,'465',1,1),(8412,294,28,3,'467',1,1),(8413,294,29,3,'469',1,1),(8414,294,30,3,'471',1,1),(8415,294,31,3,'474',1,1),(8416,294,32,3,'476',1,NULL),(8417,294,33,3,'477',1,1),(8418,294,34,3,'12215',1,1),(8419,294,35,3,'485',1,1),(8420,294,36,3,'12224',1,1),(8421,294,37,3,'12207',1,1),(8422,294,38,3,'500',1,1),(8423,294,39,3,'508',1,1),(8424,294,40,3,'511',1,1),(8425,294,42,3,'12222',1,1),(8426,294,48,3,'526',1,1),(8427,294,1194,28,'12237',1,1),(8428,294,1195,28,'12240',1,1),(8429,294,1196,28,'12249',1,1),(8430,294,1197,28,'12251',1,1),(8431,294,1198,28,'12259',1,1),(8432,294,1199,28,'12260',1,1),(8433,294,1200,28,'12263',1,NULL),(8434,294,53,4,'12343',1,1),(8435,294,54,4,'12344',1,1),(8436,294,55,4,'12347',1,1),(8437,294,57,4,'12349',1,1),(8438,294,58,4,'12357',1,1),(8439,294,59,4,'12362',1,1),(8440,294,60,4,'12366',1,1),(8441,294,61,4,'425',1,1),(8442,294,62,4,'327',1,1),(8443,294,63,4,'12322',1,1),(8444,294,64,4,'12324',1,1),(8445,294,65,4,'12329',1,1),(8446,294,82,4,'12334',1,1),(8447,294,83,4,'12338',1,1),(8448,294,85,4,'12340',1,1),(8449,294,201,14,'1142',1,1),(8450,294,202,14,'1146',1,1),(8451,294,203,14,'12235',1,1),(8452,294,204,14,'1157',1,1),(8453,294,205,14,'1162',1,1),(8454,294,206,14,'1163',1,1),(8455,294,207,14,'1165',1,1),(8456,294,208,14,'1169',1,1),(8457,294,209,14,'1174',1,1),(8458,294,210,14,'1179',1,1),(8459,294,1201,29,'12267',1,1),(8460,294,1202,29,'12271',1,1),(8461,294,1203,29,'12276',1,1),(8462,294,1204,29,'12277',1,1),(8463,294,1205,29,'12281',1,1),(8464,294,1206,29,'12288',1,1),(8465,294,1207,29,'12292',1,1),(8466,294,1208,29,'12295',1,1),(8467,294,1209,29,'12299',1,1),(8468,294,1210,29,'12302',1,1),(8469,294,1211,29,'12307',1,1),(8470,294,1212,29,'12310',1,1),(8471,294,1213,29,'12312',1,1),(8472,294,1141,10,'1870',1,1),(8473,294,1143,10,'1873',1,1),(8474,294,1144,10,'1881',1,1),(8475,294,1145,10,'1885',1,1),(8476,294,1146,10,'1886',1,1),(8477,294,1147,10,'1888',1,1),(8478,294,1148,10,'1890',1,1),(8479,294,1149,10,'1892',1,1),(8480,294,1150,10,'1894',1,1),(8481,294,1151,10,'1897',1,1),(8482,294,1152,10,'1898',1,NULL),(8483,294,1154,10,'1900',1,1),(8484,294,1155,10,'1902',1,NULL),(8485,294,1156,10,'1904',1,1),(8486,294,1193,10,'12230',1,1),(8487,294,211,15,'1180',1,1),(8488,294,212,15,'1185',1,1),(8489,294,213,15,'1189',1,1),(8490,294,214,15,'1192',1,1),(8491,294,215,15,'1193',1,1),(8492,294,116,7,'694',1,1),(8493,294,117,7,'696',1,NULL),(8494,294,118,7,'703',1,1),(8495,294,119,7,'706',1,1),(8496,294,120,7,'711',1,1),(8497,294,121,7,'714',1,1),(8498,294,122,7,'720',1,1),(8499,294,124,7,'726',1,1),(8500,294,125,7,'745',1,1),(8501,294,126,7,'735',1,1),(8502,301,201,14,'1141',1,NULL),(8503,301,202,14,'1146',1,1),(8504,301,203,14,'12233',1,NULL),(8505,301,204,14,'1157',1,1),(8506,301,205,14,'1162',1,1),(8507,301,206,14,'1163',1,1),(8508,301,207,14,'1166',1,NULL),(8509,301,208,14,'1169',1,1),(8510,301,209,14,'1172',1,NULL),(8511,301,210,14,'1179',1,1),(8512,301,201,14,'1145',2,NULL),(8513,301,202,14,'1146',2,1),(8514,301,203,14,'12231',2,NULL),(8515,301,204,14,'1157',2,1),(8516,301,205,14,'1162',2,1),(8517,301,206,14,'1163',2,1),(8518,301,207,14,'1165',2,1),(8519,301,208,14,'1169',2,1),(8520,301,209,14,'1171',2,NULL),(8521,301,210,14,'1179',2,1),(8522,301,201,14,'1142',3,1),(8523,301,202,14,'1146',3,1),(8524,301,203,14,'12235',3,1),(8525,301,204,14,'1157',3,1),(8526,301,205,14,'1162',3,1),(8527,301,206,14,'1163',3,1),(8528,301,207,14,'1165',3,1),(8529,301,208,14,'1169',3,1),(8530,301,209,14,'1174',3,1),(8531,301,210,14,'1179',3,1),(8532,301,211,15,'1180',1,1),(8533,301,212,15,'1184',1,NULL),(8534,301,213,15,'1187',1,NULL),(8535,301,214,15,'1191',1,NULL),(8536,301,215,15,'1194',1,NULL),(8537,301,211,15,'1180',2,1),(8538,301,212,15,'1185',2,1),(8539,301,213,15,'1189',2,1),(8540,301,214,15,'1192',2,1),(8541,301,215,15,'1193',2,1),(8542,273,53,4,'12343',1,1),(8543,273,54,4,'12344',1,1),(8544,273,55,4,'12346',1,NULL),(8545,273,57,4,'12349',1,1),(8546,273,58,4,'12357',1,1),(8547,273,59,4,'12362',1,1),(8548,273,60,4,'12366',1,1),(8549,273,61,4,'425',1,1),(8550,273,62,4,'327',1,1),(8551,273,63,4,'12322',1,1),(8552,273,64,4,'12324',1,1),(8553,273,65,4,'12326',1,NULL),(8554,273,82,4,'12334',1,1),(8555,273,83,4,'12338',1,1),(8556,273,85,4,'12340',1,1),(8557,257,53,4,'12343',1,1),(8558,257,54,4,'12344',1,1),(8559,257,55,4,'12347',1,1),(8560,257,57,4,'12349',1,1),(8561,257,58,4,'12357',1,1),(8562,257,59,4,'12362',1,1),(8563,257,60,4,'12366',1,1),(8564,257,61,4,'425',1,1),(8565,257,62,4,'327',1,1),(8566,257,63,4,'12322',1,1),(8567,257,64,4,'12324',1,1),(8568,257,65,4,'12329',1,1),(8569,257,82,4,'12334',1,1),(8570,257,83,4,'12338',1,1),(8571,257,85,4,'12340',1,1),(8572,301,591,25,'12150',1,NULL),(8573,301,592,25,'11847',1,1),(8574,301,593,25,'12162',1,1),(8575,301,702,25,'12166',1,1),(8576,301,703,25,'11858',1,NULL),(8577,301,704,25,'11862',1,1),(8578,301,705,25,'11863',1,NULL),(8579,301,706,25,'11868',1,1),(8580,301,707,25,'11873',1,1),(8581,301,712,25,'11892',1,1),(8582,301,713,25,'11894',1,NULL),(8583,301,591,25,'12149',2,NULL),(8584,301,592,25,'11847',2,1),(8585,301,593,25,'12162',2,1),(8586,301,702,25,'12166',2,1),(8587,301,703,25,'11860',2,NULL),(8588,301,704,25,'11862',2,1),(8589,301,705,25,'11866',2,NULL),(8590,301,706,25,'11868',2,1),(8591,301,707,25,'11873',2,1),(8592,301,712,25,'11892',2,1),(8593,301,713,25,'11895',2,1),(8594,301,591,25,'12150',3,NULL),(8595,301,592,25,'11847',3,1),(8596,301,593,25,'12162',3,1),(8597,301,702,25,'12166',3,1),(8598,301,703,25,'11857',3,NULL),(8599,301,704,25,'11862',3,1),(8600,301,705,25,'11864',3,1),(8601,301,706,25,'11868',3,1),(8602,301,707,25,'11873',3,1),(8603,301,712,25,'11892',3,1),(8604,301,713,25,'11895',3,1),(8605,301,1183,27,'12169',1,1),(8606,301,1184,27,'12172',1,1),(8607,301,1185,27,'12177',1,1),(8608,301,1186,27,'12182',1,1),(8609,301,1187,27,'12183',1,NULL),(8610,301,1188,27,'12188',1,NULL),(8611,301,1189,27,'12193',1,1),(8612,301,1190,27,'12194',1,1),(8613,301,1191,27,'12199',1,NULL),(8614,301,1192,27,'12206',1,1),(8615,301,1183,27,'12169',2,1),(8616,301,1184,27,'12172',2,1),(8617,301,1185,27,'12177',2,1),(8618,301,1186,27,'12182',2,1),(8619,301,1187,27,'12184',2,1),(8620,301,1188,27,'12185',2,NULL),(8621,301,1189,27,'12193',2,1),(8622,301,1190,27,'12194',2,1),(8623,301,1191,27,'12201',2,1),(8624,301,1192,27,'12206',2,1),(8625,301,1194,28,'12237',1,1),(8626,301,1195,28,'12241',1,NULL),(8627,301,1196,28,'12249',1,1),(8628,301,1197,28,'12251',1,1),(8629,301,1198,28,'12259',1,1),(8630,301,1199,28,'12261',1,NULL),(8631,301,1200,28,'12262',1,1),(8632,301,1194,28,'12237',2,1),(8633,301,1195,28,'12240',2,1),(8634,301,1196,28,'12249',2,1),(8635,301,1197,28,'12251',2,1),(8636,301,1198,28,'12259',2,1),(8637,301,1199,28,'12260',2,1),(8638,301,1200,28,'12262',2,1),(8639,301,1201,29,'12267',1,1),(8640,301,1202,29,'12271',1,1),(8641,301,1203,29,'12276',1,1),(8642,301,1204,29,'12277',1,1),(8643,301,1205,29,'12281',1,1),(8644,301,1206,29,'12288',1,1),(8645,301,1207,29,'12292',1,1),(8646,301,1208,29,'12297',1,NULL),(8647,301,1209,29,'12300',1,NULL),(8648,301,1210,29,'12303',1,NULL),(8649,301,1211,29,'12307',1,1),(8650,301,1212,29,'12311',1,NULL),(8651,301,1213,29,'12312',1,1),(8652,301,1201,29,'12267',2,1),(8653,301,1202,29,'12271',2,1),(8654,301,1203,29,'12276',2,1),(8655,301,1204,29,'12277',2,1),(8656,301,1205,29,'12281',2,1),(8657,301,1206,29,'12288',2,1),(8658,301,1207,29,'12292',2,1),(8659,301,1208,29,'12295',2,1),(8660,301,1209,29,'12299',2,1),(8661,301,1210,29,'12302',2,1),(8662,301,1211,29,'12307',2,1),(8663,301,1212,29,'12310',2,1),(8664,301,1213,29,'12312',2,1),(8665,284,53,4,'12343',1,1),(8666,284,54,4,'12344',1,1),(8667,284,55,4,'12346',1,NULL),(8668,284,57,4,'12349',1,1),(8669,284,58,4,'12356',1,NULL),(8670,284,59,4,'12362',1,1),(8671,284,60,4,'12366',1,1),(8672,284,61,4,'422',1,NULL),(8673,284,62,4,'327',1,1),(8674,284,63,4,'12322',1,1),(8675,284,64,4,'12324',1,1),(8676,284,65,4,'12329',1,1),(8677,284,82,4,'12334',1,1),(8678,284,83,4,'12338',1,1),(8679,284,85,4,'12340',1,1),(8680,261,53,4,'12343',1,1),(8681,261,54,4,'12344',1,1),(8682,261,55,4,'12347',1,1),(8683,261,57,4,'12349',1,1),(8684,261,58,4,'12357',1,1),(8685,261,59,4,'12362',1,1),(8686,261,60,4,'12366',1,1),(8687,261,61,4,'425',1,1),(8688,261,62,4,'327',1,1),(8689,261,63,4,'12322',1,1),(8690,261,64,4,'12324',1,1),(8691,261,65,4,'12326',1,NULL),(8692,261,82,4,'12334',1,1),(8693,261,83,4,'12338',1,1),(8694,261,85,4,'12340',1,1),(8695,251,53,4,'12343',1,1),(8696,251,54,4,'12344',1,1),(8697,251,55,4,'12347',1,1),(8698,251,57,4,'12349',1,1),(8699,251,58,4,'12357',1,1),(8700,251,59,4,'12362',1,1),(8701,251,60,4,'12366',1,1),(8702,251,61,4,'424',1,NULL),(8703,251,62,4,'327',1,1),(8704,251,63,4,'12322',1,1),(8705,251,64,4,'12324',1,1),(8706,251,65,4,'12329',1,1),(8707,251,82,4,'12334',1,1),(8708,251,83,4,'12338',1,1),(8709,251,85,4,'12340',1,1),(8710,245,53,4,'12343',1,1),(8711,245,54,4,'12344',1,1),(8712,245,55,4,'12347',1,1),(8713,245,57,4,'12349',1,1),(8714,245,58,4,'12357',1,1),(8715,245,59,4,'12362',1,1),(8716,245,60,4,'12366',1,1),(8717,245,61,4,'425',1,1),(8718,245,62,4,'327',1,1),(8719,245,63,4,'12322',1,1),(8720,245,64,4,'12324',1,1),(8721,245,65,4,'12329',1,1),(8722,245,82,4,'12334',1,1),(8723,245,83,4,'12338',1,1),(8724,245,85,4,'12340',1,1),(8725,270,53,4,'12343',1,1),(8726,270,54,4,'12344',1,1),(8727,270,55,4,'12347',1,1),(8728,270,57,4,'12349',1,1),(8729,270,58,4,'12357',1,1),(8730,270,59,4,'12362',1,1),(8731,270,60,4,'12366',1,1),(8732,270,61,4,'425',1,1),(8733,270,62,4,'328',1,NULL),(8734,270,63,4,'12322',1,1),(8735,270,64,4,'12324',1,1),(8736,270,65,4,'12329',1,1),(8737,270,82,4,'12334',1,1),(8738,270,83,4,'12338',1,1),(8739,270,85,4,'12340',1,1),(8740,249,53,4,'12343',1,1),(8741,249,54,4,'12344',1,1),(8742,249,55,4,'12346',1,NULL),(8743,249,57,4,'12349',1,1),(8744,249,58,4,'12357',1,1),(8745,249,59,4,'12362',1,1),(8746,249,60,4,'12366',1,1),(8747,249,61,4,'424',1,NULL),(8748,249,62,4,'327',1,1),(8749,249,63,4,'12322',1,1),(8750,249,64,4,'12324',1,1),(8751,249,65,4,'12326',1,NULL),(8752,249,82,4,'12334',1,1),(8753,249,83,4,'12338',1,1),(8754,249,85,4,'12340',1,1),(8755,305,26,3,'463',1,1),(8756,305,27,3,'465',1,1),(8757,305,28,3,'467',1,1),(8758,305,29,3,'469',1,1),(8759,305,30,3,'471',1,1),(8760,305,31,3,'474',1,1),(8761,305,32,3,'475',1,1),(8762,305,33,3,'477',1,1),(8763,305,34,3,'12215',1,1),(8764,305,35,3,'485',1,1),(8765,305,36,3,'12226',1,NULL),(8766,305,37,3,'12207',1,1),(8767,305,38,3,'500',1,1),(8768,305,39,3,'508',1,1),(8769,305,40,3,'511',1,1),(8770,305,42,3,'12222',1,1),(8771,305,48,3,'526',1,1),(8772,305,53,4,'12343',1,1),(8773,305,54,4,'12344',1,1),(8774,305,55,4,'12347',1,1),(8775,305,57,4,'12349',1,1),(8776,305,58,4,'12357',1,1),(8777,305,59,4,'12362',1,1),(8778,305,60,4,'12366',1,1),(8779,305,61,4,'425',1,1),(8780,305,62,4,'327',1,1),(8781,305,63,4,'12322',1,1),(8782,305,64,4,'12324',1,1),(8783,305,65,4,'12329',1,1),(8784,305,82,4,'12334',1,1),(8785,305,83,4,'12338',1,1),(8786,305,85,4,'12340',1,1),(8787,305,67,5,'540',1,1),(8788,305,68,5,'544',1,1),(8789,305,69,5,'546',1,1),(8790,305,70,5,'551',1,1),(8791,305,71,5,'553',1,1),(8792,305,72,5,'557',1,1),(8793,305,73,5,'561',1,NULL),(8794,305,74,5,'569',1,1),(8795,305,75,5,'575',1,1),(8796,305,78,5,'582',1,1),(8797,305,79,5,'588',1,1),(8798,305,80,5,'593',1,NULL),(8799,305,81,5,'576',1,1),(8800,305,88,5,'596',1,1),(8801,305,89,5,'600',1,1),(8802,305,116,7,'694',1,1),(8803,305,117,7,'697',1,1),(8804,305,118,7,'703',1,1),(8805,305,119,7,'706',1,1),(8806,305,120,7,'711',1,1),(8807,305,121,7,'714',1,1),(8808,305,122,7,'720',1,1),(8809,305,124,7,'726',1,1),(8810,305,125,7,'745',1,1),(8811,305,126,7,'735',1,1),(8812,305,1141,10,'1870',1,1),(8813,305,1143,10,'1873',1,1),(8814,305,1144,10,'1881',1,1),(8815,305,1145,10,'1885',1,1),(8816,305,1146,10,'1886',1,1),(8817,305,1147,10,'1888',1,1),(8818,305,1148,10,'1890',1,1),(8819,305,1149,10,'1892',1,1),(8820,305,1150,10,'1894',1,1),(8821,305,1151,10,'1897',1,1),(8822,305,1152,10,'1899',1,1),(8823,305,1154,10,'1900',1,1),(8824,305,1155,10,'1902',1,NULL),(8825,305,1156,10,'1904',1,1),(8826,305,1193,10,'12230',1,1),(8827,305,201,14,'1143',1,NULL),(8828,305,202,14,'1147',1,NULL),(8829,305,203,14,'12235',1,1),(8830,305,204,14,'1157',1,1),(8831,305,205,14,'1162',1,1),(8832,305,206,14,'1163',1,1),(8833,305,207,14,'1165',1,1),(8834,305,208,14,'1169',1,1),(8835,305,209,14,'1174',1,1),(8836,305,210,14,'1179',1,1),(8837,305,211,15,'1180',1,1),(8838,305,212,15,'1185',1,1),(8839,305,213,15,'1189',1,1),(8840,305,214,15,'1192',1,1),(8841,305,215,15,'1193',1,1),(8842,305,591,25,'12151',1,1),(8843,305,592,25,'11847',1,1),(8844,305,593,25,'12162',1,1),(8845,305,702,25,'12166',1,1),(8846,305,703,25,'11859',1,1),(8847,305,704,25,'11862',1,1),(8848,305,705,25,'11864',1,1),(8849,305,706,25,'11868',1,1),(8850,305,707,25,'11873',1,1),(8851,305,712,25,'11892',1,1),(8852,305,713,25,'11894',1,NULL),(8853,305,1183,27,'12169',1,1),(8854,305,1184,27,'12172',1,1),(8855,305,1185,27,'12177',1,1),(8856,305,1186,27,'12179',1,NULL),(8857,305,1187,27,'12183',1,NULL),(8858,305,1188,27,'12187',1,1),(8859,305,1189,27,'12193',1,1),(8860,305,1190,27,'12194',1,1),(8861,305,1191,27,'12201',1,1),(8862,305,1192,27,'12206',1,1),(8863,305,1194,28,'12237',1,1),(8864,305,1195,28,'12240',1,1),(8865,305,1196,28,'12249',1,1),(8866,305,1197,28,'12251',1,1),(8867,305,1198,28,'12259',1,1),(8868,305,1199,28,'12260',1,1),(8869,305,1200,28,'12262',1,1),(8870,305,1201,29,'12267',1,1),(8871,305,1202,29,'12271',1,1),(8872,305,1203,29,'12276',1,1),(8873,305,1204,29,'12277',1,1),(8874,305,1205,29,'12281',1,1),(8875,305,1206,29,'12288',1,1),(8876,305,1207,29,'12292',1,1),(8877,305,1208,29,'12295',1,1),(8878,305,1209,29,'12299',1,1),(8879,305,1210,29,'12302',1,1),(8880,305,1211,29,'12307',1,1),(8881,305,1212,29,'12310',1,1),(8882,305,1213,29,'12312',1,1),(8883,304,26,3,'463',1,1),(8884,304,27,3,'465',1,1),(8885,304,28,3,'467',1,1),(8886,304,29,3,'469',1,1),(8887,304,30,3,'471',1,1),(8888,304,31,3,'474',1,1),(8889,304,32,3,'475',1,1),(8890,304,33,3,'477',1,1),(8891,304,34,3,'12215',1,1),(8892,304,35,3,'485',1,1),(8893,304,36,3,'12224',1,1),(8894,304,37,3,'12207',1,1),(8895,304,38,3,'500',1,1),(8896,304,39,3,'508',1,1),(8897,304,40,3,'511',1,1),(8898,304,42,3,'12222',1,1),(8899,304,48,3,'526',1,1),(8900,304,53,4,'12343',1,1),(8901,304,54,4,'12344',1,1),(8902,304,55,4,'12346',1,NULL),(8903,304,57,4,'12351',1,NULL),(8904,304,58,4,'12357',1,1),(8905,304,59,4,'12362',1,1),(8906,304,60,4,'12366',1,1),(8907,304,61,4,'425',1,1),(8908,304,62,4,'327',1,1),(8909,304,63,4,'12322',1,1),(8910,304,64,4,'12325',1,NULL),(8911,304,65,4,'12329',1,1),(8912,304,82,4,'12334',1,1),(8913,304,83,4,'12338',1,1),(8914,304,85,4,'12340',1,1),(8915,304,67,5,'540',1,1),(8916,304,68,5,'544',1,1),(8917,304,69,5,'546',1,1),(8918,304,70,5,'551',1,1),(8919,304,71,5,'553',1,1),(8920,304,72,5,'557',1,1),(8921,304,73,5,'565',1,1),(8922,304,74,5,'569',1,1),(8923,304,75,5,'575',1,1),(8924,304,78,5,'582',1,1),(8925,304,79,5,'588',1,1),(8926,304,80,5,'593',1,NULL),(8927,304,81,5,'576',1,1),(8928,304,88,5,'596',1,1),(8929,304,89,5,'600',1,1),(8930,304,116,7,'694',1,1),(8931,304,117,7,'697',1,1),(8932,304,118,7,'703',1,1),(8933,304,119,7,'706',1,1),(8934,304,120,7,'711',1,1),(8935,304,121,7,'714',1,1),(8936,304,122,7,'720',1,1),(8937,304,124,7,'726',1,1),(8938,304,125,7,'745',1,1),(8939,304,126,7,'735',1,1),(8940,304,1141,10,'1870',1,1),(8941,304,1143,10,'1873',1,1),(8942,304,1144,10,'1881',1,1),(8943,304,1145,10,'1885',1,1),(8944,304,1146,10,'1886',1,1),(8945,304,1147,10,'1888',1,1),(8946,304,1148,10,'1890',1,1),(8947,304,1149,10,'1892',1,1),(8948,304,1150,10,'1894',1,1),(8949,304,1151,10,'1897',1,1),(8950,304,1152,10,'1899',1,1),(8951,304,1154,10,'1900',1,1),(8952,304,1155,10,'1902',1,NULL),(8953,304,1156,10,'1904',1,1),(8954,304,1193,10,'12230',1,1),(8955,304,201,14,'1145',1,NULL),(8956,304,202,14,'1146',1,1),(8957,304,203,14,'12235',1,1),(8958,304,204,14,'1157',1,1),(8959,304,205,14,'1162',1,1),(8960,304,206,14,'1163',1,1),(8961,304,207,14,'1165',1,1),(8962,304,208,14,'1169',1,1),(8963,304,209,14,'1174',1,1),(8964,304,210,14,'1179',1,1),(8965,304,211,15,'1180',1,1),(8966,304,212,15,'1185',1,1),(8967,304,213,15,'1189',1,1),(8968,304,214,15,'1192',1,1),(8969,304,215,15,'1193',1,1),(8970,304,591,25,'12151',1,1),(8971,304,592,25,'11847',1,1),(8972,304,593,25,'12162',1,1),(8973,304,702,25,'12166',1,1),(8974,304,703,25,'11859',1,1),(8975,304,704,25,'11862',1,1),(8976,304,705,25,'11864',1,1),(8977,304,706,25,'11870',1,NULL),(8978,304,707,25,'11873',1,1),(8979,304,712,25,'11890',1,NULL),(8980,304,713,25,'11894',1,NULL),(8981,304,591,25,'12151',2,1),(8982,304,592,25,'11847',2,1),(8983,304,593,25,'12162',2,1),(8984,304,702,25,'12166',2,1),(8985,304,703,25,'11859',2,1),(8986,304,704,25,'11862',2,1),(8987,304,705,25,'11864',2,1),(8988,304,706,25,'11869',2,NULL),(8989,304,707,25,'11873',2,1),(8990,304,712,25,'11892',2,1),(8991,304,713,25,'11895',2,1),(8992,304,1183,27,'12169',1,1),(8993,304,1184,27,'12172',1,1),(8994,304,1185,27,'12175',1,NULL),(8995,304,1186,27,'12182',1,1),(8996,304,1187,27,'12183',1,NULL),(8997,304,1188,27,'12186',1,NULL),(8998,304,1189,27,'12193',1,1),(8999,304,1190,27,'12194',1,1),(9000,304,1191,27,'12201',1,1),(9001,304,1192,27,'12206',1,1),(9002,304,1183,27,'12169',2,1),(9003,304,1185,27,'12177',2,1),(9004,304,1186,27,'12179',2,NULL),(9005,304,1187,27,'12184',2,1),(9006,304,1188,27,'12187',2,1),(9007,304,1189,27,'12193',2,1),(9008,304,1190,27,'12194',2,1),(9009,304,1191,27,'12201',2,1),(9010,304,1192,27,'12206',2,1),(9011,304,1194,28,'12237',1,1),(9012,304,1195,28,'12240',1,1),(9013,304,1196,28,'12249',1,1),(9014,304,1197,28,'12251',1,1),(9015,304,1198,28,'12259',1,1),(9016,304,1199,28,'12260',1,1),(9017,304,1200,28,'12264',1,NULL),(9018,304,1201,29,'12267',1,1),(9019,304,1202,29,'12271',1,1),(9020,304,1203,29,'12276',1,1),(9021,304,1204,29,'12277',1,1),(9022,304,1205,29,'12281',1,1),(9023,304,1206,29,'12288',1,1),(9024,304,1207,29,'12292',1,1),(9025,304,1208,29,'12295',1,1),(9026,304,1209,29,'12299',1,1),(9027,304,1210,29,'12302',1,1),(9028,304,1211,29,'12307',1,1),(9029,304,1212,29,'12308',1,NULL),(9030,304,1213,29,'12312',1,1),(9031,252,53,4,'12343',1,1),(9032,252,54,4,'12344',1,1),(9033,252,55,4,'12347',1,1),(9034,252,57,4,'12349',1,1),(9035,252,58,4,'12357',1,1),(9036,252,59,4,'12362',1,1),(9037,252,60,4,'12366',1,1),(9038,252,61,4,'425',1,1),(9039,252,62,4,'327',1,1),(9040,252,63,4,'12322',1,1),(9041,252,64,4,'12324',1,1),(9042,252,65,4,'12329',1,1),(9043,252,82,4,'12334',1,1),(9044,252,83,4,'12338',1,1),(9045,252,85,4,'12340',1,1),(9046,274,53,4,'12343',1,1),(9047,274,54,4,'12344',1,1),(9048,274,55,4,'12347',1,1),(9049,274,57,4,'12349',1,1),(9050,274,58,4,'12357',1,1),(9051,274,59,4,'12362',1,1),(9052,274,60,4,'12366',1,1),(9053,274,61,4,'425',1,1),(9054,274,62,4,'327',1,1),(9055,274,63,4,'12322',1,1),(9056,274,64,4,'12324',1,1),(9057,274,65,4,'12329',1,1),(9058,274,82,4,'12334',1,1),(9059,274,83,4,'12338',1,1),(9060,274,85,4,'12340',1,1),(9061,306,116,7,'694',1,1),(9062,306,117,7,'696',1,NULL),(9063,306,118,7,'704',1,NULL),(9064,306,119,7,'706',1,1),(9065,306,120,7,'711',1,1),(9066,306,121,7,'714',1,1),(9067,306,122,7,'717',1,NULL),(9068,306,124,7,'726',1,1),(9069,306,125,7,'745',1,1),(9070,306,126,7,'735',1,1),(9071,306,116,7,'694',2,1),(9072,306,117,7,'695',2,NULL),(9073,306,118,7,'703',2,1),(9074,306,119,7,'706',2,1),(9075,306,120,7,'711',2,1),(9076,306,121,7,'714',2,1),(9077,306,122,7,'720',2,1),(9078,306,124,7,'726',2,1),(9079,306,125,7,'745',2,1),(9080,306,126,7,'735',2,1),(9081,306,1141,10,'1870',1,1),(9082,306,1143,10,'1875',1,NULL),(9083,306,1144,10,'1880',1,NULL),(9084,306,1145,10,'1882',1,NULL),(9085,306,1146,10,'1886',1,1),(9086,306,1147,10,'1888',1,1),(9087,306,1148,10,'1890',1,1),(9088,306,1149,10,'1892',1,1),(9089,306,1150,10,'1894',1,1),(9090,306,1151,10,'1897',1,1),(9091,306,1152,10,'1899',1,1),(9092,306,1154,10,'1900',1,1),(9093,306,1155,10,'1903',1,1),(9094,306,1156,10,'1904',1,1),(9095,306,1193,10,'12230',1,1),(9096,306,201,14,'1144',1,NULL),(9097,306,202,14,'1146',1,1),(9098,306,203,14,'12235',1,1),(9099,306,204,14,'1157',1,1),(9100,306,205,14,'1162',1,1),(9101,306,206,14,'1163',1,1),(9102,306,207,14,'1166',1,NULL),(9103,306,208,14,'1168',1,NULL),(9104,306,209,14,'1171',1,NULL),(9105,306,210,14,'1179',1,1),(9106,306,201,14,'1144',2,NULL),(9107,306,202,14,'1146',2,1),(9108,306,203,14,'12235',2,1),(9109,306,204,14,'1157',2,1),(9110,306,205,14,'1162',2,1),(9111,306,206,14,'1163',2,1),(9112,306,207,14,'1165',2,1),(9113,306,208,14,'1169',2,1),(9114,306,209,14,'1172',2,NULL),(9115,306,210,14,'1179',2,1),(9116,306,211,15,'1180',1,1),(9117,306,212,15,'1185',1,1),(9118,306,213,15,'1189',1,1),(9119,306,214,15,'1191',1,NULL),(9120,306,215,15,'1194',1,NULL),(9121,306,211,15,'1180',2,1),(9122,306,212,15,'1185',2,1),(9123,306,213,15,'1189',2,1),(9124,306,214,15,'1192',2,1),(9125,306,215,15,'1193',2,1),(9126,306,591,25,'12150',1,NULL),(9127,306,592,25,'11847',1,1),(9128,306,593,25,'12162',1,1),(9129,306,702,25,'12166',1,1),(9130,306,703,25,'11858',1,NULL),(9131,306,704,25,'11862',1,1),(9132,306,705,25,'11863',1,NULL),(9133,306,706,25,'11868',1,1),(9134,306,707,25,'11874',1,NULL),(9135,306,712,25,'11890',1,NULL),(9136,306,713,25,'11895',1,1),(9137,306,591,25,'12151',2,1),(9138,306,592,25,'11847',2,1),(9139,306,593,25,'12162',2,1),(9140,306,702,25,'12166',2,1),(9141,306,703,25,'11859',2,1),(9142,306,704,25,'11862',2,1),(9143,306,705,25,'11864',2,1),(9144,306,706,25,'11869',2,NULL),(9145,306,707,25,'11874',2,NULL),(9146,306,712,25,'11891',2,NULL),(9147,306,713,25,'11895',2,1),(9148,306,591,25,'12151',3,1),(9149,306,592,25,'11847',3,1),(9150,306,593,25,'12159',3,NULL),(9151,306,702,25,'12166',3,1),(9152,306,703,25,'11859',3,1),(9153,306,705,25,'11864',3,1),(9154,306,706,25,'11867',3,NULL),(9155,306,707,25,'11873',3,1),(9156,306,712,25,'11892',3,1),(9157,306,713,25,'11895',3,1),(9158,287,67,5,'540',1,1),(9159,287,68,5,'544',1,1),(9160,287,69,5,'546',1,1),(9161,287,70,5,'551',1,1),(9162,287,71,5,'553',1,1),(9163,287,72,5,'557',1,1),(9164,287,73,5,'565',1,1),(9165,287,74,5,'569',1,1),(9166,287,75,5,'575',1,1),(9167,287,78,5,'582',1,1),(9168,287,79,5,'588',1,1),(9169,287,80,5,'593',1,NULL),(9170,287,81,5,'576',1,1),(9171,287,88,5,'596',1,1),(9172,287,89,5,'600',1,1),(9173,287,53,4,'12343',1,1),(9174,287,54,4,'12344',1,1),(9175,287,55,4,'12347',1,1),(9176,287,57,4,'12349',1,1),(9177,287,58,4,'12357',1,1),(9178,287,59,4,'12362',1,1),(9179,287,60,4,'12366',1,1),(9180,287,61,4,'425',1,1),(9181,287,62,4,'327',1,1),(9182,287,63,4,'12322',1,1),(9183,287,64,4,'12324',1,1),(9184,287,65,4,'12329',1,1),(9185,287,82,4,'12334',1,1),(9186,287,83,4,'12338',1,1),(9187,287,85,4,'12340',1,1),(9188,287,26,3,'463',1,1),(9189,287,27,3,'465',1,1),(9190,287,28,3,'467',1,1),(9191,287,29,3,'469',1,1),(9192,287,30,3,'471',1,1),(9193,287,31,3,'474',1,1),(9194,287,32,3,'475',1,1),(9195,287,33,3,'477',1,1),(9196,287,34,3,'12215',1,1),(9197,287,35,3,'485',1,1),(9198,287,36,3,'12224',1,1),(9199,287,37,3,'12207',1,1),(9200,287,38,3,'500',1,1),(9201,287,39,3,'508',1,1),(9202,287,40,3,'511',1,1),(9203,287,42,3,'12217',1,NULL),(9204,287,48,3,'526',1,1),(9205,287,116,7,'694',1,1),(9206,287,117,7,'697',1,1),(9207,287,118,7,'703',1,1),(9208,287,119,7,'706',1,1),(9209,287,120,7,'711',1,1),(9210,287,121,7,'714',1,1),(9211,287,122,7,'718',1,NULL),(9212,287,124,7,'726',1,1),(9213,287,125,7,'745',1,1),(9214,287,126,7,'735',1,1),(9215,287,1141,10,'1870',1,1),(9216,287,1143,10,'1873',1,1),(9217,287,1144,10,'1881',1,1),(9218,287,1145,10,'1885',1,1),(9219,287,1146,10,'1886',1,1),(9220,287,1147,10,'1888',1,1),(9221,287,1148,10,'1890',1,1),(9222,287,1149,10,'1892',1,1),(9223,287,1150,10,'1894',1,1),(9224,287,1151,10,'1897',1,1),(9225,287,1152,10,'1899',1,1),(9226,287,1154,10,'1901',1,NULL),(9227,287,1155,10,'1903',1,1),(9228,287,1156,10,'1904',1,1),(9229,287,1193,10,'12230',1,1),(9230,287,1183,27,'12169',1,1),(9231,287,1184,27,'12172',1,1),(9232,287,1185,27,'12177',1,1),(9233,287,1186,27,'12182',1,1),(9234,287,1187,27,'12184',1,1),(9235,287,1188,27,'12188',1,NULL),(9236,287,1189,27,'12193',1,1),(9237,287,1190,27,'12194',1,1),(9238,287,1191,27,'12201',1,1),(9239,287,1192,27,'12206',1,1),(9240,287,591,25,'12151',1,1),(9241,287,592,25,'11847',1,1),(9242,287,593,25,'12162',1,1),(9243,287,702,25,'12166',1,1),(9244,287,703,25,'11859',1,1),(9245,287,704,25,'11862',1,1),(9246,287,705,25,'11864',1,1),(9247,287,706,25,'11868',1,1),(9248,287,707,25,'11873',1,1),(9249,287,712,25,'11892',1,1),(9250,287,713,25,'11894',1,NULL),(9251,287,201,14,'1145',1,NULL),(9252,287,202,14,'1146',1,1),(9253,287,203,14,'12235',1,1),(9254,287,204,14,'1157',1,1),(9255,287,205,14,'1162',1,1),(9256,287,206,14,'1163',1,1),(9257,287,207,14,'1165',1,1),(9258,287,208,14,'1169',1,1),(9259,287,209,14,'1174',1,1),(9260,287,210,14,'1179',1,1),(9261,287,211,15,'1180',1,1),(9262,287,212,15,'1185',1,1),(9263,287,213,15,'1189',1,1),(9264,287,214,15,'1191',1,NULL),(9265,287,215,15,'1193',1,1),(9266,287,211,15,'1180',2,1),(9267,287,212,15,'1185',2,1),(9268,287,213,15,'1189',2,1),(9269,287,214,15,'1191',2,NULL),(9270,287,215,15,'1193',2,1),(9271,287,1194,28,'12237',1,1),(9272,287,1195,28,'12240',1,1),(9273,287,1196,28,'12249',1,1),(9274,287,1197,28,'12250',1,NULL),(9275,287,1198,28,'12259',1,1),(9276,287,1199,28,'12260',1,1),(9277,287,1200,28,'12262',1,1),(9278,287,1201,29,'12267',1,1),(9279,287,1202,29,'12271',1,1),(9280,287,1203,29,'12276',1,1),(9281,287,1204,29,'12277',1,1),(9282,287,1205,29,'12281',1,1),(9283,287,1206,29,'12288',1,1),(9284,287,1207,29,'12292',1,1),(9285,287,1208,29,'12295',1,1),(9286,287,1209,29,'12299',1,1),(9287,287,1210,29,'12302',1,1),(9288,287,1211,29,'12307',1,1),(9289,287,1212,29,'12310',1,1),(9290,287,1213,29,'12312',1,1),(9291,287,1201,29,'12267',2,1),(9292,287,1202,29,'12271',2,1),(9293,287,1203,29,'12276',2,1),(9294,287,1204,29,'12277',2,1),(9295,287,1205,29,'12281',2,1),(9296,287,1206,29,'12288',2,1),(9297,287,1207,29,'12292',2,1),(9298,287,1208,29,'12295',2,1),(9299,287,1209,29,'12299',2,1),(9300,287,1210,29,'12302',2,1),(9301,287,1211,29,'12307',2,1),(9302,287,1212,29,'12310',2,1),(9303,287,1213,29,'12312',2,1),(9304,307,26,3,'463',1,1),(9305,307,27,3,'465',1,1),(9306,307,28,3,'468',1,NULL),(9307,307,29,3,'469',1,1),(9308,307,30,3,'471',1,1),(9309,307,31,3,'474',1,1),(9310,307,32,3,'475',1,1),(9311,307,33,3,'477',1,1),(9312,307,34,3,'12215',1,1),(9313,307,35,3,'485',1,1),(9314,307,36,3,'12224',1,1),(9315,307,37,3,'12207',1,1),(9316,307,38,3,'500',1,1),(9317,307,39,3,'508',1,1),(9318,307,40,3,'511',1,1),(9319,307,42,3,'12222',1,1),(9320,307,48,3,'526',1,1),(9321,307,53,4,'12343',1,1),(9322,307,54,4,'12344',1,1),(9323,307,55,4,'12347',1,1),(9324,307,57,4,'12349',1,1),(9325,307,59,4,'12361',1,NULL),(9326,307,60,4,'12366',1,1),(9327,307,61,4,'425',1,1),(9328,307,62,4,'327',1,1),(9329,307,63,4,'12322',1,1),(9330,307,64,4,'12324',1,1),(9331,307,65,4,'12329',1,1),(9332,307,82,4,'12334',1,1),(9333,307,83,4,'12338',1,1),(9334,307,85,4,'12340',1,1),(9335,307,67,5,'540',1,1),(9336,307,68,5,'544',1,1),(9337,307,69,5,'546',1,1),(9338,307,70,5,'551',1,1),(9339,307,71,5,'553',1,1),(9340,307,72,5,'557',1,1),(9341,307,73,5,'565',1,1),(9342,307,74,5,'569',1,1),(9343,307,75,5,'575',1,1),(9344,307,78,5,'582',1,1),(9345,307,79,5,'588',1,1),(9346,307,80,5,'592',1,1),(9347,307,81,5,'576',1,1),(9348,307,88,5,'597',1,NULL),(9349,307,89,5,'600',1,1),(9350,307,116,7,'694',1,1),(9351,307,117,7,'697',1,1),(9352,307,118,7,'703',1,1),(9353,307,119,7,'706',1,1),(9354,307,120,7,'711',1,1),(9355,307,121,7,'714',1,1),(9356,307,122,7,'720',1,1),(9357,307,124,7,'726',1,1),(9358,307,125,7,'745',1,1),(9359,307,126,7,'735',1,1),(9360,307,1141,10,'1870',1,1),(9361,307,1143,10,'1873',1,1),(9362,307,1144,10,'1881',1,1),(9363,307,1145,10,'1885',1,1),(9364,307,1146,10,'1886',1,1),(9365,307,1147,10,'1888',1,1),(9366,307,1148,10,'1890',1,1),(9367,307,1149,10,'1892',1,1),(9368,307,1150,10,'1894',1,1),(9369,307,1151,10,'1897',1,1),(9370,307,1152,10,'1899',1,1),(9371,307,1154,10,'1901',1,NULL),(9372,307,1155,10,'1902',1,NULL),(9373,307,1156,10,'1904',1,1),(9374,307,1193,10,'12230',1,1),(9375,307,201,14,'1143',1,NULL),(9376,307,202,14,'1146',1,1),(9377,307,203,14,'12235',1,1),(9378,307,204,14,'1157',1,1),(9379,307,205,14,'1162',1,1),(9380,307,206,14,'1163',1,1),(9381,307,207,14,'1165',1,1),(9382,307,208,14,'1169',1,1),(9383,307,209,14,'1174',1,1),(9384,307,210,14,'1179',1,1),(9385,307,211,15,'1181',1,NULL),(9386,307,212,15,'1185',1,1),(9387,307,213,15,'1189',1,1),(9388,307,214,15,'1192',1,1),(9389,307,215,15,'1193',1,1),(9390,307,591,25,'12151',1,1),(9391,307,592,25,'11847',1,1),(9392,307,593,25,'12162',1,1),(9393,307,702,25,'12166',1,1),(9394,307,703,25,'11859',1,1),(9395,307,704,25,'11862',1,1),(9396,307,705,25,'11864',1,1),(9397,307,706,25,'11868',1,1),(9398,307,707,25,'11873',1,1),(9399,307,712,25,'11892',1,1),(9400,307,713,25,'11894',1,NULL),(9401,307,1183,27,'12169',1,1),(9402,307,1184,27,'12172',1,1),(9403,307,1185,27,'12177',1,1),(9404,307,1186,27,'12179',1,NULL),(9405,307,1187,27,'12183',1,NULL),(9406,307,1188,27,'12187',1,1),(9407,307,1189,27,'12193',1,1),(9408,307,1190,27,'12194',1,1),(9409,307,1191,27,'12201',1,1),(9410,307,1192,27,'12206',1,1),(9411,307,1194,28,'12237',1,1),(9412,307,1195,28,'12240',1,1),(9413,307,1196,28,'12249',1,1),(9414,307,1197,28,'12251',1,1),(9415,307,1198,28,'12259',1,1),(9416,307,1199,28,'12260',1,1),(9417,307,1200,28,'12262',1,1),(9418,307,1201,29,'12267',1,1),(9419,307,1202,29,'12271',1,1),(9420,307,1203,29,'12276',1,1),(9421,307,1204,29,'12277',1,1),(9422,307,1205,29,'12281',1,1),(9423,307,1206,29,'12288',1,1),(9424,307,1207,29,'12292',1,1),(9425,307,1208,29,'12295',1,1),(9426,307,1209,29,'12299',1,1),(9427,307,1210,29,'12302',1,1),(9428,307,1211,29,'12307',1,1),(9429,307,1212,29,'12310',1,1),(9430,307,1213,29,'12312',1,1),(9431,308,1201,29,'12267',1,1),(9432,308,1202,29,'12271',1,1),(9433,308,1203,29,'12276',1,1),(9434,308,1204,29,'12277',1,1),(9435,308,1205,29,'12281',1,1),(9436,308,1206,29,'12288',1,1),(9437,308,1207,29,'12292',1,1),(9438,308,1208,29,'12295',1,1),(9439,308,1209,29,'12299',1,1),(9440,308,1210,29,'12302',1,1),(9441,308,1211,29,'12307',1,1),(9442,308,1212,29,'12310',1,1),(9443,308,1213,29,'12312',1,1),(9444,308,53,4,'12343',1,1),(9445,308,54,4,'12344',1,1),(9446,308,55,4,'12347',1,1),(9447,308,57,4,'12349',1,1),(9448,308,58,4,'12357',1,1),(9449,308,59,4,'12362',1,1),(9450,308,60,4,'12366',1,1),(9451,308,61,4,'425',1,1),(9452,308,62,4,'327',1,1),(9453,308,63,4,'12322',1,1),(9454,308,64,4,'12324',1,1),(9455,308,65,4,'12329',1,1),(9456,308,82,4,'12334',1,1),(9457,308,83,4,'12338',1,1),(9458,308,85,4,'12340',1,1),(9459,308,211,15,'1181',1,NULL),(9460,308,212,15,'1185',1,1),(9461,308,213,15,'1189',1,1),(9462,308,214,15,'1192',1,1),(9463,308,215,15,'1193',1,1),(9464,308,116,7,'694',1,1),(9465,308,117,7,'697',1,1),(9466,308,118,7,'703',1,1),(9467,308,119,7,'706',1,1),(9468,308,120,7,'711',1,1),(9469,308,121,7,'714',1,1),(9470,308,122,7,'720',1,1),(9471,308,124,7,'726',1,1),(9472,308,125,7,'745',1,1),(9473,308,126,7,'735',1,1),(9474,308,26,3,'463',1,1),(9475,308,27,3,'465',1,1),(9476,308,28,3,'467',1,1),(9477,308,29,3,'469',1,1),(9478,308,30,3,'471',1,1),(9479,308,31,3,'474',1,1),(9480,308,32,3,'475',1,1),(9481,308,33,3,'477',1,1),(9482,308,34,3,'12215',1,1),(9483,308,35,3,'485',1,1),(9484,308,36,3,'12224',1,1),(9485,308,37,3,'12207',1,1),(9486,308,38,3,'500',1,1),(9487,308,39,3,'508',1,1),(9488,308,40,3,'511',1,1),(9489,308,42,3,'12222',1,1),(9490,308,48,3,'526',1,1),(9491,309,67,5,'540',1,1),(9492,309,68,5,'544',1,1),(9493,309,69,5,'548',1,NULL),(9494,309,70,5,'552',1,NULL),(9495,309,71,5,'553',1,1),(9496,309,72,5,'557',1,1),(9497,309,73,5,'565',1,1),(9498,309,74,5,'569',1,1),(9499,309,75,5,'575',1,1),(9500,309,78,5,'583',1,NULL),(9501,309,79,5,'588',1,1),(9502,309,80,5,'593',1,NULL),(9503,309,81,5,'576',1,1),(9504,309,88,5,'597',1,NULL),(9505,309,89,5,'600',1,1),(9506,309,67,5,'540',2,1),(9507,309,68,5,'544',2,1),(9508,309,69,5,'546',2,1),(9509,309,70,5,'551',2,1),(9510,309,71,5,'553',2,1),(9511,309,72,5,'557',2,1),(9512,309,73,5,'564',2,NULL),(9513,309,74,5,'569',2,1),(9514,309,75,5,'575',2,1),(9515,309,78,5,'580',2,NULL),(9516,309,79,5,'588',2,1),(9517,309,80,5,'589',2,NULL),(9518,309,81,5,'579',2,NULL),(9519,309,88,5,'596',2,1),(9520,309,89,5,'600',2,1),(9521,309,67,5,'540',3,1),(9522,309,68,5,'544',3,1),(9523,309,69,5,'546',3,1),(9524,309,70,5,'551',3,1),(9525,309,71,5,'553',3,1),(9526,309,72,5,'557',3,1),(9527,309,73,5,'565',3,1),(9528,309,74,5,'569',3,1),(9529,309,75,5,'575',3,1),(9530,309,78,5,'580',3,NULL),(9531,309,79,5,'588',3,1),(9532,309,80,5,'593',3,NULL),(9533,309,81,5,'579',3,NULL),(9534,309,88,5,'596',3,1),(9535,309,89,5,'600',3,1),(9536,309,1201,29,'12267',1,1),(9537,309,1202,29,'12271',1,1),(9538,309,1203,29,'12276',1,1),(9539,309,1204,29,'12277',1,1),(9540,309,1205,29,'12281',1,1),(9541,309,1206,29,'12288',1,1),(9542,309,1207,29,'12292',1,1),(9543,309,1208,29,'12295',1,1),(9544,309,1209,29,'12299',1,1),(9545,309,1210,29,'12301',1,NULL),(9546,309,1211,29,'12307',1,1),(9547,309,1212,29,'12311',1,NULL),(9548,309,1213,29,'12312',1,1),(9549,309,53,4,'12343',1,1),(9550,309,54,4,'12344',1,1),(9551,309,55,4,'12347',1,1),(9552,309,57,4,'12349',1,1),(9553,309,58,4,'12356',1,NULL),(9554,309,59,4,'12362',1,1),(9555,309,60,4,'12366',1,1),(9556,309,61,4,'425',1,1),(9557,309,62,4,'327',1,1),(9558,309,63,4,'12321',1,NULL),(9559,309,64,4,'12324',1,1),(9560,309,65,4,'12326',1,NULL),(9561,309,82,4,'12334',1,1),(9562,309,83,4,'12338',1,1),(9563,309,85,4,'12341',1,NULL),(9564,309,53,4,'12343',2,1),(9565,309,54,4,'12344',2,1),(9566,309,55,4,'12347',2,1),(9567,309,57,4,'12349',2,1),(9568,309,58,4,'12357',2,1),(9569,309,59,4,'12362',2,1),(9570,309,60,4,'12366',2,1),(9571,309,61,4,'425',2,1),(9572,309,62,4,'327',2,1),(9573,309,63,4,'12323',2,NULL),(9574,309,64,4,'12324',2,1),(9575,309,65,4,'12329',2,1),(9576,309,82,4,'12334',2,1),(9577,309,83,4,'12338',2,1),(9578,309,85,4,'12341',2,NULL),(9579,309,211,15,'1180',1,1),(9580,309,212,15,'1185',1,1),(9581,309,213,15,'1189',1,1),(9582,309,214,15,'1192',1,1),(9583,309,215,15,'1193',1,1),(9584,309,26,3,'463',1,1),(9585,309,27,3,'465',1,1),(9586,309,28,3,'467',1,1),(9587,309,29,3,'470',1,NULL),(9588,309,30,3,'471',1,1),(9589,309,31,3,'474',1,1),(9590,309,32,3,'476',1,NULL),(9591,309,33,3,'477',1,1),(9592,309,34,3,'12216',1,NULL),(9593,309,35,3,'485',1,1),(9594,309,36,3,'12225',1,NULL),(9595,309,37,3,'12207',1,1),(9596,309,38,3,'500',1,1),(9597,309,39,3,'508',1,1),(9598,309,40,3,'511',1,1),(9599,309,42,3,'12222',1,1),(9600,309,48,3,'525',1,NULL),(9601,309,26,3,'463',2,1),(9602,309,27,3,'465',2,1),(9603,309,28,3,'467',2,1),(9604,309,29,3,'469',2,1),(9605,309,30,3,'471',2,1),(9606,309,31,3,'474',2,1),(9607,309,32,3,'476',2,NULL),(9608,309,33,3,'477',2,1),(9609,309,34,3,'12215',2,1),(9610,309,35,3,'485',2,1),(9611,309,36,3,'12226',2,NULL),(9612,309,37,3,'12207',2,1),(9613,309,38,3,'500',2,1),(9614,309,39,3,'508',2,1),(9615,309,40,3,'511',2,1),(9616,309,42,3,'12222',2,1),(9617,309,48,3,'526',2,1),(9618,308,591,25,'12149',1,NULL),(9619,308,592,25,'11847',1,1),(9620,308,593,25,'12162',1,1),(9621,308,702,25,'12166',1,1),(9622,308,703,25,'11859',1,1),(9623,308,704,25,'11862',1,1),(9624,308,705,25,'11864',1,1),(9625,308,706,25,'11868',1,1),(9626,308,707,25,'11873',1,1),(9627,308,712,25,'11892',1,1),(9628,308,713,25,'11895',1,1),(9629,308,67,5,'540',1,1),(9630,308,68,5,'544',1,1),(9631,308,69,5,'546',1,1),(9632,308,70,5,'551',1,1),(9633,308,71,5,'553',1,1),(9634,308,72,5,'557',1,1),(9635,308,73,5,'565',1,1),(9636,308,74,5,'567',1,NULL),(9637,308,75,5,'575',1,1),(9638,308,78,5,'582',1,1),(9639,308,79,5,'588',1,1),(9640,308,80,5,'592',1,1),(9641,308,81,5,'576',1,1),(9642,308,88,5,'596',1,1),(9643,308,89,5,'600',1,1),(9644,308,1194,28,'12237',1,1),(9645,308,1195,28,'12240',1,1),(9646,308,1197,28,'12252',1,NULL),(9647,308,1198,28,'12259',1,1),(9648,308,1199,28,'12260',1,1),(9649,308,1200,28,'12263',1,NULL),(9650,308,1194,28,'12237',2,1),(9651,308,1195,28,'12240',2,1),(9652,308,1196,28,'12249',2,1),(9653,308,1197,28,'12251',2,1),(9654,308,1198,28,'12259',2,1),(9655,308,1199,28,'12260',2,1),(9656,308,1200,28,'12263',2,NULL),(9657,308,1141,10,'1870',1,1),(9658,308,1143,10,'1873',1,1),(9659,308,1144,10,'1881',1,1),(9660,308,1145,10,'1885',1,1),(9661,308,1146,10,'1886',1,1),(9662,308,1147,10,'1888',1,1),(9663,308,1148,10,'1890',1,1),(9664,308,1149,10,'1892',1,1),(9665,308,1151,10,'1896',1,NULL),(9666,308,1152,10,'1899',1,1),(9667,308,1154,10,'1900',1,1),(9668,308,1155,10,'1902',1,NULL),(9669,308,1156,10,'1904',1,1),(9670,308,1193,10,'12230',1,1),(9671,308,201,14,'1145',1,NULL),(9672,308,202,14,'1146',1,1),(9673,308,203,14,'12235',1,1),(9674,308,204,14,'1157',1,1),(9675,308,205,14,'1162',1,1),(9676,308,206,14,'1163',1,1),(9677,308,207,14,'1165',1,1),(9678,308,209,14,'1174',1,1),(9679,308,210,14,'1179',1,1),(9680,308,1183,27,'12169',1,1),(9681,308,1184,27,'12172',1,1),(9682,308,1185,27,'12177',1,1),(9683,308,1186,27,'12179',1,NULL),(9684,308,1187,27,'12183',1,NULL),(9685,308,1188,27,'12187',1,1),(9686,308,1189,27,'12193',1,1),(9687,308,1190,27,'12194',1,1),(9688,308,1191,27,'12197',1,NULL),(9689,308,1192,27,'12206',1,1),(9690,308,1183,27,'12169',2,1),(9691,308,1184,27,'12172',2,1),(9692,308,1185,27,'12177',2,1),(9693,308,1186,27,'12182',2,1),(9694,308,1187,27,'12184',2,1),(9695,308,1188,27,'12187',2,1),(9696,308,1189,27,'12193',2,1),(9697,308,1190,27,'12194',2,1),(9698,308,1191,27,'12201',2,1),(9699,308,1192,27,'12206',2,1),(9700,313,26,3,'463',1,1),(9701,313,27,3,'465',1,1),(9702,313,28,3,'467',1,1),(9703,313,29,3,'469',1,1),(9704,313,30,3,'471',1,1),(9705,313,31,3,'474',1,1),(9706,313,32,3,'476',1,NULL),(9707,313,33,3,'477',1,1),(9708,313,34,3,'12215',1,1),(9709,313,35,3,'485',1,1),(9710,313,36,3,'12224',1,1),(9711,313,37,3,'12207',1,1),(9712,313,38,3,'500',1,1),(9713,313,39,3,'508',1,1),(9714,313,40,3,'511',1,1),(9715,313,42,3,'12222',1,1),(9716,313,48,3,'526',1,1),(9717,313,53,4,'12343',1,1),(9718,313,54,4,'12344',1,1),(9719,313,55,4,'12347',1,1),(9720,313,57,4,'12349',1,1),(9721,313,58,4,'12357',1,1),(9722,313,59,4,'12362',1,1),(9723,313,60,4,'12366',1,1),(9724,313,61,4,'425',1,1),(9725,313,62,4,'327',1,1),(9726,313,63,4,'12322',1,1),(9727,313,64,4,'12324',1,1),(9728,313,65,4,'12329',1,1),(9729,313,82,4,'12334',1,1),(9730,313,83,4,'12338',1,1),(9731,313,85,4,'12340',1,1),(9732,311,26,3,'464',1,NULL),(9733,311,27,3,'465',1,1),(9734,311,28,3,'467',1,1),(9735,311,29,3,'469',1,1),(9736,311,30,3,'471',1,1),(9737,311,31,3,'474',1,1),(9738,311,32,3,'475',1,1),(9739,311,33,3,'477',1,1),(9740,311,34,3,'12215',1,1),(9741,311,35,3,'485',1,1),(9742,311,36,3,'12224',1,1),(9743,311,37,3,'12207',1,1),(9744,311,38,3,'500',1,1),(9745,311,39,3,'508',1,1),(9746,311,40,3,'511',1,1),(9747,311,42,3,'12217',1,NULL),(9748,311,48,3,'526',1,1),(9749,311,53,4,'12343',1,1),(9750,311,54,4,'12344',1,1),(9751,311,55,4,'12347',1,1),(9752,311,57,4,'12349',1,1),(9753,311,58,4,'12357',1,1),(9754,311,59,4,'12362',1,1),(9755,311,60,4,'12366',1,1),(9756,311,61,4,'425',1,1),(9757,311,62,4,'327',1,1),(9758,311,63,4,'12322',1,1),(9759,311,64,4,'12325',1,NULL),(9760,311,65,4,'12329',1,1),(9761,311,82,4,'12330',1,NULL),(9762,311,83,4,'12338',1,1),(9763,311,85,4,'12340',1,1),(9764,311,67,5,'540',1,1),(9765,311,68,5,'544',1,1),(9766,311,69,5,'546',1,1),(9767,311,70,5,'551',1,1),(9768,311,71,5,'553',1,1),(9769,311,72,5,'557',1,1),(9770,311,73,5,'565',1,1),(9771,311,74,5,'569',1,1),(9772,311,75,5,'575',1,1),(9773,311,78,5,'582',1,1),(9774,311,79,5,'588',1,1),(9775,311,80,5,'593',1,NULL),(9776,311,81,5,'576',1,1),(9777,311,88,5,'597',1,NULL),(9778,311,89,5,'600',1,1),(9779,313,67,5,'540',1,1),(9780,313,68,5,'544',1,1),(9781,313,69,5,'546',1,1),(9782,313,70,5,'552',1,NULL),(9783,313,71,5,'553',1,1),(9784,313,72,5,'557',1,1),(9785,313,73,5,'565',1,1),(9786,313,74,5,'569',1,1),(9787,313,75,5,'575',1,1),(9788,313,78,5,'582',1,1),(9789,313,79,5,'588',1,1),(9790,313,80,5,'592',1,1),(9791,313,81,5,'576',1,1),(9792,313,88,5,'596',1,1),(9793,313,89,5,'600',1,1),(9794,313,116,7,'694',1,1),(9795,313,117,7,'696',1,NULL),(9796,313,118,7,'703',1,1),(9797,313,119,7,'706',1,1),(9798,313,120,7,'711',1,1),(9799,313,121,7,'714',1,1),(9800,313,122,7,'720',1,1),(9801,313,124,7,'726',1,1),(9802,313,125,7,'745',1,1),(9803,313,126,7,'735',1,1),(9804,313,1141,10,'1870',1,1),(9805,313,1143,10,'1873',1,1),(9806,313,1144,10,'1881',1,1),(9807,313,1145,10,'1885',1,1),(9808,313,1146,10,'1886',1,1),(9809,313,1147,10,'1888',1,1),(9810,313,1148,10,'1890',1,1),(9811,313,1149,10,'1892',1,1),(9812,313,1150,10,'1894',1,1),(9813,313,1151,10,'1897',1,1),(9814,313,1152,10,'1899',1,1),(9815,313,1154,10,'1900',1,1),(9816,313,1155,10,'1902',1,NULL),(9817,313,1156,10,'1904',1,1),(9818,313,1193,10,'12230',1,1),(9819,313,201,14,'1145',1,NULL),(9820,313,202,14,'1146',1,1),(9821,313,203,14,'12235',1,1),(9822,313,204,14,'1157',1,1),(9823,313,205,14,'1162',1,1),(9824,313,206,14,'1163',1,1),(9825,313,207,14,'1165',1,1),(9826,313,208,14,'1169',1,1),(9827,313,209,14,'1174',1,1),(9828,313,210,14,'1179',1,1),(9829,313,211,15,'1180',1,1),(9830,313,212,15,'1185',1,1),(9831,313,214,15,'1192',1,1),(9832,313,215,15,'1193',1,1),(9833,313,591,25,'12151',1,1),(9834,313,592,25,'11847',1,1),(9835,313,593,25,'12162',1,1),(9836,313,702,25,'12166',1,1),(9837,313,703,25,'11859',1,1),(9838,313,704,25,'11862',1,1),(9839,313,705,25,'11864',1,1),(9840,313,706,25,'11868',1,1),(9841,313,707,25,'11873',1,1),(9842,313,712,25,'11892',1,1),(9843,313,713,25,'11894',1,NULL),(9844,313,1183,27,'12169',1,1),(9845,313,1184,27,'12172',1,1),(9846,313,1185,27,'12175',1,NULL),(9847,313,1186,27,'12182',1,1),(9848,313,1187,27,'12183',1,NULL),(9849,313,1188,27,'12187',1,1),(9850,313,1189,27,'12193',1,1),(9851,313,1190,27,'12194',1,1),(9852,313,1191,27,'12201',1,1),(9853,313,1192,27,'12206',1,1),(9854,313,1194,28,'12237',1,1),(9855,313,1195,28,'12240',1,1),(9856,313,1196,28,'12249',1,1),(9857,313,1197,28,'12251',1,1),(9858,313,1198,28,'12259',1,1),(9859,313,1199,28,'12260',1,1),(9860,313,1200,28,'12262',1,1),(9861,313,1201,29,'12267',1,1),(9862,313,1202,29,'12271',1,1),(9863,313,1203,29,'12276',1,1),(9864,313,1204,29,'12277',1,1),(9865,313,1205,29,'12281',1,1),(9866,313,1206,29,'12288',1,1),(9867,313,1207,29,'12292',1,1),(9868,313,1208,29,'12295',1,1),(9869,313,1209,29,'12299',1,1),(9870,313,1210,29,'12302',1,1),(9871,313,1211,29,'12307',1,1),(9872,313,1212,29,'12310',1,1),(9873,313,1213,29,'12312',1,1),(9874,310,26,3,'463',1,1),(9875,310,27,3,'466',1,NULL),(9876,310,28,3,'467',1,1),(9877,310,29,3,'469',1,1),(9878,310,30,3,'471',1,1),(9879,310,31,3,'474',1,1),(9880,310,32,3,'476',1,NULL),(9881,310,33,3,'477',1,1),(9882,310,34,3,'12215',1,1),(9883,310,35,3,'485',1,1),(9884,310,36,3,'12226',1,NULL),(9885,310,37,3,'12207',1,1),(9886,310,38,3,'500',1,1),(9887,310,39,3,'508',1,1),(9888,310,40,3,'511',1,1),(9889,310,42,3,'12222',1,1),(9890,310,48,3,'525',1,NULL),(9891,310,26,3,'463',2,1),(9892,310,27,3,'465',2,1),(9893,310,28,3,'467',2,1),(9894,310,29,3,'469',2,1),(9895,310,30,3,'471',2,1),(9896,310,31,3,'474',2,1),(9897,310,32,3,'475',2,1),(9898,310,33,3,'477',2,1),(9899,310,34,3,'12215',2,1),(9900,310,35,3,'485',2,1),(9901,310,36,3,'12226',2,NULL),(9902,310,37,3,'12207',2,1),(9903,310,38,3,'500',2,1),(9904,310,39,3,'508',2,1),(9905,310,40,3,'511',2,1),(9906,310,42,3,'12222',2,1),(9907,310,48,3,'526',2,1),(9908,310,53,4,'12343',1,1),(9909,310,54,4,'12344',1,1),(9910,310,55,4,'12347',1,1),(9911,310,57,4,'12349',1,1),(9912,310,58,4,'12357',1,1),(9913,310,59,4,'12362',1,1),(9914,310,60,4,'12366',1,1),(9915,310,61,4,'425',1,1),(9916,310,62,4,'327',1,1),(9917,310,63,4,'12322',1,1),(9918,310,64,4,'12324',1,1),(9919,310,65,4,'12326',1,NULL),(9920,310,82,4,'12334',1,1),(9921,310,83,4,'12338',1,1),(9922,310,85,4,'12340',1,1),(9923,310,67,5,'540',1,1),(9924,310,68,5,'544',1,1),(9925,310,69,5,'548',1,NULL),(9926,310,70,5,'551',1,1),(9927,310,71,5,'553',1,1),(9928,310,72,5,'557',1,1),(9929,310,73,5,'565',1,1),(9930,310,74,5,'569',1,1),(9931,310,75,5,'575',1,1),(9932,310,78,5,'582',1,1),(9933,310,79,5,'588',1,1),(9934,310,80,5,'593',1,NULL),(9935,310,81,5,'576',1,1),(9936,310,88,5,'596',1,1),(9937,310,89,5,'600',1,1),(9938,310,116,7,'694',1,1),(9939,310,117,7,'696',1,NULL),(9940,310,118,7,'704',1,NULL),(9941,310,119,7,'706',1,1),(9942,310,120,7,'711',1,1),(9943,310,121,7,'714',1,1),(9944,310,122,7,'720',1,1),(9945,310,124,7,'726',1,1),(9946,310,125,7,'745',1,1),(9947,310,126,7,'735',1,1),(9948,310,1141,10,'1870',1,1),(9949,310,1143,10,'1873',1,1),(9950,310,1144,10,'1881',1,1),(9951,310,1145,10,'1885',1,1),(9952,310,1146,10,'1886',1,1),(9953,310,1147,10,'1888',1,1),(9954,310,1148,10,'1890',1,1),(9955,310,1149,10,'1892',1,1),(9956,310,1150,10,'1894',1,1),(9957,310,1151,10,'1897',1,1),(9958,310,1152,10,'1899',1,1),(9959,310,1154,10,'1900',1,1),(9960,310,1155,10,'1902',1,NULL),(9961,310,1156,10,'1904',1,1),(9962,310,1193,10,'12230',1,1),(9963,310,201,14,'1145',1,NULL),(9964,310,202,14,'1146',1,1),(9965,310,203,14,'12232',1,NULL),(9966,310,204,14,'1157',1,1),(9967,310,205,14,'1162',1,1),(9968,310,206,14,'1163',1,1),(9969,310,207,14,'1167',1,NULL),(9970,310,208,14,'1168',1,NULL),(9971,310,209,14,'1172',1,NULL),(9972,310,210,14,'1179',1,1),(9973,310,201,14,'1144',2,NULL),(9974,310,202,14,'1146',2,1),(9975,310,203,14,'12235',2,1),(9976,310,204,14,'1157',2,1),(9977,310,205,14,'1162',2,1),(9978,310,206,14,'1163',2,1),(9979,310,207,14,'1165',2,1),(9980,310,208,14,'1169',2,1),(9981,310,209,14,'1174',2,1),(9982,310,210,14,'1179',2,1),(9983,310,211,15,'1180',1,1),(9984,310,212,15,'1185',1,1),(9985,310,213,15,'1189',1,1),(9986,310,214,15,'1192',1,1),(9987,310,215,15,'1194',1,NULL),(9988,310,591,25,'12149',1,NULL),(9989,310,592,25,'11847',1,1),(9990,310,593,25,'12162',1,1),(9991,310,702,25,'12164',1,NULL),(9992,310,703,25,'11859',1,1),(9993,310,704,25,'11862',1,1),(9994,310,705,25,'11864',1,1),(9995,310,706,25,'11867',1,NULL),(9996,310,707,25,'11873',1,1),(9997,310,712,25,'11891',1,NULL),(9998,310,713,25,'11894',1,NULL),(9999,310,591,25,'12152',2,NULL),(10000,310,592,25,'11847',2,1),(10001,310,593,25,'12162',2,1),(10002,310,702,25,'12166',2,1),(10003,310,703,25,'11859',2,1),(10004,310,704,25,'11862',2,1),(10005,310,705,25,'11864',2,1),(10006,310,706,25,'11869',2,NULL),(10007,310,707,25,'11873',2,1),(10008,310,712,25,'11893',2,NULL),(10009,310,713,25,'11895',2,1),(10010,310,591,25,'12150',3,NULL),(10011,310,592,25,'11847',3,1),(10012,310,593,25,'12162',3,1),(10013,310,702,25,'12166',3,1),(10014,310,703,25,'11859',3,1),(10015,310,704,25,'11862',3,1),(10016,310,705,25,'11864',3,1),(10017,310,706,25,'11870',3,NULL),(10018,310,707,25,'11873',3,1),(10019,310,712,25,'11890',3,NULL),(10020,310,713,25,'11895',3,1),(10021,310,591,25,'12150',4,NULL),(10022,310,592,25,'11847',4,1),(10023,310,593,25,'12162',4,1),(10024,310,702,25,'12166',4,1),(10025,310,703,25,'11859',4,1),(10026,310,704,25,'11862',4,1),(10027,310,705,25,'11864',4,1),(10028,310,706,25,'11868',4,1),(10029,310,707,25,'11873',4,1),(10030,310,712,25,'11892',4,1),(10031,310,713,25,'11895',4,1),(10032,310,1183,27,'12169',1,1),(10033,310,1184,27,'12172',1,1),(10034,310,1185,27,'12174',1,NULL),(10035,310,1186,27,'12182',1,1),(10036,310,1187,27,'12183',1,NULL),(10037,310,1188,27,'12186',1,NULL),(10038,310,1189,27,'12193',1,1),(10039,310,1190,27,'12196',1,NULL),(10040,310,1191,27,'12201',1,1),(10041,310,1192,27,'12206',1,1),(10042,310,1183,27,'12169',2,1),(10043,310,1184,27,'12172',2,1),(10044,310,1185,27,'12176',2,NULL),(10045,310,1186,27,'12182',2,1),(10046,310,1187,27,'12184',2,1),(10047,310,1188,27,'12187',2,1),(10048,310,1189,27,'12193',2,1),(10049,310,1190,27,'12195',2,NULL),(10050,310,1191,27,'12201',2,1),(10051,310,1192,27,'12206',2,1),(10052,310,1194,28,'12237',1,1),(10053,310,1195,28,'12240',1,1),(10054,310,1196,28,'12249',1,1),(10055,310,1197,28,'12254',1,NULL),(10056,310,1198,28,'12259',1,1),(10057,310,1199,28,'12260',1,1),(10058,310,1200,28,'12263',1,NULL),(10059,310,1201,29,'12267',1,1),(10060,310,1202,29,'12268',1,NULL),(10061,310,1203,29,'12276',1,1),(10062,310,1204,29,'12277',1,1),(10063,310,1205,29,'12280',1,NULL),(10064,310,1206,29,'12288',1,1),(10065,310,1207,29,'12292',1,1),(10066,310,1208,29,'12295',1,1),(10067,310,1209,29,'12299',1,1),(10068,310,1210,29,'12303',1,NULL),(10069,310,1211,29,'12307',1,1),(10070,310,1212,29,'12308',1,NULL),(10071,310,1213,29,'12312',1,1),(10072,310,1201,29,'12267',2,1),(10073,310,1202,29,'12271',2,1),(10074,310,1203,29,'12276',2,1),(10075,310,1204,29,'12277',2,1),(10076,310,1205,29,'12281',2,1),(10077,310,1206,29,'12288',2,1),(10078,310,1207,29,'12292',2,1),(10079,310,1208,29,'12295',2,1),(10080,310,1209,29,'12299',2,1),(10081,310,1210,29,'12304',2,NULL),(10082,310,1211,29,'12307',2,1),(10083,310,1212,29,'12311',2,NULL),(10084,310,1213,29,'12312',2,1),(10085,311,116,7,'694',1,1),(10086,311,117,7,'697',1,1),(10087,311,118,7,'703',1,1),(10088,311,119,7,'706',1,1),(10089,311,120,7,'709',1,NULL),(10090,311,121,7,'714',1,1),(10091,311,122,7,'718',1,NULL),(10092,311,124,7,'726',1,1),(10093,311,125,7,'745',1,1),(10094,311,126,7,'735',1,1),(10095,311,1141,10,'1869',1,NULL),(10096,311,1143,10,'1873',1,1),(10097,311,1144,10,'1881',1,1),(10098,311,1145,10,'1885',1,1),(10099,311,1146,10,'1886',1,1),(10100,311,1147,10,'1889',1,NULL),(10101,311,1148,10,'1890',1,1),(10102,311,1149,10,'1892',1,1),(10103,311,1150,10,'1894',1,1),(10104,311,1151,10,'1897',1,1),(10105,311,1152,10,'1899',1,1),(10106,311,1154,10,'1900',1,1),(10107,311,1155,10,'1902',1,NULL),(10108,311,1156,10,'1904',1,1),(10109,311,1193,10,'12230',1,1),(10110,311,201,14,'1141',1,NULL),(10111,311,202,14,'1146',1,1),(10112,311,203,14,'12235',1,1),(10113,311,204,14,'1157',1,1),(10114,311,205,14,'1162',1,1),(10115,311,206,14,'1163',1,1),(10116,311,207,14,'1165',1,1),(10117,311,208,14,'1169',1,1),(10118,311,209,14,'1174',1,1),(10119,311,210,14,'1179',1,1),(10120,311,211,15,'1180',1,1),(10121,311,212,15,'1185',1,1),(10122,311,213,15,'1189',1,1),(10123,311,214,15,'1191',1,NULL),(10124,311,215,15,'1193',1,1),(10125,311,591,25,'12151',1,1),(10126,311,592,25,'11847',1,1),(10127,311,593,25,'12159',1,NULL),(10128,311,702,25,'12166',1,1),(10129,311,703,25,'11859',1,1),(10130,311,704,25,'11862',1,1),(10131,311,705,25,'11863',1,NULL),(10132,311,706,25,'11868',1,1),(10133,311,707,25,'11873',1,1),(10134,311,712,25,'11892',1,1),(10135,311,713,25,'11895',1,1),(10136,311,1183,27,'12168',1,NULL),(10137,311,1184,27,'12172',1,1),(10138,311,1185,27,'12177',1,1),(10139,311,1186,27,'12182',1,1),(10140,311,1187,27,'12184',1,1),(10141,311,1188,27,'12187',1,1),(10142,311,1189,27,'12193',1,1),(10143,311,1190,27,'12194',1,1),(10144,311,1191,27,'12197',1,NULL),(10145,311,1192,27,'12206',1,1),(10146,311,1194,28,'12237',1,1),(10147,311,1195,28,'12240',1,1),(10148,311,1196,28,'12249',1,1),(10149,311,1197,28,'12251',1,1),(10150,311,1198,28,'12255',1,NULL),(10151,311,1199,28,'12260',1,1),(10152,311,1200,28,'12264',1,NULL),(10153,311,1201,29,'12267',1,1),(10154,311,1202,29,'12271',1,1),(10155,311,1203,29,'12276',1,1),(10156,311,1204,29,'12277',1,1),(10157,311,1205,29,'12281',1,1),(10158,311,1206,29,'12288',1,1),(10159,311,1207,29,'12292',1,1),(10160,311,1208,29,'12295',1,1),(10161,311,1209,29,'12299',1,1),(10162,311,1210,29,'12302',1,1),(10163,311,1211,29,'12307',1,1),(10164,311,1212,29,'12310',1,1),(10165,311,1213,29,'12312',1,1),(10166,314,26,3,'463',1,1),(10167,314,27,3,'465',1,1),(10168,314,28,3,'467',1,1),(10169,314,29,3,'469',1,1),(10170,314,30,3,'471',1,1),(10171,314,31,3,'474',1,1),(10172,314,32,3,'476',1,NULL),(10173,314,33,3,'477',1,1),(10174,314,34,3,'12215',1,1),(10175,314,35,3,'485',1,1),(10176,314,36,3,'12224',1,1),(10177,314,37,3,'12207',1,1),(10178,314,38,3,'500',1,1),(10179,314,39,3,'508',1,1),(10180,314,40,3,'511',1,1),(10181,314,42,3,'12222',1,1),(10182,314,48,3,'526',1,1),(10183,314,53,4,'12343',1,1),(10184,314,54,4,'12344',1,1),(10185,314,55,4,'12346',1,NULL),(10186,314,57,4,'12349',1,1),(10187,314,58,4,'12357',1,1),(10188,314,59,4,'12362',1,1),(10189,314,60,4,'12366',1,1),(10190,314,61,4,'425',1,1),(10191,314,62,4,'327',1,1),(10192,314,63,4,'12323',1,NULL),(10193,314,64,4,'12324',1,1),(10194,314,65,4,'12326',1,NULL),(10195,314,82,4,'12334',1,1),(10196,314,83,4,'12338',1,1),(10197,314,85,4,'12340',1,1),(10198,314,67,5,'540',1,1),(10199,314,68,5,'544',1,1),(10200,314,69,5,'546',1,1),(10201,314,70,5,'552',1,NULL),(10202,314,71,5,'553',1,1),(10203,314,72,5,'557',1,1),(10204,314,73,5,'565',1,1),(10205,314,74,5,'569',1,1),(10206,314,75,5,'575',1,1),(10207,314,78,5,'582',1,1),(10208,314,79,5,'588',1,1),(10209,314,80,5,'593',1,NULL),(10210,314,81,5,'577',1,NULL),(10211,314,88,5,'596',1,1),(10212,314,89,5,'600',1,1),(10213,314,116,7,'694',1,1),(10214,314,117,7,'697',1,1),(10215,314,118,7,'704',1,NULL),(10216,314,119,7,'706',1,1),(10217,314,120,7,'711',1,1),(10218,314,121,7,'714',1,1),(10219,314,122,7,'720',1,1),(10220,314,124,7,'726',1,1),(10221,314,125,7,'745',1,1),(10222,314,126,7,'735',1,1),(10223,314,1141,10,'1870',1,1),(10224,314,1143,10,'1873',1,1),(10225,314,1144,10,'1881',1,1),(10226,314,1145,10,'1885',1,1),(10227,314,1146,10,'1886',1,1),(10228,314,1147,10,'1888',1,1),(10229,314,1148,10,'1890',1,1),(10230,314,1149,10,'1892',1,1),(10231,314,1150,10,'1894',1,1),(10232,314,1151,10,'1897',1,1),(10233,314,1152,10,'1898',1,NULL),(10234,314,1154,10,'1900',1,1),(10235,314,1155,10,'1902',1,NULL),(10236,314,1156,10,'1904',1,1),(10237,314,1193,10,'12230',1,1),(10238,314,201,14,'1141',1,NULL),(10239,314,202,14,'1146',1,1),(10240,314,203,14,'12234',1,NULL),(10241,314,204,14,'1157',1,1),(10242,314,205,14,'1162',1,1),(10243,314,206,14,'1163',1,1),(10244,314,207,14,'1165',1,1),(10245,314,208,14,'1168',1,NULL),(10246,314,209,14,'1171',1,NULL),(10247,314,210,14,'1179',1,1),(10248,314,201,14,'1141',2,NULL),(10249,314,202,14,'1146',2,1),(10250,314,203,14,'12235',2,1),(10251,314,204,14,'1157',2,1),(10252,314,205,14,'1162',2,1),(10253,314,206,14,'1163',2,1),(10254,314,207,14,'1165',2,1),(10255,314,208,14,'1169',2,1),(10256,314,209,14,'1174',2,1),(10257,314,210,14,'1179',2,1),(10258,314,211,15,'1180',1,1),(10259,314,212,15,'1182',1,NULL),(10260,314,213,15,'1189',1,1),(10261,314,214,15,'1192',1,1),(10262,314,215,15,'1194',1,NULL),(10263,314,211,15,'1180',2,1),(10264,314,212,15,'1185',2,1),(10265,314,213,15,'1189',2,1),(10266,314,214,15,'1192',2,1),(10267,314,215,15,'1193',2,1),(10268,314,591,25,'12151',1,1),(10269,314,592,25,'11847',1,1),(10270,314,593,25,'12162',1,1),(10271,314,702,25,'12166',1,1),(10272,314,703,25,'11859',1,1),(10273,314,704,25,'11862',1,1),(10274,314,705,25,'11864',1,1),(10275,314,706,25,'11868',1,1),(10276,314,707,25,'11874',1,NULL),(10277,314,712,25,'11892',1,1),(10278,314,713,25,'11895',1,1),(10279,314,1183,27,'12169',1,1),(10280,314,1184,27,'12172',1,1),(10281,314,1185,27,'12177',1,1),(10282,314,1186,27,'12179',1,NULL),(10283,314,1187,27,'12183',1,NULL),(10284,314,1188,27,'12187',1,1),(10285,314,1189,27,'12193',1,1),(10286,314,1190,27,'12194',1,1),(10287,314,1191,27,'12201',1,1),(10288,314,1192,27,'12206',1,1),(10289,314,1194,28,'12237',1,1),(10290,314,1195,28,'12240',1,1),(10291,314,1196,28,'12248',1,NULL),(10292,314,1197,28,'12253',1,NULL),(10293,314,1198,28,'12259',1,1),(10294,314,1199,28,'12260',1,1),(10295,314,1200,28,'12262',1,1),(10296,314,1201,29,'12267',1,1),(10297,314,1202,29,'12271',1,1),(10298,314,1203,29,'12276',1,1),(10299,314,1204,29,'12277',1,1),(10300,314,1205,29,'12281',1,1),(10301,314,1206,29,'12288',1,1),(10302,314,1207,29,'12292',1,1),(10303,314,1208,29,'12295',1,1),(10304,314,1209,29,'12299',1,1),(10305,314,1210,29,'12302',1,1),(10306,314,1211,29,'12307',1,1),(10307,314,1212,29,'12310',1,1),(10308,314,1213,29,'12312',1,1),(10309,312,26,3,'463',1,1),(10310,312,27,3,'465',1,1),(10311,312,28,3,'467',1,1),(10312,312,29,3,'469',1,1),(10313,312,30,3,'471',1,1),(10314,312,31,3,'474',1,1),(10315,312,32,3,'476',1,NULL),(10316,312,33,3,'477',1,1),(10317,312,34,3,'12215',1,1),(10318,312,35,3,'485',1,1),(10319,312,36,3,'12224',1,1),(10320,312,37,3,'12207',1,1),(10321,312,38,3,'500',1,1),(10322,312,39,3,'508',1,1),(10323,312,40,3,'511',1,1),(10324,312,42,3,'12222',1,1),(10325,312,48,3,'526',1,1),(10326,312,53,4,'12343',1,1),(10327,312,54,4,'12344',1,1),(10328,312,55,4,'12347',1,1),(10329,312,57,4,'12349',1,1),(10330,312,58,4,'12357',1,1),(10331,312,59,4,'12362',1,1),(10332,312,60,4,'12366',1,1),(10333,312,61,4,'425',1,1),(10334,312,62,4,'327',1,1),(10335,312,63,4,'12323',1,NULL),(10336,312,64,4,'12324',1,1),(10337,312,65,4,'12326',1,NULL),(10338,312,82,4,'12334',1,1),(10339,312,83,4,'12338',1,1),(10340,312,85,4,'12340',1,1),(10341,312,53,4,'12343',2,1),(10342,312,54,4,'12344',2,1),(10343,312,55,4,'12347',2,1),(10344,312,57,4,'12349',2,1),(10345,312,58,4,'12357',2,1),(10346,312,59,4,'12362',2,1),(10347,312,60,4,'12366',2,1),(10348,312,61,4,'425',2,1),(10349,312,62,4,'327',2,1),(10350,312,63,4,'12323',2,NULL),(10351,312,64,4,'12324',2,1),(10352,312,65,4,'12326',2,NULL),(10353,312,82,4,'12334',2,1),(10354,312,83,4,'12338',2,1),(10355,312,85,4,'12340',2,1),(10356,312,67,5,'540',1,1),(10357,312,68,5,'544',1,1),(10358,312,69,5,'546',1,1),(10359,312,70,5,'552',1,NULL),(10360,312,71,5,'553',1,1),(10361,312,72,5,'557',1,1),(10362,312,73,5,'565',1,1),(10363,312,74,5,'569',1,1),(10364,312,75,5,'575',1,1),(10365,312,78,5,'582',1,1),(10366,312,79,5,'588',1,1),(10367,312,80,5,'593',1,NULL),(10368,312,81,5,'576',1,1),(10369,312,88,5,'597',1,NULL),(10370,312,89,5,'600',1,1),(10371,315,26,3,'463',1,1),(10372,315,27,3,'465',1,1),(10373,315,28,3,'467',1,1),(10374,315,29,3,'469',1,1),(10375,315,30,3,'471',1,1),(10376,315,31,3,'474',1,1),(10377,315,32,3,'475',1,1),(10378,315,33,3,'477',1,1),(10379,315,34,3,'12215',1,1),(10380,315,35,3,'485',1,1),(10381,315,36,3,'12225',1,NULL),(10382,315,37,3,'12207',1,1),(10383,315,38,3,'500',1,1),(10384,315,39,3,'508',1,1),(10385,315,40,3,'511',1,1),(10386,315,42,3,'12222',1,1),(10387,315,48,3,'526',1,1),(10388,315,53,4,'12343',1,1),(10389,315,54,4,'12344',1,1),(10390,315,55,4,'12347',1,1),(10391,315,57,4,'12349',1,1),(10392,315,58,4,'12357',1,1),(10393,315,59,4,'12362',1,1),(10394,315,60,4,'12366',1,1),(10395,315,61,4,'425',1,1),(10396,315,62,4,'327',1,1),(10397,315,63,4,'12322',1,1),(10398,315,64,4,'12324',1,1),(10399,315,65,4,'12329',1,1),(10400,315,82,4,'12334',1,1),(10401,315,83,4,'12338',1,1),(10402,315,85,4,'12340',1,1),(10403,315,67,5,'540',1,1),(10404,315,68,5,'544',1,1),(10405,315,69,5,'546',1,1),(10406,315,70,5,'551',1,1),(10407,315,71,5,'553',1,1),(10408,315,72,5,'557',1,1),(10409,315,73,5,'565',1,1),(10410,315,74,5,'569',1,1),(10411,315,75,5,'575',1,1),(10412,315,78,5,'582',1,1),(10413,315,79,5,'588',1,1),(10414,315,80,5,'592',1,1),(10415,315,81,5,'576',1,1),(10416,315,88,5,'596',1,1),(10417,315,89,5,'600',1,1),(10418,315,116,7,'694',1,1),(10419,315,117,7,'697',1,1),(10420,315,118,7,'703',1,1),(10421,315,119,7,'706',1,1),(10422,315,120,7,'711',1,1),(10423,315,121,7,'714',1,1),(10424,315,122,7,'718',1,NULL),(10425,315,124,7,'726',1,1),(10426,315,125,7,'745',1,1),(10427,315,126,7,'735',1,1),(10428,312,26,3,'463',2,1),(10429,312,27,3,'465',2,1),(10430,312,29,3,'469',2,1),(10431,312,30,3,'471',2,1),(10432,312,31,3,'474',2,1),(10433,312,32,3,'476',2,NULL),(10434,312,33,3,'477',2,1),(10435,312,34,3,'12215',2,1),(10436,312,35,3,'485',2,1),(10437,312,36,3,'12224',2,1),(10438,312,37,3,'12207',2,1),(10439,312,38,3,'500',2,1),(10440,312,39,3,'508',2,1),(10441,312,40,3,'511',2,1),(10442,312,42,3,'12222',2,1),(10443,312,48,3,'526',2,1),(10444,312,53,4,'12343',3,1),(10445,312,54,4,'12344',3,1),(10446,312,55,4,'12347',3,1),(10447,312,57,4,'12349',3,1),(10448,312,58,4,'12357',3,1),(10449,312,59,4,'12362',3,1),(10450,312,60,4,'12366',3,1),(10451,312,61,4,'425',3,1),(10452,312,62,4,'327',3,1),(10453,312,63,4,'12320',3,NULL),(10454,312,64,4,'12324',3,1),(10455,312,65,4,'12326',3,NULL),(10456,312,82,4,'12334',3,1),(10457,312,83,4,'12338',3,1),(10458,312,85,4,'12340',3,1),(10459,312,67,5,'540',2,1),(10460,312,68,5,'544',2,1),(10461,312,69,5,'547',2,NULL),(10462,312,70,5,'551',2,1),(10463,312,71,5,'553',2,1),(10464,312,72,5,'557',2,1),(10465,312,73,5,'565',2,1),(10466,312,74,5,'569',2,1),(10467,312,75,5,'575',2,1),(10468,312,78,5,'582',2,1),(10469,312,79,5,'588',2,1),(10470,312,80,5,'593',2,NULL),(10471,312,81,5,'579',2,NULL),(10472,312,88,5,'597',2,NULL),(10473,312,89,5,'599',2,NULL),(10474,312,116,7,'692',1,NULL),(10475,312,117,7,'695',1,NULL),(10476,312,118,7,'704',1,NULL),(10477,312,119,7,'706',1,1),(10478,312,120,7,'711',1,1),(10479,312,121,7,'714',1,1),(10480,312,122,7,'720',1,1),(10481,312,124,7,'726',1,1),(10482,312,125,7,'745',1,1),(10483,312,126,7,'735',1,1),(10484,312,116,7,'694',2,1),(10485,312,117,7,'697',2,1),(10486,312,118,7,'703',2,1),(10487,312,119,7,'706',2,1),(10488,312,120,7,'711',2,1),(10489,312,121,7,'714',2,1),(10490,312,122,7,'717',2,NULL),(10491,312,124,7,'726',2,1),(10492,312,125,7,'745',2,1),(10493,312,126,7,'735',2,1),(10494,316,26,3,'463',1,1),(10495,316,27,3,'465',1,1),(10496,316,28,3,'467',1,1),(10497,316,29,3,'469',1,1),(10498,316,30,3,'471',1,1),(10499,316,31,3,'474',1,1),(10500,316,32,3,'475',1,1),(10501,316,33,3,'477',1,1),(10502,316,34,3,'12215',1,1),(10503,316,35,3,'485',1,1),(10504,316,36,3,'12224',1,1),(10505,316,37,3,'12207',1,1),(10506,316,38,3,'500',1,1),(10507,316,39,3,'509',1,NULL),(10508,316,40,3,'510',1,NULL),(10509,316,42,3,'12218',1,NULL),(10510,316,48,3,'526',1,1),(10511,316,53,4,'12343',1,1),(10512,316,54,4,'12344',1,1),(10513,316,55,4,'12347',1,1),(10514,316,57,4,'12349',1,1),(10515,316,58,4,'12357',1,1),(10516,316,59,4,'12362',1,1),(10517,316,60,4,'12366',1,1),(10518,316,61,4,'424',1,NULL),(10519,316,62,4,'327',1,1),(10520,316,64,4,'12324',1,1),(10521,316,65,4,'12329',1,1),(10522,316,82,4,'12334',1,1),(10523,316,83,4,'12338',1,1),(10524,316,85,4,'12340',1,1),(10525,312,201,14,'1143',1,NULL),(10526,312,202,14,'1146',1,1),(10527,312,203,14,'12233',1,NULL),(10528,312,204,14,'1157',1,1),(10529,312,205,14,'1162',1,1),(10530,312,206,14,'1163',1,1),(10531,312,207,14,'1165',1,1),(10532,312,208,14,'1168',1,NULL),(10533,312,209,14,'1171',1,NULL),(10534,312,210,14,'1179',1,1),(10535,312,201,14,'1145',2,NULL),(10536,312,202,14,'1146',2,1),(10537,312,203,14,'12234',2,NULL),(10538,312,204,14,'1157',2,1),(10539,312,205,14,'1162',2,1),(10540,312,206,14,'1163',2,1),(10541,312,207,14,'1166',2,NULL),(10542,312,208,14,'1170',2,NULL),(10543,312,209,14,'1172',2,NULL),(10544,312,210,14,'1179',2,1),(10545,312,201,14,'1141',3,NULL),(10546,312,202,14,'1146',3,1),(10547,312,203,14,'12231',3,NULL),(10548,312,204,14,'1157',3,1),(10549,312,205,14,'1162',3,1),(10550,312,206,14,'1163',3,1),(10551,312,207,14,'1167',3,NULL),(10552,312,208,14,'1170',3,NULL),(10553,312,209,14,'1173',3,NULL),(10554,312,210,14,'1179',3,1),(10555,312,201,14,'1141',4,NULL),(10556,312,202,14,'1146',4,1),(10557,312,203,14,'12233',4,NULL),(10558,312,204,14,'1157',4,1),(10559,312,205,14,'1162',4,1),(10560,312,206,14,'1163',4,1),(10561,312,207,14,'1165',4,1),(10562,312,208,14,'1169',4,1),(10563,312,209,14,'1174',4,1),(10564,312,210,14,'1179',4,1),(10565,312,211,15,'1180',1,1),(10566,312,212,15,'1183',1,NULL),(10567,312,213,15,'1189',1,1),(10568,312,214,15,'1192',1,1),(10569,312,215,15,'1194',1,NULL),(10570,312,211,15,'1181',2,NULL),(10571,312,212,15,'1182',2,NULL),(10572,312,213,15,'1189',2,1),(10573,312,214,15,'1192',2,1),(10574,312,215,15,'1194',2,NULL),(10575,312,211,15,'1180',3,1),(10576,312,212,15,'1185',3,1),(10577,312,213,15,'1189',3,1),(10578,312,214,15,'1192',3,1),(10579,312,215,15,'1193',3,1),(10580,312,591,25,'12149',1,NULL),(10581,312,592,25,'11847',1,1),(10582,312,593,25,'12162',1,1),(10583,312,702,25,'12166',1,1),(10584,312,703,25,'11860',1,NULL),(10585,312,704,25,'11862',1,1),(10586,312,705,25,'11863',1,NULL),(10587,312,706,25,'11870',1,NULL),(10588,312,707,25,'11874',1,NULL),(10589,312,712,25,'11890',1,NULL),(10590,312,713,25,'11894',1,NULL),(10591,312,591,25,'12150',2,NULL),(10592,312,592,25,'11847',2,1),(10593,312,593,25,'12163',2,NULL),(10594,312,702,25,'12166',2,1),(10595,312,703,25,'11857',2,NULL),(10596,312,704,25,'11862',2,1),(10597,312,705,25,'11864',2,1),(10598,312,706,25,'11869',2,NULL),(10599,312,707,25,'11871',2,NULL),(10600,312,712,25,'11891',2,NULL),(10601,312,713,25,'11895',2,1),(10602,312,591,25,'12151',3,1),(10603,312,592,25,'11847',3,1),(10604,312,593,25,'12162',3,1),(10605,312,702,25,'12166',3,1),(10606,312,703,25,'11858',3,NULL),(10607,312,704,25,'11862',3,1),(10608,312,705,25,'11864',3,1),(10609,312,706,25,'11867',3,NULL),(10610,312,707,25,'11873',3,1),(10611,312,712,25,'11891',3,NULL),(10612,312,713,25,'11895',3,1),(10613,312,591,25,'12151',4,1),(10614,312,592,25,'11847',4,1),(10615,312,593,25,'12162',4,1),(10616,312,702,25,'12166',4,1),(10617,312,703,25,'11859',4,1),(10618,312,704,25,'11862',4,1),(10619,312,705,25,'11864',4,1),(10620,312,706,25,'11868',4,1),(10621,312,707,25,'11873',4,1),(10622,312,712,25,'11891',4,NULL),(10623,312,713,25,'11895',4,1),(10624,316,67,5,'540',1,1),(10625,316,68,5,'544',1,1),(10626,316,69,5,'546',1,1),(10627,316,70,5,'552',1,NULL),(10628,316,71,5,'553',1,1),(10629,316,72,5,'557',1,1),(10630,316,73,5,'561',1,NULL),(10631,316,74,5,'569',1,1),(10632,316,75,5,'575',1,1),(10633,316,78,5,'582',1,1),(10634,316,79,5,'588',1,1),(10635,316,80,5,'593',1,NULL),(10636,316,81,5,'576',1,1),(10637,316,88,5,'594',1,NULL),(10638,316,89,5,'600',1,1),(10639,316,67,5,'540',2,1),(10640,316,68,5,'544',2,1),(10641,316,69,5,'546',2,1),(10642,316,70,5,'551',2,1),(10643,316,71,5,'553',2,1),(10644,316,72,5,'557',2,1),(10645,316,73,5,'565',2,1),(10646,316,74,5,'569',2,1),(10647,316,75,5,'575',2,1),(10648,316,78,5,'582',2,1),(10649,316,79,5,'588',2,1),(10650,316,80,5,'589',2,NULL),(10651,316,81,5,'576',2,1),(10652,316,88,5,'594',2,NULL),(10653,316,89,5,'600',2,1),(10654,316,116,7,'694',1,1),(10655,316,117,7,'696',1,NULL),(10656,316,118,7,'703',1,1),(10657,316,119,7,'706',1,1),(10658,316,120,7,'711',1,1),(10659,316,121,7,'714',1,1),(10660,316,122,7,'717',1,NULL),(10661,316,124,7,'726',1,1),(10662,316,125,7,'745',1,1),(10663,316,126,7,'735',1,1),(10664,316,1141,10,'1870',1,1),(10665,316,1143,10,'1873',1,1),(10666,316,1144,10,'1881',1,1),(10667,316,1145,10,'1885',1,1),(10668,316,1146,10,'1886',1,1),(10669,316,1147,10,'1888',1,1),(10670,316,1148,10,'1890',1,1),(10671,316,1149,10,'1892',1,1),(10672,316,1150,10,'1895',1,NULL),(10673,316,1151,10,'1897',1,1),(10674,316,1152,10,'1899',1,1),(10675,316,1154,10,'1900',1,1),(10676,316,1155,10,'1902',1,NULL),(10677,316,1156,10,'1904',1,1),(10678,316,1193,10,'12230',1,1),(10679,316,201,14,'1141',1,NULL),(10680,316,202,14,'1146',1,1),(10681,316,203,14,'12233',1,NULL),(10682,316,204,14,'1157',1,1),(10683,316,205,14,'1162',1,1),(10684,316,206,14,'1163',1,1),(10685,316,207,14,'1165',1,1),(10686,316,208,14,'1169',1,1),(10687,316,209,14,'1171',1,NULL),(10688,316,210,14,'1179',1,1),(10689,316,201,14,'1145',2,NULL),(10690,316,202,14,'1146',2,1),(10691,316,203,14,'12235',2,1),(10692,316,204,14,'1157',2,1),(10693,316,205,14,'1162',2,1),(10694,316,206,14,'1163',2,1),(10695,316,207,14,'1165',2,1),(10696,316,208,14,'1169',2,1),(10697,316,209,14,'1174',2,1),(10698,316,210,14,'1179',2,1),(10699,299,67,5,'540',2,1),(10700,299,68,5,'544',2,1),(10701,299,69,5,'548',2,NULL),(10702,299,70,5,'551',2,1),(10703,299,71,5,'553',2,1),(10704,299,72,5,'557',2,1),(10705,299,73,5,'565',2,1),(10706,299,74,5,'569',2,1),(10707,299,75,5,'575',2,1),(10708,299,78,5,'582',2,1),(10709,299,79,5,'588',2,1),(10710,299,80,5,'593',2,NULL),(10711,299,81,5,'579',2,NULL),(10712,299,88,5,'597',2,NULL),(10713,299,89,5,'600',2,1),(10714,299,67,5,'540',3,1),(10715,299,68,5,'544',3,1),(10716,299,69,5,'546',3,1),(10717,299,70,5,'551',3,1),(10718,299,71,5,'553',3,1),(10719,299,72,5,'557',3,1),(10720,299,73,5,'561',3,NULL),(10721,299,74,5,'569',3,1),(10722,299,75,5,'575',3,1),(10723,299,78,5,'582',3,1),(10724,299,80,5,'591',3,NULL),(10725,299,81,5,'576',3,1),(10726,299,88,5,'595',3,NULL),(10727,299,89,5,'600',3,1),(10728,299,67,5,'540',4,1),(10729,299,68,5,'544',4,1),(10730,299,69,5,'546',4,1),(10731,299,70,5,'551',4,1),(10732,299,71,5,'553',4,1),(10733,299,72,5,'557',4,1),(10734,299,73,5,'565',4,1),(10735,299,74,5,'569',4,1),(10736,299,75,5,'575',4,1),(10737,299,78,5,'582',4,1),(10738,299,79,5,'584',4,NULL),(10739,299,80,5,'593',4,NULL),(10740,299,81,5,'576',4,1),(10741,299,88,5,'597',4,NULL),(10742,299,89,5,'600',4,1),(10743,299,67,5,'540',5,1),(10744,299,68,5,'544',5,1),(10745,299,69,5,'546',5,1),(10746,299,70,5,'551',5,1),(10747,299,71,5,'553',5,1),(10748,299,72,5,'557',5,1),(10749,299,73,5,'565',5,1),(10750,299,74,5,'569',5,1),(10751,299,75,5,'575',5,1),(10752,299,78,5,'582',5,1),(10753,299,79,5,'584',5,NULL),(10754,299,80,5,'593',5,NULL),(10755,299,81,5,'576',5,1),(10756,299,88,5,'597',5,NULL),(10757,299,89,5,'600',5,1),(10758,299,116,7,'692',1,NULL),(10759,299,117,7,'695',1,NULL),(10760,299,118,7,'704',1,NULL),(10761,299,119,7,'706',1,1),(10762,299,120,7,'711',1,1),(10763,299,121,7,'714',1,1),(10764,299,122,7,'717',1,NULL),(10765,299,124,7,'726',1,1),(10766,299,125,7,'745',1,1),(10767,299,126,7,'735',1,1),(10768,299,116,7,'694',2,1),(10769,299,117,7,'697',2,1),(10770,299,118,7,'703',2,1),(10771,299,119,7,'706',2,1),(10772,299,120,7,'711',2,1),(10773,299,121,7,'714',2,1),(10774,299,122,7,'720',2,1),(10775,299,124,7,'726',2,1),(10776,299,125,7,'745',2,1),(10777,299,126,7,'735',2,1),(10778,299,1141,10,'1870',1,1),(10779,299,1143,10,'1873',1,1),(10780,299,1144,10,'1881',1,1),(10781,299,1145,10,'1885',1,1),(10782,299,1146,10,'1886',1,1),(10783,299,1147,10,'1888',1,1),(10784,299,1148,10,'1890',1,1),(10785,299,1149,10,'1892',1,1),(10786,299,1150,10,'1894',1,1),(10787,299,1151,10,'1897',1,1),(10788,299,1152,10,'1899',1,1),(10789,299,1154,10,'1900',1,1),(10790,299,1155,10,'1902',1,NULL),(10791,299,1156,10,'1904',1,1),(10792,299,1193,10,'12230',1,1),(10793,299,201,14,'1141',1,NULL),(10794,299,202,14,'1146',1,1),(10795,299,203,14,'12235',1,1),(10796,299,204,14,'1157',1,1),(10797,299,205,14,'1162',1,1),(10798,299,206,14,'1163',1,1),(10799,299,207,14,'1165',1,1),(10800,299,208,14,'1168',1,NULL),(10801,299,209,14,'1171',1,NULL),(10802,299,210,14,'1179',1,1),(10803,299,201,14,'1144',2,NULL),(10804,299,202,14,'1146',2,1),(10805,299,203,14,'12235',2,1),(10806,299,204,14,'1157',2,1),(10807,299,205,14,'1162',2,1),(10808,299,206,14,'1163',2,1),(10809,299,207,14,'1165',2,1),(10810,299,208,14,'1169',2,1),(10811,299,209,14,'1172',2,NULL),(10812,299,210,14,'1179',2,1),(10813,299,211,15,'1180',1,1),(10814,299,212,15,'1185',1,1),(10815,299,213,15,'1189',1,1),(10816,299,214,15,'1192',1,1),(10817,299,215,15,'1194',1,NULL),(10818,299,591,25,'12151',1,1),(10819,299,592,25,'11847',1,1),(10820,299,593,25,'12163',1,NULL),(10821,299,702,25,'12166',1,1),(10822,299,703,25,'11859',1,1),(10823,299,704,25,'11862',1,1),(10824,299,705,25,'11863',1,NULL),(10825,299,706,25,'11868',1,1),(10826,299,707,25,'11874',1,NULL),(10827,299,712,25,'11892',1,1),(10828,299,591,25,'12151',2,1),(10829,299,592,25,'11847',2,1),(10830,299,593,25,'12162',2,1),(10831,299,702,25,'12166',2,1),(10832,299,703,25,'11859',2,1),(10833,299,704,25,'11862',2,1),(10834,299,705,25,'11864',2,1),(10835,299,706,25,'11868',2,1),(10836,299,707,25,'11871',2,NULL),(10837,299,712,25,'11892',2,1),(10838,299,713,25,'11894',2,NULL),(10839,299,1183,27,'12168',1,NULL),(10840,299,1184,27,'12172',1,1),(10841,299,1185,27,'12174',1,NULL),(10842,299,1186,27,'12181',1,NULL),(10843,299,1187,27,'12183',1,NULL),(10844,299,1188,27,'12186',1,NULL),(10845,299,1189,27,'12193',1,1),(10846,299,1190,27,'12196',1,NULL),(10847,299,1191,27,'12201',1,1),(10848,299,1192,27,'12206',1,1),(10849,299,1183,27,'12171',2,NULL),(10850,299,1184,27,'12172',2,1),(10851,299,1185,27,'12176',2,NULL),(10852,299,1186,27,'12180',2,NULL),(10853,299,1187,27,'12184',2,1),(10854,299,1188,27,'12187',2,1),(10855,299,1189,27,'12193',2,1),(10856,299,1190,27,'12195',2,NULL),(10857,299,1191,27,'12201',2,1),(10858,299,1192,27,'12206',2,1),(10859,299,1183,27,'12170',3,NULL),(10860,299,1184,27,'12172',3,1),(10861,299,1185,27,'12177',3,1),(10862,299,1186,27,'12178',3,NULL),(10863,299,1187,27,'12184',3,1),(10864,299,1188,27,'12187',3,1),(10865,299,1189,27,'12193',3,1),(10866,299,1190,27,'12194',3,1),(10867,299,1191,27,'12201',3,1),(10868,299,1192,27,'12206',3,1),(10869,299,1194,28,'12237',1,1),(10870,299,1195,28,'12240',1,1),(10871,299,1196,28,'12248',1,NULL),(10872,299,1197,28,'12254',1,NULL),(10873,299,1198,28,'12259',1,1),(10874,299,1199,28,'12260',1,1),(10875,299,1200,28,'12263',1,NULL),(10876,299,1194,28,'12237',2,1),(10877,299,1195,28,'12240',2,1),(10878,299,1196,28,'12244',2,NULL),(10879,299,1197,28,'12250',2,NULL),(10880,299,1198,28,'12259',2,1),(10881,299,1199,28,'12260',2,1),(10882,299,1200,28,'12262',2,1),(10883,299,1201,29,'12267',1,1),(10884,299,1202,29,'12271',1,1),(10885,299,1203,29,'12276',1,1),(10886,299,1204,29,'12277',1,1),(10887,299,1205,29,'12281',1,1),(10888,299,1206,29,'12288',1,1),(10889,299,1207,29,'12290',1,NULL),(10890,299,1208,29,'12296',1,NULL),(10891,299,1209,29,'12299',1,1),(10892,299,1210,29,'12302',1,1),(10893,299,1211,29,'12307',1,1),(10894,299,1212,29,'12309',1,NULL),(10895,299,1213,29,'12312',1,1),(10896,312,1201,29,'12267',1,1),(10897,312,1202,29,'12271',1,1),(10898,312,1203,29,'12276',1,1),(10899,312,1204,29,'12277',1,1),(10900,312,1205,29,'12280',1,NULL),(10901,312,1206,29,'12288',1,1),(10902,312,1207,29,'12292',1,1),(10903,312,1208,29,'12296',1,NULL),(10904,312,1209,29,'12299',1,1),(10905,312,1210,29,'12301',1,NULL),(10906,312,1211,29,'12307',1,1),(10907,312,1212,29,'12310',1,1),(10908,312,1213,29,'12312',1,1),(10909,317,26,3,'463',1,1),(10910,317,27,3,'466',1,NULL),(10911,317,28,3,'467',1,1),(10912,317,29,3,'470',1,NULL),(10913,317,30,3,'471',1,1),(10914,317,31,3,'474',1,1),(10915,317,32,3,'475',1,1),(10916,317,33,3,'477',1,1),(10917,317,34,3,'12215',1,1),(10918,317,35,3,'485',1,1),(10919,317,36,3,'12224',1,1),(10920,317,37,3,'12207',1,1),(10921,317,38,3,'500',1,1),(10922,317,39,3,'508',1,1),(10923,317,40,3,'511',1,1),(10924,317,42,3,'12222',1,1),(10925,317,48,3,'526',1,1),(10926,317,53,4,'12343',1,1),(10927,317,54,4,'12344',1,1),(10928,317,55,4,'12346',1,NULL),(10929,317,57,4,'12349',1,1),(10930,317,58,4,'12357',1,1),(10931,317,59,4,'12362',1,1),(10932,317,60,4,'12366',1,1),(10933,317,61,4,'425',1,1),(10934,317,62,4,'327',1,1),(10935,317,63,4,'12322',1,1),(10936,317,64,4,'12324',1,1),(10937,317,65,4,'12329',1,1),(10938,317,82,4,'12334',1,1),(10939,317,83,4,'12338',1,1),(10940,317,85,4,'12340',1,1),(10941,317,67,5,'540',1,1),(10942,317,68,5,'544',1,1),(10943,317,69,5,'546',1,1),(10944,317,70,5,'551',1,1),(10945,317,71,5,'553',1,1),(10946,317,72,5,'557',1,1),(10947,317,73,5,'565',1,1),(10948,317,74,5,'569',1,1),(10949,317,75,5,'575',1,1),(10950,317,78,5,'582',1,1),(10951,317,79,5,'588',1,1),(10952,317,80,5,'592',1,1),(10953,317,81,5,'576',1,1),(10954,317,88,5,'596',1,1),(10955,317,89,5,'600',1,1),(10956,317,116,7,'694',1,1),(10957,317,117,7,'697',1,1),(10958,317,118,7,'703',1,1),(10959,317,119,7,'706',1,1),(10960,317,120,7,'711',1,1),(10961,317,121,7,'714',1,1),(10962,317,122,7,'720',1,1),(10963,317,124,7,'726',1,1),(10964,317,125,7,'745',1,1),(10965,317,126,7,'735',1,1),(10966,317,1141,10,'1870',1,1),(10967,317,1143,10,'1873',1,1),(10968,317,1144,10,'1881',1,1),(10969,317,1145,10,'1885',1,1),(10970,317,1146,10,'1886',1,1),(10971,317,1147,10,'1888',1,1),(10972,317,1148,10,'1890',1,1),(10973,317,1149,10,'1892',1,1),(10974,317,1150,10,'1894',1,1),(10975,317,1151,10,'1897',1,1),(10976,317,1152,10,'1899',1,1),(10977,317,1154,10,'1900',1,1),(10978,317,1155,10,'1902',1,NULL),(10979,317,1156,10,'1904',1,1),(10980,317,1193,10,'12230',1,1),(10981,317,201,14,'1142',1,1),(10982,317,202,14,'1146',1,1),(10983,317,203,14,'12235',1,1),(10984,317,204,14,'1157',1,1),(10985,317,205,14,'1162',1,1),(10986,317,206,14,'1163',1,1),(10987,317,207,14,'1167',1,NULL),(10988,317,208,14,'1169',1,1),(10989,317,209,14,'1174',1,1),(10990,317,210,14,'1179',1,1),(10991,317,211,15,'1180',1,1),(10992,317,212,15,'1185',1,1),(10993,317,213,15,'1189',1,1),(10994,317,214,15,'1192',1,1),(10995,317,215,15,'1193',1,1),(10996,317,1183,27,'12169',1,1),(10997,317,1184,27,'12172',1,1),(10998,317,1185,27,'12177',1,1),(10999,317,1186,27,'12180',1,NULL),(11000,317,1187,27,'12183',1,NULL),(11001,317,1188,27,'12186',1,NULL),(11002,317,1189,27,'12193',1,1),(11003,317,1190,27,'12194',1,1),(11004,317,1191,27,'12201',1,1),(11005,317,1192,27,'12206',1,1),(11006,317,1183,27,'12169',2,1),(11007,317,1184,27,'12172',2,1),(11008,317,1185,27,'12177',2,1),(11009,317,1186,27,'12181',2,NULL),(11010,317,1187,27,'12184',2,1),(11011,317,1188,27,'12187',2,1),(11012,317,1189,27,'12193',2,1),(11013,317,1190,27,'12194',2,1),(11014,317,1191,27,'12201',2,1),(11015,317,1192,27,'12206',2,1),(11016,317,591,25,'12151',1,1),(11017,317,592,25,'11847',1,1),(11018,317,593,25,'12158',1,NULL),(11019,317,702,25,'12166',1,1),(11020,317,703,25,'11859',1,1),(11021,317,704,25,'11862',1,1),(11022,317,705,25,'11863',1,NULL),(11023,317,706,25,'11868',1,1),(11024,317,707,25,'11873',1,1),(11025,317,712,25,'11892',1,1),(11026,317,713,25,'11894',1,NULL),(11027,317,591,25,'12151',2,1),(11028,317,592,25,'11847',2,1),(11029,317,593,25,'12162',2,1),(11030,317,702,25,'12166',2,1),(11031,317,703,25,'11859',2,1),(11032,317,704,25,'11862',2,1),(11033,317,705,25,'11864',2,1),(11034,317,706,25,'11868',2,1),(11035,317,707,25,'11873',2,1),(11036,317,712,25,'11892',2,1),(11037,317,713,25,'11895',2,1),(11038,317,1194,28,'12237',1,1),(11039,317,1195,28,'12240',1,1),(11040,317,1196,28,'12249',1,1),(11041,317,1197,28,'12250',1,NULL),(11042,317,1198,28,'12259',1,1),(11043,317,1199,28,'12260',1,1),(11044,317,1200,28,'12262',1,1),(11045,317,1201,29,'12267',1,1),(11046,317,1202,29,'12271',1,1),(11047,317,1203,29,'12276',1,1),(11048,317,1204,29,'12277',1,1),(11049,317,1206,29,'12288',1,1),(11050,317,1207,29,'12292',1,1),(11051,317,1208,29,'12295',1,1),(11052,317,1209,29,'12299',1,1),(11053,317,1210,29,'12302',1,1),(11054,317,1211,29,'12307',1,1),(11055,317,1212,29,'12310',1,1),(11056,317,1213,29,'12312',1,1),(11057,316,211,15,'1180',1,1),(11058,316,212,15,'1185',1,1),(11059,316,213,15,'1189',1,1),(11060,316,214,15,'1192',1,1),(11061,316,215,15,'1194',1,NULL),(11062,316,591,25,'12151',1,1),(11063,316,592,25,'11847',1,1),(11064,316,593,25,'12160',1,NULL),(11065,316,702,25,'12166',1,1),(11066,316,703,25,'11860',1,NULL),(11067,316,704,25,'11862',1,1),(11068,316,705,25,'11864',1,1),(11069,316,706,25,'11869',1,NULL),(11070,316,707,25,'11873',1,1),(11071,316,712,25,'11892',1,1),(11072,316,713,25,'11895',1,1),(11073,316,591,25,'12151',2,1),(11074,316,592,25,'11847',2,1),(11075,316,593,25,'12163',2,NULL),(11076,316,702,25,'12166',2,1),(11077,316,703,25,'11858',2,NULL),(11078,316,704,25,'11862',2,1),(11079,316,705,25,'11864',2,1),(11080,316,706,25,'11868',2,1),(11081,316,707,25,'11873',2,1),(11082,316,712,25,'11892',2,1),(11083,316,713,25,'11895',2,1),(11084,316,1183,27,'12169',1,1),(11085,316,1184,27,'12172',1,1),(11086,316,1185,27,'12175',1,NULL),(11087,316,1186,27,'12179',1,NULL),(11088,316,1187,27,'12183',1,NULL),(11089,316,1188,27,'12186',1,NULL),(11090,316,1189,27,'12193',1,1),(11091,316,1190,27,'12196',1,NULL),(11092,316,1191,27,'12199',1,NULL),(11093,316,1192,27,'12206',1,1),(11094,316,1183,27,'12169',2,1),(11095,316,1184,27,'12172',2,1),(11096,316,1185,27,'12177',2,1),(11097,316,1186,27,'12182',2,1),(11098,316,1187,27,'12183',2,NULL),(11099,316,1188,27,'12188',2,NULL),(11100,316,1189,27,'12193',2,1),(11101,316,1190,27,'12196',2,NULL),(11102,316,1191,27,'12201',2,1),(11103,316,1192,27,'12206',2,1),(11104,316,1183,27,'12169',3,1),(11105,316,1184,27,'12172',3,1),(11106,316,1186,27,'12182',3,1),(11107,316,1187,27,'12184',3,1),(11108,316,1189,27,'12193',3,1),(11109,316,1190,27,'12195',3,NULL),(11110,316,1191,27,'12201',3,1),(11111,316,1192,27,'12206',3,1),(11112,316,1183,27,'12169',4,1),(11113,316,1184,27,'12172',4,1),(11114,316,1185,27,'12177',4,1),(11115,316,1186,27,'12182',4,1),(11116,316,1187,27,'12184',4,1),(11117,316,1188,27,'12186',4,NULL),(11118,316,1189,27,'12193',4,1),(11119,316,1190,27,'12194',4,1),(11120,316,1191,27,'12201',4,1),(11121,316,1192,27,'12206',4,1),(11122,316,1194,28,'12237',1,1),(11123,316,1195,28,'12241',1,NULL),(11124,316,1196,28,'12249',1,1),(11125,316,1197,28,'12251',1,1),(11126,316,1198,28,'12259',1,1),(11127,316,1199,28,'12260',1,1),(11128,316,1200,28,'12262',1,1),(11129,316,1201,29,'12267',1,1),(11130,316,1202,29,'12271',1,1),(11131,316,1203,29,'12276',1,1),(11132,316,1204,29,'12277',1,1),(11133,316,1205,29,'12281',1,1),(11134,316,1206,29,'12288',1,1),(11135,316,1207,29,'12292',1,1),(11136,316,1208,29,'12295',1,1),(11137,316,1209,29,'12299',1,1),(11138,316,1210,29,'12302',1,1),(11139,316,1211,29,'12307',1,1),(11140,316,1212,29,'12310',1,1),(11141,316,1213,29,'12312',1,1),(11142,318,26,3,'463',1,1),(11143,318,27,3,'465',1,1),(11144,318,28,3,'467',1,1),(11145,318,29,3,'469',1,1),(11146,318,30,3,'471',1,1),(11147,318,31,3,'474',1,1),(11148,318,32,3,'475',1,1),(11149,318,33,3,'477',1,1),(11150,318,34,3,'12215',1,1),(11151,318,35,3,'481',1,NULL),(11152,318,36,3,'12224',1,1),(11153,318,37,3,'12207',1,1),(11154,318,38,3,'500',1,1),(11155,318,39,3,'508',1,1),(11156,318,40,3,'511',1,1),(11157,318,42,3,'12222',1,1),(11158,318,48,3,'526',1,1),(11159,318,53,4,'12343',1,1),(11160,318,54,4,'12344',1,1),(11161,318,55,4,'12346',1,NULL),(11162,318,57,4,'12349',1,1),(11163,318,58,4,'12357',1,1),(11164,318,59,4,'12362',1,1),(11165,318,60,4,'12366',1,1),(11166,318,61,4,'425',1,1),(11167,318,62,4,'328',1,NULL),(11168,318,63,4,'12322',1,1),(11169,318,64,4,'12324',1,1),(11170,318,65,4,'12329',1,1),(11171,318,82,4,'12334',1,1),(11172,318,83,4,'12338',1,1),(11173,318,85,4,'12340',1,1),(11174,318,67,5,'540',1,1),(11175,318,68,5,'544',1,1),(11176,318,69,5,'546',1,1),(11177,318,70,5,'551',1,1),(11178,318,71,5,'553',1,1),(11179,318,72,5,'557',1,1),(11180,318,73,5,'565',1,1),(11181,318,74,5,'569',1,1),(11182,318,75,5,'575',1,1),(11183,318,78,5,'582',1,1),(11184,318,79,5,'588',1,1),(11185,318,80,5,'593',1,NULL),(11186,318,81,5,'576',1,1),(11187,318,88,5,'594',1,NULL),(11188,318,89,5,'600',1,1),(11189,318,116,7,'694',1,1),(11190,318,117,7,'697',1,1),(11191,318,118,7,'703',1,1),(11192,318,119,7,'706',1,1),(11193,318,120,7,'711',1,1),(11194,318,121,7,'714',1,1),(11195,318,122,7,'720',1,1),(11196,318,124,7,'726',1,1),(11197,318,125,7,'745',1,1),(11198,318,126,7,'735',1,1),(11199,318,1141,10,'1870',1,1),(11200,318,1143,10,'1873',1,1),(11201,318,1144,10,'1881',1,1),(11202,318,1145,10,'1885',1,1),(11203,318,1146,10,'1886',1,1),(11204,318,1147,10,'1888',1,1),(11205,318,1148,10,'1890',1,1),(11206,318,1149,10,'1892',1,1),(11207,318,1150,10,'1894',1,1),(11208,318,1151,10,'1897',1,1),(11209,318,1152,10,'1899',1,1),(11210,318,1154,10,'1901',1,NULL),(11211,318,1155,10,'1902',1,NULL),(11212,318,1156,10,'1904',1,1),(11213,318,1193,10,'12230',1,1),(11214,318,201,14,'1142',1,1),(11215,318,202,14,'1146',1,1),(11216,318,203,14,'12235',1,1),(11217,318,204,14,'1157',1,1),(11218,318,205,14,'1162',1,1),(11219,318,206,14,'1163',1,1),(11220,318,207,14,'1165',1,1),(11221,318,208,14,'1169',1,1),(11222,318,209,14,'1174',1,1),(11223,318,210,14,'1179',1,1),(11224,318,211,15,'1180',1,1),(11225,318,212,15,'1185',1,1),(11226,318,213,15,'1189',1,1),(11227,318,214,15,'1192',1,1),(11228,318,215,15,'1193',1,1),(11229,318,591,25,'12151',1,1),(11230,318,592,25,'11847',1,1),(11231,318,593,25,'12162',1,1),(11232,318,702,25,'12166',1,1),(11233,318,703,25,'11859',1,1),(11234,318,704,25,'11862',1,1),(11235,318,705,25,'11864',1,1),(11236,318,706,25,'11868',1,1),(11237,318,707,25,'11873',1,1),(11238,318,712,25,'11890',1,NULL),(11239,318,713,25,'11894',1,NULL),(11240,318,1183,27,'12168',1,NULL),(11241,318,1184,27,'12172',1,1),(11242,318,1185,27,'12177',1,1),(11243,318,1186,27,'12182',1,1),(11244,318,1187,27,'12183',1,NULL),(11245,318,1188,27,'12186',1,NULL),(11246,318,1189,27,'12193',1,1),(11247,318,1190,27,'12194',1,1),(11248,318,1191,27,'12201',1,1),(11249,318,1192,27,'12206',1,1),(11250,318,1183,27,'12169',2,1),(11251,318,1184,27,'12172',2,1),(11252,318,1185,27,'12177',2,1),(11253,318,1186,27,'12182',2,1),(11254,318,1187,27,'12184',2,1),(11255,318,1188,27,'12188',2,NULL),(11256,318,1189,27,'12193',2,1),(11257,318,1190,27,'12194',2,1),(11258,318,1191,27,'12201',2,1),(11259,318,1192,27,'12206',2,1),(11260,318,1194,28,'12237',1,1),(11261,318,1195,28,'12240',1,1),(11262,318,1196,28,'12249',1,1),(11263,318,1197,28,'12251',1,1),(11264,318,1198,28,'12259',1,1),(11265,318,1199,28,'12260',1,1),(11266,318,1200,28,'12263',1,NULL),(11267,318,1201,29,'12267',1,1),(11268,318,1202,29,'12271',1,1),(11269,318,1203,29,'12276',1,1),(11270,318,1204,29,'12277',1,1),(11271,318,1205,29,'12281',1,1),(11272,318,1206,29,'12288',1,1),(11273,318,1207,29,'12292',1,1),(11274,318,1208,29,'12295',1,1),(11275,318,1209,29,'12299',1,1),(11276,318,1210,29,'12302',1,1),(11277,318,1211,29,'12307',1,1),(11278,318,1212,29,'12310',1,1),(11279,318,1213,29,'12312',1,1),(11280,319,26,3,'463',1,1),(11281,319,27,3,'466',1,NULL),(11282,319,28,3,'467',1,1),(11283,319,29,3,'469',1,1),(11284,319,30,3,'471',1,1),(11285,319,31,3,'474',1,1),(11286,319,32,3,'475',1,1),(11287,319,33,3,'477',1,1),(11288,319,34,3,'12215',1,1),(11289,319,35,3,'485',1,1),(11290,319,36,3,'12225',1,NULL),(11291,319,37,3,'12207',1,1),(11292,319,38,3,'500',1,1),(11293,319,39,3,'509',1,NULL),(11294,319,40,3,'511',1,1),(11295,319,42,3,'12221',1,NULL),(11296,319,48,3,'526',1,1),(11297,319,26,3,'463',2,1),(11298,319,27,3,'466',2,NULL),(11299,319,28,3,'467',2,1),(11300,319,29,3,'469',2,1),(11301,319,30,3,'471',2,1),(11302,319,31,3,'474',2,1),(11303,319,32,3,'475',2,1),(11304,319,33,3,'477',2,1),(11305,319,34,3,'12215',2,1),(11306,319,35,3,'485',2,1),(11307,319,36,3,'12226',2,NULL),(11308,319,37,3,'12207',2,1),(11309,319,38,3,'500',2,1),(11310,319,39,3,'508',2,1),(11311,319,40,3,'511',2,1),(11312,319,42,3,'12217',2,NULL),(11313,319,48,3,'526',2,1),(11314,319,53,4,'12343',1,1),(11315,319,54,4,'12344',1,1),(11316,319,55,4,'12347',1,1),(11317,319,57,4,'12349',1,1),(11318,319,58,4,'12357',1,1),(11319,319,59,4,'12362',1,1),(11320,319,60,4,'12366',1,1),(11321,319,61,4,'425',1,1),(11322,319,62,4,'327',1,1),(11323,319,63,4,'12322',1,1),(11324,319,64,4,'12324',1,1),(11325,319,65,4,'12326',1,NULL),(11326,319,82,4,'12334',1,1),(11327,319,83,4,'12338',1,1),(11328,319,85,4,'12340',1,1),(11329,319,67,5,'540',1,1),(11330,319,68,5,'544',1,1),(11331,319,69,5,'548',1,NULL),(11332,319,70,5,'552',1,NULL),(11333,319,71,5,'553',1,1),(11334,319,72,5,'557',1,1),(11335,319,73,5,'561',1,NULL),(11336,319,74,5,'569',1,1),(11337,319,75,5,'575',1,1),(11338,319,78,5,'582',1,1),(11339,319,79,5,'588',1,1),(11340,319,80,5,'593',1,NULL),(11341,319,81,5,'576',1,1),(11342,319,88,5,'595',1,NULL),(11343,319,89,5,'600',1,1),(11344,319,67,5,'540',2,1),(11345,319,68,5,'544',2,1),(11346,319,69,5,'546',2,1),(11347,319,70,5,'551',2,1),(11348,319,71,5,'553',2,1),(11349,319,72,5,'557',2,1),(11350,319,73,5,'565',2,1),(11351,319,74,5,'569',2,1),(11352,319,75,5,'575',2,1),(11353,319,78,5,'582',2,1),(11354,319,79,5,'588',2,1),(11355,319,80,5,'593',2,NULL),(11356,319,81,5,'576',2,1),(11357,319,88,5,'596',2,1),(11358,319,89,5,'600',2,1),(11359,319,116,7,'694',1,1),(11360,319,117,7,'697',1,1),(11361,319,118,7,'702',1,NULL),(11362,319,119,7,'706',1,1),(11363,319,120,7,'711',1,1),(11364,319,121,7,'714',1,1),(11365,319,122,7,'720',1,1),(11366,319,124,7,'726',1,1),(11367,319,125,7,'745',1,1),(11368,319,126,7,'735',1,1),(11369,319,1141,10,'1870',1,1),(11370,319,1143,10,'1873',1,1),(11371,319,1144,10,'1881',1,1),(11372,319,1145,10,'1885',1,1),(11373,319,1146,10,'1886',1,1),(11374,319,1147,10,'1888',1,1),(11375,319,1148,10,'1890',1,1),(11376,319,1149,10,'1892',1,1),(11377,319,1150,10,'1894',1,1),(11378,319,1151,10,'1897',1,1),(11379,319,1152,10,'1898',1,NULL),(11380,319,1154,10,'1901',1,NULL),(11381,319,1155,10,'1902',1,NULL),(11382,319,1156,10,'1904',1,1),(11383,319,1193,10,'12230',1,1),(11384,319,201,14,'1141',1,NULL),(11385,319,202,14,'1146',1,1),(11386,319,203,14,'12235',1,1),(11387,319,204,14,'1157',1,1),(11388,319,205,14,'1162',1,1),(11389,319,206,14,'1163',1,1),(11390,319,207,14,'1165',1,1),(11391,319,208,14,'1168',1,NULL),(11392,319,209,14,'1171',1,NULL),(11393,319,210,14,'1179',1,1),(11394,319,201,14,'1142',2,1),(11395,319,202,14,'1146',2,1),(11396,319,203,14,'12235',2,1),(11397,319,204,14,'1157',2,1),(11398,319,205,14,'1162',2,1),(11399,319,206,14,'1163',2,1),(11400,319,207,14,'1165',2,1),(11401,319,208,14,'1170',2,NULL),(11402,319,209,14,'1172',2,NULL),(11403,319,210,14,'1179',2,1),(11404,319,211,15,'1180',1,1),(11405,319,212,15,'1185',1,1),(11406,319,213,15,'1189',1,1),(11407,319,214,15,'1192',1,1),(11408,319,215,15,'1194',1,NULL),(11409,319,591,25,'12150',1,NULL),(11410,319,592,25,'11847',1,1),(11411,319,593,25,'12161',1,NULL),(11412,319,702,25,'12167',1,NULL),(11413,319,703,25,'11859',1,1),(11414,319,704,25,'11862',1,1),(11415,319,705,25,'11864',1,1),(11416,319,706,25,'11868',1,1),(11417,319,707,25,'11873',1,1),(11418,319,712,25,'11892',1,1),(11419,319,713,25,'11894',1,NULL),(11420,319,591,25,'12151',2,1),(11421,319,592,25,'11847',2,1),(11422,319,593,25,'12162',2,1),(11423,319,702,25,'12166',2,1),(11424,319,703,25,'11859',2,1),(11425,319,704,25,'11862',2,1),(11426,319,705,25,'11864',2,1),(11427,319,706,25,'11868',2,1),(11428,319,707,25,'11873',2,1),(11429,319,712,25,'11892',2,1),(11430,319,713,25,'11895',2,1),(11431,319,1183,27,'12169',1,1),(11432,319,1184,27,'12172',1,1),(11433,319,1185,27,'12174',1,NULL),(11434,319,1186,27,'12182',1,1),(11435,319,1187,27,'12183',1,NULL),(11436,319,1188,27,'12186',1,NULL),(11437,319,1189,27,'12193',1,1),(11438,319,1190,27,'12195',1,NULL),(11439,319,1191,27,'12201',1,1),(11440,319,1192,27,'12206',1,1),(11441,319,1183,27,'12169',2,1),(11442,319,1184,27,'12172',2,1),(11443,319,1185,27,'12175',2,NULL),(11444,319,1186,27,'12182',2,1),(11445,319,1187,27,'12184',2,1),(11446,319,1188,27,'12187',2,1),(11447,319,1189,27,'12193',2,1),(11448,319,1190,27,'12196',2,NULL),(11449,319,1191,27,'12201',2,1),(11450,319,1192,27,'12206',2,1),(11451,319,1194,28,'12237',1,1),(11452,319,1195,28,'12241',1,NULL),(11453,319,1196,28,'12249',1,1),(11454,319,1197,28,'12251',1,1),(11455,319,1198,28,'12259',1,1),(11456,319,1199,28,'12260',1,1),(11457,319,1200,28,'12262',1,1),(11458,319,1194,28,'12237',2,1),(11459,319,1195,28,'12241',2,NULL),(11460,319,1196,28,'12249',2,1),(11461,319,1197,28,'12251',2,1),(11462,319,1198,28,'12259',2,1),(11463,319,1199,28,'12260',2,1),(11464,319,1200,28,'12262',2,1),(11465,319,1201,29,'12267',1,1),(11466,319,1202,29,'12271',1,1),(11467,319,1203,29,'12276',1,1),(11468,319,1204,29,'12277',1,1),(11469,319,1205,29,'12281',1,1),(11470,319,1206,29,'12288',1,1),(11471,319,1207,29,'12292',1,1),(11472,319,1208,29,'12295',1,1),(11473,319,1209,29,'12299',1,1),(11474,319,1210,29,'12302',1,1),(11475,319,1211,29,'12307',1,1),(11476,319,1212,29,'12308',1,NULL),(11477,319,1213,29,'12312',1,1),(11478,312,67,5,'540',3,1),(11479,312,68,5,'544',3,1),(11480,312,69,5,'548',3,NULL),(11481,312,70,5,'552',3,NULL),(11482,312,71,5,'553',3,1),(11483,312,72,5,'557',3,1),(11484,312,73,5,'565',3,1),(11485,312,74,5,'569',3,1),(11486,312,75,5,'575',3,1),(11487,312,78,5,'582',3,1),(11488,312,79,5,'588',3,1),(11489,312,80,5,'593',3,NULL),(11490,312,81,5,'579',3,NULL),(11491,312,88,5,'597',3,NULL),(11492,312,89,5,'599',3,NULL),(11493,312,67,5,'540',4,1),(11494,312,68,5,'544',4,1),(11495,312,69,5,'548',4,NULL),(11496,312,70,5,'550',4,NULL),(11497,312,71,5,'553',4,1),(11498,312,72,5,'557',4,1),(11499,312,73,5,'565',4,1),(11500,312,74,5,'569',4,1),(11501,312,75,5,'574',4,NULL),(11502,312,78,5,'582',4,1),(11503,312,79,5,'588',4,1),(11504,312,80,5,'593',4,NULL),(11505,312,81,5,'576',4,1),(11506,312,88,5,'597',4,NULL),(11507,312,89,5,'600',4,1),(11508,312,1141,10,'1870',1,1),(11509,312,1143,10,'1874',1,NULL),(11510,312,1144,10,'1881',1,1),(11511,312,1145,10,'1885',1,1),(11512,312,1146,10,'1886',1,1),(11513,312,1147,10,'1888',1,1),(11514,312,1149,10,'1892',1,1),(11515,312,1150,10,'1894',1,1),(11516,312,1151,10,'1897',1,1),(11517,312,1152,10,'1899',1,1),(11518,312,1154,10,'1900',1,1),(11519,312,1155,10,'1902',1,NULL),(11520,312,1156,10,'1904',1,1),(11521,312,1193,10,'12230',1,1),(11522,312,1183,27,'12168',1,NULL),(11523,312,1184,27,'12173',1,NULL),(11524,312,1185,27,'12177',1,1),(11525,312,1186,27,'12182',1,1),(11526,312,1187,27,'12183',1,NULL),(11527,312,1188,27,'12186',1,NULL),(11528,312,1189,27,'12193',1,1),(11529,312,1190,27,'12196',1,NULL),(11530,312,1191,27,'12201',1,1),(11531,312,1192,27,'12206',1,1),(11532,312,1183,27,'12171',2,NULL),(11533,312,1184,27,'12172',2,1),(11534,312,1185,27,'12175',2,NULL),(11535,312,1186,27,'12182',2,1),(11536,312,1187,27,'12184',2,1),(11537,312,1188,27,'12186',2,NULL),(11538,312,1189,27,'12193',2,1),(11539,312,1190,27,'12194',2,1),(11540,312,1191,27,'12201',2,1),(11541,312,1192,27,'12206',2,1),(11542,312,1183,27,'12168',3,NULL),(11543,312,1184,27,'12172',3,1),(11544,312,1185,27,'12174',3,NULL),(11545,312,1186,27,'12182',3,1),(11546,312,1187,27,'12184',3,1),(11547,312,1188,27,'12188',3,NULL),(11548,312,1189,27,'12193',3,1),(11549,312,1190,27,'12195',3,NULL),(11550,312,1191,27,'12201',3,1),(11551,312,1192,27,'12206',3,1),(11552,312,1183,27,'12169',4,1),(11553,312,1184,27,'12172',4,1),(11554,312,1185,27,'12176',4,NULL),(11555,312,1186,27,'12182',4,1),(11556,312,1187,27,'12184',4,1),(11557,312,1188,27,'12188',4,NULL),(11558,312,1189,27,'12193',4,1),(11559,312,1190,27,'12196',4,NULL),(11560,312,1191,27,'12201',4,1),(11561,312,1192,27,'12206',4,1),(11562,312,1183,27,'12168',5,NULL),(11563,312,1184,27,'12172',5,1),(11564,312,1185,27,'12175',5,NULL),(11565,312,1188,27,'12186',5,NULL),(11566,312,1189,27,'12193',5,1),(11567,312,1190,27,'12196',5,NULL),(11568,312,1191,27,'12201',5,1),(11569,312,1192,27,'12206',5,1),(11570,312,1183,27,'12171',6,NULL),(11571,312,1184,27,'12172',6,1),(11572,312,1185,27,'12175',6,NULL),(11573,312,1186,27,'12182',6,1),(11574,312,1187,27,'12184',6,1),(11575,312,1188,27,'12188',6,NULL),(11576,312,1189,27,'12193',6,1),(11577,312,1190,27,'12196',6,NULL),(11578,312,1191,27,'12201',6,1),(11579,312,1192,27,'12206',6,1),(11580,312,1183,27,'12169',7,1),(11581,312,1184,27,'12172',7,1),(11582,312,1185,27,'12174',7,NULL),(11583,312,1186,27,'12182',7,1),(11584,312,1187,27,'12184',7,1),(11585,312,1188,27,'12188',7,NULL),(11586,312,1189,27,'12193',7,1),(11587,312,1190,27,'12195',7,NULL),(11588,312,1191,27,'12201',7,1),(11589,312,1192,27,'12206',7,1),(11590,312,1183,27,'12168',8,NULL),(11591,312,1184,27,'12172',8,1),(11592,312,1185,27,'12177',8,1),(11593,312,1186,27,'12182',8,1),(11594,312,1187,27,'12184',8,1),(11595,312,1188,27,'12186',8,NULL),(11596,312,1189,27,'12193',8,1),(11597,312,1190,27,'12196',8,NULL),(11598,312,1191,27,'12201',8,1),(11599,312,1192,27,'12206',8,1),(11600,312,1183,27,'12169',9,1),(11601,312,1185,27,'12175',9,NULL),(11602,312,1186,27,'12182',9,1),(11603,312,1187,27,'12184',9,1),(11604,312,1188,27,'12187',9,1),(11605,312,1189,27,'12193',9,1),(11606,312,1190,27,'12194',9,1),(11607,312,1191,27,'12201',9,1),(11608,312,1192,27,'12206',9,1),(11609,312,1194,28,'12237',1,1),(11610,312,1195,28,'12240',1,1),(11611,312,1196,28,'12249',1,1),(11612,312,1197,28,'12254',1,NULL),(11613,312,1198,28,'12259',1,1),(11614,312,1199,28,'12260',1,1),(11615,312,1200,28,'12262',1,1),(11616,320,26,3,'463',1,1),(11617,320,27,3,'465',1,1),(11618,320,28,3,'467',1,1),(11619,320,29,3,'469',1,1),(11620,320,30,3,'471',1,1),(11621,320,31,3,'474',1,1),(11622,320,32,3,'475',1,1),(11623,320,33,3,'477',1,1),(11624,320,34,3,'12215',1,1),(11625,320,35,3,'485',1,1),(11626,320,36,3,'12224',1,1),(11627,320,37,3,'12207',1,1),(11628,320,38,3,'500',1,1),(11629,320,39,3,'508',1,1),(11630,320,40,3,'511',1,1),(11631,320,42,3,'12222',1,1),(11632,320,48,3,'526',1,1),(11633,320,53,4,'12343',1,1),(11634,320,54,4,'12345',1,NULL),(11635,320,55,4,'12347',1,1),(11636,320,57,4,'12349',1,1),(11637,320,58,4,'12357',1,1),(11638,320,59,4,'12362',1,1),(11639,320,60,4,'12366',1,1),(11640,320,61,4,'424',1,NULL),(11641,320,62,4,'327',1,1),(11642,320,63,4,'12320',1,NULL),(11643,320,64,4,'12324',1,1),(11644,320,65,4,'12329',1,1),(11645,320,82,4,'12334',1,1),(11646,320,83,4,'12339',1,NULL),(11647,320,85,4,'12340',1,1),(11648,320,53,4,'12343',2,1),(11649,320,54,4,'12344',2,1),(11650,320,55,4,'12347',2,1),(11651,320,57,4,'12349',2,1),(11652,320,58,4,'12357',2,1),(11653,320,59,4,'12362',2,1),(11654,320,60,4,'12366',2,1),(11655,320,61,4,'424',2,NULL),(11656,320,62,4,'327',2,1),(11657,320,63,4,'12322',2,1),(11658,320,64,4,'12324',2,1),(11659,320,65,4,'12329',2,1),(11660,320,82,4,'12334',2,1),(11661,320,83,4,'12338',2,1),(11662,320,85,4,'12340',2,1),(11663,320,67,5,'540',1,1),(11664,320,68,5,'544',1,1),(11665,320,69,5,'546',1,1),(11666,320,70,5,'551',1,1),(11667,320,71,5,'553',1,1),(11668,320,72,5,'557',1,1),(11669,320,73,5,'565',1,1),(11670,320,74,5,'569',1,1),(11671,320,75,5,'575',1,1),(11672,320,78,5,'582',1,1),(11673,320,79,5,'586',1,NULL),(11674,320,80,5,'592',1,1),(11675,320,81,5,'576',1,1),(11676,320,88,5,'596',1,1),(11677,320,89,5,'600',1,1),(11678,320,116,7,'694',1,1),(11679,320,117,7,'696',1,NULL),(11680,320,118,7,'703',1,1),(11681,320,119,7,'706',1,1),(11682,320,120,7,'711',1,1),(11683,320,121,7,'714',1,1),(11684,320,122,7,'720',1,1),(11685,320,124,7,'726',1,1),(11686,320,125,7,'745',1,1),(11687,320,126,7,'735',1,1),(11688,320,1201,29,'12267',1,1),(11689,320,1202,29,'12271',1,1),(11690,320,1203,29,'12276',1,1),(11691,320,1204,29,'12277',1,1),(11692,320,1205,29,'12281',1,1),(11693,320,1206,29,'12288',1,1),(11694,320,1207,29,'12292',1,1),(11695,320,1208,29,'12295',1,1),(11696,320,1209,29,'12299',1,1),(11697,320,1210,29,'12302',1,1),(11698,320,1211,29,'12307',1,1),(11699,320,1212,29,'12310',1,1),(11700,320,1213,29,'12315',1,NULL),(11701,320,1141,10,'1870',1,1),(11702,320,1143,10,'1873',1,1),(11703,320,1144,10,'1881',1,1),(11704,320,1145,10,'1885',1,1),(11705,320,1146,10,'1886',1,1),(11706,320,1147,10,'1888',1,1),(11707,320,1148,10,'1890',1,1),(11708,320,1149,10,'1892',1,1),(11709,320,1150,10,'1894',1,1),(11710,320,1151,10,'1897',1,1),(11711,320,1152,10,'1899',1,1),(11712,320,1154,10,'1900',1,1),(11713,320,1155,10,'1902',1,NULL),(11714,320,1156,10,'1904',1,1),(11715,320,1193,10,'12230',1,1),(11716,320,1194,28,'12237',1,1),(11717,320,1195,28,'12240',1,1),(11718,320,1196,28,'12249',1,1),(11719,320,1197,28,'12251',1,1),(11720,320,1198,28,'12259',1,1),(11721,320,1199,28,'12260',1,1),(11722,320,1200,28,'12264',1,NULL),(11723,320,1194,28,'12237',2,1),(11724,320,1195,28,'12240',2,1),(11725,320,1196,28,'12249',2,1),(11726,320,1197,28,'12251',2,1),(11727,320,1198,28,'12259',2,1),(11728,320,1199,28,'12260',2,1),(11729,320,1200,28,'12262',2,1),(11730,320,1141,10,'1870',2,1),(11731,320,1143,10,'1873',2,1),(11732,320,1144,10,'1881',2,1),(11733,320,1145,10,'1885',2,1),(11734,320,1146,10,'1886',2,1),(11735,320,1147,10,'1888',2,1),(11736,320,1148,10,'1890',2,1),(11737,320,1149,10,'1892',2,1),(11738,320,1150,10,'1894',2,1),(11739,320,1151,10,'1897',2,1),(11740,320,1152,10,'1899',2,1),(11741,320,1154,10,'1900',2,1),(11742,320,1155,10,'1903',2,1),(11743,320,1156,10,'1904',2,1),(11744,320,1193,10,'12230',2,1),(11745,320,1141,10,'1870',3,1),(11746,320,1143,10,'1873',3,1),(11747,320,1144,10,'1881',3,1),(11748,320,1145,10,'1885',3,1),(11749,320,1146,10,'1886',3,1),(11750,320,1147,10,'1888',3,1),(11751,320,1148,10,'1890',3,1),(11752,320,1149,10,'1892',3,1),(11753,320,1150,10,'1894',3,1),(11754,320,1151,10,'1897',3,1),(11755,320,1152,10,'1899',3,1),(11756,320,1154,10,'1900',3,1),(11757,320,1155,10,'1903',3,1),(11758,320,1156,10,'1904',3,1),(11759,320,1193,10,'12230',3,1),(11760,320,53,4,'12343',3,1),(11761,320,54,4,'12345',3,NULL),(11762,320,55,4,'12347',3,1),(11763,320,57,4,'12349',3,1),(11764,320,58,4,'12357',3,1),(11765,320,59,4,'12362',3,1),(11766,320,60,4,'12366',3,1),(11767,320,61,4,'423',3,NULL),(11768,320,62,4,'327',3,1),(11769,320,63,4,'12322',3,1),(11770,320,64,4,'12324',3,1),(11771,320,65,4,'12329',3,1),(11772,320,82,4,'12334',3,1),(11773,320,83,4,'12339',3,NULL),(11774,320,85,4,'12340',3,1),(11775,320,53,4,'12343',4,1),(11776,320,54,4,'12345',4,NULL),(11777,320,55,4,'12347',4,1),(11778,320,57,4,'12349',4,1),(11779,320,58,4,'12357',4,1),(11780,320,59,4,'12362',4,1),(11781,320,60,4,'12366',4,1),(11782,320,61,4,'423',4,NULL),(11783,320,62,4,'327',4,1),(11784,320,63,4,'12322',4,1),(11785,320,64,4,'12324',4,1),(11786,320,65,4,'12329',4,1),(11787,320,82,4,'12334',4,1),(11788,320,83,4,'12338',4,1),(11789,320,85,4,'12340',4,1),(11790,320,53,4,'12343',5,1),(11791,320,54,4,'12344',5,1),(11792,320,55,4,'12347',5,1),(11793,320,57,4,'12349',5,1),(11794,320,58,4,'12357',5,1),(11795,320,59,4,'12362',5,1),(11796,320,60,4,'12366',5,1),(11797,320,61,4,'425',5,1),(11798,320,62,4,'327',5,1),(11799,320,63,4,'12322',5,1),(11800,320,64,4,'12324',5,1),(11801,320,65,4,'12329',5,1),(11802,320,82,4,'12334',5,1),(11803,320,83,4,'12338',5,1),(11804,320,85,4,'12340',5,1),(11805,320,67,5,'540',2,1),(11806,320,68,5,'544',2,1),(11807,320,69,5,'546',2,1),(11808,320,70,5,'551',2,1),(11809,320,71,5,'553',2,1),(11810,320,72,5,'557',2,1),(11811,320,73,5,'565',2,1),(11812,320,74,5,'569',2,1),(11813,320,75,5,'575',2,1),(11814,320,78,5,'582',2,1),(11815,320,79,5,'585',2,NULL),(11816,320,80,5,'592',2,1),(11817,320,81,5,'576',2,1),(11818,320,88,5,'596',2,1),(11819,320,89,5,'600',2,1),(11820,320,67,5,'540',3,1),(11821,320,68,5,'544',3,1),(11822,320,69,5,'546',3,1),(11823,320,70,5,'551',3,1),(11824,320,71,5,'553',3,1),(11825,320,72,5,'557',3,1),(11826,320,73,5,'565',3,1),(11827,320,74,5,'569',3,1),(11828,320,75,5,'575',3,1),(11829,320,78,5,'582',3,1),(11830,320,79,5,'587',3,NULL),(11831,320,80,5,'592',3,1),(11832,320,81,5,'576',3,1),(11833,320,88,5,'596',3,1),(11834,320,89,5,'600',3,1),(11835,320,67,5,'540',4,1),(11836,320,68,5,'544',4,1),(11837,320,69,5,'546',4,1),(11838,320,70,5,'551',4,1),(11839,320,71,5,'553',4,1),(11840,320,72,5,'557',4,1),(11841,320,73,5,'565',4,1),(11842,320,74,5,'569',4,1),(11843,320,75,5,'575',4,1),(11844,320,78,5,'582',4,1),(11845,320,79,5,'588',4,1),(11846,320,80,5,'593',4,NULL),(11847,320,81,5,'576',4,1),(11848,320,88,5,'596',4,1),(11849,320,89,5,'600',4,1),(11850,320,67,5,'540',5,1),(11851,320,68,5,'544',5,1),(11852,320,69,5,'546',5,1),(11853,320,70,5,'551',5,1),(11854,320,71,5,'553',5,1),(11855,320,72,5,'557',5,1),(11856,320,73,5,'565',5,1),(11857,320,74,5,'569',5,1),(11858,320,75,5,'575',5,1),(11859,320,78,5,'582',5,1),(11860,320,79,5,'588',5,1),(11861,320,80,5,'593',5,NULL),(11862,320,81,5,'576',5,1),(11863,320,88,5,'596',5,1),(11864,320,89,5,'600',5,1),(11865,320,67,5,'540',6,1),(11866,320,68,5,'544',6,1),(11867,320,69,5,'546',6,1),(11868,320,70,5,'551',6,1),(11869,320,71,5,'553',6,1),(11870,320,72,5,'557',6,1),(11871,320,73,5,'565',6,1),(11872,320,74,5,'569',6,1),(11873,320,75,5,'575',6,1),(11874,320,78,5,'582',6,1),(11875,320,79,5,'588',6,1),(11876,320,80,5,'592',6,1),(11877,320,81,5,'576',6,1),(11878,320,88,5,'596',6,1),(11879,320,89,5,'600',6,1),(11880,320,116,7,'694',2,1),(11881,320,117,7,'697',2,1),(11882,320,118,7,'703',2,1),(11883,320,119,7,'706',2,1),(11884,320,120,7,'711',2,1),(11885,320,121,7,'714',2,1),(11886,320,122,7,'720',2,1),(11887,320,124,7,'726',2,1),(11888,320,125,7,'745',2,1),(11889,320,126,7,'735',2,1),(11890,320,1201,29,'12267',2,1),(11891,320,1202,29,'12271',2,1),(11892,320,1203,29,'12276',2,1),(11893,320,1204,29,'12277',2,1),(11894,320,1205,29,'12281',2,1),(11895,320,1206,29,'12288',2,1),(11896,320,1207,29,'12292',2,1),(11897,320,1208,29,'12295',2,1),(11898,320,1209,29,'12299',2,1),(11899,320,1210,29,'12302',2,1),(11900,320,1211,29,'12307',2,1),(11901,320,1212,29,'12310',2,1),(11902,320,1213,29,'12312',2,1),(11903,320,1183,27,'12169',1,1),(11904,320,1184,27,'12172',1,1),(11905,320,1185,27,'12177',1,1),(11906,320,1186,27,'12179',1,NULL),(11907,320,1187,27,'12183',1,NULL),(11908,320,1188,27,'12187',1,1),(11909,320,1189,27,'12189',1,NULL),(11910,320,1190,27,'12194',1,1),(11911,320,1191,27,'12201',1,1),(11912,320,1192,27,'12206',1,1),(11913,320,1183,27,'12169',2,1),(11914,320,1184,27,'12172',2,1),(11915,320,1185,27,'12177',2,1),(11916,320,1186,27,'12181',2,NULL),(11917,320,1187,27,'12184',2,1),(11918,320,1188,27,'12187',2,1),(11919,320,1189,27,'12193',2,1),(11920,320,1190,27,'12194',2,1),(11921,320,1191,27,'12201',2,1),(11922,320,1192,27,'12206',2,1),(11923,320,1183,27,'12169',3,1),(11924,320,1184,27,'12172',3,1),(11925,320,1185,27,'12177',3,1),(11926,320,1186,27,'12182',3,1),(11927,320,1187,27,'12184',3,1),(11928,320,1188,27,'12187',3,1),(11929,320,1189,27,'12193',3,1),(11930,320,1190,27,'12194',3,1),(11931,320,1191,27,'12201',3,1),(11932,320,1192,27,'12206',3,1),(11933,320,591,25,'12151',1,1),(11934,320,592,25,'11847',1,1),(11935,320,593,25,'12162',1,1),(11936,320,702,25,'12164',1,NULL),(11937,320,703,25,'11859',1,1),(11938,320,704,25,'11862',1,1),(11939,320,705,25,'11864',1,1),(11940,320,706,25,'11868',1,1),(11941,320,707,25,'11873',1,1),(11942,320,712,25,'11892',1,1),(11943,320,713,25,'11895',1,1),(11944,320,591,25,'12151',2,1),(11945,320,592,25,'11847',2,1),(11946,320,593,25,'12163',2,NULL),(11947,320,702,25,'12167',2,NULL),(11948,320,703,25,'11859',2,1),(11949,320,704,25,'11862',2,1),(11950,320,705,25,'11864',2,1),(11951,320,706,25,'11868',2,1),(11952,320,707,25,'11873',2,1),(11953,320,712,25,'11892',2,1),(11954,320,713,25,'11895',2,1),(11955,320,591,25,'12151',3,1),(11956,320,592,25,'11847',3,1),(11957,320,593,25,'12162',3,1),(11958,320,702,25,'12166',3,1),(11959,320,703,25,'11859',3,1),(11960,320,704,25,'11862',3,1),(11961,320,705,25,'11864',3,1),(11962,320,706,25,'11868',3,1),(11963,320,707,25,'11873',3,1),(11964,320,712,25,'11892',3,1),(11965,320,713,25,'11895',3,1),(11966,320,211,15,'1180',1,1),(11967,320,212,15,'1184',1,NULL),(11968,320,213,15,'1189',1,1),(11969,320,214,15,'1191',1,NULL),(11970,320,215,15,'1193',1,1),(11971,320,211,15,'1180',2,1),(11972,320,212,15,'1183',2,NULL),(11973,320,213,15,'1189',2,1),(11974,320,214,15,'1192',2,1),(11975,320,215,15,'1193',2,1),(11976,320,211,15,'1180',3,1),(11977,320,212,15,'1182',3,NULL),(11978,320,213,15,'1189',3,1),(11979,320,214,15,'1192',3,1),(11980,320,215,15,'1193',3,1),(11981,320,211,15,'1180',4,1),(11982,320,212,15,'1185',4,1),(11983,320,213,15,'1189',4,1),(11984,320,214,15,'1192',4,1),(11985,320,215,15,'1193',4,1),(11986,320,201,14,'1142',1,1),(11987,320,202,14,'1146',1,1),(11988,320,203,14,'12235',1,1),(11989,320,204,14,'1157',1,1),(11990,320,205,14,'1162',1,1),(11991,320,206,14,'1163',1,1),(11992,320,207,14,'1165',1,1),(11993,320,208,14,'1169',1,1),(11994,320,209,14,'1174',1,1),(11995,320,210,14,'1179',1,1),(11996,321,1183,27,'12169',1,1),(11997,321,1184,27,'12172',1,1),(11998,321,1185,27,'12176',1,NULL),(11999,321,1186,27,'12182',1,1),(12000,321,1187,27,'12183',1,NULL),(12001,321,1188,27,'12188',1,NULL),(12002,321,1189,27,'12193',1,1),(12003,321,1190,27,'12195',1,NULL),(12004,321,1191,27,'12199',1,NULL),(12005,321,1192,27,'12206',1,1),(12006,321,1183,27,'12169',2,1),(12007,321,1184,27,'12172',2,1),(12008,321,1185,27,'12175',2,NULL),(12009,321,1186,27,'12182',2,1),(12010,321,1187,27,'12183',2,NULL),(12011,321,1188,27,'12187',2,1),(12012,321,1189,27,'12193',2,1),(12013,321,1190,27,'12196',2,NULL),(12014,321,1191,27,'12198',2,NULL),(12015,321,1192,27,'12206',2,1),(12016,321,1183,27,'12169',3,1),(12017,321,1184,27,'12172',3,1),(12018,321,1185,27,'12175',3,NULL),(12019,321,1186,27,'12182',3,1),(12020,321,1187,27,'12184',3,1),(12021,321,1188,27,'12187',3,1),(12022,321,1189,27,'12193',3,1),(12023,321,1190,27,'12196',3,NULL),(12024,321,1191,27,'12198',3,NULL),(12025,321,1192,27,'12206',3,1),(12026,321,1183,27,'12169',4,1),(12027,321,1184,27,'12172',4,1),(12028,321,1185,27,'12177',4,1),(12029,321,1186,27,'12182',4,1),(12030,321,1187,27,'12183',4,NULL),(12031,321,1188,27,'12186',4,NULL),(12032,321,1189,27,'12193',4,1),(12033,321,1190,27,'12195',4,NULL),(12034,321,1191,27,'12198',4,NULL),(12035,321,1192,27,'12206',4,1),(12036,321,1183,27,'12169',5,1),(12037,321,1184,27,'12172',5,1),(12038,321,1185,27,'12175',5,NULL),(12039,321,1186,27,'12182',5,1),(12040,321,1187,27,'12183',5,NULL),(12041,321,1188,27,'12187',5,1),(12042,321,1189,27,'12193',5,1),(12043,321,1190,27,'12196',5,NULL),(12044,321,1191,27,'12201',5,1),(12045,321,1192,27,'12206',5,1),(12046,321,1183,27,'12168',6,NULL),(12047,321,1184,27,'12172',6,1),(12048,321,1185,27,'12176',6,NULL),(12049,321,1186,27,'12182',6,1),(12050,321,1187,27,'12184',6,1),(12051,321,1188,27,'12187',6,1),(12052,321,1189,27,'12193',6,1),(12053,321,1190,27,'12194',6,1),(12054,321,1191,27,'12201',6,1),(12055,321,1192,27,'12206',6,1),(12056,321,1201,29,'12267',1,1),(12057,321,1202,29,'12271',1,1),(12058,321,1203,29,'12276',1,1),(12059,321,1204,29,'12278',1,NULL),(12060,321,1205,29,'12281',1,1),(12061,321,1206,29,'12288',1,1),(12062,321,1207,29,'12292',1,1),(12063,321,1208,29,'12296',1,NULL),(12064,321,1209,29,'12299',1,1),(12065,321,1210,29,'12301',1,NULL),(12066,321,1211,29,'12307',1,1),(12067,321,1212,29,'12309',1,NULL),(12068,321,1213,29,'12312',1,1),(12069,321,1201,29,'12267',2,1),(12070,321,1202,29,'12271',2,1),(12071,321,1203,29,'12276',2,1),(12072,321,1204,29,'12277',2,1),(12073,321,1205,29,'12281',2,1),(12074,321,1206,29,'12288',2,1),(12075,321,1207,29,'12292',2,1),(12076,321,1208,29,'12295',2,1),(12077,321,1209,29,'12299',2,1),(12078,321,1210,29,'12303',2,NULL),(12079,321,1211,29,'12307',2,1),(12080,321,1212,29,'12310',2,1),(12081,321,1213,29,'12312',2,1),(12082,321,1194,28,'12237',1,1),(12083,321,1195,28,'12240',1,1),(12084,321,1196,28,'12249',1,1),(12085,321,1197,28,'12250',1,NULL),(12086,321,1198,28,'12259',1,1),(12087,321,1199,28,'12260',1,1),(12088,321,1200,28,'12262',1,1),(12089,321,591,25,'12151',1,1),(12090,321,592,25,'11847',1,1),(12091,321,593,25,'12162',1,1),(12092,321,702,25,'12166',1,1),(12093,321,703,25,'11857',1,NULL),(12094,321,704,25,'11862',1,1),(12095,321,705,25,'11864',1,1),(12096,321,706,25,'11868',1,1),(12097,321,707,25,'11873',1,1),(12098,321,712,25,'11892',1,1),(12099,321,713,25,'11895',1,1),(12100,321,211,15,'1181',1,NULL),(12101,321,212,15,'1185',1,1),(12102,321,213,15,'1190',1,NULL),(12103,321,214,15,'1192',1,1),(12104,321,215,15,'1194',1,NULL),(12105,321,211,15,'1181',2,NULL),(12106,321,212,15,'1185',2,1),(12107,321,213,15,'1189',2,1),(12108,321,214,15,'1192',2,1),(12109,321,215,15,'1193',2,1),(12110,321,201,14,'1141',1,NULL),(12111,321,202,14,'1146',1,1),(12112,321,203,14,'12234',1,NULL),(12113,321,204,14,'1157',1,1),(12114,321,205,14,'1162',1,1),(12115,321,206,14,'1163',1,1),(12116,321,207,14,'1165',1,1),(12117,321,208,14,'1170',1,NULL),(12118,321,209,14,'1171',1,NULL),(12119,321,210,14,'1179',1,1),(12120,321,201,14,'1143',2,NULL),(12121,321,202,14,'1146',2,1),(12122,321,203,14,'12235',2,1),(12123,321,204,14,'1157',2,1),(12124,321,205,14,'1162',2,1),(12125,321,206,14,'1163',2,1),(12126,321,207,14,'1165',2,1),(12127,321,208,14,'1169',2,1),(12128,321,209,14,'1174',2,1),(12129,321,210,14,'1179',2,1),(12130,321,116,7,'694',1,1),(12131,321,117,7,'696',1,NULL),(12132,321,118,7,'704',1,NULL),(12133,321,119,7,'706',1,1),(12134,321,120,7,'711',1,1),(12135,321,121,7,'714',1,1),(12136,321,122,7,'720',1,1),(12137,321,124,7,'726',1,1),(12138,321,125,7,'745',1,1),(12139,321,126,7,'735',1,1),(12140,321,67,5,'540',1,1),(12141,321,68,5,'544',1,1),(12142,321,69,5,'548',1,NULL),(12143,321,70,5,'551',1,1),(12144,321,71,5,'555',1,NULL),(12145,321,72,5,'557',1,1),(12146,321,73,5,'565',1,1),(12147,321,74,5,'567',1,NULL),(12148,321,75,5,'575',1,1),(12149,321,78,5,'583',1,NULL),(12150,321,79,5,'588',1,1),(12151,321,80,5,'591',1,NULL),(12152,321,81,5,'576',1,1),(12153,321,88,5,'596',1,1),(12154,321,89,5,'600',1,1),(12155,321,67,5,'540',2,1),(12156,321,68,5,'544',2,1),(12157,321,69,5,'546',2,1),(12158,321,70,5,'551',2,1),(12159,321,71,5,'555',2,NULL),(12160,321,72,5,'557',2,1),(12161,321,73,5,'565',2,1),(12162,321,74,5,'569',2,1),(12163,321,75,5,'575',2,1),(12164,321,78,5,'582',2,1),(12165,321,79,5,'586',2,NULL),(12166,321,80,5,'591',2,NULL),(12167,321,81,5,'576',2,1),(12168,321,88,5,'596',2,1),(12169,321,89,5,'600',2,1),(12170,321,1141,10,'1870',1,1),(12171,321,1143,10,'1873',1,1),(12172,321,1144,10,'1881',1,1),(12173,321,1145,10,'1885',1,1),(12174,321,1146,10,'1886',1,1),(12175,321,1147,10,'1889',1,NULL),(12176,321,1148,10,'1890',1,1),(12177,321,1149,10,'1892',1,1),(12178,321,1150,10,'1895',1,NULL),(12179,321,1151,10,'1897',1,1),(12180,321,1152,10,'1899',1,1),(12181,321,1154,10,'1900',1,1),(12182,321,1155,10,'1902',1,NULL),(12183,321,1156,10,'1904',1,1),(12184,321,1193,10,'12230',1,1),(12185,321,53,4,'12343',1,1),(12186,321,54,4,'12344',1,1),(12187,321,55,4,'12347',1,1),(12188,321,57,4,'12348',1,NULL),(12189,321,58,4,'12357',1,1),(12190,321,59,4,'12362',1,1),(12191,321,60,4,'12366',1,1),(12192,321,61,4,'424',1,NULL),(12193,321,62,4,'327',1,1),(12194,321,63,4,'12322',1,1),(12195,321,64,4,'12324',1,1),(12196,321,65,4,'12329',1,1),(12197,321,82,4,'12334',1,1),(12198,321,83,4,'12338',1,1),(12199,321,85,4,'12340',1,1),(12200,321,26,3,'463',1,1),(12201,321,27,3,'465',1,1),(12202,321,28,3,'467',1,1),(12203,321,29,3,'469',1,1),(12204,321,30,3,'471',1,1),(12205,321,31,3,'474',1,1),(12206,321,32,3,'476',1,NULL),(12207,321,33,3,'477',1,1),(12208,321,34,3,'12215',1,1),(12209,321,35,3,'485',1,1),(12210,321,36,3,'12224',1,1),(12211,321,37,3,'12207',1,1),(12212,321,38,3,'498',1,NULL),(12213,321,39,3,'508',1,1),(12214,321,40,3,'511',1,1),(12215,321,42,3,'12222',1,1),(12216,321,48,3,'526',1,1),(12217,315,1141,10,'1870',1,1),(12218,315,1143,10,'1875',1,NULL),(12219,315,1144,10,'1881',1,1),(12220,315,1145,10,'1885',1,1),(12221,315,1146,10,'1886',1,1),(12222,315,1147,10,'1888',1,1),(12223,315,1148,10,'1890',1,1),(12224,315,1149,10,'1892',1,1),(12225,315,1150,10,'1894',1,1),(12226,315,1151,10,'1897',1,1),(12227,315,1152,10,'1899',1,1),(12228,315,1154,10,'1900',1,1),(12229,315,1155,10,'1903',1,1),(12230,315,1156,10,'1904',1,1),(12231,315,1193,10,'12230',1,1),(12232,315,201,14,'1142',1,1),(12233,315,202,14,'1146',1,1),(12234,315,203,14,'12235',1,1),(12235,315,204,14,'1157',1,1),(12236,315,205,14,'1162',1,1),(12237,315,206,14,'1163',1,1),(12238,315,207,14,'1165',1,1),(12239,315,208,14,'1169',1,1),(12240,315,209,14,'1174',1,1),(12241,315,210,14,'1179',1,1),(12242,315,211,15,'1180',1,1),(12243,315,212,15,'1185',1,1),(12244,315,213,15,'1189',1,1),(12245,315,214,15,'1192',1,1),(12246,315,215,15,'1194',1,NULL),(12247,315,591,25,'12151',1,1),(12248,315,592,25,'11847',1,1),(12249,315,593,25,'12160',1,NULL),(12250,315,702,25,'12166',1,1),(12251,315,703,25,'11859',1,1),(12252,315,704,25,'11862',1,1),(12253,315,705,25,'11864',1,1),(12254,315,706,25,'11869',1,NULL),(12255,315,707,25,'11874',1,NULL),(12256,315,712,25,'11892',1,1),(12257,315,713,25,'11894',1,NULL),(12258,315,591,25,'12151',2,1),(12259,315,592,25,'11847',2,1),(12260,315,593,25,'12160',2,NULL),(12261,315,702,25,'12166',2,1),(12262,315,703,25,'11859',2,1),(12263,315,704,25,'11862',2,1),(12264,315,705,25,'11864',2,1),(12265,315,706,25,'11868',2,1),(12266,315,707,25,'11874',2,NULL),(12267,315,712,25,'11892',2,1),(12268,315,713,25,'11894',2,NULL),(12269,315,591,25,'12151',3,1),(12270,315,592,25,'11847',3,1),(12271,315,593,25,'12160',3,NULL),(12272,315,702,25,'12166',3,1),(12273,315,703,25,'11859',3,1),(12274,315,704,25,'11862',3,1),(12275,315,705,25,'11864',3,1),(12276,315,706,25,'11868',3,1),(12277,315,707,25,'11874',3,NULL),(12278,315,712,25,'11892',3,1),(12279,315,713,25,'11895',3,1),(12280,315,1183,27,'12169',1,1),(12281,315,1184,27,'12172',1,1),(12282,315,1185,27,'12175',1,NULL),(12283,315,1186,27,'12182',1,1),(12284,315,1187,27,'12183',1,NULL),(12285,315,1188,27,'12186',1,NULL),(12286,315,1189,27,'12193',1,1),(12287,315,1190,27,'12196',1,NULL),(12288,315,1191,27,'12198',1,NULL),(12289,315,1192,27,'12204',1,NULL),(12290,315,1183,27,'12169',2,1),(12291,315,1184,27,'12172',2,1),(12292,315,1185,27,'12177',2,1),(12293,315,1186,27,'12182',2,1),(12294,315,1187,27,'12184',2,1),(12295,315,1188,27,'12187',2,1),(12296,315,1189,27,'12193',2,1),(12297,315,1190,27,'12196',2,NULL),(12298,315,1191,27,'12197',2,NULL),(12299,315,1192,27,'12206',2,1),(12300,315,1183,27,'12169',3,1),(12301,315,1184,27,'12172',3,1),(12302,315,1185,27,'12177',3,1),(12303,315,1186,27,'12182',3,1),(12304,315,1187,27,'12184',3,1),(12305,315,1188,27,'12187',3,1),(12306,315,1189,27,'12193',3,1),(12307,315,1190,27,'12195',3,NULL),(12308,315,1191,27,'12201',3,1),(12309,315,1192,27,'12206',3,1),(12310,315,1194,28,'12237',1,1),(12311,315,1195,28,'12240',1,1),(12312,315,1196,28,'12248',1,NULL),(12313,315,1197,28,'12254',1,NULL),(12314,315,1198,28,'12259',1,1),(12315,315,1199,28,'12260',1,1),(12316,315,1200,28,'12264',1,NULL),(12317,315,1194,28,'12237',2,1),(12318,315,1195,28,'12240',2,1),(12319,315,1196,28,'12249',2,1),(12320,315,1197,28,'12254',2,NULL),(12321,315,1198,28,'12259',2,1),(12322,315,1199,28,'12260',2,1),(12323,315,1200,28,'12263',2,NULL),(12324,315,1201,29,'12267',1,1),(12325,315,1202,29,'12271',1,1),(12326,315,1203,29,'12276',1,1),(12327,315,1204,29,'12277',1,1),(12328,315,1205,29,'12280',1,NULL),(12329,315,1206,29,'12288',1,1),(12330,315,1207,29,'12292',1,1),(12331,315,1208,29,'12296',1,NULL),(12332,315,1209,29,'12299',1,1),(12333,315,1210,29,'12303',1,NULL),(12334,315,1211,29,'12306',1,NULL),(12335,315,1212,29,'12309',1,NULL),(12336,315,1213,29,'12312',1,1),(12337,315,1201,29,'12267',2,1),(12338,315,1202,29,'12271',2,1),(12339,315,1203,29,'12276',2,1),(12340,315,1204,29,'12277',2,1),(12341,315,1205,29,'12281',2,1),(12342,315,1206,29,'12287',2,NULL),(12343,315,1207,29,'12291',2,NULL),(12344,315,1208,29,'12296',2,NULL),(12345,315,1209,29,'12299',2,1),(12346,315,1210,29,'12302',2,1),(12347,315,1211,29,'12307',2,1),(12348,315,1212,29,'12311',2,NULL),(12349,315,1213,29,'12312',2,1),(12350,315,1201,29,'12267',3,1),(12351,315,1202,29,'12271',3,1),(12352,315,1203,29,'12276',3,1),(12353,315,1204,29,'12277',3,1),(12354,315,1205,29,'12281',3,1),(12355,315,1206,29,'12285',3,NULL),(12356,315,1207,29,'12292',3,1),(12357,315,1208,29,'12295',3,1),(12358,315,1209,29,'12299',3,1),(12359,315,1210,29,'12302',3,1),(12360,315,1211,29,'12307',3,1),(12361,315,1212,29,'12310',3,1),(12362,315,1213,29,'12312',3,1),(12363,322,26,3,'463',1,1),(12364,322,27,3,'465',1,1),(12365,322,28,3,'467',1,1),(12366,322,29,3,'469',1,1),(12367,322,30,3,'471',1,1),(12368,322,31,3,'474',1,1),(12369,322,32,3,'476',1,NULL),(12370,322,33,3,'477',1,1),(12371,322,34,3,'12215',1,1),(12372,322,35,3,'485',1,1),(12373,322,36,3,'12224',1,1),(12374,322,37,3,'12207',1,1),(12375,322,38,3,'498',1,NULL),(12376,322,39,3,'509',1,NULL),(12377,322,40,3,'511',1,1),(12378,322,42,3,'12222',1,1),(12379,322,48,3,'526',1,1),(12380,322,53,4,'12343',1,1),(12381,322,54,4,'12344',1,1),(12382,322,55,4,'12347',1,1),(12383,322,57,4,'12349',1,1),(12384,322,58,4,'12356',1,NULL),(12385,322,59,4,'12362',1,1),(12386,322,60,4,'12366',1,1),(12387,322,61,4,'425',1,1),(12388,322,62,4,'327',1,1),(12389,322,63,4,'12321',1,NULL),(12390,322,64,4,'12324',1,1),(12391,322,65,4,'12326',1,NULL),(12392,322,82,4,'12334',1,1),(12393,322,83,4,'12338',1,1),(12394,322,85,4,'12340',1,1),(12395,322,67,5,'540',1,1),(12396,322,68,5,'544',1,1),(12397,322,69,5,'546',1,1),(12398,322,70,5,'551',1,1),(12399,322,71,5,'553',1,1),(12400,322,72,5,'557',1,1),(12401,322,73,5,'565',1,1),(12402,322,74,5,'569',1,1),(12403,322,75,5,'575',1,1),(12404,322,78,5,'582',1,1),(12405,322,79,5,'588',1,1),(12406,322,80,5,'593',1,NULL),(12407,322,81,5,'576',1,1),(12408,322,88,5,'597',1,NULL),(12409,322,89,5,'599',1,NULL),(12410,322,116,7,'692',1,NULL),(12411,322,117,7,'697',1,1),(12412,322,118,7,'704',1,NULL),(12413,322,119,7,'706',1,1),(12414,322,120,7,'711',1,1),(12415,322,121,7,'714',1,1),(12416,322,122,7,'720',1,1),(12417,322,124,7,'726',1,1),(12418,322,125,7,'745',1,1),(12419,322,126,7,'735',1,1),(12420,322,1141,10,'1871',1,NULL),(12421,322,1143,10,'1873',1,1),(12422,322,1144,10,'1881',1,1),(12423,322,1145,10,'1885',1,1),(12424,322,1146,10,'1886',1,1),(12425,322,1147,10,'1888',1,1),(12426,322,1148,10,'1890',1,1),(12427,322,1149,10,'1893',1,NULL),(12428,322,1150,10,'1894',1,1),(12429,322,1151,10,'1897',1,1),(12430,322,1152,10,'1899',1,1),(12431,322,1154,10,'1900',1,1),(12432,322,1155,10,'1902',1,NULL),(12433,322,1156,10,'1904',1,1),(12434,322,1193,10,'12230',1,1),(12435,322,205,14,'1162',1,1),(12436,322,206,14,'1163',1,1),(12437,322,207,14,'1165',1,1),(12438,322,208,14,'1169',1,1),(12439,322,209,14,'1171',1,NULL),(12440,322,210,14,'1179',1,1),(12441,322,1201,29,'12267',1,1),(12442,322,1202,29,'12271',1,1),(12443,322,1203,29,'12276',1,1),(12444,322,1204,29,'12277',1,1),(12445,322,1205,29,'12280',1,NULL),(12446,322,1206,29,'12288',1,1),(12447,322,1207,29,'12292',1,1),(12448,322,1208,29,'12296',1,NULL),(12449,322,1209,29,'12299',1,1),(12450,322,1210,29,'12304',1,NULL),(12451,322,1211,29,'12307',1,1),(12452,322,1212,29,'12310',1,1),(12453,322,1213,29,'12312',1,1),(12454,322,1201,29,'12267',2,1),(12455,322,1202,29,'12271',2,1),(12456,322,1203,29,'12276',2,1),(12457,322,1204,29,'12277',2,1),(12458,322,1205,29,'12280',2,NULL),(12459,322,1206,29,'12288',2,1),(12460,322,1207,29,'12292',2,1),(12461,322,1208,29,'12296',2,NULL),(12462,322,1209,29,'12299',2,1),(12463,322,1210,29,'12304',2,NULL),(12464,322,1211,29,'12307',2,1),(12465,322,1212,29,'12310',2,1),(12466,322,1213,29,'12312',2,1),(12467,322,211,15,'1180',1,1),(12468,322,212,15,'1185',1,1),(12469,322,213,15,'1189',1,1),(12470,322,214,15,'1191',1,NULL),(12471,322,215,15,'1194',1,NULL),(12472,322,211,15,'1180',2,1),(12473,322,212,15,'1185',2,1),(12474,322,213,15,'1189',2,1),(12475,322,214,15,'1192',2,1),(12476,322,215,15,'1194',2,NULL),(12477,322,211,15,'1180',3,1),(12478,322,212,15,'1185',3,1),(12479,322,213,15,'1189',3,1),(12480,322,214,15,'1192',3,1),(12481,322,215,15,'1194',3,NULL),(12482,322,201,14,'1141',2,NULL),(12483,322,202,14,'1146',2,1),(12484,322,203,14,'12234',2,NULL),(12485,322,204,14,'1157',2,1),(12486,322,205,14,'1162',2,1),(12487,322,206,14,'1163',2,1),(12488,322,207,14,'1165',2,1),(12489,322,208,14,'1169',2,1),(12490,322,209,14,'1171',2,NULL),(12491,322,210,14,'1179',2,1),(12492,323,26,3,'463',1,1),(12493,323,27,3,'465',1,1),(12494,323,28,3,'468',1,NULL),(12495,323,29,3,'469',1,1),(12496,323,30,3,'471',1,1),(12497,323,31,3,'474',1,1),(12498,323,32,3,'476',1,NULL),(12499,323,33,3,'477',1,1),(12500,323,34,3,'12215',1,1),(12501,323,35,3,'485',1,1),(12502,323,36,3,'12225',1,NULL),(12503,323,37,3,'12207',1,1),(12504,323,38,3,'500',1,1),(12505,323,39,3,'508',1,1),(12506,323,40,3,'511',1,1),(12507,323,42,3,'12217',1,NULL),(12508,323,48,3,'526',1,1),(12509,323,26,3,'463',2,1),(12510,323,27,3,'466',2,NULL),(12511,323,28,3,'467',2,1),(12512,323,29,3,'469',2,1),(12513,323,30,3,'471',2,1),(12514,323,31,3,'474',2,1),(12515,323,32,3,'475',2,1),(12516,323,33,3,'477',2,1),(12517,323,34,3,'12215',2,1),(12518,323,35,3,'485',2,1),(12519,323,36,3,'12223',2,NULL),(12520,323,37,3,'12207',2,1),(12521,323,38,3,'500',2,1),(12522,323,39,3,'508',2,1),(12523,323,40,3,'511',2,1),(12524,323,42,3,'12222',2,1),(12525,323,48,3,'526',2,1),(12526,323,53,4,'12343',1,1),(12527,323,54,4,'12344',1,1),(12528,323,55,4,'12347',1,1),(12529,323,57,4,'12349',1,1),(12530,323,58,4,'12356',1,NULL),(12531,323,59,4,'12362',1,1),(12532,323,60,4,'12366',1,1),(12533,323,61,4,'425',1,1),(12534,323,62,4,'327',1,1),(12535,323,63,4,'12322',1,1),(12536,323,64,4,'12324',1,1),(12537,323,65,4,'12326',1,NULL),(12538,323,82,4,'12334',1,1),(12539,323,83,4,'12338',1,1),(12540,323,85,4,'12340',1,1),(12541,323,67,5,'540',1,1),(12542,323,68,5,'544',1,1),(12543,323,69,5,'546',1,1),(12544,323,70,5,'551',1,1),(12545,323,71,5,'553',1,1),(12546,323,72,5,'557',1,1),(12547,323,73,5,'561',1,NULL),(12548,323,74,5,'569',1,1),(12549,323,75,5,'575',1,1),(12550,323,78,5,'582',1,1),(12551,323,79,5,'588',1,1),(12552,323,80,5,'593',1,NULL),(12553,323,81,5,'576',1,1),(12554,323,88,5,'596',1,1),(12555,323,89,5,'600',1,1),(12556,323,116,7,'694',1,1),(12557,323,117,7,'696',1,NULL),(12558,323,118,7,'702',1,NULL),(12559,323,119,7,'706',1,1),(12560,323,120,7,'711',1,1),(12561,323,121,7,'714',1,1),(12562,323,122,7,'717',1,NULL),(12563,323,124,7,'726',1,1),(12564,323,125,7,'745',1,1),(12565,323,126,7,'735',1,1),(12566,323,116,7,'694',2,1),(12567,323,117,7,'697',2,1),(12568,323,118,7,'703',2,1),(12569,323,119,7,'706',2,1),(12570,323,120,7,'711',2,1),(12571,323,121,7,'714',2,1),(12572,323,122,7,'720',2,1),(12573,323,124,7,'726',2,1),(12574,323,125,7,'745',2,1),(12575,323,126,7,'735',2,1),(12576,323,1141,10,'1870',1,1),(12577,323,1143,10,'1873',1,1),(12578,323,1144,10,'1881',1,1),(12579,323,1145,10,'1885',1,1),(12580,323,1146,10,'1886',1,1),(12581,323,1147,10,'1888',1,1),(12582,323,1148,10,'1890',1,1),(12583,323,1149,10,'1893',1,NULL),(12584,323,1150,10,'1894',1,1),(12585,323,1151,10,'1897',1,1),(12586,323,1152,10,'1899',1,1),(12587,323,1154,10,'1900',1,1),(12588,323,1155,10,'1902',1,NULL),(12589,323,1156,10,'1904',1,1),(12590,323,1193,10,'12230',1,1),(12591,323,201,14,'1141',1,NULL),(12592,323,202,14,'1146',1,1),(12593,323,203,14,'12235',1,1),(12594,323,204,14,'1157',1,1),(12595,323,205,14,'1162',1,1),(12596,323,206,14,'1163',1,1),(12597,323,207,14,'1165',1,1),(12598,323,208,14,'1168',1,NULL),(12599,323,209,14,'1171',1,NULL),(12600,323,210,14,'1179',1,1),(12601,323,201,14,'1142',2,1),(12602,323,202,14,'1146',2,1),(12603,323,203,14,'12235',2,1),(12604,323,204,14,'1157',2,1),(12605,323,205,14,'1162',2,1),(12606,323,206,14,'1163',2,1),(12607,323,207,14,'1165',2,1),(12608,323,208,14,'1169',2,1),(12609,323,209,14,'1174',2,1),(12610,323,210,14,'1179',2,1),(12611,323,211,15,'1180',1,1),(12612,323,212,15,'1185',1,1),(12613,323,213,15,'1189',1,1),(12614,323,214,15,'1192',1,1),(12615,323,215,15,'1193',1,1),(12616,323,591,25,'12151',1,1),(12617,323,592,25,'11847',1,1),(12618,323,593,25,'12161',1,NULL),(12619,323,702,25,'12167',1,NULL),(12620,323,703,25,'11857',1,NULL),(12621,323,704,25,'11862',1,1),(12622,323,705,25,'11863',1,NULL),(12623,323,706,25,'11868',1,1),(12624,323,707,25,'11873',1,1),(12625,323,712,25,'11890',1,NULL),(12626,323,713,25,'11894',1,NULL),(12627,323,591,25,'12151',2,1),(12628,323,592,25,'11847',2,1),(12629,323,593,25,'12160',2,NULL),(12630,323,702,25,'12166',2,1),(12631,323,703,25,'11859',2,1),(12632,323,704,25,'11862',2,1),(12633,323,705,25,'11864',2,1),(12634,323,706,25,'11868',2,1),(12635,323,707,25,'11873',2,1),(12636,323,712,25,'11893',2,NULL),(12637,323,713,25,'11895',2,1),(12638,323,1183,27,'12169',1,1),(12639,323,1184,27,'12172',1,1),(12640,323,1185,27,'12175',1,NULL),(12641,323,1186,27,'12182',1,1),(12642,323,1187,27,'12183',1,NULL),(12643,323,1188,27,'12186',1,NULL),(12644,323,1189,27,'12193',1,1),(12645,323,1190,27,'12196',1,NULL),(12646,323,1191,27,'12199',1,NULL),(12647,323,1192,27,'12206',1,1),(12648,323,1183,27,'12169',2,1),(12649,323,1185,27,'12176',2,NULL),(12650,323,1186,27,'12182',2,1),(12651,323,1187,27,'12184',2,1),(12652,323,1188,27,'12188',2,NULL),(12653,323,1189,27,'12193',2,1),(12654,323,1190,27,'12194',2,1),(12655,323,1191,27,'12201',2,1),(12656,323,1192,27,'12206',2,1),(12657,323,1183,27,'12169',3,1),(12658,323,1184,27,'12172',3,1),(12659,323,1185,27,'12177',3,1),(12660,323,1186,27,'12182',3,1),(12661,323,1187,27,'12184',3,1),(12662,323,1188,27,'12185',3,NULL),(12663,323,1189,27,'12193',3,1),(12664,323,1190,27,'12194',3,1),(12665,323,1191,27,'12201',3,1),(12666,323,1192,27,'12206',3,1),(12667,323,1194,28,'12237',1,1),(12668,323,1195,28,'12240',1,1),(12669,323,1196,28,'12249',1,1),(12670,323,1197,28,'12251',1,1),(12671,323,1198,28,'12259',1,1),(12672,323,1199,28,'12261',1,NULL),(12673,323,1200,28,'12262',1,1),(12674,323,1201,29,'12267',1,1),(12675,323,1202,29,'12268',1,NULL),(12676,323,1203,29,'12276',1,1),(12677,323,1204,29,'12277',1,1),(12678,323,1205,29,'12281',1,1),(12679,323,1206,29,'12288',1,1),(12680,323,1207,29,'12292',1,1),(12681,323,1208,29,'12296',1,NULL),(12682,323,1209,29,'12300',1,NULL),(12683,323,1210,29,'12302',1,1),(12684,323,1211,29,'12307',1,1),(12685,323,1212,29,'12310',1,1),(12686,323,1213,29,'12312',1,1),(12687,322,591,25,'12151',1,1),(12688,322,592,25,'11847',1,1),(12689,322,593,25,'12162',1,1),(12690,322,702,25,'12166',1,1),(12691,322,703,25,'11859',1,1),(12692,322,704,25,'11862',1,1),(12693,322,705,25,'11863',1,NULL),(12694,322,706,25,'11868',1,1),(12695,322,707,25,'11873',1,1),(12696,322,712,25,'11890',1,NULL),(12697,322,713,25,'11894',1,NULL),(12698,322,591,25,'12149',2,NULL),(12699,322,592,25,'11847',2,1),(12700,322,593,25,'12160',2,NULL),(12701,322,702,25,'12166',2,1),(12702,322,703,25,'11859',2,1),(12703,322,704,25,'11862',2,1),(12704,322,705,25,'11864',2,1),(12705,322,706,25,'11868',2,1),(12706,322,707,25,'11873',2,1),(12707,322,712,25,'11892',2,1),(12708,322,713,25,'11895',2,1),(12709,322,1183,27,'12169',1,1),(12710,322,1184,27,'12172',1,1),(12711,322,1185,27,'12175',1,NULL),(12712,322,1186,27,'12182',1,1),(12713,322,1187,27,'12183',1,NULL),(12714,322,1188,27,'12186',1,NULL),(12715,322,1189,27,'12193',1,1),(12716,322,1190,27,'12196',1,NULL),(12717,322,1191,27,'12201',1,1),(12718,322,1192,27,'12206',1,1),(12719,322,1183,27,'12169',2,1),(12720,322,1184,27,'12172',2,1),(12721,322,1185,27,'12174',2,NULL),(12722,322,1186,27,'12182',2,1),(12723,322,1187,27,'12184',2,1),(12724,322,1188,27,'12185',2,NULL),(12725,322,1189,27,'12193',2,1),(12726,322,1190,27,'12194',2,1),(12727,322,1191,27,'12201',2,1),(12728,322,1192,27,'12206',2,1),(12729,322,1194,28,'12237',1,1),(12730,322,1195,28,'12240',1,1),(12731,322,1196,28,'12249',1,1),(12732,322,1197,28,'12252',1,NULL),(12733,322,1198,28,'12259',1,1),(12734,322,1199,28,'12260',1,1),(12735,322,1200,28,'12262',1,1),(12736,322,1194,28,'12237',2,1),(12737,322,1195,28,'12240',2,1),(12738,322,1196,28,'12249',2,1),(12739,322,1197,28,'12252',2,NULL),(12740,322,1198,28,'12259',2,1),(12741,322,1199,28,'12260',2,1),(12742,322,1200,28,'12262',2,1),(12743,322,201,14,'1141',3,NULL),(12744,322,202,14,'1146',3,1),(12745,322,203,14,'12233',3,NULL),(12746,322,204,14,'1157',3,1),(12747,322,205,14,'1162',3,1),(12748,322,206,14,'1163',3,1),(12749,322,207,14,'1167',3,NULL),(12750,322,208,14,'1169',3,1),(12751,322,209,14,'1173',3,NULL),(12752,322,210,14,'1179',3,1),(12753,322,201,14,'1142',4,1),(12754,322,202,14,'1146',4,1),(12755,322,203,14,'12232',4,NULL),(12756,322,204,14,'1157',4,1),(12757,322,205,14,'1162',4,1),(12758,322,206,14,'1163',4,1),(12759,322,207,14,'1165',4,1),(12760,322,208,14,'1169',4,1),(12761,322,209,14,'1174',4,1),(12762,322,210,14,'1179',4,1);
