--
-- Host: localhost    Database: lakeview_school
-- ------------------------------------------------------


--
-- Table structure for table `course`
--

CREATE TABLE `course` (
  `id` int(11) unsigned NOT NULL AUTO_INCREMENT,
  `name` varchar(60) CHARACTER SET utf8 NOT NULL,
  `short_description` text CHARACTER SET utf8,
  `description` text CHARACTER SET utf8,
  `passing_percentage` int(11) DEFAULT NULL,
  `cost` varchar(60) CHARACTER SET utf8 DEFAULT NULL,
  `instruction_methods` text CHARACTER SET utf8,
  `evaluation_method` text CHARACTER SET utf8,
  `study_guide` varchar(60) CHARACTER SET utf8 DEFAULT NULL,
  `study_guide_2` varchar(60) CHARACTER SET utf8 DEFAULT NULL,
  `case_study` varchar(60) CHARACTER SET utf8 DEFAULT NULL,
  `powerpoint` varchar(60) CHARACTER SET utf8 DEFAULT NULL,
  `powerpoint_2` varchar(60) CHARACTER SET utf8 DEFAULT NULL,
  `syllabus` varchar(60) CHARACTER SET utf8 DEFAULT NULL,
  `video` text CHARACTER SET utf8,
  `ceu_credit` int(11) unsigned DEFAULT '0',
  `promo_code` varchar(60) DEFAULT NULL,
  `frequency_required` varchar(90) DEFAULT NULL,
  `staff_requirement` varchar(90) DEFAULT NULL,
  `required_within_time` varchar(90) DEFAULT NULL,
  `in_person` varchar(11) DEFAULT NULL,
  `essay_question` int(1) DEFAULT NULL,
  `essay_question_content` text,
  PRIMARY KEY (`id`)
) ENGINE=InnoDB AUTO_INCREMENT=33 DEFAULT CHARSET=latin1;

--
-- Dumping data for table `course`
--

INSERT INTO `course` VALUES (3,'HIV / AIDS - 2 CEU','HIV is an acronym for human immunodeficiency virus and it is the disease that often leads to AIDS. Continuing Education Course (2 CEUs)','<p style=\"margin: 0px; padding: 0px; font-size: 12px; color: rgb(68, 68, 68); line-height: 18px; font-family: helvetica, arial, sans-serif;\">This class provides information on HIV and AIDS- related illnesses. Materials will be presented on the symptoms, causes, pathophysiology, diagnosis, transmission and prevention, treatment, epidemiology, prognosis, and history of HIV and AIDS.</p>',80,'0','Online Only',NULL,'Online-HIVAIDS-021815.pdf',NULL,NULL,NULL,NULL,NULL,NULL,2,'','730',NULL,'30','0',NULL,NULL),(7,'HIPAA - 2 CEU','Confidentiality is one of the most basic rights that our clients have. All healthcare workers are legally and morally bound to protect the confidentiality of others.','<p style=\"margin: 0px; font-size: 12px; font-family: Helvetica;\">Confidentiality is one of the most basic rights that our clients have. All healthcare workers are legally and morally bound to protect the confidentiality of others.</p><p style=\"margin: 0px; font-size: 12px; font-family: Helvetica;\"><br></p>\r\n<p style=\"margin: 0px; font-size: 12px; font-family: Helvetica;\">This course is designed to:</p><p style=\"margin: 0px; font-size: 12px; font-family: Helvetica;\"></p><ol><li>Give you an overview of The Health Insurance Portability and Accountability Act of 1996 (HIPAA).</li><li>Familiarize you with any major changes that have been implemented with the new 2013 Omnibus Rule Changes.</li><li>Help you recognize the serious consequences if you fail to comply with HIPAA.</li></ol><p></p>\r\n\r\n',80,'0','Online Only',NULL,'Online-HIPAA-021815.pdf',NULL,NULL,NULL,NULL,NULL,NULL,2,'',NULL,NULL,NULL,NULL,NULL,NULL),(12,'Understanding Co-occurring Disorders - 2 CEU','Prevalence rates show that individuals with co-occurring disorders are common in both the substance abuse and mental health treatment systems. This course will provide participants with an understanding of the concept and term: co-occurring disorders.','Prevalence rates show that individuals with co-occurring disorders are common in both the substance abuse and mental health treatment systems. This course will provide participants with an understanding of the concept and term: co-occurring disorders. Participants will become familiar with the assessment, symptoms, and treatment of co-occurring disorders, and will be provided with an example of a special population that exists within the realm of co-occurring disorders. &nbsp;<div><br></div><div>On completion of this course, participants will be able to identify/demonstrate familiarity with:&nbsp;</div><div><ol><li><span style=\"font-size: 10pt;\">The definition and terms related to co-occurring disorders.&nbsp;</span></li><li><span style=\"font-size: 10pt;\">The assessment of co-occurring disorders and common symptoms.&nbsp;</span></li><li><span style=\"font-size: 10pt;\">The relationship between substance abuse and mental health concerns.&nbsp;</span></li><li><span style=\"font-size: 10pt;\">The symptoms of specific co-occurring disorders.&nbsp;</span></li><li><span style=\"font-size: 10pt;\">Available treatments for clients with co-occurring disorders.&nbsp;</span></li><li><span style=\"font-size: 10pt;\">A special population example and co-occurring disorders.</span></li></ol></div>',80,'0','Online',NULL,'Co-Occuring Disorders.pdf',NULL,NULL,NULL,NULL,NULL,NULL,2,'',NULL,NULL,NULL,NULL,NULL,NULL),(13,'Ethics & Boundaries - 2 CEU','The purpose of this training is to clarify professional ethical expectations for addiction professionals, assist in defining professional boundaries, and highlight potential boundary problems.','<p style=\"font-family: -apple-system-font; font-size: 12px; line-height: 16px;\">The purpose of this training is to clarify professional ethical expectations for addiction professionals, assist in defining professional boundaries, and highlight potential boundary problems.</p><p style=\"font-family: -apple-system-font; font-size: 12px; line-height: 16px;\">Upon completion of this course the participant will:</p><p style=\"font-family: -apple-system-font; font-size: 12px; line-height: 16px;\"></p><ol><li>Be able to understand and define ethics.</li><li>Understand and be able to demonstrate ethical and professional behavior.</li><li>Be able to define, implement and practice client informed consent.</li><li>Be able to define and recognize boundary issues between client and counselor.</li><li>Be able to define and interpret the roles of transference, counter-transference and other potential boundary issues in clinical practice.</li></ol><p></p>',80,'0','Online Only',NULL,'ethicsfinal.pdf',NULL,NULL,NULL,NULL,NULL,NULL,2,'',NULL,NULL,NULL,NULL,NULL,NULL),(15,'Cultural Diversity - 2 CEU','','',80,'0','Online Only',NULL,NULL,NULL,NULL,'Cultural-Diversity.ppsx',NULL,NULL,NULL,2,'',NULL,NULL,NULL,NULL,NULL,NULL),(27,'CRSS - Class #1 - Legal and Professional Responsibility','<p><strong>Legal and Professional Responsibility Track, 22 hours</strong></p>','<p><strong>Legal and Professional Responsibility Track, 22 hours</strong>: The legal and professional responsibility portion of the Certified Recovery Support Specialist certification will provide and in-depth review of ethical and moral obligations faced in the treatment setting. Further, understanding of confidentiality and related legislation, professional development, as well as cultural competence will be covered. This 22 hour course will be guided by Florida Certification Board (FCB) certification standards.</p>',80,'','',NULL,'CRSS+Class+1.pdf',NULL,NULL,'CRSS-1.ppsx',NULL,'CRSS-1-syllabus-Final.pdf',NULL,22,'','',NULL,'','0',1,'Please write at least 500 words on one of the following topics. If your essay does not meet the word requirement it will not be considered for grading: (Pick one)\r\n\r\n1. Explain safeguards that have been put in place to protect client confidentiality. Please include information on Health Insurance Portability and Accountability Act (HIPAA), protected health information (PHI), and the Health Information Technology for Economic and Clinical Health Act (HITECH).\r\n\r\n-or-\r\n\r\n2. Please give information on the boundaries an addiction professional must follow. Why are they important? If possible, draw on personal experience.'),(28,'CRSS - Class #2 - Reengagement, Crisis Support and Safety','<p><strong>Reengagement, Crisis Support and Safety, 13 hours</strong></p>','<p>Reengagement, crisis support and safety portion of the Certified Recovery Support Specialist certification will provide an in-depth understanding of the principles of crisis management including identification of and response to crisis situations. Signs and symptoms of domestic violence along with tactics to identify and assist victims will be covered. The elective class will cover infectious diseases in the treatment setting including prevention, identification and control. This 13 hour course will be guided by Florida Certification Board (FCB) certification standards.</p>',80,'','',NULL,'CRSS-Class-2.pdf',NULL,NULL,'CRSS-2.ppsx',NULL,'CRSS-2-Syllabus-Final.pdf',NULL,13,'','',NULL,'','0',1,'Please write at least 500 words on one of the following topics. If your essay does not meet the word requirement it will not be considered for grading: (Pick one)\r\n\r\n1. John Lundholm states that there are five strategies to follow for effective verbal de-escalation. Please write 100 words each on the following five strategies:\r\n-Self-management\r\n-Situational Awareness\r\n-Non-verbal communication\r\n-Listening (active and empathetic)\r\n-Assertive verbal communication\r\n\r\n-OR-\r\n\r\n2. Jeff is a 23 year old alcoholic and a client at the facility you work for, the community has informed staff that Jeff has been severely depressed and has been discussing self-harm. What could you do as an addiction professional to help Jeff? What if he became suicidal, what policies and procedures should you follow?'),(29,'CRSS - Class #3 - Resource Linkage/Follow-Up','<p><strong>Resource Linkage/Follow-Up, 13 hours</strong></p>','<p>The resource linkage / follow-up portion of the Certified Recovery Support Specialist certification will provide guidance on the basic principles of a referral, the agencies and organizations to which a client can be referred and the evaluation and measurement of client progress at the referral facility. Proper methods for clinical documentation and secure storage of client records will also be covered in-depth. The elective class will offer an overview of drug abuse prevention techniques through education and information dissemination. This 13 hour course will be guided by Florida Certification Board (FCB) certification standards.</p>',80,'','',NULL,'CRSS-Class-3.pdf',NULL,NULL,'CRSS-3.ppsx',NULL,'CRSS-3-Syllabus-Final.pdf',NULL,13,'','',NULL,'','0',1,'Please write at least 500 words on one of the following topics. If your essay does not meet the word requirement it will not be considered for grading: (Pick one)\r\n\r\n1. There are seven key purposes for clinical documentation, please expand on 4 of the seven purposes:\r\n - Document professional work\r\n - Organization and continuity of care of the client by the practitioner\r\n - Subsequent continuity of care of the client by recording for use by other practitioners who may serve the client in the future\r\n - Risk management\r\n - Comply with legal, regulatory and institutional requirements\r\n - Facilitate quality assurance and utilization review\r\n - Facilitate coordination of professional efforts by fostering communication and collaboration between members of the treatment team\r\n\r\n-or-\r\n\r\n2. Please give examples of what types of services within a community that an addiction professional may refer a client to. How would this service be presented to client?'),(30,'CRSS - Class #4 - Practical Living / Social Development','<p><strong>Practical Living Skills / Social Development, 10 hours</strong></p>','<p>Practical Living Skills / Social Development portion of the Certified Recovery Support Specialist certification will provide an in-depth look at normal social development post-treatment and the life skills to be learned in treatment to help ensure recovery progresses constructively. The elective class will delve into understanding HIV/AIDS, prevention, testing and infection control. This 10 hour course will be guided by Florida Certification Board (FCB) certification standards.</p>',80,'','',NULL,'CRSS-Class-4.pdf',NULL,NULL,'CRSS-4.pps',NULL,'CRSS-4-Syllabus-Final.pdf',NULL,10,'','',NULL,'','0',1,'Please write at least 500 words on one of the following topics. If your essay does not meet the word requirement it will not be considered for grading: (Pick one)\r\n\r\n1. Please describe the six different family roles and the underlying feelings associated with each role: The Addict, the Hero, the Mascot, the Lost Child, the Scapegoat, and the Caretaker.\r\n\r\n-or-\r\n\r\n2. How are psycho-educational groups for the individual and for families useful? What role do life skills play in treating the client?'),(31,'CRSS - Class #5 - Recovery Management','<p><strong>Recovery Management, 17 hours</strong></p>','<p>The Recovery Management portion of the Certified Recovery Support Specialist certification will offer the student a complete understanding of the history of addiction, its effects on the brain (including a basic overview of pharmacology) and the stages of change including motivational strategies for client success. Co-occurring disorders will be understood in depth. This class will also delve into relapse prevention techniques and outcomes after treatment. This 17 hour course will be guided by Florida Certification Board (FCB) certification standards. Experiential individual and group activities provide opportunities for the practical application of the topics covered in class.</p>',80,'','',NULL,'CRSS-Class-5.pdf',NULL,NULL,'CRSS-5-show.ppsx',NULL,'CRSS-5-Syllabus-Final.pdf',NULL,17,'','',NULL,'','0',1,'Please write at least 500 words on one of the following topics. If your essay does not meet the word requirement it will not be considered for grading: (Pick one)\r\n \r\nThere are many different definitions of addiction provided in the coursework. Drawing on your own experience, please provide your own definition using supporting information.\r\n\r\n-or-\r\n\r\nAdolescents using and abusing drugs is particularly dangerous. What happens to the brain of an adolescent when using drugs? How would one be able to discern the behaviors associated with Drug use in an adolescent?\r\n\r\n-or-\r\n\r\nRelapse is one of the major characteristics of addiction. What is relapse? What are some of the behaviors that could potentially lead to relapse?'),(32,'Recovery Coach','<p>This course will provide a thorough description of the process of Recovery Coaching (individual, group & family), the qualities of a recovery coach, therapeutic interventions, multicultural sensitive practices and more. This course will give explicit examples of techniques and interventions as well as the theoretical perspective they come from.</p>','<p>This course will provide a thorough description of the process of Recovery Coaching (individual, group & family), the qualities of a recovery coach, therapeutic interventions, multicultural sensitive practices and more. This course will give explicit examples of techniques and interventions as well as the theoretical perspective they come from.</p><p><strong>Course Goals: </strong></p><p>1. Student will be able to define and utilize the qualities needed in a recovery coach. </p><p>2. Student will be able to define and implement a healthy, strengths-based framework for individualized coaching. </p><p>3. Student will be able to define and implement multicultural aware and sensitive coaching approaches and techniques. </p><p>4. Student will be able to recognize the stages of change as they apply to individual clients. </p><p>5. Student will be able to assess risk and to employ the appropriate response. </p><p>6. Student will be able to adapt to meet the needs of co-occurring disorders. </p><p>7. Student will be able to lead various types of group sessions </p><p>8. Student will understand the importance of the termination process and how to guide the client through this process. </p><p>9. Student will be able to recognize the need for a personal self-care plan. </p>',80,'','',NULL,'Recovery+Coach+Outline.pdf','Family+Coaching.pdf',NULL,'Recovery+Coach+Crisis+&+Safety.ppt','Recovery+Coach+Family+&+Community.ppt','Recovery+Coach+Syllabus.pdf',NULL,30,'','',NULL,'','0',1,'Please write 500 words each on:\r\na) Define how a Recovery Coach differs from an addiction counselor b) Define the concepts of transference and counter-transference and how they can positively and/or negatively affect the recovery coaching process. c) Discuss the need for family coaching – why is it important? d) How can families and communities join forces to prevent substance abuse and addiction?');

--
-- Table structure for table `course_category`
--

CREATE TABLE `course_category` (
  `id` int(11) unsigned NOT NULL AUTO_INCREMENT,
  `name` varchar(60) CHARACTER SET utf8 NOT NULL,
  PRIMARY KEY (`id`)
) ENGINE=InnoDB AUTO_INCREMENT=8 DEFAULT CHARSET=latin1;

--
-- Dumping data for table `course_category`
--

INSERT INTO `course_category` VALUES (1,'Continuing Education'),(2,'Personal Development'),(3,'Communication'),(4,'Management & Leadership'),(5,'Marketing'),(6,'Organizational Efficiency'),(7,'Certified Behavioral Health Technician (CBHT)');

--
-- Table structure for table `course_has_category`
--

CREATE TABLE `course_has_category` (
  `id` int(11) unsigned NOT NULL AUTO_INCREMENT,
  `course_id` int(11) unsigned NOT NULL,
  `course_category_id` int(11) unsigned NOT NULL,
  `course_offering_id` int(11) unsigned NOT NULL,
  PRIMARY KEY (`id`),
  KEY `course_id` (`course_id`),
  KEY `course_offering_id` (`course_offering_id`),
  KEY `course_category_id` (`course_category_id`),
  CONSTRAINT `course_has_category_ibfk_3` FOREIGN KEY (`course_offering_id`) REFERENCES `offerings` (`id`) ON DELETE NO ACTION ON UPDATE NO ACTION,
  CONSTRAINT `course_has_category_ibfk_5` FOREIGN KEY (`course_id`) REFERENCES `course` (`id`) ON DELETE CASCADE ON UPDATE NO ACTION,
  CONSTRAINT `course_has_category_ibfk_6` FOREIGN KEY (`course_category_id`) REFERENCES `course_category` (`id`) ON DELETE CASCADE ON UPDATE NO ACTION
) ENGINE=InnoDB AUTO_INCREMENT=31 DEFAULT CHARSET=latin1;

--
-- Dumping data for table `course_has_category`
--

INSERT INTO `course_has_category` VALUES (25,27,1,1),(26,28,1,1),(27,29,1,1),(28,30,1,1),(29,31,1,1),(30,32,1,1);

--
-- Table structure for table `evaluation`
--

CREATE TABLE `evaluation` (
  `id` int(11) unsigned NOT NULL AUTO_INCREMENT,
  `course_id` int(11) DEFAULT NULL,
  `date` int(11) NOT NULL,
  `student_name` varchar(60) DEFAULT NULL,
  `question_1` text,
  `question_2` text,
  `question_3` text,
  `question_4` text,
  `question_5` text,
  `rating` int(11) NOT NULL,
  PRIMARY KEY (`id`)
) ENGINE=InnoDB AUTO_INCREMENT=12 DEFAULT CHARSET=utf8;

--
-- Dumping data for table `evaluation`
--

INSERT INTO `evaluation` VALUES (1,27,1537823650,'Shareece Nozary','','','','','',4),(2,27,1538346103,'Anthony Couwlier','I enjoyed learning how to better protect the clients we work with. ','The reading can be tedious sometimes.','More interactive on bringing us through the material.','Yes','Possibly a course focused on employees that work in a call center environment and do not have direct patient contact. ',4),(3,28,1538445370,'Anthony Couwlier','It opened my eyes to how common domestic violence actually is. ','Not interactive','Make class more interactive','Yes','Training for employees that work with patients over the phone. ',4),(4,29,1538606589,'Anthony Couwlier','I enjoyed learning about how to properly refer out a client.','The format of the course. ','Make it more interactive.','Yes','CEU\'s for worker\'s that do not work with patients in person.',4),(5,30,1539041901,'Anthony Couwlier','','','','','',3),(6,31,1539134890,'Anthony Couwlier','Learning about stuck points in recovery was interesting to me.','The course interaction. ','Make the course more interactive','Yes','',3),(7,3,1539714582,'','','','','','',4),(8,27,1543352975,'Samantha Feret','','','','','',4),(9,13,1562353797,'Cassandra Sidone','','','Audio/Video','','',4),(10,27,1562953302,'Matthew Von Stetina','Learning the legalities and process of being board certified. ','Remembering all the statistics. ','Nothing ','Yes','I really enjoyed the professionalism part and do not see a CEU of that specific part. ',4),(11,29,1563290822,'Matthew Von Stetina','Learning the importance of documentation, referral process and drug prevention information.   ','Trying to understand some of the lingo I was unfamiliar with. ','Nothing. ','The referral section was very interesting. ','N/A',5);

--
-- Table structure for table `exam_results`
--

CREATE TABLE `exam_results` (
  `id` int(11) unsigned NOT NULL AUTO_INCREMENT,
  `user_id` int(11) unsigned NOT NULL,
  `course_id` int(11) unsigned NOT NULL,
  `grade` float NOT NULL,
  PRIMARY KEY (`id`),
  KEY `user_id` (`user_id`),
  KEY `course_id` (`course_id`),
  CONSTRAINT `exam_results_ibfk_1` FOREIGN KEY (`user_id`) REFERENCES `user` (`id`) ON DELETE CASCADE ON UPDATE NO ACTION,
  CONSTRAINT `exam_results_ibfk_3` FOREIGN KEY (`course_id`) REFERENCES `course` (`id`) ON DELETE CASCADE ON UPDATE NO ACTION
) ENGINE=InnoDB AUTO_INCREMENT=61 DEFAULT CHARSET=utf8;

--
-- Dumping data for table `exam_results`
--

INSERT INTO `exam_results` VALUES (1,258,27,89),(2,262,3,85),(3,262,27,78),(4,262,27,93),(5,263,27,96),(6,271,27,81),(7,271,27,93),(8,265,27,96),(9,263,28,90),(10,265,28,95),(11,265,29,94),(12,265,30,95),(13,263,29,100),(14,263,29,100),(15,265,31,90),(16,276,3,100),(17,270,27,81),(18,263,30,100),(19,267,27,67),(20,267,27,100),(21,271,28,85),(22,263,31,90),(23,270,28,85),(24,270,29,89),(25,270,30,95),(26,271,29,89),(27,274,27,70),(28,274,27,93),(29,271,30,95),(30,271,31,70),(31,271,31,85),(32,270,31,80),(33,279,13,75),(34,279,13,95),(35,279,13,95),(36,279,13,95),(37,279,13,95),(38,279,13,95),(39,279,3,100),(40,279,7,90),(41,279,12,87),(42,279,15,100),(43,262,28,90),(44,262,28,90),(45,262,28,90),(46,262,28,90),(47,262,28,90),(48,262,28,90),(49,262,28,90),(50,262,28,90),(51,262,29,94),(52,262,30,86),(53,262,31,95),(54,263,3,95),(55,263,7,100),(56,263,12,93),(57,263,13,80),(58,263,15,60),(59,263,15,40),(60,263,15,80);

--
-- Table structure for table `materials`
--

CREATE TABLE `materials` (
  `id` int(11) NOT NULL AUTO_INCREMENT,
  `course_id` int(11) unsigned NOT NULL,
  `name` varchar(60) NOT NULL,
  `filename` varchar(60) NOT NULL,
  PRIMARY KEY (`id`),
  KEY `course_id` (`course_id`),
  CONSTRAINT `materials_ibfk_1` FOREIGN KEY (`course_id`) REFERENCES `course` (`id`) ON DELETE CASCADE ON UPDATE NO ACTION
) ENGINE=InnoDB DEFAULT CHARSET=utf8;

--
-- Dumping data for table `materials`
--


--
-- Table structure for table `offering_has_category`
--

CREATE TABLE `offering_has_category` (
  `offering_id` int(11) unsigned NOT NULL,
  `course_category_id` int(11) unsigned NOT NULL,
  KEY `offering_id` (`offering_id`),
  KEY `course_id` (`course_category_id`),
  CONSTRAINT `offering_has_category_ibfk_1` FOREIGN KEY (`offering_id`) REFERENCES `offerings` (`id`) ON DELETE CASCADE ON UPDATE NO ACTION,
  CONSTRAINT `offering_has_category_ibfk_2` FOREIGN KEY (`course_category_id`) REFERENCES `course_category` (`id`) ON DELETE CASCADE ON UPDATE NO ACTION
) ENGINE=InnoDB DEFAULT CHARSET=utf8;

--
-- Dumping data for table `offering_has_category`
--

INSERT INTO `offering_has_category` VALUES (1,1),(1,2),(1,3),(1,4),(1,5);

--
-- Table structure for table `offerings`
--

CREATE TABLE `offerings` (
  `id` int(11) unsigned NOT NULL AUTO_INCREMENT,
  `name` varchar(60) NOT NULL DEFAULT '',
  PRIMARY KEY (`id`)
) ENGINE=InnoDB AUTO_INCREMENT=2 DEFAULT CHARSET=utf8;

--
-- Dumping data for table `offerings`
--

INSERT INTO `offerings` VALUES (1,'Professional Development');

--
-- Table structure for table `option`
--

CREATE TABLE `option` (
  `id` int(11) NOT NULL AUTO_INCREMENT,
  `question_id` int(11) NOT NULL,
  `content` text NOT NULL,
  `correct` int(11) DEFAULT NULL,
  PRIMARY KEY (`id`),
  KEY `question_id` (`question_id`),
  CONSTRAINT `option_ibfk_1` FOREIGN KEY (`question_id`) REFERENCES `question` (`id`) ON DELETE CASCADE ON UPDATE NO ACTION
) ENGINE=InnoDB AUTO_INCREMENT=14308 DEFAULT CHARSET=utf8;

--
-- Dumping data for table `option`
--

INSERT INTO `option` VALUES (4,6,'1 in 2',NULL),(5,6,'1 in 5',NULL),(6,6,'1 in 3',NULL),(7,6,'1 in 4',NULL),(8,7,'An effective vaccine is now available to prevent the disease.',NULL),(9,7,'HIV testing is not only free but compulsory for everyone over age 18.',NULL),(10,7,'People believe that antiretroviral drugs have solved the HIV problem.',NULL),(11,7,'The number of new infections is continuing to decline.',NULL),(12,8,'Free HIV testing of all patients over age 13.',NULL),(13,8,'Developing a vaccine to prevent HIV infection.',NULL),(14,8,'Reducing the rate of new infections.',NULL),(15,8,'Compulsory HIV testing of all patients in emergency departments.',NULL),(16,9,'Black/African Americans.',NULL),(17,9,'Seniors.',NULL),(18,9,'Hispanics.',NULL),(19,9,'Native Americans.',NULL),(20,10,'Women and children, seniors, and transgender persons',NULL),(21,10,'Men who have sex with men, women who have sex with women, prisoners',NULL),(22,10,'Men who have sex with men, injecting-drug users, and men who have sex with men and also use injection drugs',NULL),(23,10,'Women who have sex with women, homeless people, and seniors',NULL),(24,11,'Adopt compulsory hand-washing policies for staff and inmates.',NULL),(25,11,'Provide inmates with condoms and access to bleach for cleaning injection equipment.',NULL),(26,11,'Increase the number of correctional officers who monitor inmate activity.',NULL),(27,11,'Enroll inmates in HIV vaccine clinical trials.',NULL),(28,12,'When they enter prison.',NULL),(29,12,'Within 60 days prior to release.',NULL),(30,12,'Within 30 days prior to release.',NULL),(31,12,'Never; it is not required by law.',NULL),(32,13,'Healthcare workers are more focused on mental health issues in seniors.',NULL),(33,13,'Seniors avoid answering questions about sexual activity.',NULL),(34,13,'Seniors believe they are immune to HIV/AIDS.',NULL),(35,13,'Symptoms of AIDS such as fatigue and weight loss mimic those of normal aging.',NULL),(36,14,'Saliva and cervical secretions',NULL),(37,14,'Saliva, tears, serous fluid, and vaginal secretions',NULL),(38,14,'Blood, semen, breast milk, and vaginal and cervical secretions',NULL),(39,14,'Blood, semen, and urine',NULL),(40,15,'Blood collected for transfusion',NULL),(41,15,'Used needles and syringes',NULL),(42,15,'Casual contact with an infected patient',NULL),(43,15,'A public toilet seat',NULL),(44,16,'Increases the risk of HIV transmission.',NULL),(45,16,'Reduces the risk of HIV transmission.',NULL),(46,16,'Makes no difference in the risk of HIV transmission.',NULL),(47,16,'Increases the risk of pregnancy in women.',NULL),(48,17,'Syphilis',NULL),(49,17,'Hepatitis B (HBV)',NULL),(50,17,'Chlamydia',NULL),(51,17,'Tuberculosis (TB)',NULL),(52,18,'Relatively simple if the patient has health insurance.',NULL),(53,18,'A complex, multi-drug process that takes at least 6 months.',NULL),(54,18,'Usually not successful in African American patients.',NULL),(55,18,'Successful in most patients.',NULL),(56,19,'Unnecessary in HIV patient situations.',NULL),(57,19,'Warranted only if a patient has been diagnosed with TB.',NULL),(58,19,'Effective only if properly fitted and appropriately worn in all areas where risk of exposure is high.',NULL),(59,19,'Primarily used with patients who are coinfected with hepatitis.',NULL),(60,20,'Brain tumors from syphilis.',NULL),(61,20,'Liver disease from chronic hepatitis C.',NULL),(62,20,'Heart disease from antiretroviral drugs.',NULL),(63,20,'Stroke related to antiretroviral drugs.',NULL),(295,53,'True',NULL),(296,53,'False',1),(299,55,'True',NULL),(300,55,'False',1),(325,60,'True',1),(326,60,'False',NULL),(327,62,'True',1),(328,62,'False',NULL),(329,63,'Defensive level, anxiety level, acting out, tension reduction',NULL),(330,63,'Tension inducing, anxiety level, defensive level, acting out',NULL),(331,63,'Anxiety level, defensive level, acting out, tension reduction',1),(332,63,'Acting out, anxiety level, defensive level, tension reduction',NULL),(333,64,'True',1),(334,64,'False',NULL),(339,82,'Clenched fists',NULL),(340,82,'Pacing',NULL),(341,82,'Rapid breathing',NULL),(342,82,'Withdrawn behavior',NULL),(343,82,'All of the Above',1),(344,83,'The person is under the influence of a substance',NULL),(345,83,'The person has a history of psychiatric illness',NULL),(346,83,'The person is facing a high level of stress',NULL),(347,83,'All of the Above',1),(348,83,'A and B',NULL),(409,58,'Using a calm voice and acronyms or jargon',NULL),(410,58,'Giving the person your full attention',NULL),(411,58,'Paraphrasing what the person is saying',NULL),(412,58,'Validating the person’s feelings about the situation',NULL),(413,58,'All of the above',NULL),(414,58,'B, C, and D',1),(415,59,'Speak slowly clearly and gently',NULL),(416,59,'Walk fast away from client to avoid an altercation',NULL),(417,59,'Appear confident and display calmness',NULL),(418,59,'Show you are listening',NULL),(419,59,'A, C, and D',1),(420,59,'A and B',NULL),(421,61,'Don’t use jargon',NULL),(422,61,'Avoid demeaning language',NULL),(423,61,'Find someone that speaks that person’s language',NULL),(424,61,'A and B',NULL),(425,61,'All of the above',1),(449,54,'True',1),(450,54,'False',NULL),(451,57,'Telling the patient what he/she is feeling.',NULL),(452,57,'Summarize what the patient stated and repeat back to verify accuracy ',1),(453,57,'Make client aware of the incongruities from their statement',NULL),(454,57,'None of the above',NULL),(455,65,'Acting out',NULL),(456,65,'Tension Reduction',NULL),(457,65,'Anxiety Level',NULL),(458,65,'Defensive Level',1),(459,85,'True',1),(460,85,'False',NULL),(463,26,'True',1),(464,26,'False',NULL),(465,27,'False',1),(466,27,'True',NULL),(467,28,'True',1),(468,28,'False',NULL),(469,29,'False',1),(470,29,'True',NULL),(471,30,'True',1),(472,30,'False',NULL),(473,31,'True',NULL),(474,31,'False',1),(475,32,'True',1),(476,32,'False',NULL),(477,33,'True',1),(478,33,'False',NULL),(479,34,'True',1),(480,34,'False',NULL),(481,35,'Abstinence',NULL),(482,35,'Monogamous Relationship with partners not infected with HIV/AIDS',NULL),(483,35,'Protected Sex',NULL),(484,35,'Sterile needles',NULL),(485,35,'All of the above',1),(486,36,'a)	1 in 2',NULL),(487,36,'b)	1 in 6',1),(488,36,'c)	1 in 3',NULL),(489,36,'d)	1 in 4',NULL),(490,37,'Black/African Americans',1),(491,37,'Seniors',NULL),(492,37,'Hispanics',NULL),(493,37,'Native Americans',NULL),(498,38,'Women and children, seniors, and transgender persons',NULL),(499,38,'Men who have sex with men, women who have sex with women, prisoners',NULL),(500,38,'Men who have sex with men, injecting-drug users, and men who have sex with men and also use injection drugs',1),(501,38,'Women who have sex with women, homeless people, and seniors',NULL),(506,39,'Saliva and cervical secretions',NULL),(507,39,'Saliva, tears, serous fluid, and vaginal secretions',NULL),(508,39,'Blood, semen, breast milk, and vaginal and cervical secretions',1),(509,39,'Blood, semen, and urine',NULL),(510,40,'Blood collected for transfusion',NULL),(511,40,'Used needles and syringes',1),(512,40,'Casual contact with an infected patient',NULL),(513,40,'A public toilet seat',NULL),(514,41,'Are entitled to know their child\'s HIV test results without their child\'s consent.',NULL),(515,41,'May not be informed directly or indirectly of their child\'s HIV test results without the child\'s consent.',1),(516,41,'May be informed indirectly of their child\'s HIV test results when sent a bill for said testing.',NULL),(517,41,'Must give consent for their child to be tested for HIV.',NULL),(519,47,'Bona fide medical emergencies',NULL),(520,47,'Court order',NULL),(521,47,'All of the above',1),(522,48,'Sudden shift in mood or behavior',NULL),(523,48,'Skin rash',NULL),(524,48,'Muscle weakness',NULL),(525,48,'Confusion',NULL),(526,48,'a, c, and d ',1),(527,49,'Medical personnel involved with the diagnosis or treatment of the person tested; ',NULL),(528,49,'Licensed medical professionals who regularly participate as part of an interdisciplinary team ',NULL),(529,49,'Staff that handle body fluids ',NULL),(530,49,'Personnel involved in utilization review, risk management or peer review activities; ',NULL),(531,49,'Financial staff who compile or review medical records as part of routine billing activities',NULL),(532,49,'All of the above',1),(533,42,'Be tested for HIV at their initial prenatal visit and at 28-32 weeks.',1),(534,42,'Be tested for HCV at the first prenatal visit.',NULL),(535,42,'Not be offered HIV testing on an opt-out basis (right to refuse).',NULL),(536,42,'Request to be tested for HIV',NULL),(537,67,'A source',NULL),(538,67,'A mode of transmission',NULL),(539,67,'A host',NULL),(540,67,'All of the above',1),(541,68,'Every healthcare worker plays a vital role ',NULL),(542,68,'Staff education is an important aspect',NULL),(543,68,'Utilizes measures used to minimize the risk of transmission',NULL),(544,68,'All of the above',1),(545,69,'Droplets are generated by coughs, sneezes, talking',NULL),(546,69,'Droplet transmission is the most frequent mode of transmission in the healthcare setting',1),(547,69,'You can become infected when they land in eyes, mouth or nose',NULL),(548,69,'They can transmit infection when propelled a short distance and land on a surface',NULL),(549,70,'HIV',NULL),(550,70,'Hepatitis B',NULL),(551,70,'Tuberculosis',1),(552,70,'Herpes',NULL),(553,71,'From mosquitos or insect bites',1),(554,71,'From blood or body fluids',NULL),(555,71,'From food or water',NULL),(556,71,'From coughs and sneezes ',NULL),(557,72,'Wear a fit-tested NIOSH-approved N95',1),(558,72,'Wear a surgical mask',NULL),(559,72,'Take 15 minute hot shower after exposure',NULL),(560,72,'Wash your hands with soap and water for 10 minutes',NULL),(561,73,'Direct contact',NULL),(562,73,'Indirect contact',NULL),(563,73,'Respiratory transmission',NULL),(564,73,'Vector-born transmission',NULL),(565,73,'All of the above',1),(566,74,'Gloves, gowns, respirators',NULL),(567,74,'Face masks, goggles, face shields',NULL),(568,74,'Shoes and socks',NULL),(569,74,'A and B',1),(570,74,'A and C',NULL),(571,75,'Wear protective gloves',NULL),(572,75,'Run away from spill in order to not get contaminated ',NULL),(573,75,'Use a 1:100 or 1:10 bleach based dilution to decontaminate surfaces ',NULL),(574,75,'A and B',NULL),(575,75,'A and C',1),(576,81,'Sweat',1),(577,81,'Saliva',NULL),(578,81,'Blood',NULL),(579,81,'None of the above',NULL),(580,78,'30 seconds',NULL),(581,78,'15 seconds',NULL),(582,78,'At least for 20 seconds',1),(583,78,'60 seconds',NULL),(584,79,'Viruses',NULL),(585,79,'Parasites',NULL),(586,79,'Bacteria',NULL),(587,79,'Fungus',NULL),(588,79,'All of the above',1),(589,80,'Air',NULL),(590,80,'Water',NULL),(591,80,'Bodily fluids',NULL),(592,80,'A and B',1),(593,80,'A and C',NULL),(594,88,'Airborne',NULL),(595,88,'Droplet',NULL),(596,88,'Contact',1),(597,88,'A and B',NULL),(598,89,'Airborne Precautions',NULL),(599,89,'Contact Precautions',NULL),(600,89,'Standard Precautions',1),(601,89,'Droplet Precautions',NULL),(602,90,'True',NULL),(603,90,'False',1),(604,91,'Where clinical professionals, in this case in the addiction industry, have multiple relationship roles with their clients',1),(605,91,'An unaviodable part of doing business in the addiction treatment industry',NULL),(606,91,'A multiple role relationship that is generally suitable for the therapist-client relationship',NULL),(607,91,'All of the above',NULL),(608,92,'To give authorization for treatment center employees to use private information',NULL),(609,92,'To secure a person\'s private financial information',NULL),(610,92,'To define the the proper use of an individual\'s health records',1),(611,92,'To punish addiction treatment centers that misuse personal information',NULL),(612,93,'Health Information Portability Protection Act',NULL),(613,93,'Health Insurance Portability and Accountability Act',1),(614,93,'Human Interest Protection  Act',NULL),(615,93,'None of the above',NULL),(616,94,'True',NULL),(617,94,'False',1),(618,95,'A fraudulent accounting scheme',NULL),(619,95,'The requirement for an arrested person to be brought into court or before a judge',1),(620,95,'The legal definition of self-inflicted bodily harm',NULL),(621,95,'None of the above',NULL),(622,96,'The clinician is the professional',NULL),(623,96,'Proper boundaries cannot be defined therefore this is a moot point',NULL),(624,96,'The client may not understand proper boundaries and may not be able to defend themselves against violations',NULL),(625,96,'The counselor must report to their supervisor',NULL),(626,96,'A and C',1),(627,96,'A and D',NULL),(628,97,'True',1),(629,97,'False',NULL),(630,98,'Quid Pro Quo',NULL),(631,98,'Professional Business',NULL),(632,98,'Dual Relationship',1),(633,98,'None of the Above',NULL),(634,99,'On a need to know basis within the facility',NULL),(635,99,'Medical emergencies',NULL),(636,99,'When parents ask',NULL),(637,99,'Client information can never be disclosed without written consent',NULL),(638,99,'B and C',NULL),(639,99,'A and B',1),(640,100,'Crossed Legs',NULL),(641,100,'Standing Tall',NULL),(642,100,'Slouching',NULL),(643,100,'Red face',NULL),(644,100,'B and D',1),(645,100,'A and B',NULL),(646,101,'True',NULL),(647,101,'False',1),(648,102,'Stress and history of violence',1),(649,102,'Stress and a long marriage',NULL),(650,102,'A long marriage and a high degree of social interaction',NULL),(651,102,'A high degree of social interaction and a history of violence',NULL),(652,103,'Perception and prejudice',NULL),(653,103,'Noise',NULL),(654,103,'Language',NULL),(655,103,'All of the above',1),(656,104,'Common depression',NULL),(657,104,'bipolar disorder doesn\'t fall under the DSMIV-TR purview',NULL),(658,104,'Mood changes that last for 48 hours or less',NULL),(659,104,'Significant mood changes that last for weeks or months',1),(660,105,'True',NULL),(661,105,'False',1),(662,106,'Use',NULL),(663,106,'Abuse',1),(664,106,'Misuse',NULL),(665,106,'Addiction',NULL),(666,107,'A good idea to use as proof',NULL),(667,107,'Not a problem if the copies are lost',NULL),(668,107,'A bad idea unless needed for an important purpose.',1),(669,107,'Something that should never be done',NULL),(670,108,'True',NULL),(671,108,'False',1),(674,110,'True',NULL),(675,110,'False',1),(676,111,'True',NULL),(677,111,'False',1),(678,112,'True',1),(679,112,'False',NULL),(680,113,'True',NULL),(681,113,'False',1),(682,109,'True',1),(683,109,'False',NULL),(684,114,'It eliminates the possibility of infection',NULL),(685,114,'It helps determine the exposure risk of staff members',1),(686,114,'A and B',NULL),(687,114,'None of the above',NULL),(688,115,'Common cold, Pinkeye, Flu',1),(689,115,'Common cold, Flu, HIV',NULL),(690,115,'HIV, Common cold, Pinkeye, Flu',NULL),(691,115,'AIDS, Pinkeye, Flu',NULL),(692,116,'Health Information Property Accountability Association',NULL),(693,116,'Human Insurance Process Accumulation Act',NULL),(694,116,'Health Insurance Portability and Accountability Act',1),(695,117,'Electronic Medical Record ',NULL),(696,117,'Security ',NULL),(697,117,'HITECH',1),(698,117,'HHS',NULL),(699,118,'Medical record number',NULL),(700,118,'Telephone number',NULL),(701,118,'Fax number',NULL),(702,118,'Social security number',NULL),(703,118,'All of the above',1),(704,118,'a, b, d',NULL),(705,119,'True',NULL),(706,119,'False',1),(707,120,'Disciplinary action',NULL),(708,120,'Loss of access privileges',NULL),(709,120,'Fines and penalties',NULL),(710,120,'Imprisonment',NULL),(711,120,'All of the above',1),(712,121,'Yes, if he is an employee and you know him.',NULL),(713,121,'Yes, if your manager says that it’s okay.',NULL),(714,121,'No, sharing log-in IDs and passwords is a security violation.',1),(715,121,'a and b',NULL),(716,122,'I am only expected to complete the minimum requirements of my job.',NULL),(717,122,' A workforce member\'s access to PHI is limited to only what is needed to perform his/her responsibilities.',NULL),(718,122,'Requests for and disclosures of PHI are limited to what is needed to perform the task.',NULL),(719,122,'A medical center is no longer allowed to provide information about patients to the media under any circumstances.',NULL),(720,122,'b and c',1),(725,124,'Yes',NULL),(726,124,'No',1),(734,126,'Yes for example I may need to  communicate client information to my boss for shift change.',NULL),(735,126,'No, because the intended users phone could be lost or stolen and exposed to a third party.',1),(744,125,'Yes.  They can be used interchangeably.',NULL),(745,125,'No. Consents are used to get the patient\'s permission to use or disclose health information for treatment, payment or business operations. Authorizations are used to obtain permission to disclose PHI for activities outside the realm of treatment, payment or business operations.',1),(746,127,'State and local governments',NULL),(747,127,'Private employers',NULL),(748,127,'Employment agencies',NULL),(749,127,'Labor organizations',NULL),(750,127,'All of the above',1),(751,128,'No means of transportation',NULL),(752,128,'A criminal history',NULL),(753,128,'A physical or mental impairment that substantially limits one or more life activities',1),(754,128,'None of the above',NULL),(755,128,'All of the above',NULL),(756,129,'Sexual preference',NULL),(757,129,'Kleptomania',NULL),(758,129,'Illegal Drug use',NULL),(759,129,'All of the above',1),(764,131,'Changing a training manual',NULL),(765,131,'Letting employee sleep during work hours',NULL),(766,131,'Providing an interpreter',NULL),(767,131,'A and C',1),(768,130,'True',1),(769,130,'False',NULL),(770,132,'True',1),(771,132,'False',NULL),(772,133,'True',NULL),(773,133,'False',1),(774,134,'True',1),(775,134,'False',NULL),(776,135,'True',NULL),(777,135,'False',1),(778,136,'Walking',NULL),(779,136,'Breathing',NULL),(780,136,'Eating',NULL),(781,136,'Major bodily functions',NULL),(782,136,'All of the above',1),(831,146,'A public health problem, impacting large numbers of the population',1),(832,146,'A family problem, best dealt with within the family ',NULL),(833,146,'A reportable crime in Florida regardless of whether or not a weapon was used in the abuse',NULL),(834,146,'All of the above',NULL),(847,150,'Verbal abuse',NULL),(848,150,'Physical acting out',NULL),(849,150,'Difficulty getting along with others',1),(850,150,'All of the above',NULL),(851,151,'Forcing sexual acts',NULL),(852,151,'Isolating the victim',NULL),(853,151,'The abuser threatening suicide',NULL),(854,151,'All of the above',1),(855,152,'Drug or alcohol abuse',NULL),(856,152,'Intense jealousy',NULL),(857,152,'Welcoming of others into relationship',1),(858,152,'Will not allow a break-up of the relationship',NULL),(859,153,'Emotional insecurity and depression',1),(860,153,'Belief in the bonds of marriage and monogamy',NULL),(861,153,'Maturity and self-reliance',NULL),(862,153,'Strong ego and many friends',NULL),(867,154,'Withhold money',NULL),(868,154,'Intimidate',NULL),(869,154,'Use children to deliver messages',NULL),(870,154,'All of the above',1),(871,155,'Signs of a victim',NULL),(872,155,'Parts of the cycle of violence',NULL),(873,155,'Signs of an abuser',1),(874,155,'Signs of marital conflict',NULL),(891,160,'Intervening directly with the abuser',NULL),(892,160,'Acknowledging client barriers for seeking help',1),(893,160,'Filing police reports on behalf of the victim',NULL),(894,160,'None of the above',NULL),(903,163,'Increasing safety at home',NULL),(904,163,'Planning for emotional support',NULL),(905,163,'Immediate and long term safety',NULL),(906,163,'All of the above',1),(907,164,'That physicians, nurses and employees or hospitals, clinics, nursing homes and sanitariums must report treating any person sustaining a gunshot wound, or life threatening injury indicating an act of violence.',1),(908,164,'That physicians, nurses and employees or hospitals, clinics, nursing homes and sanitariums must report treating any person sustaining a broken arm, leg etc.',NULL),(909,164,'That physicians, nurses and employees or hospitals, clinics, nursing homes and sanitariums must report treating any person sustaining a fall',NULL),(910,164,'None of the above',NULL),(919,149,'Low self-esteem, low income and drug and alcohol abuse',NULL),(920,149,'Individual, societal, relational and community',1),(921,149,'Anger, passivity, Anti-social personality traits and Borderline personality traits',NULL),(922,149,'All of the above',NULL),(927,158,'Emotional discomfort',NULL),(928,158,'Blaming the victim',1),(929,158,'Cultural barriers',NULL),(930,158,'Uncooperative behavior by the victim',NULL),(931,159,'Accurate documentation and safe guarding evidence',1),(932,159,'Staying disconnected',NULL),(933,159,'Demand the criminal justice system get involved',NULL),(934,159,'All of the above',NULL),(939,161,'Helping victim create a safety plan',NULL),(940,161,'Give advice whether to leave or stay in abusive relationship',1),(941,161,'Validate victims experience',NULL),(942,161,'Respect confidentiality of victim',NULL),(943,165,'That the assessment was conducted and no Domestic Violence signs were indicated',NULL),(944,165,'That the assessment was conducted and the worker did not get an answer about DV from the patient',NULL),(945,165,'That the assessment was conducted and that the patient did not disclose abuse',1),(946,165,'None of the above',NULL),(947,156,'911—If you are in immediate danger',NULL),(948,156,'The National Domestic Violence Hotline at 1-800-799-SAFE (7233)',NULL),(949,156,'The National Sexual Assault Hotline at 1-800-656-4673',NULL),(950,156,'All of the above',1),(955,162,'800-799-7233',NULL),(956,162,'800-500-1119',1),(957,162,'800-656-4673',NULL),(958,162,'800-656-6767',NULL),(959,147,'Stalking, psychological violence; neglect and physical violence',NULL),(960,147,'Physical violence, sexual violence; stalking; and emotional violence',NULL),(961,147,'Physical violence; sexual violence; threats of physical and sexual violence; emotional and psychological violence',1),(962,147,'None of the above',NULL),(963,148,'Witnessing or experiencing violence as a child',NULL),(964,148,'Economic security',1),(965,148,'Weak community sanctions against Domestic Violence such as police being unwilling to intervene',NULL),(966,148,'Dominance and control by one partner in the relationship',NULL),(967,157,'9.2% to 30.5%',1),(968,157,'15%',NULL),(969,157,'24.3%',NULL),(970,157,'14.8%',NULL),(971,166,'a. The presence of two or more disorders at the same time',1),(972,166,'b. The presence of at least 2 mental health disorders',NULL),(973,166,'c. The presence of at least 2 substance related disorders',NULL),(974,166,'d. None of the above',NULL),(979,168,'a. Alcohol and drugs can increase underlying risk for mental disorders.',NULL),(980,168,'b. Alcohol or drugs are often used to self-medicate symptoms of depression or anxiety.',NULL),(981,168,'c. Psychiatric problems do not get worse by using drugs or alcohol.',1),(982,168,'d. Alcohol and drug abuse can make symptoms of a mental health problem worse.',NULL),(983,167,'a. Schizophrenia and Depression ',NULL),(984,167,'b. Bipolar Disorder and Anxiety Disorder',1),(985,167,'c. Depression and Fibromyalgia',NULL),(986,167,'d. Bipolar Disorder and Chronic Fatigue',NULL),(987,169,'a. Lying about one’s addiction',NULL),(988,169,'b. Denial frequently occurs in mental disorders',NULL),(989,169,'c. If the problem is not acknowledged, it doesn\'t exist.',NULL),(990,169,'d. All of the above',1),(991,170,'a. Feeling restless or jumpy',NULL),(992,170,'b. Trouble concentrating',NULL),(993,170,'c. Decreased need for sleep',NULL),(994,170,'d. A and B',1),(995,171,'a. Sequential model of treatment',NULL),(996,171,'b. Parallel model of treatment',NULL),(997,171,'c. Integrated model of treatment',1),(998,171,'d. All of the above',NULL),(999,172,'a. Abusing alcohol and/or other drugs',NULL),(1000,172,'b. A complex interplay of genetics, the environment, and other outside factors. ',1),(1001,172,'c. The environment',NULL),(1002,172,'d. Genetics',NULL),(1011,175,'a. Depression?',NULL),(1012,175,'b. Bipolar Disorder?',NULL),(1013,175,'c. Obsessive Compulsive Disorder?',1),(1014,175,'d. Social Anxiety Disorder? ',NULL),(1015,176,'a. Obsessive Compulsive Disorder?',NULL),(1016,176,'b. Anxiety Disorder?',NULL),(1017,176,'c. Mania phase in Bipolar Disorder?',1),(1018,176,'d. Depression?',NULL),(1019,177,'True',1),(1020,177,'False',NULL),(1021,178,'True',1),(1022,178,'False',NULL),(1023,179,'True',1),(1024,179,'False',NULL),(1025,180,'True',1),(1026,180,'False',NULL),(1042,184,'a. A counselor\'s beliefs',NULL),(1043,184,'b. A counselor\'s moral compass',NULL),(1044,184,'c. A counselor\'s values',NULL),(1045,184,'d. A counselor\'s daily routine',1),(1071,189,'a. Are not worth understanding',NULL),(1072,189,'b. Mean that a counselor must be able to make ethical decisions on the fly.',1),(1073,189,'c. Are unavoidable but largely irrelevant.',NULL),(1074,189,'d. Don\'t exist - there are standard responses to every problem.',NULL),(1075,189,'e. All of the above',NULL),(1076,190,'a. Confidentiality',1),(1077,190,'b. Issuance of a Certificate of Financial Responsibility',NULL),(1078,190,'c. Oral records only',NULL),(1079,190,'d. Current clients only',NULL),(1080,190,'e. All of the above',NULL),(1083,192,'a. Should be encouraged',NULL),(1084,192,'b. Can increase the risk of exploitation or misinterpretation',1),(1085,192,'c. Is rarely a problem',NULL),(1086,192,'d. Can keep the client-counselor relationship more interesting',NULL),(1087,192,'e. All of the above',NULL),(1088,193,'a. Administered by the counselor with minimal client input.',NULL),(1089,193,'b. Not a part of professional ethics.',NULL),(1090,193,'c. Helpful in allowing the client to understand the direction of their treatment.',1),(1091,193,'d. Just about signing paperwork',NULL),(1092,193,'e. All of the above',NULL),(1133,173,'a. Behaviors to prevent weight gain such as self-induced vomiting',NULL),(1134,173,'b. Frequent episodes of consuming very large amounts of food ',1),(1135,173,'c. Intense fear of weight gain',NULL),(1136,173,'d. All of the above',NULL),(1137,174,'a. Restricting food intake',NULL),(1138,174,'b. Frequent episodes of consuming  large amount of food followed by self-induced vomiting',1),(1139,174,'c. Extreme loss of weight',NULL),(1140,174,'d. All of the above',NULL),(1141,201,'Self-Harm is most common in early adolescence',NULL),(1142,201,'Self-Harm is most common in college age students',1),(1143,201,'Self-Harm is most common at the age of 20',NULL),(1144,201,'Self-Harm is most common at the age of 40',NULL),(1145,201,'Self-Harm is most common in early twenties.',NULL),(1146,202,'True    ',1),(1147,202,'False',NULL),(1148,203,'Suicide is highest in college students',NULL),(1149,203,'Suicide is highest in white males over 85',NULL),(1150,203,'Suicide is highest for people aged 10-24',NULL),(1151,203,'Suicide is highest for people aged 25-34',NULL),(1152,203,'Suicide is highest for people aged 45-64',1),(1153,204,'Unrelenting low mood',NULL),(1154,204,'Anxiety, psychic pain, inner tension',NULL),(1155,204,'Sleep problems',NULL),(1156,204,'Threatening suicide or expressing strong wish to die',NULL),(1157,204,'All of the above',1),(1158,205,'Ask directly about suicide, be specific in your inquiry',NULL),(1159,205,'Determine level of suicide risk; low, moderate or high',NULL),(1160,205,'Medications, what they are currently taking, what they have taken in the past and what did or did not work',NULL),(1161,205,'Prior attempts increase possibility of successful suicide',NULL),(1162,205,'All of the above',1),(1163,206,'Yes',1),(1164,206,'No',NULL),(1165,207,'Substance Abuse and Mental Health Disorders',1),(1166,207,'Self-Harm and Substance Abuse',NULL),(1167,207,'Eating Disorder and Mental Health Disorder',NULL),(1168,208,'Victims of Domestic Violence are 5 times more likely to commit suicide.',NULL),(1169,208,'Victims of Domestic Violence are 12 times more likely to commit suicide.',1),(1170,208,'Victims of Domestic Violence are 21 times more likely to commit suicide.',NULL),(1171,209,'10 times',NULL),(1172,209,'17 times',NULL),(1173,209,'42 times',NULL),(1174,209,'23 times',1),(1175,210,'Can’t get out of the depression',NULL),(1176,210,'Can’t think clearly',NULL),(1177,210,'Can’t stop the pain',NULL),(1178,210,'Can’t see themselves as worthwhile',NULL),(1179,210,'All of the above',1),(1180,211,'True',1),(1181,211,'False',NULL),(1182,212,'Cultural Tolerance',NULL),(1183,212,'Cultural Acculturation',NULL),(1184,212,'Cultural Competence',NULL),(1185,212,'Cultural Assimilation',1),(1186,213,'African American',NULL),(1187,213,'American Indian',NULL),(1188,213,'Asian American',NULL),(1189,213,'Caucasian',1),(1190,213,'Hispanic',NULL),(1191,214,'True',NULL),(1192,214,'False',1),(1193,215,'True',1),(1194,215,'False',NULL),(1195,181,'a. Fines under federal law',NULL),(1196,181,'b. Losing your job',NULL),(1197,181,'c. Prison time',NULL),(1198,181,'d. Legal issues',NULL),(1199,181,'e. All of the above',1),(1200,182,'a. Is our moral but not legal obligation',NULL),(1201,182,'b. Is our legal and moral obligation',1),(1202,182,'c. Is neither our legal nor moral obligation',NULL),(1203,182,'d. Is our legal but not moral obligation',NULL),(1204,182,'e. All of the above',NULL),(1205,183,'a. Keep functions separate based on location',NULL),(1206,183,'b. Understand your role as a counselor',NULL),(1207,183,'c. By having an honest conversation with the client about your relationship',NULL),(1208,183,'d. Stay wary of possible confidentiality breaches',NULL),(1209,183,'e. All of the above',1),(1210,185,'a. Basic requiring no knowledge of law and precedent',NULL),(1211,185,'b. Generally easy and apply to every client',NULL),(1212,185,'c. Nuanced making them often very difficult',1),(1213,185,'d. Cut and dried when following the law',NULL),(1214,185,'e. All of the above',NULL),(1220,186,'a. The counselor cannot make up their mind',NULL),(1221,186,'b. Counselors have more than one client',NULL),(1222,186,'c. Counselors have more than one relationship with the client',1),(1223,186,'d. The counselor is empathetic towards a client',NULL),(1224,186,'e. All of the above',NULL),(1225,187,'a. Are set by the client',NULL),(1226,187,'b. Don’t generally apply to counselors',NULL),(1227,187,'c. Were more important in the past',NULL),(1228,187,'d. Are an important part of counseling',1),(1229,187,'e. All of the above',NULL),(1230,188,'a. May require a counselor to sign an agreement to uphold certain standards.',NULL),(1231,188,'b. Are important',NULL),(1232,188,'c. Require counselor training, in most states',NULL),(1233,188,'d. Are generally self-regulated by the industry',NULL),(1234,188,'e. All of the above',1),(1235,191,'True',NULL),(1236,191,'False',1),(1242,200,'a. Clinical, moral, legal',NULL),(1243,200,'b. Legal, moral, ethical',1),(1244,200,'c. Ethical, moral, clinical',NULL),(1245,200,'d. Ethical, legal, clinical',NULL),(1246,200,'e. None of the above',NULL),(1247,199,'a. Areas a professional counselor is interested in working in',NULL),(1248,199,'b. All areas of clinical practice',NULL),(1249,199,'c. Actions that a member of the profession is trained and authorized to perform',1),(1250,199,'d. Clinical practice in areas where the counselor can receive clinical supervision',NULL),(1251,199,'e. None of the above',NULL),(1252,198,'a. Counselor and hair stylist',NULL),(1253,198,'b. Counselor to your best friends brother',NULL),(1254,198,'c. Counselor and supervisor',NULL),(1255,198,'d. Counselor and 12-step sponsor',NULL),(1256,198,'e. All of the above',1),(1257,197,'a. May make clinical mistakes',NULL),(1258,197,'b. May begin to burn out',NULL),(1259,197,'c. May cross professional boundaries',NULL),(1260,197,'d. May exploit the client',NULL),(1261,197,'e. All of the above',1),(1262,196,'a. A counselor sharing their personal feelings with their client',NULL),(1263,196,'b. A counselor experiencing an emotional connection beyond what is acceptable in the client-counselor relationship.',1),(1264,196,'c. A client focusing on their feelings for the counselor',NULL),(1265,196,'d. A counselor having a dual relationship with their client',NULL),(1266,196,'e. A client placing feelings about others from their lies onto the counselor',NULL),(1267,195,'a. A client placing feelings about others from their lives onto the counselor',1),(1268,195,'b. A client focusing on their feelings for the counselor',NULL),(1269,195,'c. A client transferring their feelings with the feelings of the counselor',NULL),(1270,195,'d. A client falling in love with the counselor',NULL),(1271,195,'e. All of the above',NULL),(1272,194,'a. Should never be done',NULL),(1273,194,'b. Should be done with every client',NULL),(1274,194,'c. Should be done when counselor has strong belief client will benefit',1),(1275,194,'d. Should be done when the client asks a personal questions',NULL),(1276,194,'e. All of the above',NULL),(1789,1142,'Making derogatory or sexually explicit comments',NULL),(1790,1142,'Displaying sexually suggestive posters',NULL),(1791,1142,'Making unwanted physical contact',NULL),(1792,1142,'All of the above',1),(1869,1141,'Welcomed, physical in nature, and occur in or impact the workplace',NULL),(1870,1141,'Unwelcome, sexual in nature, and occur in or impact the workplace.',1),(1871,1141,'Unwelcome, sexual in nature and occur in the workplace',NULL),(1872,1141,'Unwelcome, physical in nature and occur in the workplace',NULL),(1873,1143,'Rewards or threats in the areas of hiring/firing, promotion, and performance review',1),(1874,1143,'Behavior that makes the workplace uncomfortable ',NULL),(1875,1143,'Unwelcome suggestive, sexually explicit or obscene letters, notes, emails or invitations.',NULL),(1876,1143,'Sexually explicit offensive comments',NULL),(1877,1144,'Express yourself verbally',NULL),(1878,1144,'Tell the harasser the behavior is making you uncomfortable',NULL),(1879,1144,'Express yourself non verbally',NULL),(1880,1144,'If you are afraid of retaliation say nothing and go straight to HR',NULL),(1881,1144,'All of the above',1),(1882,1145,'Disagrees with employers that discriminate based on sex, gender, race, religion or any other protected class.',NULL),(1883,1145,'Files a discrimination charge',NULL),(1884,1145,'Offers testimony or partakes in an investigation or court proceeding',NULL),(1885,1145,'All of the above',1),(1886,1146,'True',1),(1887,1146,'False',NULL),(1888,1147,'True',1),(1889,1147,'False',NULL),(1890,1148,'True',1),(1891,1148,'False',NULL),(1892,1149,'True',1),(1893,1149,'False',NULL),(1894,1150,'True',1),(1895,1150,'False',NULL),(1896,1151,'True',NULL),(1897,1151,'False',1),(1898,1152,'True',NULL),(1899,1152,'False',1),(1900,1154,'Yes',1),(1901,1154,'No',NULL),(1902,1155,'Yes',NULL),(1903,1155,'No',1),(1904,1156,'Yes',1),(1905,1156,'No',NULL),(11840,591,'FS 387.219 (1)',NULL),(11841,591,'FS 456.222 (4)',NULL),(11842,591,'FS 397.419 (2)',1),(11843,591,'FS 298.419 (1)',NULL),(11844,592,'Organizations',NULL),(11845,592,'Supervisors',NULL),(11846,592,'Risk Managers',NULL),(11847,592,'All Staff',1),(11848,593,'Verification of corrective action',NULL),(11849,593,'Results of Root Cause Analyses',NULL),(11850,593,'Provision for reporting to the Department',NULL),(11851,593,'a and b',NULL),(11852,593,'a and c',1),(11853,702,'As soon as possible and no later than 48 hours',NULL),(11854,702,'As soon as possible and no later than 72 hours',NULL),(11855,702,'As soon as possible and no later than 24 hours',1),(11856,702,'As soon as possible',NULL),(11857,703,'Collaborate for accuracy of events witnessed',NULL),(11858,703,'Both sign the Incident Report Form',NULL),(11859,703,'Each file a separate Incident Report Form',1),(11860,703,'Jointly prepare one Incident Report Form',NULL),(11861,704,'True',NULL),(11862,704,'False',1),(11863,705,'Complete one Incident Report listing all clients involved in the incident',NULL),(11864,705,'Complete a separate Incident Report for each client involved',1),(11865,705,'Have client’s Primary Therapist complete an incident report',NULL),(11866,705,'None of the above',NULL),(11867,706,'Any area of the Incident Report Form not requiring a response specific to the incident must be marked as “N/A” (Not applicable).',NULL),(11868,706,'A copy of the IRF is always included in the client’s medical records on file. ',1),(11869,706,'All staff members of a service provider are required to document all unusual events that occur to either a patient and/or staff member on an Incident Report Form ',NULL),(11870,706,'Incident Report Forms are confidential reports ',NULL),(11871,707,'Enter concise subjective statements of fact',NULL),(11872,707,'Express their own opinion of the occurrence',NULL),(11873,707,'Enter concise objective statements of fact',1),(11874,707,'a and b',NULL),(11875,708,'Promptly report a critical incidence within 6 hours',NULL),(11876,708,'Promptly report a critical incident within 24 hours',NULL),(11877,708,'Promptly report a critical incident within one business day',1),(11878,708,'None of the above',NULL),(11879,709,'The Critical Incident Reporting System (CIRS)',NULL),(11880,709,'The Critical Incident Analyses System (CIAS)',NULL),(11881,709,'The Incident Analysis and Reporting System (IRAS)',NULL),(11882,709,'The Incident Reporting and Analysis System (IRAS)',1),(11883,710,'All Substance Abuse Providers licensed by the DCF',NULL),(11884,710,'Managing Entities',NULL),(11885,710,'State  mental health treatment facilities  ',NULL),(11886,710,'A and B',1),(11887,710,'A and C',NULL),(11888,711,'True',1),(11889,711,'False',NULL),(11890,712,'1994',NULL),(11891,712,'1998',NULL),(11892,712,'1996',1),(11893,712,'1997',NULL),(11894,713,'True',NULL),(11895,713,'False',1),(11896,137,'FS 387.219 (1)',NULL),(11897,137,'FS 456.222 (4)',NULL),(11898,137,'FS 397.419 (2)',1),(11899,137,'FS 298.419 (1)',NULL),(11900,138,'Organizations',NULL),(11901,138,'FS 456.222 (4)',NULL),(11902,138,'Supervisors',NULL),(11903,138,'Risk Managers',NULL),(11904,138,'All Staff',1),(11905,139,'Verification of corrective action',NULL),(11906,139,'Results of Root Cause Analyses',NULL),(11907,139,'Provision for reporting to the Department',NULL),(11908,139,'a and b',NULL),(11909,139,'a and c',1),(11910,140,'True',NULL),(11911,140,'False',1),(11916,141,'Any area of the Incident Report Form not requiring a response specific to the incident must be marked as “N/A” (Not applicable).',NULL),(11917,141,'Incident Report Forms are always included in the client’s medical records on file. ',1),(11918,141,'All staff members of a service provider are required to document all unusual events that occur to either a patient and/or staff member on an Incident Report Form ',NULL),(11919,141,'Incident Report Forms are confidential reports ',NULL),(11920,142,'Promptly report a critical incidence within 6 hours',NULL),(11921,142,'Promptly report a critical incident within 24 hours',NULL),(11922,142,'Promptly report a critical incident within one business day',1),(11923,142,'None of the above',NULL),(11924,143,'The Critical Incident Reporting System (CIRS)',NULL),(11925,143,'The Critical Incident Analyses System (CIAS)',NULL),(11926,143,'The Incident Analysis and Reporting System (IRAS)',NULL),(11927,143,'The Incident Reporting and Analysis System (IRAS). ',1),(11928,144,'True',NULL),(11929,144,'False',1),(11930,145,'Promptly report a critical incidence within 6 hours',NULL),(11931,145,'Promptly report a critical incident within 24 hours',NULL),(11932,145,'Promptly report a critical incident within one business day',1),(11933,145,'None of the above',NULL),(11934,1131,'To report it to your supervisor',NULL),(11935,1131,'To report it only if you believe it is an emergency',NULL),(11936,1131,'To report it to the Florida Abuse Hotline of Children and Families',1),(11937,1131,'You are only required to report it to the person’s insurance company',NULL),(11938,1132,'Abandonment',NULL),(11939,1132,'Abuse',NULL),(11940,1132,'Exploitation',NULL),(11941,1132,'Neglect',1),(11942,1133,'Law enforcement officer',NULL),(11943,1133,'Nurse in an assisted living facility',NULL),(11944,1133,'School teacher',NULL),(11945,1133,'All of the above',1),(11946,1134,'They are ashamed ',NULL),(11947,1134,'They feel no one will believe them',NULL),(11948,1134,'They are afraid someone may retaliate if they report them',NULL),(11949,1134,'All of the above',1),(11950,1135,'True',1),(11951,1135,'False',NULL),(11952,1136,'True',NULL),(11953,1136,'False',1),(11954,1137,'Unauthorized taking of personal assets',NULL),(11955,1137,'Sale of the vulnerable adults home without their authorization',NULL),(11956,1137,'Caregiver failing to provide appropriate food to vulnerable adult',NULL),(11957,1137,'A and B',1),(11958,1137,'B and C',NULL),(11959,1138,'Exploitation',NULL),(11960,1138,'Abuse',1),(11961,1138,'Neglect',NULL),(11962,1138,'All of the above',NULL),(11963,1139,'Section 415.1034',NULL),(11964,1139,'Chapter 40, F.S.',NULL),(11965,1139,'Chapter 39, F.S.',1),(11966,1139,'Section 48 F.S.',NULL),(11967,1140,'800-222-2873',NULL),(11968,1140,'800-962-2873',1),(11969,1140,'800-914-0004',NULL),(11970,1140,'800-453-5145',NULL),(12060,1157,'True',NULL),(12061,1157,'False',1),(12062,1158,'Where clinical professionals, in this case in the addiction industry, have multiple relationship roles with their clients',1),(12063,1158,'An unaviodable part of doing business in the addiction treatment industry',NULL),(12064,1158,'A multiple role relationship that is generally suitable for the therapist-client relationship',NULL),(12065,1158,'All of the above',NULL),(12066,1159,'To punish addiction treatment centers that misuse personal information',NULL),(12067,1159,'To define the the proper use of an individual\'s health records',1),(12068,1159,'To secure a person\'s private financial information',NULL),(12069,1159,'To give authorization for treatment center employees to use private information',NULL),(12070,1160,'Health Information Portability Protection Act',NULL),(12071,1160,'Human Interest Protection  Act',NULL),(12072,1160,'Health Insurance Portability and Accountability Act',1),(12073,1160,'None of the above',NULL),(12074,1161,'True',NULL),(12075,1161,'False',1),(12076,1162,'A fraudulent accounting scheme',NULL),(12077,1162,'The legal definition of self-inflicted bodily harm',NULL),(12078,1162,'The requirement for an arrested person to be brought into court or before a judge',1),(12079,1162,'None of the above',NULL),(12080,1163,'The clinician is the professional',1),(12081,1163,'Proper boundaries cannot be defined therefore this is a moot point',NULL),(12082,1163,'The clients understand proper boundaries and are able to defend themselves against violations',NULL),(12083,1163,'The counselor must report to their supervisor',NULL),(12084,1164,'True',1),(12085,1164,'False',NULL),(12086,1165,'Quid Pro Quo',NULL),(12087,1165,'Dual Relationship',1),(12088,1165,'Professional Business',NULL),(12089,1165,'None of the Above',NULL),(12090,1166,'When parents ask',NULL),(12091,1166,'Client information can never be disclosed without written consent',NULL),(12092,1166,'On a need to know basis within the facility',1),(12093,1166,'None of the Above',NULL),(12094,1167,'Crossed Legs',NULL),(12095,1167,'Slouching',NULL),(12096,1167,'Eye contact',NULL),(12097,1167,'Standing Tall',1),(12098,1168,'True',NULL),(12099,1168,'False',1),(12100,1169,'A long marriage',NULL),(12101,1169,'Stress',1),(12102,1169,'A high degree of social interaction',NULL),(12103,1169,'Regular exercise ',NULL),(12104,1170,'Perception and prejudice',NULL),(12105,1170,'Noise',NULL),(12106,1170,'Language',NULL),(12107,1170,'All of the above',1),(12108,1171,'Common depression',NULL),(12109,1171,'Bipolar disorder doesn\'t fall under the DSMIV-TR purview',NULL),(12110,1171,'Significant mood changes that last for weeks or months',1),(12111,1171,'Mood changes that last for 48 hours or less',NULL),(12112,1172,'True',NULL),(12113,1172,'False',1),(12114,1173,'Use',NULL),(12115,1173,'Misuse',NULL),(12116,1173,'Addiction',NULL),(12117,1173,'Abuse',1),(12118,1174,'A good idea to use as proof',NULL),(12119,1174,'A bad idea unless needed for an important purpose.',1),(12120,1174,'Not a problem if the copies are lost',NULL),(12121,1174,'Something that should never be done',NULL),(12122,1175,'It helps determine the exposure risk of staff members',1),(12123,1175,'It eliminates the possibility of infection',NULL),(12124,1175,'A and B',NULL),(12125,1175,'None of the above',NULL),(12126,1176,'Common cold',NULL),(12127,1176,'HIV',NULL),(12128,1176,'Pinkeye',NULL),(12129,1176,'A & C',1),(12130,1176,'A & B',NULL),(12131,1177,'A hospital',NULL),(12132,1177,'A detox',NULL),(12133,1177,'An ARF',NULL),(12134,1177,'All of the above',1),(12137,1178,'True',NULL),(12138,1178,'False',1),(12139,1179,'True',NULL),(12140,1179,'False',1),(12141,1180,'True',NULL),(12142,1180,'False',1),(12145,1181,'True',1),(12146,1181,'False',NULL),(12147,1182,'True',NULL),(12148,1182,'False',1),(13402,1183,'True',1),(13403,1183,'False',NULL),(13404,1184,'Dependence',NULL),(13405,1184,'Addiction',NULL),(13406,1184,'Resistance',NULL),(13407,1184,'Tolerance',1),(13408,1185,'True',NULL),(13409,1185,'False',1),(13410,1186,'True',1),(13411,1186,'False',NULL),(13412,1187,'True',NULL),(13413,1187,'False',1),(13414,1188,'True',NULL),(13415,1188,'False',1),(13418,1189,'True',1),(13419,1189,'False',NULL),(13420,1190,'True',NULL),(13421,1190,'False',1),(13422,1191,'True',NULL),(13423,1191,'False',1),(13424,1192,'True',NULL),(13425,1192,'False',1),(13426,1193,'True',1),(13427,1193,'False',NULL),(13428,1194,'True',1),(13429,1194,'False',NULL),(13430,1195,'True',NULL),(13431,1195,'False',1),(13432,1196,'True',1),(13433,1196,'False',NULL),(13434,1197,'When a client admits to their disease',NULL),(13435,1197,'Waived when a client enters rehab',NULL),(13436,1197,'When a client informs the counselor of their problem',NULL),(13437,1197,'When a client understands and can help decide on their treatment',1),(13438,1198,'You have the client’s written consent',NULL),(13439,1198,'You have a court order',NULL),(13440,1198,'The Client is a threat to themselves or others',NULL),(13441,1198,'Their spouse asks for it',NULL),(13442,1198,'A, B and C',1),(13443,1198,'A, B and D',NULL),(13444,1199,'It is therapeutic to the counselor',NULL),(13445,1199,'It can help the client in their treatment',1),(13446,1199,'There is not much to talk about in treatment',NULL),(13447,1199,'At all times',NULL),(13448,1200,'A potentially helpful sub-set of clinical professionals',NULL),(13449,1200,'An un-objective sub-set of clinical professionals',NULL),(13450,1200,'A potentially empathetic course of treatment',NULL),(13451,1200,'A moral breach of duty',NULL),(13452,1200,'Both A and C',1),(13453,1201,'Risk of relapse due to client problems and issues',1),(13454,1201,'They often deviate from the prescribed treatment plan',NULL),(13455,1201,'They over-share, causing ethical dilemma',NULL),(13456,1201,'They do not need additional supervision',NULL),(13457,1202,'Experiential treatment protocols',NULL),(13458,1202,'Additional counseling sessions',NULL),(13459,1202,'Giving or receiving gifts',1),(13460,1202,'Separate and distinct social lives',NULL),(13461,1203,'When you bump into your client on the street',NULL),(13462,1203,'When you client serves you at a retail store',NULL),(13463,1203,'When your client returns for additional treatment',NULL),(13464,1203,'Being friends outside of treatment',1),(13465,1204,'Contracts',NULL),(13466,1204,'Government law',1),(13467,1204,'Case law precedents',NULL),(13468,1204,'Common sense',NULL),(13469,1205,'Habeas Corpus',NULL),(13470,1205,'Client’s right to wean off drugs rather than go cold-turkey in treatment',1),(13471,1205,'Confidentiality',NULL),(13472,1205,'Quality service',NULL),(13473,1206,'By asking other counselors of that culture',NULL),(13474,1206,'By doing research',NULL),(13475,1206,'By asking questions and being open to the answers',NULL),(13476,1206,'All of the above',1),(13477,1207,'American Development Act',NULL),(13478,1207,'American Disability Association',NULL),(13479,1207,'Americans with Disabilities Act',1),(13480,1207,'American Dental Association',NULL),(13481,1208,'Have no place in the treatment setting',NULL),(13482,1208,'Hinder the treatment process',NULL),(13483,1208,'Are an ethical breach of fiduciary duty',NULL),(13484,1208,'Require understanding on the part of the counselor to tailor a treatment plan',1),(13485,1209,'Right',NULL),(13486,1209,'Worst nightmare',NULL),(13487,1209,'Professional responsibility',1),(13488,1209,'Primary duty',NULL),(13493,1210,'True',1),(13494,1210,'False',NULL),(13495,1211,'True',NULL),(13496,1211,'False',1),(13497,1212,'True',1),(13498,1212,'False',NULL),(13499,1213,'True',NULL),(13500,1213,'False',1),(13501,1214,'True',1),(13502,1214,'False',NULL),(13503,1215,'True',NULL),(13504,1215,'False',1),(13505,1216,'True',NULL),(13506,1216,'False',1),(13507,1217,'True',1),(13508,1217,'False',NULL),(13509,1218,'True',NULL),(13510,1218,'False',1),(13513,1219,'True',NULL),(13514,1219,'False',1),(13515,1220,'Recognize the crisis',NULL),(13516,1220,'Implement an immediate action plan',NULL),(13517,1220,'Enhance treatment using crisis events',NULL),(13518,1220,'All of the above',1),(13519,1221,'Verbal and physical confrontation',1),(13520,1221,'Ask questions about violence at admission',NULL),(13521,1221,'Deescalate aggressive actions',NULL),(13522,1221,'Non-physical strategies',NULL),(13538,1222,'32 million Americans each year',NULL),(13539,1222,'All age groups',NULL),(13540,1222,'Both men and women',NULL),(13541,1222,'All cultures',NULL),(13542,1222,'All of the above',1),(13543,1223,'Increased 10%',NULL),(13544,1223,'Increased 50%',NULL),(13545,1223,'Decreased 50%',1),(13546,1223,'Decreased 10%',NULL),(13547,1224,'Underreported',NULL),(13548,1224,'The most common form of domestic violence',NULL),(13549,1224,'Often an emergency situation',NULL),(13550,1224,'All of the above',1),(13551,1224,'None of the above',NULL),(13552,1225,'Sobriety',1),(13553,1225,'Drug use',NULL),(13554,1225,'High risk sexual behavior',NULL),(13555,1225,'Low education levels',NULL),(13556,1225,'Unemployment',NULL),(13557,1226,'Chronic pain',NULL),(13558,1226,'Unexplained injuries',NULL),(13559,1226,'Social isolation',NULL),(13560,1226,'Depression',NULL),(13561,1226,'All the above',1),(13562,1227,'Contact',NULL),(13563,1227,'Droplet',NULL),(13564,1227,'Thought',1),(13565,1227,'Airborne',NULL),(13566,1227,'None of these',NULL),(13572,1228,'30%',NULL),(13573,1228,'60%',1),(13574,1228,'90%',NULL),(13575,1228,'85%',NULL),(13576,1228,'None of these',NULL),(13582,1229,'Single sexual partner',NULL),(13583,1229,'Blood transfusion before 2008',NULL),(13584,1229,'IV drug use',1),(13585,1229,'A and C',NULL),(13586,1229,'A and B',NULL),(13591,1230,'True',1),(13592,1230,'False',NULL),(13593,1231,'True',NULL),(13594,1231,'False',1),(13595,1232,'True',1),(13596,1232,'False',NULL),(13597,1233,'True',1),(13598,1233,'False',NULL),(13601,1234,'True',NULL),(13602,1234,'False',1),(13603,1235,'True',1),(13604,1235,'False',NULL),(13607,1236,'True',NULL),(13608,1236,'False',1),(13609,1237,'True',1),(13610,1237,'False',NULL),(13611,1238,'True',NULL),(13612,1238,'False',1),(13613,1239,'True',1),(13614,1239,'False',NULL),(13615,1240,'Identifying risks',NULL),(13616,1240,'Identifying protective factors',NULL),(13617,1240,'Intervening early in transitional stages',NULL),(13618,1240,'Effectively managing prevention programs',NULL),(13619,1240,'All the above',1),(13620,1241,'Clients',NULL),(13621,1241,'Treatment centers',NULL),(13622,1241,'Jails and prisons',NULL),(13623,1241,'States and communities',1),(13624,1242,'Is a treatment improvement protocol used by most modern treatment centers',NULL),(13625,1242,'Identifies a list of positive traits that if present from 3-18 years of age should avoid detrimental behavior',1),(13626,1242,'Was proven ineffective in a 1990 controlled study on effectiveness of addiction treatment',NULL),(13627,1242,'Works for both adults and adolescents',NULL),(13628,1243,'Helping someone avoid bad behavior',1),(13629,1243,'Discouraging overly positive behaviors',NULL),(13630,1243,'Encouraging destructive behavior to make a point',NULL),(13631,1243,'Redirecting bad behavior towards those we don’t like, or deserve it',NULL),(13632,1244,'Over-embellishment to ensure a complete understanding',NULL),(13633,1244,'Use of negative language where appropriate to show your true feelings',NULL),(13634,1244,'Subjective comments to add context',NULL),(13635,1244,'Simplicity and conciseness of descriptions and terminology',1),(13636,1245,'Remain at the counselors residence during off hours',NULL),(13637,1245,'Should be kept for 1 year then can be discarded',NULL),(13638,1245,'Must be out of site of unauthorized personnel',1),(13639,1245,'Are an unnecessary waste of time and paper',NULL),(13640,1246,'The state government',NULL),(13641,1246,'Title 42 CFR',1),(13642,1246,'Title 50 CFR HIPAA',NULL),(13643,1246,'The IRS',NULL),(13644,1247,'A trail of actions',NULL),(13645,1247,'A trail of inaction',NULL),(13646,1247,'A primary means communication between counselors and facility',NULL),(13647,1247,'Describing a counselor’s self-disclosure policy',1),(13648,1248,'True',1),(13649,1248,'False',NULL),(13650,1249,'True',NULL),(13651,1249,'False',1),(13652,1250,'True',1),(13653,1250,'False',NULL),(13654,1251,'True',1),(13655,1251,'False',NULL),(13656,1252,'True',NULL),(13657,1252,'False',1),(13664,1253,'True',1),(13665,1253,'False',NULL),(13666,1254,'True',1),(13667,1254,'False',NULL),(13668,1255,'True',NULL),(13669,1255,'False',1),(13670,1256,'True',NULL),(13671,1256,'False',1),(13672,1257,'Only applicable to co-occurring disorders',NULL),(13673,1257,'A one-time event',NULL),(13674,1257,'An ongoing process facilitated by clinicians',1),(13675,1257,'A solo activity but necessary for recovery',NULL),(13676,1258,'Repairing relationships with loved ones, one at a time',1),(13677,1258,'Having only one drink next week',NULL),(13678,1258,'Losing all excess weight in 2 months',NULL),(13679,1258,'Getting a great, high paying job in another city',NULL),(13680,1259,'Discuss medication changes with their doctors',NULL),(13681,1259,'Ask questions of their medical team',NULL),(13682,1259,'Stop abruptly',1),(13683,1259,'Discuss effects – positive and negative – with their medical team',NULL),(13684,1260,'Avoiding addiction treatment work altogether',NULL),(13685,1260,'Avoiding job fairs as they offer lower paying jobs',NULL),(13686,1260,'Looking for a job for which they have no skills, but will learn over time',NULL),(13687,1260,'Looking for a job in addiction treatment',1),(13693,1261,'Better relationships and improved thinking patterns',1),(13694,1261,'More stress',NULL),(13695,1261,'Relapse',NULL),(13696,1261,'Looking for a job in addiction treatment',NULL),(13697,1261,'Medical problems including heart disease',NULL),(13698,1262,'Treatment programs based in the Southeastern US',NULL),(13699,1262,'Largely avoided by competent clinicians',NULL),(13700,1262,'Often effective for a wide range of recovering addicts, especially alcoholics',1),(13701,1262,'Programs that should be started before treatment',NULL),(13706,1263,'Achieve sobriety',NULL),(13707,1263,'Giving those in recovery the ability to manage an occasional drink without relapse',1),(13708,1263,'Increase quality of life',NULL),(13709,1263,'Promote new and better behaviors',NULL),(13710,1264,'Free HIV testing of all patients over age 13.',NULL),(13711,1264,'Developing a vaccine to prevent HIV infection.',NULL),(13712,1264,'Compulsory HIV testing of all patients in emergency departments.',NULL),(13713,1264,'Reducing the rate of new infections.',1),(13714,1265,'Women and children, seniors, and transgender persons',NULL),(13715,1265,'Men who have sex with men, women who have sex with women, prisoners',NULL),(13716,1265,'Men who have sex with men, injecting-drug users, and men who have sex with men and also use injection drugs',1),(13717,1265,'Women who have sex with women, homeless people, and seniors',NULL),(13718,1266,'Casual contact with an infected client',NULL),(13719,1266,'Used needles and syringes',1),(13720,1266,'Blood collected for transfusion',NULL),(13721,1266,'A public toilet seat',NULL),(13726,1267,'Correct use of latex condoms',NULL),(13727,1267,'Abstaining from sexual contact',NULL),(13728,1267,'The use of barriers such as dental dams during oral sex',1),(13729,1267,'Knowing one\'s own and one\'s partner\'s HIV status',NULL),(13730,1268,'Phone the National Clinicians\' Post-Exposure Prophylaxis Hotline (PEPline).',NULL),(13731,1268,'Take a disability leave until infection has been ruled out.',NULL),(13732,1268,'Remove and properly dispose of exposed clothing.',NULL),(13733,1268,'Wash the affected area with soap and water and report the incident.',1),(13734,1280,'Has been replaced by other more structured therapies',NULL),(13735,1280,'Was developed by the US Department of HHS',NULL),(13736,1280,'Has a 32% failure rate',NULL),(13737,1280,'Is a recovery and relapse prevention system',1),(13738,1281,'Recovery being easy, but complicated by the human mind',NULL),(13739,1281,'Recovery being a long-term process',1),(13740,1281,'Partial abstinence leading to complete abstinence',NULL),(13741,1281,'Chaos leading to sobriety',NULL),(13742,1282,'one to three years',NULL),(13743,1282,'ten to twenty years',NULL),(13744,1282,'eight to twelve years',NULL),(13745,1282,'three to fifteen years',1),(13746,1283,'Degrade the neurotransmitters',NULL),(13747,1283,'Are any medication that affects the mind, emotions and behavior',1),(13748,1283,'Increase receptor site sensitivity',NULL),(13749,1283,'Do not cross the blood-brain barrier',NULL),(13750,1284,'Parietal',NULL),(13751,1284,'Temporal',NULL),(13752,1284,'Frontal',1),(13753,1284,'Occipital',NULL),(13754,1285,'1950s',NULL),(13755,1285,'1960s',NULL),(13756,1285,'1970s',1),(13757,1285,'2000s',NULL),(13758,1286,'Better understand the client',NULL),(13759,1286,'Signal a state of mind',NULL),(13760,1286,'Help clients clarify thoughts',NULL),(13761,1286,'A and C',1),(13762,1286,'A and B',NULL),(13763,1287,'Elevated',NULL),(13764,1287,'Euphoric',NULL),(13765,1287,'Dysphoric',NULL),(13766,1287,'Happy',1),(13767,1288,'Restricted',NULL),(13768,1288,'Reserved',1),(13769,1288,'Blunted',NULL),(13770,1288,'Flat',NULL),(13771,1269,'True',NULL),(13772,1269,'False',1),(13773,1270,'True',NULL),(13774,1270,'False',1),(13775,1271,'True',NULL),(13776,1271,'False',1),(13777,1272,'True',NULL),(13778,1272,'False',1),(13779,1273,'True',NULL),(13780,1273,'False',1),(13781,1274,'True',1),(13782,1274,'False',NULL),(13783,1275,'True',1),(13784,1275,'False',NULL),(13785,1276,'True',1),(13786,1276,'False',NULL),(13787,1277,'True',1),(13788,1277,'False',NULL),(13789,1278,'True',1),(13790,1278,'False',NULL),(13791,1279,'Drug Availability',NULL),(13792,1279,'Early aggressive behavior',1),(13793,1279,'Poverty',NULL),(13794,1279,'None of these',NULL),(13795,1289,'Fines under federal law',NULL),(13796,1289,'Losing your job',NULL),(13797,1289,'Prison time',NULL),(13798,1289,'Legal issues',NULL),(13799,1289,'All of the above',1),(13800,1290,'Is our moral but not legal obligation',NULL),(13801,1290,'Is our legal and moral obligation',1),(13802,1290,'Is neither our legal nor moral obligation',NULL),(13803,1290,'All of the above',NULL),(13804,1291,'Basic, requiring no knowledge of law and precedent',NULL),(13805,1291,'Generally easy and apply to every client',NULL),(13806,1291,'Nuanced, making them often very difficult',1),(13807,1291,'Cut and dried when following the law',NULL),(13808,1291,'All of the above',NULL),(13809,1292,'Counselors have more than one relationship with the client',1),(13810,1292,'The counselor cannot make up their mind',NULL),(13811,1292,'Counselors have more than one client',NULL),(13812,1292,'The counselor is empathetic towards a client',NULL),(13813,1292,'All of the above',NULL),(13814,1293,'Are set by the client',NULL),(13815,1293,'Don\'t generally apply to counselors',NULL),(13816,1293,'Were more important in the past',NULL),(13817,1293,'Are an important part of counseling',1),(13818,1293,'All of the above',NULL),(13819,1294,'May require a counselor to sign an agreement to uphold certain standards',NULL),(13820,1294,'Are important',NULL),(13821,1294,'Require counselor training, in most states',NULL),(13822,1294,'Are generally self-regulated by the industry',NULL),(13823,1294,'All of the above',1),(13824,1295,'Are not worth understanding',NULL),(13825,1295,'Mean that a counselor must be able to make ethical decisions on the fly',1),(13826,1295,'Are unavoidable but largely irrelevant',NULL),(13827,1295,'Don\'t exist - there are standard responses to every problem',NULL),(13828,1295,'All of the above',NULL),(13829,1296,'Confidentiality',1),(13830,1296,'Issuance of a Certificate of Financial Responsibility',NULL),(13831,1296,'Oral records only',NULL),(13832,1296,'Current clients only',NULL),(13833,1296,'All of the above',NULL),(13834,1297,'Should be encouraged',NULL),(13835,1297,'Is rarely a problem',NULL),(13836,1297,'Can keep the client-counselor relationship more interesting',NULL),(13837,1297,'Can increase the risk of exploitation or misinterpretation',1),(13838,1297,'All of the above',NULL),(13839,1298,'Administered by the counselor with minimal client input.',NULL),(13840,1298,'Not a part of professional ethics',NULL),(13841,1298,'Helpful in allowing the client to understand the direction of their treatment',1),(13842,1298,'Just about signing paperwork',NULL),(13843,1298,'All of the above',NULL),(13844,1299,'Should never be done',NULL),(13845,1299,'Should be done with every client',NULL),(13846,1299,'Should be done when the client asks a personal question',NULL),(13847,1299,'Should be done when counselor has strong belief client will benefit',1),(13848,1299,'All of the above',NULL),(13849,1300,'A client placing feelings about others from their lives onto the counselor',1),(13850,1300,'A client focusing on their feelings for the counselor',NULL),(13851,1300,'A client transferring their feelings with the feelings of the counselor',NULL),(13852,1300,'A client falling in love with the counselor',NULL),(13853,1300,'All of the above',NULL),(13854,1301,'A counselor sharing their personal feelings with their client',NULL),(13855,1301,'A counselor experiencing an emotional connection beyond what is acceptable in the client-counselor relationship',1),(13856,1301,'A client focusing on their feelings for the counselor',NULL),(13857,1301,'A counselor having a dual relationship with their client',NULL),(13858,1301,'A client placing feelings about others from their lies onto the counselor',NULL),(13859,1302,'Counselor and hair stylist',NULL),(13860,1302,'Counselor to your best friend\'s brother',NULL),(13861,1302,'Counselor and supervisor',NULL),(13862,1302,'Counselor and 12-step sponsor',NULL),(13863,1302,'All of the above',1),(13864,1303,'Clinical, moral, legal',NULL),(13865,1303,'Ethical, moral, clinical',NULL),(13866,1303,'Legal, moral, ethical',1),(13867,1303,'Ethical, legal, clinical',NULL),(13868,1303,'None of the above',NULL),(13869,1304,'such views influence the definition of dependency.',NULL),(13870,1304,'such views influence the treatment outcome.',NULL),(13871,1304,'such views influence the likelihood of long-term sobriety.',NULL),(13872,1304,'All of the above are true.',1),(13873,1304,'None of the above are true.',NULL),(13874,1305,'withdrawing from cocaine',NULL),(13875,1305,'mixing cocaine with heroin',NULL),(13876,1305,'sterilizing a needle prior to injection',NULL),(13877,1305,'snorting cocaine',NULL),(13878,1305,'smoking cocaine that has been processed',1),(13879,1306,'have fun',NULL),(13880,1306,'work longer and harder',NULL),(13881,1306,'cope with stress',NULL),(13882,1306,'all of the above',1),(13883,1306,'none of the above',NULL),(13884,1307,'become increasingly aware of feelings that are now disinhibited by the drug',1),(13885,1307,'loses touch with negative emotions',NULL),(13886,1307,'is out of touch with feelings only when he/she is drinking or using',NULL),(13887,1307,'is overwhelmed by an upsurge of emotions',NULL),(13888,1307,'progressively loses touch with his/her emotional life',NULL),(13889,1308,'drug misuse',NULL),(13890,1308,'drug abuse',NULL),(13891,1308,'drug therapy',NULL),(13892,1308,'drug use',1),(13893,1308,'drug dependence',NULL),(13894,1309,'taking prescribed medicines under a doctors care',NULL),(13895,1309,'combining alcohol with other depressant drugs',1),(13896,1309,'using small amounts of alcohol to aid sleep',NULL),(13897,1309,'all of the above',NULL),(13898,1309,'none of the above',NULL),(13899,1310,'kill pain',NULL),(13900,1310,'depress the central nervous system',NULL),(13901,1310,'induce sleep',NULL),(13902,1310,'all of the above',1),(13903,1310,'none of the above',NULL),(13904,1311,'alcohol',1),(13905,1311,'tobacco',NULL),(13906,1311,'marijuana',NULL),(13907,1311,'cocaine',NULL),(13908,1311,'heroin',NULL),(13909,1312,'episodic',NULL),(13910,1312,'acute',NULL),(13911,1312,'chronic',1),(13912,1312,'factitious',NULL),(13913,1312,'responsive',NULL),(13914,1313,'Meperidine',NULL),(13915,1313,'Demerol',NULL),(13916,1313,'Darvon',NULL),(13917,1313,'Methadone',1),(13918,1313,'None of the above',NULL),(13919,1314,'Ulcers',NULL),(13920,1314,'High blood pressure',NULL),(13921,1314,'Sleep disorders',NULL),(13922,1314,'All of the above are true',1),(13923,1314,'None of the above are true',NULL),(13924,1315,'alcoholic hepatitis',NULL),(13925,1315,'hypoglycemia',NULL),(13926,1315,'cirrhosis of the liver',1),(13927,1315,'Wernicke\'s Syndrome',NULL),(13928,1315,'Cardiomyopathy',NULL),(13929,1316,'frequent attendance at AA meetings',NULL),(13930,1316,'over confidence in sobriety skills',1),(13931,1316,'working the 12 steps too quickly',NULL),(13932,1316,'increased sexual activities',NULL),(13933,1316,'interpersonal difficulties',NULL),(13934,1317,'developing a therapeutic relationship for sobriety and maintenance.',NULL),(13935,1317,'changing expectations regarding the effects of intervention.',NULL),(13936,1317,'identifying high-risk situations and learning alternative coping skills.',1),(13937,1317,'discussing aspects of evaluation and treatment.',NULL),(13938,1318,'detoxification and stabilization',NULL),(13939,1318,'psychological evaluation and treatment',NULL),(13940,1318,'integration into a self-help recovery program',NULL),(13941,1318,'a comprehensive continuum of services',1),(13942,1319,'malnutrition can occur in drinkers who eat well-balanced diets.',NULL),(13943,1319,'stimulation of the brain\'s frontal lobe can occur.',1),(13944,1319,'the second stage of liver deterioration can be reversed.',NULL),(13945,1319,'a vitamin B6 deficiency can occur.',NULL),(13946,1320,'Desire to cut down',NULL),(13947,1320,'Withdrawal',NULL),(13948,1320,'Compulsive lying',1),(13949,1320,'Limited control',NULL),(13950,1320,'Tolerance',NULL),(13951,1321,'Pharmacists',NULL),(13952,1321,'Drug dealers',NULL),(13953,1321,'Opium dealers',NULL),(13954,1321,'Crop growers',NULL),(13955,1321,'Doctors',1),(13956,1322,'Cocaine',NULL),(13957,1322,'Marijuana',1),(13958,1322,'Heroin',NULL),(13959,1322,'Methamphetamine',NULL),(13960,1322,'LSD',NULL),(13961,1323,'10',1),(13962,1323,'7',NULL),(13963,1323,'11',NULL),(13964,1323,'15',NULL),(13965,1323,'5',NULL),(13966,1324,'True',1),(13967,1324,'False',NULL),(13968,1325,'Speed of action',NULL),(13969,1325,'How high you get',NULL),(13970,1325,'How long the high lasts',NULL),(13971,1325,'A & C',1),(13972,1325,'A, B & C',NULL),(13973,1326,'Prefrontal cortex',1),(13974,1326,'Temporal lobe',NULL),(13975,1326,'Occipital lobe',NULL),(13976,1326,'Frontal lobe',NULL),(13977,1326,'All of the above',NULL),(13978,1327,'Amygdala',NULL),(13979,1327,'Hippocampus',NULL),(13980,1327,'Cerebral Cortex',NULL),(13981,1327,'Accumbens',NULL),(13982,1327,'Hypothalmus',1),(13983,1328,'Behavior modification',NULL),(13984,1328,'Abstinence',NULL),(13985,1328,'New coping skills',NULL),(13986,1328,'A, B & C',1),(13987,1328,'Addiction cannot be reversed',NULL),(13988,1329,'True',NULL),(13989,1329,'False',1),(13990,1330,'Marijuana',NULL),(13991,1330,'Heroin',NULL),(13992,1330,'Xanax',1),(13993,1330,'Alcohol',NULL),(13994,1330,'All of the above',NULL),(13995,1331,'Mental disorders',NULL),(13996,1331,'Early use',NULL),(13997,1331,'Method of administration',NULL),(13998,1331,'Genetic predisposition',NULL),(13999,1331,'All of the above',1),(14000,1332,'The prefrontal cortex is still developing',1),(14001,1332,'The cerebral cortex is still developing',NULL),(14002,1332,'The hypothalamus is still developing',NULL),(14003,1332,'The amygdala is still developing',NULL),(14004,1332,'All of the above',NULL),(14005,1333,'Drug abuse',NULL),(14006,1333,'Heroin addiction',NULL),(14007,1333,'Alcohol abuse',1),(14008,1333,'Cocaine addiction',NULL),(14009,1333,'A & C',NULL),(14010,1334,'True',1),(14011,1334,'False',NULL),(14012,1335,'There is no difference',NULL),(14013,1335,'Addiction is the inability to stop using  - physical dependence is demonstrated by tolerance and withdrawal potential',1),(14014,1335,'Addiction is the inability to stop using – physical dependence is demonstrated by relapse',NULL),(14015,1335,'Addiction has relapse as a hallmark – physical dependence is demonstrated by the abuse of multiple drugs and alcohol',NULL),(14016,1335,'A, B,C & D',NULL),(14017,1336,'Marijuana and alcohol',NULL),(14018,1336,'Prescription drugs and alcohol',NULL),(14019,1336,'Alcohol and tobacco',1),(14020,1336,'Tobacco and cocaine',NULL),(14021,1336,'Prescription drugs and tobacco',NULL),(14022,1337,'Parents with a drinking problem',NULL),(14023,1337,'Older siblings who drink a lot',NULL),(14024,1337,'The presence of co-occuring disorders',NULL),(14025,1337,'High level of involvement in sports',1),(14026,1338,'Detox and treatment',NULL),(14027,1338,'Biology, behavior, and social context',1),(14028,1338,'Psychiatric history and treatment',NULL),(14029,1338,'Behavior modification and abstinence',NULL),(14030,1338,'All of the above',NULL),(14031,1339,'Isolation',NULL),(14032,1339,'Negative thinking',NULL),(14033,1339,'Anger outbursts',NULL),(14034,1339,'Work difficulties',NULL),(14035,1339,'All of the above',1),(14036,1340,'Through the lungs',NULL),(14037,1340,'Through the liver',NULL),(14038,1340,'Through the bloodstream',1),(14039,1340,'Through the diaphragm',NULL),(14040,1340,'All of the above',NULL),(14041,1341,'Alcohol',NULL),(14042,1341,'Nicotine',NULL),(14043,1341,'Prescription drugs',NULL),(14044,1341,'Chewing tobacco',NULL),(14045,1341,'Marijuana',1),(14046,1342,'Serotonin',NULL),(14047,1342,'Norepinephrine',NULL),(14048,1342,'Gamma',NULL),(14049,1342,'Dopamine',1),(14050,1342,'All of the above',NULL),(14051,1343,'Historical period',NULL),(14052,1343,'Type of drug',NULL),(14053,1343,'Location/Setting',NULL),(14054,1343,'Group affiliation',NULL),(14055,1343,'All of the above',1),(14056,1344,'Discrimination',1),(14057,1344,'Group selection',NULL),(14058,1344,'Group think',NULL),(14059,1344,'Group formation',NULL),(14060,1344,'None of the above',NULL),(14061,1345,'Problematic behaviors',NULL),(14062,1345,'Compulsive behaviors',1),(14063,1345,'Illegal activities',NULL),(14064,1345,'Group activities',NULL),(14065,1345,'All of the above',NULL),(14066,1346,'Hyperactivity',1),(14067,1346,'Lowered inhibitions',NULL),(14068,1346,'Rapid speech',NULL),(14069,1346,'Moodiness',NULL),(14070,1346,'All of the above',NULL),(14071,1347,'Clammy skin',NULL),(14072,1347,'Itching',NULL),(14073,1347,'Impaired coordination',NULL),(14074,1347,'A & C',NULL),(14075,1347,'A, B & C',1),(14076,1348,'True',1),(14077,1348,'False',NULL),(14078,1349,'Overlapping genetic vulnerabilities.',NULL),(14079,1349,'Overlapping environmental triggers',NULL),(14080,1349,'Involvement of similar brain regions',NULL),(14081,1349,'A & C',NULL),(14082,1349,'All of the above',1),(14083,1350,'Addiction to multiple drugs',NULL),(14084,1350,'Criminal activity',NULL),(14085,1350,'Mental health disorders',1),(14086,1350,'Violence',NULL),(14087,1350,'Developmental delays',NULL),(14088,1351,'True',1),(14089,1351,'False',NULL),(14090,1352,'True',NULL),(14091,1352,'False',1),(14092,1353,'True',1),(14093,1353,'False',NULL),(14094,1354,'Medical professionals',NULL),(14095,1354,'Drug abuse treatment professionals',1),(14096,1354,'Sexual abuse counselors',NULL),(14097,1354,'Counselors working with gay/lesbian populations',NULL),(14098,1354,'All human services counselors',NULL),(14099,1355,'Divorce',NULL),(14100,1355,'Child abuse',NULL),(14101,1355,'Suicide',NULL),(14102,1355,'Teen pregnancy',NULL),(14103,1355,'All of the above',1),(14104,1356,'Alcohol and marijuana',NULL),(14105,1356,'Marijuana and cocaine',NULL),(14106,1356,'Marijuana and pain pills',1),(14107,1356,'Alcohol and pain pills',NULL),(14108,1356,'Alcohol and inhalants',NULL),(14109,1357,'Dilated pupils and smelly breath',1),(14110,1357,'Shakes and hallucinations',NULL),(14111,1357,'Weight loss and isolation',NULL),(14112,1357,'Poor hygiene and failing grades',NULL),(14113,1357,'All of the above',NULL),(14114,1358,'Poverty & racism',1),(14115,1358,'Faith & education',NULL),(14116,1358,'After school activities',NULL),(14117,1358,'Conventional norms about drugs & alcohol',NULL),(14118,1358,'All of the above',NULL),(14119,1359,'Anti-hate laws',NULL),(14120,1359,'Faith-based resources',NULL),(14121,1359,'After school activities',NULL),(14122,1359,'Conventional norms about drugs & alcohol',NULL),(14123,1359,'All of the above',1),(14124,1360,'Mental illness',NULL),(14125,1360,'Developmental delays',NULL),(14126,1360,'Low birth weight',1),(14127,1360,'Missing limbs',NULL),(14128,1360,'None of the above',NULL),(14129,1361,'Marijuana',NULL),(14130,1361,'Cocaine',NULL),(14131,1361,'Pain killers',NULL),(14132,1361,'Inhalants',NULL),(14133,1361,'Alcohol',1),(14134,1362,'Practicing safe sex',NULL),(14135,1362,'Safeguards that promote resiliency',1),(14136,1362,'Graduating from high school',NULL),(14137,1362,'Legal interventions that protect communities',NULL),(14138,1362,'None of the above',NULL),(14139,1363,'Blaming others',1),(14140,1363,'Walking on eggshells',NULL),(14141,1363,'Flexible and open to changing',NULL),(14142,1363,'Focus is on the active addict',NULL),(14143,1363,'Direct communication',NULL),(14144,1363,'A, B and D',NULL),(14145,1364,'HIV/AIDS',NULL),(14146,1364,'Cancer',NULL),(14147,1364,'Tuberculosis',NULL),(14148,1364,'Sexually transmitted diseases',NULL),(14149,1364,'Hepatitis',NULL),(14150,1364,'All of the above',1),(14151,1365,'Cancer of the liver',NULL),(14152,1365,'A type of cirrhosis',NULL),(14153,1365,'An inflammation of the liver',1),(14154,1365,'Infection of the liver',NULL),(14155,1365,'None of the above',NULL),(14156,1366,'HIV/AIDS',NULL),(14157,1366,'HBV',NULL),(14158,1366,'HBC',NULL),(14159,1366,'Tuberculosis',NULL),(14160,1366,'All of the above',1),(14161,1367,'Psycho-education',1),(14162,1367,'Psycho-dynamic group',NULL),(14163,1367,'Individual psychotherapy',NULL),(14164,1367,'Early intervention',NULL),(14165,1367,'All of the above',NULL),(14166,1368,'Self-care',NULL),(14167,1368,'Job interview skills',NULL),(14168,1368,'Money management',NULL),(14169,1368,'Problem-solving skills',1),(14170,1368,'Nutrition',NULL),(14171,1369,'prior experience in individual counseling',NULL),(14172,1369,'motivation',1),(14173,1369,'prior experience in group counseling',NULL),(14174,1369,'interpersonal problems only',NULL),(14175,1370,'Demonstrating unconditional positive regard',1),(14176,1370,'Use of affectionate gestures',NULL),(14177,1370,'Strongly confronting the client\'s denial',NULL),(14178,1370,'Frequently reassuring the client use of self disclosure',NULL),(14179,1371,'summarize the inappropriateness of the client\'s feelings',1),(14180,1371,'confront the client\'s behavior',NULL),(14181,1371,'instruct the client in relaxation techniques',NULL),(14182,1371,'call for assistance',NULL),(14183,1372,'Such views influence the definition of dependency',NULL),(14184,1372,'Such views influence the treatment outcome',NULL),(14185,1372,'Such views influence the likelihood of long-term sobriety',NULL),(14186,1372,'All of the above are true',1),(14187,1373,'Dominance and control',NULL),(14188,1373,'Acceptance and approval issues',1),(14189,1373,'Conflict between group members',NULL),(14190,1373,'Establishing a social pecking order, negative comments and criticism',NULL),(14191,1374,'self-disclosures',NULL),(14192,1374,'offering frequent reassurance',NULL),(14193,1374,'direct confrontations',NULL),(14194,1374,'non-verbal behavior',1),(14195,1374,'analytic interpretations',NULL),(14196,1375,'establishing topic areas to be discussed',NULL),(14197,1375,'selection of group leader',NULL),(14198,1375,'confronting group members\' denial',NULL),(14199,1375,'statements about group ground rules and the purposes of group',1),(14200,1376,'having realistic expectations',NULL),(14201,1376,'relying heavily on clinical supervision',NULL),(14202,1376,'identification of flaws in one\'s agency and supervisor',NULL),(14203,1376,'over-identification with clients',1),(14204,1377,'self disclosure',NULL),(14205,1377,'limit setting',NULL),(14206,1377,'constant reassurance',NULL),(14207,1377,'genuineness',1),(14208,1378,'it caused a massive increase in the admissions to psychiatric hospitals',NULL),(14209,1378,'it increased the crime rate',NULL),(14210,1378,'it decreased the number of deaths associated with alcoholism',1),(14211,1378,'A and B are correct',NULL),(14212,1379,'\"What are your concerns about your health?\"',1),(14213,1379,'\"Have you ever worried you might be an alcoholic?\"',NULL),(14214,1379,'\"Is your health getting worse?\"',NULL),(14215,1379,'\"Do others seem to be worried about you?\"',NULL),(14216,1380,'Attempts to deny the problem',NULL),(14217,1380,'Attempts to eliminate the problem',NULL),(14218,1380,'Reorganization',NULL),(14219,1380,'Failure to react to the problem',1),(14220,1381,'The family cannot get well until the dependent person seeks help.',NULL),(14221,1381,'The children in a dysfunctional family can be protected from the problems cause by chemical dependency.',NULL),(14222,1381,'The divorce rate in dysfunctional families is highest after recovery has been initiated.',1),(14223,1381,'None of the above statements are true',NULL),(14224,1382,'message receivers hear \"you\" messages',NULL),(14225,1382,'message senders use \"I\" messages',1),(14226,1382,'message receivers do not speak',NULL),(14227,1382,'message senders use third-person pronouns',NULL),(14228,1383,'Help the client to express feelings generated by the crisis',NULL),(14229,1383,'Eliminate negative beliefs that contributed to the crisis',NULL),(14230,1383,'Assign specific behavior tasks such as spending time with people',NULL),(14231,1383,'Immediately refer the client to an agency to help change the situation',1),(14232,1384,'Move from direct care to an administrative position.',NULL),(14233,1384,'Contact a supervisor and ask for fewer work hours.',NULL),(14234,1384,'Attend to health through adequate sleep, an exercise program, and proper diet.',1),(14235,1384,'Add more structure to work by using a commercial time management system.',NULL),(14236,1385,'terminate the client\'s treatment and seek supervision',NULL),(14237,1385,'talk openly about transference issues',1),(14238,1385,'reciprocate your true feelings, but only if you are attracted to him/her',NULL),(14239,1385,'refer the client to another professional',NULL),(14240,1386,'discussing the client\'s plans for the future',NULL),(14241,1386,'helping the client adapt',NULL),(14242,1386,'determining the problem',1),(14243,1386,'determining a solution',NULL),(14244,1387,'equilibrium',NULL),(14245,1387,'stability',NULL),(14246,1387,'homeostasis',1),(14247,1387,'accommodation',NULL),(14248,1388,'interrupt the second speaker and remind him of the group rules',NULL),(14249,1388,'remind Eric that you are here to treat addiction and ask how this relates to his addiction',NULL),(14250,1388,'tell Eric that this disclosure is more appropriate for an individual session and you will meet with him later',NULL),(14251,1388,'ask questions which facilitate a group response to Eric\'s disclosure and elicit more feeling content from Eric',1),(14252,1389,'the client\'s family dynamics',NULL),(14253,1389,'focusing questions about the present situation and the client\'s means of coping with the stress',1),(14254,1389,'getting all the information that you can',NULL),(14255,1389,'what your immediate response should be',NULL),(14256,1390,'transfer the client to another counselor',NULL),(14257,1390,'let the relationship develop and try to work it out',1),(14258,1390,'challenge the client about his/her resistance to treatment',NULL),(14259,1390,'seek out supervision with a colleague or supervisor',NULL),(14260,1391,'use the group process to share mutual concerns.',1),(14261,1391,'see the client for individual counseling outside of group.',NULL),(14262,1391,'conduct one-on-one sessions in the group.',NULL),(14263,1391,'not allow monopolizing by members in group',NULL),(14264,1392,'formulate and carry out realistic personal and professional goals',1),(14265,1392,'interpret the deeper meaning of problems',NULL),(14266,1392,'analyze client problems',NULL),(14267,1392,'convince clients to change',NULL),(14268,1393,'getting him to gradually cut down on his drinking',NULL),(14269,1393,'encouraging him to change sponsors',NULL),(14270,1393,'referring him for additional treatment',NULL),(14271,1393,'asking him what worked before',1),(14272,1394,'Sublimation',NULL),(14273,1394,'Transference',1),(14274,1394,'Counter-transference',NULL),(14275,1394,'Reaction formation',NULL),(14276,1395,'defensiveness',NULL),(14277,1395,'apathy',NULL),(14278,1395,'acting out behavior',1),(14279,1395,'lack of trust',NULL),(14280,1396,'\"We\'re here to discuss your alcohol problem - I don\'t want to talk about your marriage\"',NULL),(14281,1396,'\"Coaching is a very unstructured process - anything goes\"',NULL),(14282,1396,'\"Our meetings will consist of four 50 minute sessions at 10 a.m. each Wednesday\"',1),(14283,1396,'\"What\'s important is that I help you. I\'ll counsel you no matter what\"',NULL),(14284,1397,'when the client appears to have gained all that he or she can from therapy',NULL),(14285,1397,'at the point specified in the therapeutic contract',NULL),(14286,1397,'at the onset of therapy',1),(14287,1397,'when the client brings it up',NULL),(14288,1398,'rules for the client',1),(14289,1398,'lessons for the client',NULL),(14290,1398,'consistency for the client',NULL),(14291,1398,'help for the counselor',NULL),(14292,1399,'counter-transference',NULL),(14293,1399,'projection',NULL),(14294,1399,'transference',1),(14295,1399,'blaming others',NULL),(14296,1400,'go to therapy',1),(14297,1400,'suck it up and deal with it',NULL),(14298,1400,'discuss their personal issues with colleagues',NULL),(14299,1400,'blaming others',NULL),(14300,1401,'always let their clients know',NULL),(14301,1401,'never let their clients know',NULL),(14302,1401,'tell their clients to guess',NULL),(14303,1401,'let their clients know if this will absolutely help their move forward in treatment',1),(14304,1402,'vulnerabilities and beliefs',NULL),(14305,1402,'expectations and values',NULL),(14306,1402,'language and coping styles',NULL),(14307,1402,'all of the above',1);

--
-- Table structure for table `question`
--

CREATE TABLE `question` (
  `id` int(11) NOT NULL AUTO_INCREMENT,
  `content` text NOT NULL,
  `course_id` int(11) NOT NULL,
  `correct_answer_id` int(11) DEFAULT NULL,
  `order` int(11) DEFAULT NULL,
  `course_order` int(11) DEFAULT NULL,
  PRIMARY KEY (`id`)
) ENGINE=InnoDB AUTO_INCREMENT=1403 DEFAULT CHARSET=utf8;

--
-- Dumping data for table `question`
--

INSERT INTO `question` VALUES (6,'According to CDC estimates, what proportion of people in the United States who are infected with HIV are unaware of their infection?',1,5,NULL,NULL),(7,'Americans have become complacent about HIV/AIDS because:',1,8,NULL,NULL),(8,'The 2010 National AIDS Strategy has three overarching goals, one of which is:',1,12,NULL,NULL),(9,'The Florida population hardest hit by HIV/AIDS is:',1,18,NULL,NULL),(10,'Which risk groups account for 75 percent of new HIV/AIDS infections?',1,22,NULL,NULL),(11,'Higher than average rates of AIDS and other STDs among correctional populations could be reduced by following the World Health Organization recommendation to:',1,24,NULL,NULL),(12,'Florida state law requires HIV testing of inmates:',1,28,NULL,NULL),(13,'Health professionals may fail to recognize the signs of HIV/AIDS infection in seniors because:',1,32,NULL,NULL),(14,'Which body fluids have been proven to transmit HIV infection?',1,36,NULL,NULL),(15,'Which of the following would most likely transmit an HIV infection?',1,40,NULL,NULL),(16,'Coinfection with STDs such as syphilis, gonorrhea, and genital warts:',1,44,NULL,NULL),(17,'The most common and most deadly coinfection for HIV-positive individuals is:',1,48,NULL,NULL),(18,'Treatment of HIV/TB coinfected patients is:',1,52,NULL,NULL),(19,'Respiratory protection equipment for healthcare workers is:',1,56,NULL,NULL),(20,'One of the leading causes of death among HIV-infected people is:',1,60,NULL,NULL),(26,'More than 1 million people in the U.S. are living with HIV. ',3,463,NULL,NULL),(27,'AIDS and HIV are the same',3,465,NULL,NULL),(28,'You can’t always tell by appearance if someone has HIV. ',3,467,NULL,NULL),(29,'Medications can cure HIV/AIDS.',3,469,NULL,NULL),(30,'All 50 states have people living with AIDS.',3,471,NULL,NULL),(31,'HIV is transmitted through casual contact such as sharing utensils. ',3,474,NULL,NULL),(32,'Abstinence is the only 100% effective method of not acquiring HIV/AIDS               ',3,475,NULL,NULL),(33,'Health care workers should assume that the blood and other body fluids               from all patients are potentially infectious.    \r\n               ',3,477,NULL,NULL),(34,'The results of HIV antibody tests are confidential and may not be publicly disclosed except with the resident’s written permission or as otherwise provided in Chapter 384, Florida Statues.\r\n',3,479,NULL,NULL),(35,'Way to protect yourself from HIV/AIDS include: \r\n',3,485,NULL,NULL),(36,'According to CDC estimates, what proportions of people in the United States who are infected with HIV are unaware of their infection?\r\n',3,487,NULL,NULL),(37,'The Florida population hardest hit by HIV/AIDS is:',3,490,NULL,NULL),(38,'Which risk groups account for 75 percent of new HIV/AIDS infections?',3,500,NULL,NULL),(39,'Which body fluids have been proven to transmit HIV infection?',3,508,NULL,NULL),(40,'Which of the following would most likely transmit an HIV infection?',3,511,NULL,NULL),(41,'Under Florida law, parents of a child under 18:',3,515,NULL,NULL),(42,'Florida law mandates that all pregnant women:',3,533,NULL,NULL),(47,'A provider may test without consent in which of the following:',3,521,NULL,NULL),(48,'Symptoms of AIDS Dementia Complex (ADC) include:',3,526,NULL,NULL),(49,'Need to know is outlined in section 64D-.003 F.A.C. and includes but is not limited to:',3,532,NULL,NULL),(53,'Staring a client down is a sign of being in charge and can help calm an aggressive person.',4,296,NULL,NULL),(54,'The amount of space required to allow someone to feel comfortable can depend on gender, mood, familiarity, or culture. ',4,449,NULL,NULL),(55,'Apologizing to an angry client simply validates their anger and perpetuates a stressful situation.',4,300,NULL,NULL),(57,'To paraphrase means?',4,452,NULL,NULL),(58,'Active listening involves:',4,414,NULL,NULL),(59,'How should staff act when faced with an aggressive person?',4,419,NULL,NULL),(60,'Assertive Communication is based on balance and mutual respect.',4,325,NULL,NULL),(61,'What can you do when you detect a language barrier between you and a client?',4,425,NULL,NULL),(62,'Power struggles are an example of a communication barrier.',4,327,NULL,NULL),(63,'What 4 stages of crisis management were discussed and listed in the correct occurrence?',4,331,NULL,NULL),(64,'You should avoid power struggles by offering a person choices.',4,333,NULL,NULL),(65,'During which stage of crisis management would the client challenge you, push buttons and not respond to your words?',4,458,NULL,NULL),(67,'The transmission of infectious agents requires?',5,540,NULL,NULL),(68,'What is true about infection prevention and control?',5,544,NULL,NULL),(69,'Which statement is NOT true about Droplet transmission?',5,546,NULL,NULL),(70,'Which of the following is NOT an example of a Bloodborne Pathogen?',5,551,NULL,NULL),(71,'When does Vector-borne transmission occur?',5,553,NULL,NULL),(72,'To protect yourself from airborne diseases, you should?',5,557,NULL,NULL),(73,' Bloodborne pathogens can be spread through',5,565,NULL,NULL),(74,'What is considered Personal Protective Equipment?',5,569,NULL,NULL),(75,'When cleaning a spill:',5,575,NULL,NULL),(78,'How long should you wash your hands for with soap and water?',5,582,NULL,NULL),(79,'Infectious diseases are caused by',5,588,NULL,NULL),(80,'Infectious diseases are transmitted most quickly through:',5,592,NULL,NULL),(81,'What is the body fluid NOT considered infectious?',5,576,NULL,NULL),(82,'Which of the following are signs of aggression?',4,343,NULL,NULL),(83,'What is/are possible risk factors to aggression?',4,347,NULL,NULL),(85,'Verbal de-escalation is the communication skills we use during a potentially dangerous, or threatening, situation in an attempt to prevent a person from causing harm to us, themselves or others. ',4,459,NULL,NULL),(88,'The most frequent mode of infection transmission in the healthcare setting is',5,596,NULL,NULL),(89,'Precautions recommended by CDC for the care of all patients is known as:',5,600,NULL,NULL),(90,'A counselor and client can enter into a personal relationship after five years has elapsed.',6,603,NULL,NULL),(91,'What is a “Dual Relationship”?',6,604,NULL,NULL),(92,'Explain the purpose of HIPAA guidelines.',6,610,NULL,NULL),(93,'What does the acronym HIPAA stand for?',6,613,NULL,NULL),(94,'Counselors who are physically attracted to clients are only trying to fulfill an unmet need in their personal life.',6,617,NULL,NULL),(95,'What is the Right of Habeas Corpus?',6,619,NULL,NULL),(96,'Give two reason why maintaining proper boundaries is the responsibility of the staff.',6,626,NULL,NULL),(97,'Anger is a choice in a range of available behaviors',6,628,NULL,NULL),(98,'Your client owns a mechanic shop and offers to repair your car for free out of appreciation for your help.  This is an example of what type of relationship?',6,632,NULL,NULL),(99,'Give two instances when client confidential information can be disclosed without their consent.',6,639,NULL,NULL),(100,'Name 2 signs of Aggression',6,644,NULL,NULL),(101,'Staring a client down is a sign of being in charge and can help to calm an aggressive person',6,647,NULL,NULL),(102,'Name 2 Risk Factors to Aggression',6,648,NULL,NULL),(103,'Which of the following can inhibit communication?',6,655,NULL,NULL),(104,'How does DSMIV-TR characterize bipolar disorder?',6,659,NULL,NULL),(105,'Apologizing to an angry client simply validates their anger and perpetuates a stressful situation',6,661,NULL,NULL),(106,'Stage 3 of susbtance dependence is',6,663,NULL,NULL),(107,'Copying confidential information is:',6,668,NULL,NULL),(108,'Behavioral Healthcare facilities are able, by law to bill insurance companies without actual written consent from client',6,671,NULL,NULL),(109,'With written permission behavioral healthcare facilities can share information with parents and spouses',6,682,NULL,NULL),(110,'After a client has been discharged from treatment for five years it is no longer necessary to have written permission to discuss information',6,675,NULL,NULL),(111,'Oral information is not protected by HIPAA guidelines',6,677,NULL,NULL),(112,'There is a fine for healthcare facilities that violate HIPAA guidelines',6,678,NULL,NULL),(113,'It is permissible to discuss specifics of cases in 12 step meetings because the meetings are confidential',6,681,NULL,NULL),(114,'Why is infection control important?',6,685,NULL,NULL),(115,'What illnesses are spread through contact? ',6,688,NULL,NULL),(116,'What does HIPAA stand for?',7,694,NULL,NULL),(117,'The __________ Act widens the scope of privacy and security protections under HIPAA for electronic protected health information (ePHI).',7,697,NULL,NULL),(118,'What is an example/examples of PHI (Protected Health Information?',7,703,NULL,NULL),(119,'It is ok to discuss a patient with my spouse of he/she won’t tell anyone.',7,706,NULL,NULL),(120,'What can happen to a person who knowingly violates patient privacy for personal gain or malicious harm?',7,711,NULL,NULL),(121,'If someone forgets his log-in ID, can I let him use mine?',7,714,NULL,NULL),(122,'What does \"minimum necessary\" mean?',7,720,NULL,NULL),(124,'Are members of your organization who are not involved in a patient\'s care allowed to review the patient\'s chart out of curiosity?',7,726,NULL,NULL),(125,'Are Consents and Authorizations the same?',7,745,NULL,NULL),(126,'Is text messaging is a secure way to transmit patient information within your facility.',7,735,NULL,NULL),(127,'Who must comply with the ADA?',8,750,NULL,NULL),(128,'According to the ADA, a person with a disability has:',8,753,NULL,NULL),(129,'What is a condition not covered by the ADA?',8,759,NULL,NULL),(130,'Under the ADA, an employer is required to make a reasonable accommodation to the known disability of a qualified applicant or employee if it does not impose “undue hardship”?',8,768,NULL,NULL),(131,'What is an example of a “reasonable accommodation”?',8,767,NULL,NULL),(132,'Under Title V, ADA prohibits coercion and retaliation to anyone who has assisted, encouraged or made a charge under the Act.',8,770,NULL,NULL),(133,'The ADA requires that organizations hire the disabled.',8,773,NULL,NULL),(134,'If an employer believes that a medical condition is causing a performance or conduct problem, it may ask the employee how to solve the problem.',8,774,NULL,NULL),(135,'According to the ADA, all people with disabilities (or even all people with the same disability) will require the same accommodation.',8,777,NULL,NULL),(136,'According to the ADA, “major life activities” include',8,782,NULL,NULL),(137,'The Florida Statute (FS) requiring a licensed public or private substance abuse service provider to create an internal quality improvement program is:',9,11898,NULL,NULL),(138,'Incident Reporting is the affirmative duty of',9,11904,NULL,NULL),(139,'According to Chapter 65D-30 of the Florida Administrative Code, Incident Reporting must include:',9,11909,NULL,NULL),(140,'If a staff member is uncertain as to whether an event should be documented and reported, an Incident Report Form should NOT be completed.',9,11911,NULL,NULL),(141,'Which of the following statements is NOT true of Incident Reporting ',9,11917,NULL,NULL),(142,'When entering narrative documentation on an Incident Report Form staff MUST ',9,11922,NULL,NULL),(143,'DCF has created an online reporting system called:',9,11927,NULL,NULL),(144,'The DCF incident reporting procedures replace exploitation reporting protocols, as required by law. ',9,11929,NULL,NULL),(145,'In accordance with The Children and Families Operating Procedure 215-6 Department licensed providers MUST',9,11932,NULL,NULL),(146,'Domestic Violence is best conceptualized as:',11,831,NULL,NULL),(147,'The four main types of Domestic Violence are:',11,961,NULL,NULL),(148,'Risk factors for Domestic Violence victimization include all the following EXCEPT:',11,964,NULL,NULL),(149,'What combination contributes to the risk of becoming a victim or a perpetrator of Domestic Violence?',11,920,NULL,NULL),(150,'Children from violent homes may demonstrate:',11,849,NULL,NULL),(151,'Patterns of controlling behavior can include:',11,854,NULL,NULL),(152,'Signs of a potential abuser in a dating relationship include all of the following EXCEPT',11,857,NULL,NULL),(153,'Which of the following are characteristics of a potential abuser:',11,859,NULL,NULL),(154,'To gain power and control an abuser may:',11,870,NULL,NULL),(155,'Tension building and making up are:',11,873,NULL,NULL),(156,'In dealing with Domestic Violence the most important phone numbers are:',11,950,NULL,NULL),(157,'The rate of Domestic Violence detection among behavioral health practitioners and healthcare workers is:',11,967,NULL,NULL),(158,'Missed cases of Domestic Violence may be due to all of the following EXCEPT:',11,928,NULL,NULL),(159,'Healthcare workers can help in detecting Domestic Violence by:',11,931,NULL,NULL),(160,'Mental health staff can become effective advocates by:',11,892,NULL,NULL),(161,'Advocating for Domestic Violence victims includes all of the following EXCEPT:',11,940,NULL,NULL),(162,'In Florida, the Domestic Violence Hotline Number is:',11,956,NULL,NULL),(163,'Safety plans cover: ',11,906,NULL,NULL),(164,'Florida state reporting laws require:',11,907,NULL,NULL),(165,'If a patient does not disclose Domestic Violence to a behavioral healthcare worker, the worker should document:',11,945,NULL,NULL),(166,'What does co-occurring disorder mean?',12,971,NULL,NULL),(167,'What mental conditions are more likely to abuse substances?',12,984,NULL,NULL),(168,'Which of the following statements are False?',12,981,NULL,NULL),(169,'What describes the term Denial?',12,990,NULL,NULL),(170,'What are signs and symptoms of anxiety disorders?',12,994,NULL,NULL),(171,'SAMSHA recommends the following treatment model for co-occurring disorders:',12,997,NULL,NULL),(172,'Mental disorders are caused by:',12,1000,NULL,NULL),(173,'A common sign of binge eating disorder is:',12,1134,NULL,NULL),(174,'A common sign of bulimia nervosa is',12,1138,NULL,NULL),(175,'Hand-washing until your skin becomes raw is a sign of which of the following disorders:',12,1013,NULL,NULL),(176,'Hyperactivity is a symptom of which of the following disorders:',12,1017,NULL,NULL),(177,'Some people develop mental health issues after excessive drinking or drug use.',12,1019,NULL,NULL),(178,'A mental disorder can complicate the challenge in overcoming an addiction to drugs or alcohol.',12,1021,NULL,NULL),(179,'About 50% of people with severe mental disorders are affected by substance abuse.',12,1023,NULL,NULL),(180,'People with a mental health illness are more likely to experience an alcohol or substance use disorder than those not affected by a mental illness.',12,1025,NULL,NULL),(181,'The ramifications of allowing/causing a breach in confidentiality can include:',13,1199,NULL,NULL),(182,'Adhering to confidentiality',13,1201,NULL,NULL),(183,'Some dual roles are unavoidable. How do you deal with them?',13,1209,NULL,NULL),(184,'Which of the following is not generally a basis of decision making?',13,1045,NULL,NULL),(185,'Ethical decisions in treatment are:',13,1212,NULL,NULL),(186,'Dual relationships occur when',13,1222,NULL,NULL),(187,'Boundaries',13,1228,NULL,NULL),(188,'Professional Ethics:',13,1234,NULL,NULL),(189,'Ethical Nuances',13,1072,NULL,NULL),(190,'42 CFR applies to:',13,1076,NULL,NULL),(191,'Both HIPAA and 42 CFR are concerned with client confidentiality as it relates to substance use disorder. ',13,1236,NULL,NULL),(192,'Blurring boundaries',13,1084,NULL,NULL),(193,'Informed consent is:',13,1090,NULL,NULL),(194,'Counselor self-disclosure:',13,1274,NULL,NULL),(195,'Transference is:',13,1267,NULL,NULL),(196,'Counter-transference is:',13,1263,NULL,NULL),(197,'When a counselor is not aware of transference & counter-transference issues, the counselor:',13,1261,NULL,NULL),(198,'Which of the following are examples of dual relationships?',13,1256,NULL,NULL),(199,'Scope of Practice is defined as:',13,1249,NULL,NULL),(200,'Ethical considerations can typically be viewed from which of the following three different perspectives?',13,1243,NULL,NULL),(201,'What are the usual Demographics of Self-Harm?',14,1142,NULL,NULL),(202,'The suicide rate is higher than the rate of homicide',14,1146,NULL,NULL),(203,'What is the age group with highest suicide risk?',14,1152,NULL,NULL),(204,'What are observable signs of serious depression that are correlated to Suicidality? ',14,1157,NULL,NULL),(205,'What are the components of a good Suicide Assessment?',14,1162,NULL,NULL),(206,'Do behavioral addictions increase a person’s risk of suicide?',14,1163,NULL,NULL),(207,'What are the two most prevalent risk factors associated with suicide?',14,1165,NULL,NULL),(208,'How much more likely to commit suicide are victims of domestic abuse?',14,1169,NULL,NULL),(209,'How much higher is the rate of Suicide with Eating Disorder clients’?',14,1174,NULL,NULL),(210,'What are some crisis elements that increase suicidality?',14,1179,NULL,NULL),(211,'Both race and ethnicity represent cultures',15,1180,NULL,NULL),(212,'The process that represents the absorption of many different cultures into a given area',15,1185,NULL,NULL),(213,'Which of the following is not a racial and ethnic minority group',15,1189,NULL,NULL),(214,'Eye contact has a similar meaning among most cultures',15,1192,NULL,NULL),(215,'Spirituality is part of every ethnic group',15,1193,NULL,NULL),(591,'The Florida Statute (FS) requiring a licensed public or private substance abuse service provider to create an internal quality improvement program is:	',25,11842,NULL,NULL),(592,'Incident Reporting is the affirmative duty of',25,11847,NULL,NULL),(593,'According to Chapter 65D-30 of the Florida Administrative Code, Incident Reporting must include:',25,11852,NULL,NULL),(702,'The staff member most immediately involved in and/or observing an unusual incident is required to complete an Incident Report Form.  ',25,11855,NULL,NULL),(703,'If two staff members are involved in or witness an unusual event the staff members are required to',25,11859,NULL,NULL),(704,'If a staff member is uncertain as to whether an event should be documented and reported, an Incident Report Form should NOT be completed.',25,11862,NULL,NULL),(705,'If more than one client is involved in an unusual event staff must ',25,11864,NULL,NULL),(706,'Which of the following statements is NOT true of Incident Reporting ',25,11868,NULL,NULL),(707,'When entering narrative documentation on an Incident Report Form staff MUST ',25,11873,NULL,NULL),(708,'In accordance with The Children and Families Operating Procedure 215-6 Department licensed providers MUST',25,11877,NULL,NULL),(709,'DCF has created an online reporting system called:',25,11882,NULL,NULL),(710,'Providers who must report critical incidents through IRAS include:',25,11886,NULL,NULL),(711,'The entry of the critical incident into IRAS DOES NOT substitute for a direct phone call to the Department’s leadership staff when the incident type or severity of the incident warrants such contact.',25,11888,NULL,NULL),(712,'The Joint Commission adopted a formal Sentinel Event Policy to assist healthcare providers ',25,11892,NULL,NULL),(713,'It is mandatory for all substance abuse providers  have to report sentinel events to The Joint Commission',25,11895,NULL,NULL),(1131,'If you reasonably suspect child abuse you are required:',9,11936,NULL,NULL),(1132,'If a child is deprived of clothing, shelter, or medical services it is called:',9,11941,NULL,NULL),(1133,'Who is considered a professional mandatory reporter?',9,11945,NULL,NULL),(1134,'What is the reason that victims may not report their abusers?',9,11949,NULL,NULL),(1135,'A False Report is a report of abuse, neglect, or abandonment of a child to the central abuse hotline, in which the report is made maliciously.',9,11950,NULL,NULL),(1136,'A person who is required to report, and who knowingly and willfully fails to do so, or who knowingly and willfully prevents another person from doing so, is guilty of a misdemeanor of the first degree.',9,11953,NULL,NULL),(1137,'What is consider exploitation of a vulnerable adult?',9,11957,NULL,NULL),(1138,'Any willful act or threatened act by a relative, caregiver, or household member which causes or is likely to cause significant impairment to a vulnerable adult’s physical, mental, or emotional health is called',9,11960,NULL,NULL),(1139,'Providers shall adhere to the statutory requirements for reporting abuse, neglect, and deaths of children under:',9,11965,NULL,NULL),(1140,'The Abuse Hotline Phone Number is:',9,11968,NULL,NULL),(1141,'According to EEOC in order for behavior to be considered sexual harassment it must be ',10,1870,NULL,NULL),(1142,'A co-worker or supervisor can create a hostile work environment when they engage in one or more of the following behaviors:',10,792,NULL,NULL),(1143,'The Quid Pro Quo theory of sexual harassment involves:',10,1873,NULL,NULL),(1144,'IF you feel you are the victim of unwelcome sexual behavior you are encouraged to:',10,1881,NULL,NULL),(1145,'It is illegal for an employer or other employees to retaliate against any individual who:',10,1885,NULL,NULL),(1146,'Sexual Harassment in employment is legally recognized as a form of sex discrimination and is illegal.',10,1886,NULL,NULL),(1147,'Sexual harassment can occur outside the work site and still be considered work related.',10,1888,NULL,NULL),(1148,'Quid Pro Quo harassment is a form of sexual harassment when there is a request or demand of sexual favors in exchange for employment benefits or threatening reprisals if the favors are not given.',10,1890,NULL,NULL),(1149,'Friendly flirting is not sexual harassment when flirting is practiced between mutually consenting individuals who are equal in power or authority.',10,1892,NULL,NULL),(1150,'An employee witnesses another employee being harassed. Even though this involved a co-worker, the witness can be considered a victim in this case.',10,1894,NULL,NULL),(1151,'In order for it to be determined sexual harassment, the victim has to be of the opposite sex of the harasser.',10,1897,NULL,NULL),(1152,'It is solely the company’s responsibility to prevent sexual harassment',10,1899,NULL,NULL),(1154,'Adella wants Antonio to feel part of the team and tries to encourage his participation. She approaches him more frequently than the other workers and she is constantly touching his shoulder and arm. Antonio feels uncomfortable with Adella invading his personal space and grimaces as she touches his shoulders. His facial and body expressions clearly indicate his annoyance. Could this be considered sexual harassment?”',10,1900,NULL,NULL),(1155,'Karen Linda and Elis have become good friends and sit together at lunch. They decided to have some fun by rating the men in the lunchroom. Joking, they rate the men who walk into the lunchroom and discuss the ratings with each other. Ted, a male therapist, who is sitting at a nearby table overhears their remarks. He finds the behavior offensive and unprofessional. Ted reports the incident to HR when he returns from lunch. Was the women’s behavior sexual harassment?',10,1903,NULL,NULL),(1156,'Susan, the director of marketing, has several employees reporting to her. One of the employees, John, has been called into her office right before lunch. Susan requests that John have lunch with her to discuss one of the major accounts that he is trying to acquire. John agrees to the lunch and realizes that this is a good opportunity to explain some of the problems he has encountered. While John and Susan are out at lunch she puts her hand on his leg and says she wants him to do well in the company and would like him to come over to her place tonight. Is this considered sexual harassment?',10,1904,NULL,NULL),(1157,'A counselor and client can enter into a personal relationship after five years has elapsed.',26,12061,NULL,NULL),(1158,'What is a “Dual Relationship”?',26,12062,NULL,NULL),(1159,'Explain the purpose of HIPAA guidelines.',26,12067,NULL,NULL),(1160,'What does the acronym HIPAA stand for?',26,12072,NULL,NULL),(1161,'Counselors who are physically attracted to clients are only trying to fulfill an unmet need in their personal life.',26,12075,NULL,NULL),(1162,'What is the Right of Habeas Corpus?',26,12078,NULL,NULL),(1163,'Give a reason why maintaining proper boundaries is the responsibility of the staff.',26,12080,NULL,NULL),(1164,'Anger is a choice in a range of available behaviors',26,12084,NULL,NULL),(1165,'Your client owns a mechanic shop and offers to repair your car for free out of appreciation for your help.  This is an example of what type of relationship?',26,12087,NULL,NULL),(1166,'Give an instance when client confidential information can be disclosed without their consent.',26,12092,NULL,NULL),(1167,'Name a sign of Aggression',26,12097,NULL,NULL),(1168,'Staring a client down is a sign of being in charge and can help to calm an aggressive person',26,12099,NULL,NULL),(1169,'Name a Risk Factor to Aggression',26,12101,NULL,NULL),(1170,'Which of the following can inhibit communication?',26,12107,NULL,NULL),(1171,'How does DSMIV-TR characterize bipolar disorder?',26,12110,NULL,NULL),(1172,'Apologizing to an angry client simply validates their anger and perpetuates a stressful situation',26,12113,NULL,NULL),(1173,'Stage 3 of susbtance dependence is',26,12117,NULL,NULL),(1174,'Copying confidential information is:',26,12119,NULL,NULL),(1175,'Why is infection control important?',26,12122,NULL,NULL),(1176,'What illnesses are spread through contact? ',26,12129,NULL,NULL),(1177,'Under the Marchman Act people can be taken into protective custody without consent to:',26,12134,NULL,NULL),(1178,'Without written permission behavioral healthcare facilities can only share information with parents and spouses',26,12138,NULL,NULL),(1179,'After a client has been discharged from treatment for five years it is no longer necessary to have written permission to discuss information',26,12140,NULL,NULL),(1180,'Oral information is not protected by HIPAA guidelines',26,12142,NULL,NULL),(1181,'There is a fine for healthcare facilities that violate HIPAA guidelines',26,12145,NULL,NULL),(1182,'It is permissible to discuss specifics of cases in 12 step meetings because the meetings are confidential',26,12148,NULL,NULL),(1183,'The initial decision to take drugs is voluntary.',27,13402,NULL,NULL),(1184,'A state of ________  is when someone is able to consume large doses of a drug continuously with no ill effects.',27,13407,NULL,NULL),(1185,'Addiction is often broken when negative consequences occur.',27,13409,NULL,NULL),(1186,'Genetics is a contributing factor to addiction.',27,13410,NULL,NULL),(1187,'Following the rules ensures ethical conduct.',27,13413,NULL,NULL),(1188,'Information releases in the criminal justice system are the same as outside the justice system.',27,13415,NULL,NULL),(1189,'Every state requires disclosure of harmful situations to minors.',27,13418,NULL,NULL),(1190,'Boundaries must be set primarily by the client, then the professional.',27,13421,NULL,NULL),(1191,'It is not exploitation if the client initiates the action.',27,13423,NULL,NULL),(1192,'Counselors are culturally competent when they are open to other cultures.',27,13425,NULL,NULL),(1193,'About one-sixth of Americans have a disability.',27,13426,NULL,NULL),(1194,'A client’s sex/gender can come with cultural considerations.',27,13428,NULL,NULL),(1195,'Supervision and counseling are basically the same thing.',27,13431,NULL,NULL),(1196,'Counselors and supervisors should have similar boundaries to counselors and clients.',27,13432,NULL,NULL),(1197,'Informed consent is:',27,13437,NULL,NULL),(1198,'Confidential information cannot be released unless:',27,13442,NULL,NULL),(1199,'Self-disclosure is appropriate when:',27,13445,NULL,NULL),(1200,'Counselors in recovery themselves represent:',27,13452,NULL,NULL),(1201,'Why do counselors who are themselves in recovery need additional supervision?',27,13453,NULL,NULL),(1202,'A good example of blurred boundaries can include:',27,13459,NULL,NULL),(1203,'A good example of a dual relationship is:',27,13464,NULL,NULL),(1204,'Which of the regulation below must an agency follow first?',27,13466,NULL,NULL),(1205,'The below are all client rights except:',27,13470,NULL,NULL),(1206,'How can counselors become truly culturally competent?',27,13476,NULL,NULL),(1207,'ADA (Legislative Acronym) Stands for:',27,13479,NULL,NULL),(1208,'Diverse Values:',27,13484,NULL,NULL),(1209,'Seeking out supervision when needed is a counselor’s:',27,13487,NULL,NULL),(1210,'A crisis can ultimately be either positive or negative. ',28,13493,NULL,NULL),(1211,'Substance abuse itself cannot lead to a crisis. ',28,13496,NULL,NULL),(1212,'¾ of domestic violence victims are female. ',28,13497,NULL,NULL),(1213,'Domestic violence does not affect the elderly. ',28,13500,NULL,NULL),(1214,'Same-sex partners are often overlooked when determining domestic violence.',28,13501,NULL,NULL),(1215,'Threats are not Domestic Violence. ',28,13504,NULL,NULL),(1216,'Domestic Violence does not apply to those dating. ',28,13506,NULL,NULL),(1217,'Measles can be transmitted without physical contact. ',28,13507,NULL,NULL),(1218,'Hepatitis is an illness of the kidney. ',28,13510,NULL,NULL),(1219,'Hand sanitizers eliminate all germs. ',28,13514,NULL,NULL),(1220,'Crisis intervention requires the counselor to:',28,13518,NULL,NULL),(1221,'Which of the following is not a way to prevent a crisis?',28,13519,NULL,NULL),(1222,'Domestic violence affects:',28,13542,NULL,NULL),(1223,'Between 1990 and 2003 the rate of Domestic Violence:',28,13545,NULL,NULL),(1224,'Intimate Partner Violence is:',28,13550,NULL,NULL),(1225,'Which of the following is not a risk factor of intimate partner violence?',28,13552,NULL,NULL),(1226,'What are some of the most common signs of IPV?',28,13561,NULL,NULL),(1227,'Which of the following is not a route of infection transmission?',28,13564,NULL,NULL),(1228,'Effective hand sanitizers should contain at least how much alcohol by volume?',28,13573,NULL,NULL),(1229,'Which of the following are risk factors of HEP C Infection?',28,13584,NULL,NULL),(1230,'A referral is needed when the treatment center cannot fulfill the needs of the client. ',29,13591,NULL,NULL),(1231,'Referrals should not be made to religious organizations.',29,13594,NULL,NULL),(1232,'Treatment breakdowns are often caused by erroneous referrals.',29,13595,NULL,NULL),(1233,'There is no wrong time to refer out.',29,13597,NULL,NULL),(1234,'Documentation is a convenience not a necessity.',29,13602,NULL,NULL),(1235,'HIPAA regulates client privacy. ',29,13603,NULL,NULL),(1236,'Stored records belong to the counselor treating the client. ',29,13608,NULL,NULL),(1237,'Documentation should be objective, avoiding conjecture. ',29,13609,NULL,NULL),(1238,'The developmental assets model describes 50 positive traits. ',29,13612,NULL,NULL),(1239,'The strategic Prevention Framework was created by CSAP and SAMHSA. ',29,13613,NULL,NULL),(1240,'Evidence-based principles for substance abuse prevention include:',29,13619,NULL,NULL),(1241,'CSAP’s prevention strategies were created for:',29,13623,NULL,NULL),(1242,'The Developmental Assets Model:',29,13625,NULL,NULL),(1243,'Prevention goals can include:',29,13628,NULL,NULL),(1244,'Documentation skills include:',29,13635,NULL,NULL),(1245,'Client files:',29,13638,NULL,NULL),(1246,'Access to client information is regulated by:',29,13641,NULL,NULL),(1247,'Which of the following is not a function of client treatment documentation?',29,13647,NULL,NULL),(1248,'Loneliness and isolation is a relapse risk factor ',30,13648,NULL,NULL),(1249,'Clinicians should take clients off their medication as soon as they are feeling better ',30,13651,NULL,NULL),(1250,'Completing education in recovering addicts can offer a sense of purpose and achievement ',30,13652,NULL,NULL),(1251,'Stress can lead to relapse',30,13654,NULL,NULL),(1252,'12 steps are a popular but largely unproven aftercare resource for alcoholics ',30,13657,NULL,NULL),(1253,'Cultural competence is important in aftercare too ',30,13664,NULL,NULL),(1254,'Florida has the third highest incidence of HIV/AIDS in the US ',30,13666,NULL,NULL),(1255,'HIV can be transmitted through casual contact ',30,13669,NULL,NULL),(1256,'HIV is both a bacterial and viral infection ',30,13671,NULL,NULL),(1257,'Aftercare is:',30,13674,NULL,NULL),(1258,'Appropriate interim goals may include:',30,13676,NULL,NULL),(1259,'It is important that, when taking medicine, clients do not:',30,13682,NULL,NULL),(1260,'Recovering addicts may find career success by:',30,13687,NULL,NULL),(1261,'Stress and anxiety management often leads to:',30,13693,NULL,NULL),(1262,'12 step programs are:',30,13700,NULL,NULL),(1263,'Which of the following is not a goal of social development?',30,13707,NULL,NULL),(1264,'The 2010 National AIDS Strategy has three overarching goals, one of which is:',30,13713,NULL,NULL),(1265,'Which risk groups account for 75 percent of new HIV/AIDS infections?',30,13716,NULL,NULL),(1266,'Which of the following would be most likely transmit an HIV infection?',30,13719,NULL,NULL),(1267,'Which of the following safer sex precautionary measures has not been demonstrated to reduce the spread of HIV?',30,13728,NULL,NULL),(1268,'Immediately after exposure to the blood of a patient, a healthcare worker should:',30,13733,NULL,NULL),(1269,'Dual disorders must be treated by multiple facilities ',31,13772,NULL,NULL),(1270,'The Developmental Model of Recovery has 5 stages ',31,13774,NULL,NULL),(1271,'Substance abuse and mental illness levels of care are the same for all clinicians',31,13776,NULL,NULL),(1272,'Extrinsic motivators are internal motivators',31,13778,NULL,NULL),(1273,'Affect is a pattern of implied behavior and emotion',31,13780,NULL,NULL),(1274,'The Developmental Model of Recovery asserts that there are often predictable stages in recovery ',31,13781,NULL,NULL),(1275,'Protective factors reduce the risk of addiction ',31,13783,NULL,NULL),(1276,'Prophylactic drug treatment refers to prevention of future episodes ',31,13785,NULL,NULL),(1277,'Many people are not adequately treated for co-occurring disorders ',31,13787,NULL,NULL),(1278,'Dysphoric is a term used to identify mood',31,13789,NULL,NULL),(1279,'Which of the following is a risk factor in the individual domain:',31,13792,NULL,NULL),(1280,'The Developmental Model of Recovery',31,13737,NULL,NULL),(1281,'The Developmental Model of Recovery is based upon',31,13739,NULL,NULL),(1282,'Graduating to maintenance from stabilization in The Developmental Model of Recovery requires:',31,13745,NULL,NULL),(1283,'Psychotropic medications:',31,13747,NULL,NULL),(1284,'The lobe of the brain responsible for movement is the:',31,13752,NULL,NULL),(1285,'Clinicians began seeing the relationships between substance abuse and mental illness in the',31,13756,NULL,NULL),(1286,'Questions in recovery are used to:',31,13761,NULL,NULL),(1287,'Which of the following is not an often-used term to describe a client’s mood:',31,13766,NULL,NULL),(1288,'Which of the following is not an often-used term to describe affect:',31,13768,NULL,NULL),(1289,'The ramifications of allowing/causing a breach in confidentiality can include:',32,13799,NULL,NULL),(1290,'Adhering to confidentiality:',32,13801,NULL,NULL),(1291,'Which of the following is not generally a basis of decision making?',32,13806,NULL,NULL),(1292,'Dual relationships occur when:',32,13809,NULL,NULL),(1293,'Boundaries:',32,13817,NULL,NULL),(1294,'Professional Ethics:',32,13823,NULL,NULL),(1295,'Ethical Nuances:',32,13825,NULL,NULL),(1296,'42 CFR applies to:',32,13829,NULL,NULL),(1297,'Blurring boundaries:',32,13837,NULL,NULL),(1298,'Informed consent is:',32,13841,NULL,NULL),(1299,'Counselor self-disclosure:',32,13847,NULL,NULL),(1300,'Transference is:',32,13849,NULL,NULL),(1301,'Counter-transference is:',32,13855,NULL,NULL),(1302,'Which of the following are examples of dual relationships?',32,13863,NULL,NULL),(1303,'Ethical considerations can typically be viewed from which of the following three different perspectives?',32,13866,NULL,NULL),(1304,'It is important to consider the attributes that a dependent individual brings from the special population he or she identifies with because:',32,13872,NULL,NULL),(1305,'The term \"freebasing\" refers to:',32,13878,NULL,NULL),(1306,'The majority of Americans use drugs to:',32,13882,NULL,NULL),(1307,'As an alcoholic\'s or addict\'s chemical use progresses, he/she:',32,13884,NULL,NULL),(1308,'The use of a drug in some socially prescribed fashion is referred to as:',32,13892,NULL,NULL),(1309,'Misuse would be:',32,13895,NULL,NULL),(1310,'Narcotic drugs:',32,13902,NULL,NULL),(1311,'Approximately 10 to 11% of Americans will likely experience a serious drug problem with:',32,13904,NULL,NULL),(1312,'Which of the following terms refers to a mental condition of relatively long duration?',32,13911,NULL,NULL),(1313,'A synthetic narcotic drug that is used for heroin treatment, is long lasting, and eliminates the need for a patient to take medication at home is:',32,13917,NULL,NULL),(1314,'It is often said that the family of a chemically dependent individual is often as sick as the dependent person themselves. Which of the following is an example of the physical problems the family may suffer?',32,13922,NULL,NULL),(1315,'A long-term effect of alcohol consumption that is one of the top ten causes of death in America is:',32,13926,NULL,NULL),(1316,'Which of the following is a sign of potential relapse?',32,13930,NULL,NULL),(1317,'Relapse prevention efforts are aimed at:',32,13936,NULL,NULL),(1318,'Because addiction affects so many facets of the addicted person\'s life, _____ promotes recovery and enables the substance abuse client to fully integrate into society as a healthy, substance-free individual.',32,13941,NULL,NULL),(1319,'All of the following statements about the effects of alcohol abuse on the body are true EXCEPT:',32,13943,NULL,NULL),(1320,'The medical definition of addiction includes all of the following EXCEPT?',32,13948,NULL,NULL),(1321,'Since the 19th century illegal drugs like morphine, cocaine and heroin have been used and abused. During that period in time who was the most common source of getting these drugs?',32,13955,NULL,NULL),(1322,'Which the oldest used drug in America?',32,13957,NULL,NULL),(1323,'What percentage of the population is addicted to drugs or alcohol?',32,13961,NULL,NULL),(1324,'Addiction is due 50% to genetic predisposition and 50% to poor coping skills.',32,13966,NULL,NULL),(1325,'Abuse potential of drug is related to?',32,13971,NULL,NULL),(1326,'What area of the brain is involved in impulse control and decision making?',32,13973,NULL,NULL),(1327,'Stress is a well-known relapse trigger. What area of the brain regulates/modulates stress?',32,13982,NULL,NULL),(1328,'Which of the following help reverse addiction?',32,13986,NULL,NULL),(1329,'Abuse of all psychoactive drugs cause physical dependence.',32,13989,NULL,NULL),(1330,'Contracted pupils, slurred speech, sleepiness and poor judgment are possible signs of which drug?',32,13992,NULL,NULL),(1331,'Which of the following are risk factors for addiction?',32,13999,NULL,NULL),(1332,'Why are adolescents at higher risk for abusing drugs and alcohol?',32,14000,NULL,NULL),(1333,'An enlarged and bulbous nose may be a sign of?',32,14007,NULL,NULL),(1334,'Blackouts can happen in dependent and non-dependent alcohol users.',32,14010,NULL,NULL),(1335,'What is the main difference between addiction and physical dependence?',32,14013,NULL,NULL),(1336,'The 2 drugs that cause the most deaths and are the most available to adolescents are?',32,14019,NULL,NULL),(1337,'All of the following are risk factors for adolescent alcohol abuse EXCEPT:',32,14025,NULL,NULL),(1338,'Both developing and recovering from addiction require?',32,14027,NULL,NULL),(1339,'Some signs of being “stuck in recovery” are?',32,14035,NULL,NULL),(1340,'Tobacco affects the brain. How is nicotine absorbed?',32,14038,NULL,NULL),(1341,'Which of the following has been labeled as “the soft drug”?',32,14045,NULL,NULL),(1342,'Tobacco effects which neurotransmitter?',32,14049,NULL,NULL),(1343,'Cultural attitudes about drugs are influenced by which of the following?',32,14055,NULL,NULL),(1344,'Social exclusion is an example of what?',32,14056,NULL,NULL),(1345,'Gambling addiction, sex addiction and food addiction are all examples of?',32,14062,NULL,NULL),(1346,'Some of the effects of Depressants are?',32,14066,NULL,NULL),(1347,'Some of the effects of Opiods and Morphine derivatives are?',32,14075,NULL,NULL),(1348,'Mental Disorders can bring about substance abuse.',32,14076,NULL,NULL),(1349,'Possible explanations for the existence of co-occurring substance use disorder and mental health disorders are which of the following?',32,14082,NULL,NULL),(1350,'Recent research has shown that early drug use among adolescents may put them at risk for?',32,14085,NULL,NULL),(1351,'After marijuana, prescription and over-the-counter drugs are the most abused drugs in America.',32,14088,NULL,NULL),(1352,'Addiction can NOT happen in people over 75?',32,14091,NULL,NULL),(1353,'Addiction is a developmental disease?',32,14092,NULL,NULL),(1354,'In 1985, the issue of AIDS was targeted as a top priority for training and assistance to:',32,14095,NULL,NULL),(1355,'Substance abuse has impact on which of the following areas:',32,14103,NULL,NULL),(1356,'Most people use drugs for the first time as a teenager. According to research, which 2 drugs are the most common for first time users?',32,14106,NULL,NULL),(1357,'Which of the following are physical warning signs of addiction?',32,14109,NULL,NULL),(1358,'Which of the following BEST describes risk factors for substance abuse?',32,14114,NULL,NULL),(1359,'Which of the following BEST describe protective factors for substance abuse?',32,14123,NULL,NULL),(1360,'Using cocaine while pregnant can cause:',32,14126,NULL,NULL),(1361,'Research indicates adolescents who use _________ before the age of 14 are more likely to experience substance dependence in their life?',32,14133,NULL,NULL),(1362,'The definition of protective factors include which of the following?',32,14135,NULL,NULL),(1363,'The dependent family system may exhibit which of the following?',32,14139,NULL,NULL),(1364,'Risky behaviors related to substance abuse are linked to which of the following?',32,14150,NULL,NULL),(1365,'What is Hepatitis?',32,14153,NULL,NULL),(1366,'IV drug users are susceptible to which of the following?',32,14160,NULL,NULL),(1367,'Life skills are most often taught through which method?',32,14161,NULL,NULL),(1368,'Which life skills are the most commonly underdeveloped?',32,14169,NULL,NULL),(1369,'The most important criteria for client inclusion in group is:',32,14172,NULL,NULL),(1370,'Which of the following is the best way to communicate concern and caring for the client?',32,14175,NULL,NULL),(1371,'During a session you notice that the client is getting progressively more agitated. You suspect a potential for violence unless something is done immediately. Your best course of action would be to:',32,14179,NULL,NULL),(1372,'It is important to consider the attributes that a dependent individual brings from the special population he or she identifies with because:',32,14186,NULL,NULL),(1373,'In the first stage of group development, the group focuses on:',32,14188,NULL,NULL),(1374,'A counselor best communicates a non-judgmental attitude by:',32,14194,NULL,NULL),(1375,'Orientation to group counseling should include:',32,14199,NULL,NULL),(1376,'Which of the following is a potential pitfall for new coaches?',32,14203,NULL,NULL),(1377,'Which of the following is typically not a good way for the coach to establish trust?',32,14207,NULL,NULL),(1378,'Prohibition caused the following to occur:',32,14210,NULL,NULL),(1379,'A client says, \"I don\'t think I\'m an alcoholic. I mean, I only drink beer and never in the morning. But I\'ve been warned about how it\'s affecting my health.\" In response, an open-ended question would be:',32,14212,NULL,NULL),(1380,'Which of the following is not an adjustment the family makes to the problem of chemical dependency?',32,14219,NULL,NULL),(1381,'Which of the following statements about dysfunctional families is true?',32,14222,NULL,NULL),(1382,'Effective communication occurs in groups when:',32,14225,NULL,NULL),(1383,'Which of the following is NOT a commonly used technique for crisis intervention?',32,14231,NULL,NULL),(1384,'Which statement BEST describes how a coach can avoid professional burnout?',32,14234,NULL,NULL),(1385,'A client says to you, \"I am getting to like you very much and I\'d like us to get a lot closer.\" You should first:',32,14237,NULL,NULL),(1386,'The initial stage of crisis intervention involves:',32,14242,NULL,NULL),(1387,'The tendency of the family to try and maintain balance is called:',32,14246,NULL,NULL),(1388,'Your client, Eric, discloses to the group that he is homosexual. Another member of the group shifts in his seat and changes the subject, talking about a superficial incident that happened earlier in the day. The facilitator\'s MOST appropriate response would be to:',32,14251,NULL,NULL),(1389,'In a crisis interview with a client, you are MOST concerned with:',32,14253,NULL,NULL),(1390,'You are having difficulty with a client early on in the case. The BEST thing for you to do is:',32,14257,NULL,NULL),(1391,'The BEST way of dealing with individual needs in a group is to:',32,14260,NULL,NULL),(1392,'The quality of coaching is directly related to the coach\'s ability to:',32,14264,NULL,NULL),(1393,'You begin working with a drinking alcoholic who recently had eight months of sobriety. He asks how he can stay sober. You respond by:',32,14271,NULL,NULL),(1394,'Which term refers to a client\'s projecting past emotional feelings and/or attitudes onto the coach?',32,14273,NULL,NULL),(1395,'A frequent client reaction during the termination phase is:',32,14278,NULL,NULL),(1396,'Which of the following is the BEST example of a coach setting limits with a client?',32,14282,NULL,NULL),(1397,'The process of termination should be discussed:',32,14286,NULL,NULL),(1398,'Having a framework for individual counseling session provides:',32,14288,NULL,NULL),(1399,'Casting the coach in the role of a parent is known as:',32,14294,NULL,NULL),(1400,'To ensure coaches do NOT bring their own issues to their work, coaches can:',32,14296,NULL,NULL),(1401,'If the coach is in recovery themselves they should:',32,14303,NULL,NULL),(1402,'To improve outcomes with a multicultural population the coach must be sensitive to clients\':',32,14307,NULL,NULL);

--
-- Table structure for table `response`
--

CREATE TABLE `response` (
  `id` int(11) NOT NULL AUTO_INCREMENT,
  `user_id` int(11) unsigned NOT NULL,
  `question_id` int(11) unsigned NOT NULL,
  `course_id` int(11) unsigned NOT NULL,
  `response` varchar(60) NOT NULL,
  `attempt` int(11) NOT NULL,
  `correct` int(11) DEFAULT NULL,
  PRIMARY KEY (`id`),
  KEY `user_id` (`user_id`,`question_id`,`course_id`),
  KEY `question_id` (`question_id`),
  KEY `test_id` (`course_id`),
  KEY `response` (`response`),
  CONSTRAINT `response_ibfk_2` FOREIGN KEY (`user_id`) REFERENCES `user` (`id`) ON DELETE CASCADE ON UPDATE NO ACTION,
  CONSTRAINT `response_ibfk_4` FOREIGN KEY (`course_id`) REFERENCES `course` (`id`) ON DELETE CASCADE ON UPDATE NO ACTION
) ENGINE=InnoDB AUTO_INCREMENT=1184 DEFAULT CHARSET=utf8;

--
-- Dumping data for table `response`
--

INSERT INTO `response` VALUES (1,258,1183,27,'13402',1,1),(2,258,1184,27,'13407',1,1),(3,258,1185,27,'13409',1,1),(4,258,1186,27,'13410',1,1),(5,258,1187,27,'13413',1,1),(6,258,1188,27,'13415',1,1),(7,258,1189,27,'13418',1,1),(8,258,1190,27,'13421',1,1),(9,258,1191,27,'13423',1,1),(10,258,1192,27,'13425',1,1),(11,258,1193,27,'13426',1,1),(12,258,1194,27,'13428',1,1),(13,258,1195,27,'13431',1,1),(14,258,1196,27,'13432',1,1),(15,258,1197,27,'13436',1,NULL),(16,258,1198,27,'13442',1,1),(17,258,1199,27,'13445',1,1),(18,258,1200,27,'13452',1,1),(19,258,1201,27,'13456',1,NULL),(20,258,1202,27,'13459',1,1),(21,258,1203,27,'13464',1,1),(22,258,1204,27,'13466',1,1),(23,258,1205,27,'13469',1,NULL),(24,258,1206,27,'13476',1,1),(25,258,1207,27,'13479',1,1),(26,258,1208,27,'13484',1,1),(27,258,1209,27,'13487',1,1),(28,262,26,3,'463',1,1),(29,262,27,3,'465',1,1),(30,262,28,3,'468',1,NULL),(31,262,29,3,'469',1,1),(32,262,30,3,'471',1,1),(33,262,31,3,'474',1,1),(34,262,32,3,'476',1,NULL),(35,262,33,3,'477',1,1),(36,262,34,3,'479',1,1),(37,262,35,3,'485',1,1),(38,262,36,3,'487',1,1),(39,262,37,3,'490',1,1),(40,262,38,3,'500',1,1),(41,262,39,3,'508',1,1),(42,262,40,3,'511',1,1),(43,262,41,3,'516',1,NULL),(44,262,42,3,'533',1,1),(45,262,47,3,'521',1,1),(46,262,48,3,'526',1,1),(47,262,49,3,'532',1,1),(48,262,1183,27,'13402',1,1),(49,262,1184,27,'13407',1,1),(50,262,1185,27,'13409',1,1),(51,262,1186,27,'13410',1,1),(52,262,1187,27,'13412',1,NULL),(53,262,1188,27,'13414',1,NULL),(54,262,1189,27,'13418',1,1),(55,262,1190,27,'13421',1,1),(56,262,1191,27,'13423',1,1),(57,262,1192,27,'13424',1,NULL),(58,262,1193,27,'13426',1,1),(59,262,1194,27,'13429',1,NULL),(60,262,1195,27,'13431',1,1),(61,262,1196,27,'13432',1,1),(62,262,1197,27,'13437',1,1),(63,262,1198,27,'13442',1,1),(64,262,1199,27,'13445',1,1),(65,262,1200,27,'13452',1,1),(66,262,1201,27,'13456',1,NULL),(67,262,1202,27,'13459',1,1),(68,262,1203,27,'13464',1,1),(69,262,1204,27,'13466',1,1),(70,262,1205,27,'13470',1,1),(71,262,1206,27,'13476',1,1),(72,262,1207,27,'13479',1,1),(73,262,1208,27,'13482',1,NULL),(74,262,1209,27,'13487',1,1),(75,262,1183,27,'13402',2,1),(76,262,1184,27,'13407',2,1),(77,262,1185,27,'13409',2,1),(78,262,1186,27,'13410',2,1),(79,262,1187,27,'13413',2,1),(80,262,1188,27,'13415',2,1),(81,262,1189,27,'13418',2,1),(82,262,1190,27,'13421',2,1),(83,262,1191,27,'13423',2,1),(84,262,1192,27,'13425',2,1),(85,262,1193,27,'13426',2,1),(86,262,1194,27,'13428',2,1),(87,262,1195,27,'13431',2,1),(88,262,1196,27,'13432',2,1),(89,262,1197,27,'13437',2,1),(90,262,1198,27,'13442',2,1),(91,262,1200,27,'13452',2,1),(92,262,1201,27,'13454',2,NULL),(93,262,1202,27,'13459',2,1),(94,262,1203,27,'13464',2,1),(95,262,1204,27,'13466',2,1),(96,262,1205,27,'13470',2,1),(97,262,1206,27,'13476',2,1),(98,262,1207,27,'13479',2,1),(99,262,1208,27,'13484',2,1),(100,262,1209,27,'13487',2,1),(101,263,1183,27,'13402',1,1),(102,263,1184,27,'13407',1,1),(103,263,1185,27,'13409',1,1),(104,263,1186,27,'13410',1,1),(105,263,1187,27,'13413',1,1),(106,263,1188,27,'13415',1,1),(107,263,1189,27,'13418',1,1),(108,263,1190,27,'13421',1,1),(109,263,1191,27,'13423',1,1),(110,263,1192,27,'13424',1,NULL),(111,263,1193,27,'13426',1,1),(112,263,1194,27,'13428',1,1),(113,263,1195,27,'13431',1,1),(114,263,1196,27,'13432',1,1),(115,263,1197,27,'13437',1,1),(116,263,1198,27,'13442',1,1),(117,263,1199,27,'13445',1,1),(118,263,1200,27,'13452',1,1),(119,263,1201,27,'13453',1,1),(120,263,1202,27,'13459',1,1),(121,263,1203,27,'13464',1,1),(122,263,1204,27,'13466',1,1),(123,263,1205,27,'13470',1,1),(124,263,1206,27,'13476',1,1),(125,263,1207,27,'13479',1,1),(126,263,1208,27,'13484',1,1),(127,263,1209,27,'13487',1,1),(128,271,1183,27,'13402',1,1),(129,271,1184,27,'13407',1,1),(130,271,1185,27,'13409',1,1),(131,271,1186,27,'13410',1,1),(132,271,1187,27,'13412',1,NULL),(133,271,1188,27,'13415',1,1),(134,271,1189,27,'13418',1,1),(135,271,1190,27,'13421',1,1),(136,271,1191,27,'13423',1,1),(137,271,1192,27,'13424',1,NULL),(138,271,1193,27,'13426',1,1),(139,271,1194,27,'13428',1,1),(140,271,1195,27,'13431',1,1),(141,271,1196,27,'13432',1,1),(142,271,1197,27,'13436',1,NULL),(143,271,1198,27,'13442',1,1),(144,271,1199,27,'13445',1,1),(145,271,1200,27,'13452',1,1),(146,271,1201,27,'13453',1,1),(147,271,1202,27,'13459',1,1),(148,271,1203,27,'13464',1,1),(149,271,1204,27,'13467',1,NULL),(150,271,1205,27,'13469',1,NULL),(151,271,1206,27,'13476',1,1),(152,271,1207,27,'13479',1,1),(153,271,1208,27,'13484',1,1),(154,271,1209,27,'13487',1,1),(155,271,1183,27,'13402',2,1),(156,271,1184,27,'13407',2,1),(157,271,1185,27,'13408',2,NULL),(158,271,1186,27,'13410',2,1),(159,271,1187,27,'13412',2,NULL),(160,271,1188,27,'13415',2,1),(161,271,1189,27,'13418',2,1),(162,271,1190,27,'13421',2,1),(163,271,1191,27,'13423',2,1),(164,271,1192,27,'13425',2,1),(165,271,1193,27,'13426',2,1),(166,271,1194,27,'13428',2,1),(167,271,1195,27,'13431',2,1),(168,271,1196,27,'13432',2,1),(169,271,1197,27,'13437',2,1),(170,271,1198,27,'13442',2,1),(171,271,1199,27,'13445',2,1),(172,271,1200,27,'13452',2,1),(173,271,1201,27,'13453',2,1),(174,271,1202,27,'13459',2,1),(175,271,1203,27,'13464',2,1),(176,271,1204,27,'13466',2,1),(177,271,1205,27,'13470',2,1),(178,271,1206,27,'13476',2,1),(179,271,1207,27,'13479',2,1),(180,271,1208,27,'13484',2,1),(181,271,1209,27,'13487',2,1),(182,265,1183,27,'13402',1,1),(183,265,1184,27,'13407',1,1),(184,265,1185,27,'13409',1,1),(185,265,1186,27,'13410',1,1),(186,265,1187,27,'13412',1,NULL),(187,265,1188,27,'13415',1,1),(188,265,1189,27,'13418',1,1),(189,265,1190,27,'13421',1,1),(190,265,1191,27,'13423',1,1),(191,265,1192,27,'13425',1,1),(192,265,1193,27,'13426',1,1),(193,265,1194,27,'13428',1,1),(194,265,1195,27,'13431',1,1),(195,265,1196,27,'13432',1,1),(196,265,1197,27,'13437',1,1),(197,265,1198,27,'13442',1,1),(198,265,1199,27,'13445',1,1),(199,265,1200,27,'13452',1,1),(200,265,1201,27,'13453',1,1),(201,265,1202,27,'13459',1,1),(202,265,1203,27,'13464',1,1),(203,265,1204,27,'13466',1,1),(204,265,1205,27,'13470',1,1),(205,265,1206,27,'13476',1,1),(206,265,1207,27,'13479',1,1),(207,265,1208,27,'13484',1,1),(208,265,1209,27,'13487',1,1),(209,263,1210,28,'13494',1,NULL),(210,263,1211,28,'13495',1,NULL),(211,263,1212,28,'13497',1,1),(212,263,1213,28,'13500',1,1),(213,263,1214,28,'13501',1,1),(214,263,1215,28,'13504',1,1),(215,263,1216,28,'13506',1,1),(216,263,1217,28,'13507',1,1),(217,263,1218,28,'13510',1,1),(218,263,1219,28,'13514',1,1),(219,263,1220,28,'13518',1,1),(220,263,1221,28,'13519',1,1),(221,263,1222,28,'13542',1,1),(222,263,1223,28,'13545',1,1),(223,263,1224,28,'13550',1,1),(224,263,1225,28,'13552',1,1),(225,263,1226,28,'13561',1,1),(226,263,1227,28,'13564',1,1),(227,263,1228,28,'13573',1,1),(228,263,1229,28,'13584',1,1),(229,265,1210,28,'13494',1,NULL),(230,265,1211,28,'13496',1,1),(231,265,1212,28,'13497',1,1),(232,265,1213,28,'13500',1,1),(233,265,1214,28,'13501',1,1),(234,265,1215,28,'13504',1,1),(235,265,1216,28,'13506',1,1),(236,265,1217,28,'13507',1,1),(237,265,1218,28,'13510',1,1),(238,265,1219,28,'13514',1,1),(239,265,1220,28,'13518',1,1),(240,265,1221,28,'13519',1,1),(241,265,1222,28,'13542',1,1),(242,265,1223,28,'13545',1,1),(243,265,1224,28,'13550',1,1),(244,265,1225,28,'13552',1,1),(245,265,1226,28,'13561',1,1),(246,265,1227,28,'13564',1,1),(247,265,1228,28,'13573',1,1),(248,265,1229,28,'13584',1,1),(249,265,1230,29,'13591',1,1),(250,265,1231,29,'13594',1,1),(251,265,1232,29,'13595',1,1),(252,265,1233,29,'13597',1,1),(253,265,1234,29,'13602',1,1),(254,265,1235,29,'13603',1,1),(255,265,1236,29,'13608',1,1),(256,265,1237,29,'13609',1,1),(257,265,1238,29,'13612',1,1),(258,265,1239,29,'13613',1,1),(259,265,1240,29,'13619',1,1),(260,265,1241,29,'13623',1,1),(261,265,1242,29,'13625',1,1),(262,265,1243,29,'13628',1,1),(263,265,1244,29,'13635',1,1),(264,265,1245,29,'13638',1,1),(265,265,1246,29,'13641',1,1),(266,265,1247,29,'13645',1,NULL),(267,265,1248,30,'13648',1,1),(268,265,1249,30,'13651',1,1),(269,265,1250,30,'13652',1,1),(270,265,1251,30,'13654',1,1),(271,265,1252,30,'13657',1,1),(272,265,1253,30,'13664',1,1),(273,265,1254,30,'13666',1,1),(274,265,1255,30,'13669',1,1),(275,265,1256,30,'13671',1,1),(276,265,1257,30,'13674',1,1),(277,265,1258,30,'13676',1,1),(278,265,1259,30,'13682',1,1),(279,265,1260,30,'13687',1,1),(280,265,1261,30,'13693',1,1),(281,265,1262,30,'13700',1,1),(282,265,1263,30,'13707',1,1),(283,265,1264,30,'13713',1,1),(284,265,1265,30,'13716',1,1),(285,265,1266,30,'13719',1,1),(286,265,1267,30,'13729',1,NULL),(287,265,1268,30,'13733',1,1),(288,263,1230,29,'13591',1,1),(289,263,1231,29,'13594',1,1),(290,263,1232,29,'13595',1,1),(291,263,1233,29,'13597',1,1),(292,263,1234,29,'13602',1,1),(293,263,1235,29,'13603',1,1),(294,263,1236,29,'13608',1,1),(295,263,1237,29,'13609',1,1),(296,263,1238,29,'13612',1,1),(297,263,1239,29,'13613',1,1),(298,263,1240,29,'13619',1,1),(299,263,1241,29,'13623',1,1),(300,263,1242,29,'13625',1,1),(301,263,1243,29,'13628',1,1),(302,263,1244,29,'13635',1,1),(303,263,1245,29,'13638',1,1),(304,263,1246,29,'13641',1,1),(305,263,1247,29,'13647',1,1),(306,263,1230,29,'13591',2,1),(307,263,1231,29,'13594',2,1),(308,263,1232,29,'13595',2,1),(309,263,1233,29,'13597',2,1),(310,263,1234,29,'13602',2,1),(311,263,1235,29,'13603',2,1),(312,263,1236,29,'13608',2,1),(313,263,1237,29,'13609',2,1),(314,263,1238,29,'13612',2,1),(315,263,1239,29,'13613',2,1),(316,263,1240,29,'13619',2,1),(317,263,1241,29,'13623',2,1),(318,263,1242,29,'13625',2,1),(319,263,1243,29,'13628',2,1),(320,263,1244,29,'13635',2,1),(321,263,1245,29,'13638',2,1),(322,263,1246,29,'13641',2,1),(323,263,1247,29,'13647',2,1),(324,265,1280,31,'13737',1,1),(325,265,1281,31,'13739',1,1),(326,265,1282,31,'13745',1,1),(327,265,1283,31,'13746',1,NULL),(328,265,1284,31,'13752',1,1),(329,265,1285,31,'13756',1,1),(330,265,1286,31,'13761',1,1),(331,265,1287,31,'13766',1,1),(332,265,1288,31,'13768',1,1),(333,265,1269,31,'13772',1,1),(334,265,1270,31,'13774',1,1),(335,265,1271,31,'13776',1,1),(336,265,1272,31,'13778',1,1),(337,265,1273,31,'13779',1,NULL),(338,265,1274,31,'13781',1,1),(339,265,1275,31,'13783',1,1),(340,265,1276,31,'13785',1,1),(341,265,1277,31,'13787',1,1),(342,265,1278,31,'13789',1,1),(343,265,1279,31,'13792',1,1),(344,276,26,3,'463',1,1),(345,276,27,3,'465',1,1),(346,276,28,3,'467',1,1),(347,276,29,3,'469',1,1),(348,276,30,3,'471',1,1),(349,276,31,3,'474',1,1),(350,276,32,3,'475',1,1),(351,276,33,3,'477',1,1),(352,276,34,3,'479',1,1),(353,276,35,3,'485',1,1),(354,276,36,3,'487',1,1),(355,276,37,3,'490',1,1),(356,276,38,3,'500',1,1),(357,276,39,3,'508',1,1),(358,276,40,3,'511',1,1),(359,276,41,3,'515',1,1),(360,276,42,3,'533',1,1),(361,276,47,3,'521',1,1),(362,276,48,3,'526',1,1),(363,276,49,3,'532',1,1),(364,270,1183,27,'13402',1,1),(365,270,1184,27,'13407',1,1),(366,270,1185,27,'13409',1,1),(367,270,1186,27,'13410',1,1),(368,270,1187,27,'13412',1,NULL),(369,270,1188,27,'13415',1,1),(370,270,1189,27,'13418',1,1),(371,270,1190,27,'13421',1,1),(372,270,1191,27,'13423',1,1),(373,270,1192,27,'13424',1,NULL),(374,270,1193,27,'13427',1,NULL),(375,270,1194,27,'13428',1,1),(376,270,1195,27,'13431',1,1),(377,270,1196,27,'13432',1,1),(378,270,1197,27,'13437',1,1),(379,270,1198,27,'13442',1,1),(380,270,1199,27,'13445',1,1),(381,270,1200,27,'13450',1,NULL),(382,270,1201,27,'13456',1,NULL),(383,270,1202,27,'13459',1,1),(384,270,1203,27,'13464',1,1),(385,270,1204,27,'13466',1,1),(386,270,1205,27,'13470',1,1),(387,270,1206,27,'13476',1,1),(388,270,1207,27,'13479',1,1),(389,270,1208,27,'13484',1,1),(390,270,1209,27,'13487',1,1),(391,263,1248,30,'13648',1,1),(392,263,1249,30,'13651',1,1),(393,263,1250,30,'13652',1,1),(394,263,1251,30,'13654',1,1),(395,263,1252,30,'13657',1,1),(396,263,1253,30,'13664',1,1),(397,263,1254,30,'13666',1,1),(398,263,1255,30,'13669',1,1),(399,263,1256,30,'13671',1,1),(400,263,1257,30,'13674',1,1),(401,263,1258,30,'13676',1,1),(402,263,1259,30,'13682',1,1),(403,263,1260,30,'13687',1,1),(404,263,1261,30,'13693',1,1),(405,263,1262,30,'13700',1,1),(406,263,1263,30,'13707',1,1),(407,263,1264,30,'13713',1,1),(408,263,1265,30,'13716',1,1),(409,263,1266,30,'13719',1,1),(410,263,1267,30,'13728',1,1),(411,263,1268,30,'13733',1,1),(412,267,1183,27,'13402',1,1),(413,267,1184,27,'13406',1,NULL),(414,267,1185,27,'13408',1,NULL),(415,267,1186,27,'13410',1,1),(416,267,1187,27,'13412',1,NULL),(417,267,1188,27,'13414',1,NULL),(418,267,1189,27,'13418',1,1),(419,267,1190,27,'13421',1,1),(420,267,1191,27,'13423',1,1),(421,267,1192,27,'13424',1,NULL),(422,267,1193,27,'13427',1,NULL),(423,267,1194,27,'13428',1,1),(424,267,1195,27,'13431',1,1),(425,267,1196,27,'13432',1,1),(426,267,1197,27,'13437',1,1),(427,267,1198,27,'13438',1,NULL),(428,267,1199,27,'13445',1,1),(429,267,1200,27,'13452',1,1),(430,267,1201,27,'13453',1,1),(431,267,1202,27,'13459',1,1),(432,267,1203,27,'13464',1,1),(433,267,1204,27,'13465',1,NULL),(434,267,1205,27,'13469',1,NULL),(435,267,1206,27,'13476',1,1),(436,267,1207,27,'13479',1,1),(437,267,1208,27,'13484',1,1),(438,267,1209,27,'13487',1,1),(439,267,1183,27,'13402',2,1),(440,267,1184,27,'13407',2,1),(441,267,1185,27,'13409',2,1),(442,267,1186,27,'13410',2,1),(443,267,1187,27,'13413',2,1),(444,267,1188,27,'13415',2,1),(445,267,1189,27,'13418',2,1),(446,267,1190,27,'13421',2,1),(447,267,1191,27,'13423',2,1),(448,267,1192,27,'13425',2,1),(449,267,1193,27,'13426',2,1),(450,267,1194,27,'13428',2,1),(451,267,1195,27,'13431',2,1),(452,267,1196,27,'13432',2,1),(453,267,1197,27,'13437',2,1),(454,267,1198,27,'13442',2,1),(455,267,1199,27,'13445',2,1),(456,267,1200,27,'13452',2,1),(457,267,1201,27,'13453',2,1),(458,267,1202,27,'13459',2,1),(459,267,1203,27,'13464',2,1),(460,267,1204,27,'13466',2,1),(461,267,1205,27,'13470',2,1),(462,267,1206,27,'13476',2,1),(463,267,1207,27,'13479',2,1),(464,267,1208,27,'13484',2,1),(465,267,1209,27,'13487',2,1),(466,271,1210,28,'13493',1,1),(467,271,1211,28,'13496',1,1),(468,271,1212,28,'13497',1,1),(469,271,1213,28,'13500',1,1),(470,271,1214,28,'13501',1,1),(471,271,1215,28,'13504',1,1),(472,271,1216,28,'13506',1,1),(473,271,1217,28,'13507',1,1),(474,271,1218,28,'13510',1,1),(475,271,1219,28,'13514',1,1),(476,271,1220,28,'13518',1,1),(477,271,1221,28,'13519',1,1),(478,271,1222,28,'13542',1,1),(479,271,1223,28,'13544',1,NULL),(480,271,1224,28,'13547',1,NULL),(481,271,1225,28,'13552',1,1),(482,271,1226,28,'13561',1,1),(483,271,1227,28,'13564',1,1),(484,271,1228,28,'13574',1,NULL),(485,271,1229,28,'13584',1,1),(486,263,1280,31,'13737',1,1),(487,263,1281,31,'13739',1,1),(488,263,1282,31,'13745',1,1),(489,263,1283,31,'13747',1,1),(490,263,1284,31,'13752',1,1),(491,263,1285,31,'13756',1,1),(492,263,1286,31,'13761',1,1),(493,263,1287,31,'13766',1,1),(494,263,1288,31,'13768',1,1),(495,263,1269,31,'13772',1,1),(496,263,1270,31,'13774',1,1),(497,263,1271,31,'13775',1,NULL),(498,263,1272,31,'13778',1,1),(499,263,1273,31,'13779',1,NULL),(500,263,1274,31,'13781',1,1),(501,263,1275,31,'13783',1,1),(502,263,1276,31,'13785',1,1),(503,263,1277,31,'13787',1,1),(504,263,1278,31,'13789',1,1),(505,263,1279,31,'13792',1,1),(506,270,1210,28,'13494',1,NULL),(507,270,1211,28,'13496',1,1),(508,270,1212,28,'13497',1,1),(509,270,1213,28,'13500',1,1),(510,270,1214,28,'13501',1,1),(511,270,1215,28,'13504',1,1),(512,270,1216,28,'13506',1,1),(513,270,1217,28,'13507',1,1),(514,270,1218,28,'13509',1,NULL),(515,270,1219,28,'13514',1,1),(516,270,1220,28,'13518',1,1),(517,270,1221,28,'13519',1,1),(518,270,1222,28,'13542',1,1),(519,270,1223,28,'13545',1,1),(520,270,1224,28,'13548',1,NULL),(521,270,1225,28,'13552',1,1),(522,270,1226,28,'13561',1,1),(523,270,1227,28,'13564',1,1),(524,270,1228,28,'13573',1,1),(525,270,1229,28,'13584',1,1),(526,270,1230,29,'13591',1,1),(527,270,1231,29,'13594',1,1),(528,270,1232,29,'13596',1,NULL),(529,270,1233,29,'13597',1,1),(530,270,1234,29,'13602',1,1),(531,270,1235,29,'13603',1,1),(532,270,1236,29,'13608',1,1),(533,270,1237,29,'13609',1,1),(534,270,1238,29,'13612',1,1),(535,270,1239,29,'13613',1,1),(536,270,1240,29,'13619',1,1),(537,270,1241,29,'13623',1,1),(538,270,1242,29,'13625',1,1),(539,270,1243,29,'13628',1,1),(540,270,1244,29,'13635',1,1),(541,270,1245,29,'13638',1,1),(542,270,1246,29,'13641',1,1),(543,270,1247,29,'13646',1,NULL),(544,270,1248,30,'13648',1,1),(545,270,1249,30,'13651',1,1),(546,270,1250,30,'13652',1,1),(547,270,1251,30,'13654',1,1),(548,270,1252,30,'13657',1,1),(549,270,1253,30,'13664',1,1),(550,270,1254,30,'13666',1,1),(551,270,1255,30,'13669',1,1),(552,270,1256,30,'13671',1,1),(553,270,1257,30,'13674',1,1),(554,270,1258,30,'13676',1,1),(555,270,1259,30,'13682',1,1),(556,270,1260,30,'13687',1,1),(557,270,1261,30,'13693',1,1),(558,270,1262,30,'13700',1,1),(559,270,1263,30,'13707',1,1),(560,270,1264,30,'13713',1,1),(561,270,1265,30,'13716',1,1),(562,270,1267,30,'13728',1,1),(563,270,1268,30,'13733',1,1),(564,271,1230,29,'13591',1,1),(565,271,1231,29,'13594',1,1),(566,271,1232,29,'13595',1,1),(567,271,1233,29,'13598',1,NULL),(568,271,1234,29,'13602',1,1),(569,271,1235,29,'13603',1,1),(570,271,1236,29,'13608',1,1),(571,271,1237,29,'13609',1,1),(572,271,1238,29,'13612',1,1),(573,271,1239,29,'13613',1,1),(574,271,1240,29,'13619',1,1),(575,271,1241,29,'13623',1,1),(576,271,1242,29,'13625',1,1),(577,271,1243,29,'13628',1,1),(578,271,1244,29,'13635',1,1),(579,271,1245,29,'13638',1,1),(580,271,1246,29,'13642',1,NULL),(581,271,1247,29,'13647',1,1),(582,274,1183,27,'13403',1,NULL),(583,274,1184,27,'13407',1,1),(584,274,1185,27,'13408',1,NULL),(585,274,1186,27,'13410',1,1),(586,274,1187,27,'13412',1,NULL),(587,274,1188,27,'13414',1,NULL),(588,274,1189,27,'13418',1,1),(589,274,1190,27,'13421',1,1),(590,274,1191,27,'13423',1,1),(591,274,1192,27,'13424',1,NULL),(592,274,1193,27,'13426',1,1),(593,274,1194,27,'13428',1,1),(594,274,1195,27,'13431',1,1),(595,274,1196,27,'13432',1,1),(596,274,1198,27,'13442',1,1),(597,274,1199,27,'13445',1,1),(598,274,1200,27,'13452',1,1),(599,274,1201,27,'13453',1,1),(600,274,1202,27,'13459',1,1),(601,274,1203,27,'13464',1,1),(602,274,1204,27,'13466',1,1),(603,274,1205,27,'13469',1,NULL),(604,274,1206,27,'13476',1,1),(605,274,1207,27,'13479',1,1),(606,274,1208,27,'13484',1,1),(607,274,1209,27,'13486',1,NULL),(608,274,1183,27,'13402',2,1),(609,274,1184,27,'13407',2,1),(610,274,1185,27,'13409',2,1),(611,274,1186,27,'13410',2,1),(612,274,1187,27,'13412',2,NULL),(613,274,1188,27,'13415',2,1),(614,274,1189,27,'13418',2,1),(615,274,1190,27,'13421',2,1),(616,274,1191,27,'13423',2,1),(617,274,1192,27,'13424',2,NULL),(618,274,1193,27,'13426',2,1),(619,274,1194,27,'13428',2,1),(620,274,1195,27,'13431',2,1),(621,274,1196,27,'13432',2,1),(622,274,1197,27,'13437',2,1),(623,274,1198,27,'13442',2,1),(624,274,1199,27,'13445',2,1),(625,274,1200,27,'13452',2,1),(626,274,1201,27,'13453',2,1),(627,274,1202,27,'13459',2,1),(628,274,1203,27,'13464',2,1),(629,274,1204,27,'13466',2,1),(630,274,1205,27,'13470',2,1),(631,274,1206,27,'13476',2,1),(632,274,1207,27,'13479',2,1),(633,274,1208,27,'13484',2,1),(634,274,1209,27,'13487',2,1),(635,271,1248,30,'13648',1,1),(636,271,1249,30,'13651',1,1),(637,271,1250,30,'13652',1,1),(638,271,1251,30,'13654',1,1),(639,271,1252,30,'13657',1,1),(640,271,1253,30,'13664',1,1),(641,271,1254,30,'13666',1,1),(642,271,1255,30,'13669',1,1),(643,271,1256,30,'13671',1,1),(644,271,1257,30,'13674',1,1),(645,271,1258,30,'13676',1,1),(646,271,1259,30,'13682',1,1),(647,271,1260,30,'13687',1,1),(648,271,1261,30,'13693',1,1),(649,271,1262,30,'13700',1,1),(650,271,1263,30,'13707',1,1),(651,271,1264,30,'13710',1,NULL),(652,271,1265,30,'13716',1,1),(653,271,1266,30,'13719',1,1),(654,271,1267,30,'13728',1,1),(655,271,1268,30,'13733',1,1),(656,271,1280,31,'13737',1,1),(657,271,1281,31,'13739',1,1),(658,271,1282,31,'13742',1,NULL),(659,271,1283,31,'13747',1,1),(660,271,1284,31,'13752',1,1),(661,271,1285,31,'13754',1,NULL),(662,271,1286,31,'13761',1,1),(663,271,1287,31,'13766',1,1),(664,271,1288,31,'13769',1,NULL),(665,271,1269,31,'13772',1,1),(666,271,1270,31,'13773',1,NULL),(667,271,1271,31,'13776',1,1),(668,271,1272,31,'13778',1,1),(669,271,1273,31,'13779',1,NULL),(670,271,1274,31,'13781',1,1),(671,271,1275,31,'13783',1,1),(672,271,1276,31,'13785',1,1),(673,271,1277,31,'13787',1,1),(674,271,1278,31,'13789',1,1),(675,271,1279,31,'13793',1,NULL),(676,271,1280,31,'13737',2,1),(677,271,1281,31,'13739',2,1),(678,271,1282,31,'13745',2,1),(679,271,1283,31,'13747',2,1),(680,271,1284,31,'13752',2,1),(681,271,1285,31,'13756',2,1),(682,271,1286,31,'13761',2,1),(683,271,1287,31,'13766',2,1),(684,271,1288,31,'13770',2,NULL),(685,271,1269,31,'13772',2,1),(686,271,1270,31,'13774',2,1),(687,271,1271,31,'13776',2,1),(688,271,1272,31,'13778',2,1),(689,271,1273,31,'13779',2,NULL),(690,271,1274,31,'13781',2,1),(691,271,1275,31,'13783',2,1),(692,271,1276,31,'13785',2,1),(693,271,1277,31,'13787',2,1),(694,271,1278,31,'13789',2,1),(695,271,1279,31,'13793',2,NULL),(696,270,1280,31,'13737',1,1),(697,270,1281,31,'13739',1,1),(698,270,1282,31,'13745',1,1),(699,270,1283,31,'13746',1,NULL),(700,270,1284,31,'13752',1,1),(701,270,1285,31,'13756',1,1),(702,270,1286,31,'13761',1,1),(703,270,1287,31,'13766',1,1),(704,270,1288,31,'13769',1,NULL),(705,270,1269,31,'13772',1,1),(706,270,1270,31,'13774',1,1),(707,270,1271,31,'13776',1,1),(708,270,1272,31,'13778',1,1),(709,270,1273,31,'13779',1,NULL),(710,270,1274,31,'13781',1,1),(711,270,1275,31,'13783',1,1),(712,270,1276,31,'13785',1,1),(713,270,1277,31,'13787',1,1),(714,270,1278,31,'13789',1,1),(715,270,1279,31,'13794',1,NULL),(716,279,181,13,'1199',1,1),(717,279,182,13,'1201',1,1),(718,279,183,13,'1209',1,1),(719,279,184,13,'1045',1,1),(720,279,185,13,'1213',1,NULL),(721,279,186,13,'1222',1,1),(722,279,187,13,'1228',1,1),(723,279,188,13,'1234',1,1),(724,279,189,13,'1074',1,NULL),(725,279,190,13,'1076',1,1),(726,279,191,13,'1235',1,NULL),(727,279,192,13,'1084',1,1),(728,279,193,13,'1090',1,1),(729,279,194,13,'1274',1,1),(730,279,195,13,'1267',1,1),(731,279,196,13,'1266',1,NULL),(732,279,197,13,'1259',1,NULL),(733,279,198,13,'1256',1,1),(734,279,199,13,'1249',1,1),(735,279,200,13,'1243',1,1),(736,279,181,13,'1199',2,1),(737,279,182,13,'1201',2,1),(738,279,183,13,'1209',2,1),(739,279,184,13,'1045',2,1),(740,279,185,13,'1211',2,NULL),(741,279,186,13,'1222',2,1),(742,279,187,13,'1228',2,1),(743,279,188,13,'1234',2,1),(744,279,189,13,'1072',2,1),(745,279,190,13,'1076',2,1),(746,279,191,13,'1236',2,1),(747,279,192,13,'1084',2,1),(748,279,193,13,'1090',2,1),(749,279,194,13,'1274',2,1),(750,279,195,13,'1267',2,1),(751,279,196,13,'1263',2,1),(752,279,197,13,'1261',2,1),(753,279,198,13,'1256',2,1),(754,279,199,13,'1249',2,1),(755,279,200,13,'1243',2,1),(756,279,181,13,'1199',3,1),(757,279,182,13,'1201',3,1),(758,279,183,13,'1209',3,1),(759,279,184,13,'1045',3,1),(760,279,185,13,'1211',3,NULL),(761,279,186,13,'1222',3,1),(762,279,187,13,'1228',3,1),(763,279,188,13,'1234',3,1),(764,279,189,13,'1072',3,1),(765,279,190,13,'1076',3,1),(766,279,191,13,'1236',3,1),(767,279,192,13,'1084',3,1),(768,279,193,13,'1090',3,1),(769,279,194,13,'1274',3,1),(770,279,195,13,'1267',3,1),(771,279,196,13,'1263',3,1),(772,279,197,13,'1261',3,1),(773,279,198,13,'1256',3,1),(774,279,199,13,'1249',3,1),(775,279,200,13,'1243',3,1),(776,279,181,13,'1199',4,1),(777,279,182,13,'1201',4,1),(778,279,183,13,'1209',4,1),(779,279,184,13,'1045',4,1),(780,279,185,13,'1211',4,NULL),(781,279,186,13,'1222',4,1),(782,279,187,13,'1228',4,1),(783,279,188,13,'1234',4,1),(784,279,189,13,'1072',4,1),(785,279,190,13,'1076',4,1),(786,279,191,13,'1236',4,1),(787,279,192,13,'1084',4,1),(788,279,193,13,'1090',4,1),(789,279,194,13,'1274',4,1),(790,279,195,13,'1267',4,1),(791,279,196,13,'1263',4,1),(792,279,197,13,'1261',4,1),(793,279,198,13,'1256',4,1),(794,279,199,13,'1249',4,1),(795,279,200,13,'1243',4,1),(796,279,181,13,'1199',5,1),(797,279,182,13,'1201',5,1),(798,279,183,13,'1209',5,1),(799,279,184,13,'1045',5,1),(800,279,185,13,'1211',5,NULL),(801,279,186,13,'1222',5,1),(802,279,187,13,'1228',5,1),(803,279,188,13,'1234',5,1),(804,279,189,13,'1072',5,1),(805,279,190,13,'1076',5,1),(806,279,191,13,'1236',5,1),(807,279,192,13,'1084',5,1),(808,279,193,13,'1090',5,1),(809,279,194,13,'1274',5,1),(810,279,195,13,'1267',5,1),(811,279,196,13,'1263',5,1),(812,279,197,13,'1261',5,1),(813,279,198,13,'1256',5,1),(814,279,199,13,'1249',5,1),(815,279,200,13,'1243',5,1),(816,279,181,13,'1199',6,1),(817,279,182,13,'1201',6,1),(818,279,183,13,'1209',6,1),(819,279,184,13,'1045',6,1),(820,279,185,13,'1211',6,NULL),(821,279,186,13,'1222',6,1),(822,279,187,13,'1228',6,1),(823,279,188,13,'1234',6,1),(824,279,189,13,'1072',6,1),(825,279,190,13,'1076',6,1),(826,279,191,13,'1236',6,1),(827,279,192,13,'1084',6,1),(828,279,193,13,'1090',6,1),(829,279,194,13,'1274',6,1),(830,279,195,13,'1267',6,1),(831,279,196,13,'1263',6,1),(832,279,197,13,'1261',6,1),(833,279,198,13,'1256',6,1),(834,279,199,13,'1249',6,1),(835,279,200,13,'1243',6,1),(836,279,26,3,'463',1,1),(837,279,27,3,'465',1,1),(838,279,28,3,'467',1,1),(839,279,29,3,'469',1,1),(840,279,30,3,'471',1,1),(841,279,31,3,'474',1,1),(842,279,32,3,'475',1,1),(843,279,33,3,'477',1,1),(844,279,34,3,'479',1,1),(845,279,35,3,'485',1,1),(846,279,36,3,'487',1,1),(847,279,37,3,'490',1,1),(848,279,38,3,'500',1,1),(849,279,39,3,'508',1,1),(850,279,40,3,'511',1,1),(851,279,41,3,'515',1,1),(852,279,42,3,'533',1,1),(853,279,47,3,'521',1,1),(854,279,48,3,'526',1,1),(855,279,49,3,'532',1,1),(856,279,116,7,'694',1,1),(857,279,117,7,'697',1,1),(858,279,118,7,'703',1,1),(859,279,119,7,'706',1,1),(860,279,120,7,'711',1,1),(861,279,121,7,'714',1,1),(862,279,122,7,'718',1,NULL),(863,279,124,7,'726',1,1),(864,279,125,7,'745',1,1),(865,279,126,7,'735',1,1),(866,279,166,12,'971',1,1),(867,279,167,12,'984',1,1),(868,279,168,12,'981',1,1),(869,279,169,12,'990',1,1),(870,279,170,12,'994',1,1),(871,279,171,12,'997',1,1),(872,279,172,12,'1000',1,1),(873,279,173,12,'1134',1,1),(874,279,174,12,'1138',1,1),(875,279,175,12,'1013',1,1),(876,279,176,12,'1017',1,1),(877,279,177,12,'1019',1,1),(878,279,178,12,'1021',1,1),(879,279,179,12,'1024',1,NULL),(880,279,180,12,'1026',1,NULL),(881,279,211,15,'1180',1,1),(882,279,212,15,'1185',1,1),(883,279,213,15,'1189',1,1),(884,279,214,15,'1192',1,1),(885,279,215,15,'1193',1,1),(886,262,1210,28,'13493',1,1),(887,262,1211,28,'13496',1,1),(888,262,1212,28,'13497',1,1),(889,262,1213,28,'13500',1,1),(890,262,1214,28,'13502',1,NULL),(891,262,1215,28,'13504',1,1),(892,262,1216,28,'13506',1,1),(893,262,1217,28,'13507',1,1),(894,262,1218,28,'13510',1,1),(895,262,1219,28,'13514',1,1),(896,262,1220,28,'13518',1,1),(897,262,1221,28,'13519',1,1),(898,262,1222,28,'13542',1,1),(899,262,1223,28,'13545',1,1),(900,262,1224,28,'13550',1,1),(901,262,1225,28,'13552',1,1),(902,262,1226,28,'13561',1,1),(903,262,1227,28,'13564',1,1),(904,262,1228,28,'13573',1,1),(905,262,1229,28,'13585',1,NULL),(906,262,1210,28,'13493',2,1),(907,262,1211,28,'13496',2,1),(908,262,1212,28,'13497',2,1),(909,262,1213,28,'13500',2,1),(910,262,1214,28,'13502',2,NULL),(911,262,1215,28,'13504',2,1),(912,262,1216,28,'13506',2,1),(913,262,1217,28,'13507',2,1),(914,262,1218,28,'13510',2,1),(915,262,1219,28,'13514',2,1),(916,262,1220,28,'13518',2,1),(917,262,1221,28,'13519',2,1),(918,262,1222,28,'13542',2,1),(919,262,1223,28,'13545',2,1),(920,262,1224,28,'13550',2,1),(921,262,1225,28,'13552',2,1),(922,262,1226,28,'13561',2,1),(923,262,1227,28,'13564',2,1),(924,262,1228,28,'13573',2,1),(925,262,1229,28,'13585',2,NULL),(926,262,1210,28,'13493',3,1),(927,262,1211,28,'13496',3,1),(928,262,1212,28,'13497',3,1),(929,262,1213,28,'13500',3,1),(930,262,1214,28,'13502',3,NULL),(931,262,1215,28,'13504',3,1),(932,262,1216,28,'13506',3,1),(933,262,1217,28,'13507',3,1),(934,262,1218,28,'13510',3,1),(935,262,1219,28,'13514',3,1),(936,262,1220,28,'13518',3,1),(937,262,1221,28,'13519',3,1),(938,262,1222,28,'13542',3,1),(939,262,1223,28,'13545',3,1),(940,262,1224,28,'13550',3,1),(941,262,1225,28,'13552',3,1),(942,262,1226,28,'13561',3,1),(943,262,1227,28,'13564',3,1),(944,262,1228,28,'13573',3,1),(945,262,1229,28,'13585',3,NULL),(946,262,1210,28,'13493',4,1),(947,262,1211,28,'13496',4,1),(948,262,1212,28,'13497',4,1),(949,262,1213,28,'13500',4,1),(950,262,1214,28,'13502',4,NULL),(951,262,1215,28,'13504',4,1),(952,262,1216,28,'13506',4,1),(953,262,1217,28,'13507',4,1),(954,262,1218,28,'13510',4,1),(955,262,1219,28,'13514',4,1),(956,262,1220,28,'13518',4,1),(957,262,1221,28,'13519',4,1),(958,262,1222,28,'13542',4,1),(959,262,1223,28,'13545',4,1),(960,262,1224,28,'13550',4,1),(961,262,1225,28,'13552',4,1),(962,262,1226,28,'13561',4,1),(963,262,1227,28,'13564',4,1),(964,262,1228,28,'13573',4,1),(965,262,1229,28,'13585',4,NULL),(966,262,1210,28,'13493',5,1),(967,262,1211,28,'13496',5,1),(968,262,1212,28,'13497',5,1),(969,262,1213,28,'13500',5,1),(970,262,1214,28,'13502',5,NULL),(971,262,1215,28,'13504',5,1),(972,262,1216,28,'13506',5,1),(973,262,1217,28,'13507',5,1),(974,262,1218,28,'13510',5,1),(975,262,1219,28,'13514',5,1),(976,262,1220,28,'13518',5,1),(977,262,1221,28,'13519',5,1),(978,262,1222,28,'13542',5,1),(979,262,1223,28,'13545',5,1),(980,262,1224,28,'13550',5,1),(981,262,1225,28,'13552',5,1),(982,262,1226,28,'13561',5,1),(983,262,1227,28,'13564',5,1),(984,262,1228,28,'13573',5,1),(985,262,1229,28,'13585',5,NULL),(986,262,1210,28,'13493',6,1),(987,262,1211,28,'13496',6,1),(988,262,1212,28,'13497',6,1),(989,262,1213,28,'13500',6,1),(990,262,1214,28,'13502',6,NULL),(991,262,1215,28,'13504',6,1),(992,262,1216,28,'13506',6,1),(993,262,1217,28,'13507',6,1),(994,262,1218,28,'13510',6,1),(995,262,1219,28,'13514',6,1),(996,262,1220,28,'13518',6,1),(997,262,1221,28,'13519',6,1),(998,262,1222,28,'13542',6,1),(999,262,1223,28,'13545',6,1),(1000,262,1224,28,'13550',6,1),(1001,262,1225,28,'13552',6,1),(1002,262,1226,28,'13561',6,1),(1003,262,1227,28,'13564',6,1),(1004,262,1228,28,'13573',6,1),(1005,262,1229,28,'13585',6,NULL),(1006,262,1210,28,'13493',7,1),(1007,262,1211,28,'13496',7,1),(1008,262,1212,28,'13497',7,1),(1009,262,1213,28,'13500',7,1),(1010,262,1214,28,'13502',7,NULL),(1011,262,1215,28,'13504',7,1),(1012,262,1216,28,'13506',7,1),(1013,262,1217,28,'13507',7,1),(1014,262,1218,28,'13510',7,1),(1015,262,1219,28,'13514',7,1),(1016,262,1220,28,'13518',7,1),(1017,262,1221,28,'13519',7,1),(1018,262,1222,28,'13542',7,1),(1019,262,1223,28,'13545',7,1),(1020,262,1224,28,'13550',7,1),(1021,262,1225,28,'13552',7,1),(1022,262,1226,28,'13561',7,1),(1023,262,1227,28,'13564',7,1),(1024,262,1228,28,'13573',7,1),(1025,262,1229,28,'13585',7,NULL),(1026,262,1210,28,'13493',8,1),(1027,262,1211,28,'13496',8,1),(1028,262,1212,28,'13497',8,1),(1029,262,1213,28,'13500',8,1),(1030,262,1214,28,'13502',8,NULL),(1031,262,1215,28,'13504',8,1),(1032,262,1216,28,'13506',8,1),(1033,262,1217,28,'13507',8,1),(1034,262,1218,28,'13510',8,1),(1035,262,1219,28,'13514',8,1),(1036,262,1220,28,'13518',8,1),(1037,262,1221,28,'13519',8,1),(1038,262,1222,28,'13542',8,1),(1039,262,1223,28,'13545',8,1),(1040,262,1224,28,'13550',8,1),(1041,262,1225,28,'13552',8,1),(1042,262,1226,28,'13561',8,1),(1043,262,1227,28,'13564',8,1),(1044,262,1228,28,'13573',8,1),(1045,262,1229,28,'13585',8,NULL),(1046,262,1230,29,'13591',1,1),(1047,262,1231,29,'13594',1,1),(1048,262,1232,29,'13595',1,1),(1049,262,1233,29,'13597',1,1),(1050,262,1234,29,'13602',1,1),(1051,262,1235,29,'13603',1,1),(1052,262,1236,29,'13608',1,1),(1053,262,1237,29,'13610',1,NULL),(1054,262,1238,29,'13612',1,1),(1055,262,1239,29,'13613',1,1),(1056,262,1240,29,'13619',1,1),(1057,262,1241,29,'13623',1,1),(1058,262,1242,29,'13625',1,1),(1059,262,1243,29,'13628',1,1),(1060,262,1244,29,'13635',1,1),(1061,262,1245,29,'13638',1,1),(1062,262,1246,29,'13641',1,1),(1063,262,1247,29,'13647',1,1),(1064,262,1248,30,'13648',1,1),(1065,262,1249,30,'13651',1,1),(1066,262,1250,30,'13652',1,1),(1067,262,1251,30,'13654',1,1),(1068,262,1252,30,'13657',1,1),(1069,262,1253,30,'13664',1,1),(1070,262,1254,30,'13666',1,1),(1071,262,1255,30,'13669',1,1),(1072,262,1256,30,'13671',1,1),(1073,262,1257,30,'13674',1,1),(1074,262,1258,30,'13676',1,1),(1075,262,1259,30,'13683',1,NULL),(1076,262,1260,30,'13686',1,NULL),(1077,262,1261,30,'13693',1,1),(1078,262,1262,30,'13700',1,1),(1079,262,1263,30,'13707',1,1),(1080,262,1264,30,'13713',1,1),(1081,262,1265,30,'13716',1,1),(1082,262,1266,30,'13719',1,1),(1083,262,1267,30,'13729',1,NULL),(1084,262,1268,30,'13733',1,1),(1085,262,1280,31,'13737',1,1),(1086,262,1281,31,'13739',1,1),(1087,262,1282,31,'13745',1,1),(1088,262,1283,31,'13747',1,1),(1089,262,1284,31,'13752',1,1),(1090,262,1285,31,'13756',1,1),(1091,262,1286,31,'13761',1,1),(1092,262,1287,31,'13766',1,1),(1093,262,1288,31,'13768',1,1),(1094,262,1269,31,'13772',1,1),(1095,262,1270,31,'13774',1,1),(1096,262,1271,31,'13776',1,1),(1097,262,1272,31,'13778',1,1),(1098,262,1273,31,'13779',1,NULL),(1099,262,1274,31,'13781',1,1),(1100,262,1275,31,'13783',1,1),(1101,262,1276,31,'13785',1,1),(1102,262,1277,31,'13787',1,1),(1103,262,1278,31,'13789',1,1),(1104,262,1279,31,'13792',1,1),(1105,263,26,3,'463',1,1),(1106,263,27,3,'465',1,1),(1107,263,28,3,'467',1,1),(1108,263,29,3,'469',1,1),(1109,263,30,3,'471',1,1),(1110,263,31,3,'474',1,1),(1111,263,32,3,'476',1,NULL),(1112,263,33,3,'477',1,1),(1113,263,34,3,'479',1,1),(1114,263,35,3,'485',1,1),(1115,263,36,3,'487',1,1),(1116,263,37,3,'490',1,1),(1117,263,38,3,'500',1,1),(1118,263,39,3,'508',1,1),(1119,263,40,3,'511',1,1),(1120,263,41,3,'515',1,1),(1121,263,42,3,'533',1,1),(1122,263,47,3,'521',1,1),(1123,263,48,3,'526',1,1),(1124,263,49,3,'532',1,1),(1125,263,116,7,'694',1,1),(1126,263,117,7,'697',1,1),(1127,263,118,7,'703',1,1),(1128,263,119,7,'706',1,1),(1129,263,120,7,'711',1,1),(1130,263,121,7,'714',1,1),(1131,263,122,7,'720',1,1),(1132,263,124,7,'726',1,1),(1133,263,125,7,'745',1,1),(1134,263,126,7,'735',1,1),(1135,263,166,12,'971',1,1),(1136,263,167,12,'984',1,1),(1137,263,168,12,'981',1,1),(1138,263,169,12,'990',1,1),(1139,263,170,12,'994',1,1),(1140,263,171,12,'997',1,1),(1141,263,172,12,'1000',1,1),(1142,263,173,12,'1136',1,NULL),(1143,263,174,12,'1138',1,1),(1144,263,175,12,'1013',1,1),(1145,263,176,12,'1017',1,1),(1146,263,177,12,'1019',1,1),(1147,263,178,12,'1021',1,1),(1148,263,179,12,'1023',1,1),(1149,263,180,12,'1025',1,1),(1150,263,181,13,'1199',1,1),(1151,263,182,13,'1201',1,1),(1152,263,183,13,'1209',1,1),(1153,263,184,13,'1045',1,1),(1154,263,185,13,'1211',1,NULL),(1155,263,186,13,'1222',1,1),(1156,263,187,13,'1228',1,1),(1157,263,188,13,'1234',1,1),(1158,263,190,13,'1080',1,NULL),(1159,263,191,13,'1236',1,1),(1160,263,192,13,'1084',1,1),(1161,263,193,13,'1090',1,1),(1162,263,194,13,'1274',1,1),(1163,263,195,13,'1267',1,1),(1164,263,196,13,'1262',1,NULL),(1165,263,197,13,'1261',1,1),(1166,263,198,13,'1256',1,1),(1167,263,199,13,'1249',1,1),(1168,263,200,13,'1243',1,1),(1169,263,211,15,'1181',1,NULL),(1170,263,212,15,'1185',1,1),(1171,263,213,15,'1189',1,1),(1172,263,214,15,'1191',1,NULL),(1173,263,215,15,'1193',1,1),(1174,263,211,15,'1181',2,NULL),(1175,263,212,15,'1185',2,1),(1176,263,213,15,'1189',2,1),(1177,263,214,15,'1191',2,NULL),(1178,263,215,15,'1194',2,NULL),(1179,263,211,15,'1181',3,NULL),(1180,263,212,15,'1185',3,1),(1181,263,213,15,'1189',3,1),(1182,263,214,15,'1192',3,1),(1183,263,215,15,'1193',3,1);

--
-- Table structure for table `settings`
--

CREATE TABLE `settings` (
  `id` int(11) unsigned NOT NULL AUTO_INCREMENT,
  `access_code` varchar(60) DEFAULT NULL,
  `staff_type_select` varchar(60) DEFAULT NULL,
  `footer_column_1` blob,
  `footer_column_2` blob,
  `payment_activated` int(11) DEFAULT '0',
  PRIMARY KEY (`id`)
) ENGINE=InnoDB AUTO_INCREMENT=2 DEFAULT CHARSET=utf8;

--
-- Dumping data for table `settings`
--

INSERT INTO `settings` VALUES (1,'Lakeviewhe123',NULL,'','',0);

--
-- Table structure for table `training`
--

CREATE TABLE `training` (
  `id` int(11) unsigned NOT NULL AUTO_INCREMENT,
  `user_id` int(11) unsigned NOT NULL,
  `title` varchar(90) DEFAULT NULL,
  `date_completed` int(90) unsigned DEFAULT NULL,
  PRIMARY KEY (`id`),
  KEY `user_id` (`user_id`),
  CONSTRAINT `training_ibfk_1` FOREIGN KEY (`user_id`) REFERENCES `user` (`id`) ON DELETE CASCADE
) ENGINE=InnoDB DEFAULT CHARSET=latin1;

--
-- Dumping data for table `training`
--


--
-- Table structure for table `user_course_access`
--

CREATE TABLE `user_course_access` (
  `id` int(11) unsigned NOT NULL AUTO_INCREMENT,
  `user_id` int(11) unsigned NOT NULL,
  `course_id` int(11) unsigned NOT NULL,
  `status` varchar(60) CHARACTER SET utf8mb4 DEFAULT NULL,
  `time_completed` int(11) unsigned DEFAULT NULL,
  `evaluated` int(11) DEFAULT '0',
  `essay_grade` varchar(11) DEFAULT NULL,
  PRIMARY KEY (`id`),
  KEY `user_id` (`user_id`),
  KEY `course_id` (`course_id`),
  CONSTRAINT `user_course_access_ibfk_1` FOREIGN KEY (`user_id`) REFERENCES `user` (`id`) ON DELETE CASCADE ON UPDATE NO ACTION,
  CONSTRAINT `user_course_access_ibfk_3` FOREIGN KEY (`course_id`) REFERENCES `course` (`id`) ON DELETE CASCADE ON UPDATE NO ACTION
) ENGINE=InnoDB AUTO_INCREMENT=990 DEFAULT CHARSET=utf8;

--
-- Dumping data for table `user_course_access`
--

INSERT INTO `user_course_access` VALUES (914,110,32,'In Progress',1536336358,0,'1'),(915,110,27,'In Progress',1536336352,0,'1'),(916,258,3,'In Progress',NULL,0,NULL),(917,258,3,'In Progress',NULL,0,NULL),(918,258,27,'Completed',1536683104,0,'1'),(919,258,32,'In Progress',NULL,0,NULL),(920,259,27,'In Progress',NULL,0,NULL),(921,259,27,'In Progress',NULL,0,NULL),(922,262,3,'Completed',1536696461,0,NULL),(923,262,27,'Completed',1537310955,0,'1'),(924,262,28,'Completed',1562952710,0,'1'),(925,263,27,'Completed',1537914619,1,'1'),(927,265,27,'Completed',1538345920,1,'1'),(928,266,32,'In Progress',NULL,0,NULL),(929,267,27,'Completed',1543350386,1,'1'),(931,269,27,'In Progress',NULL,0,NULL),(935,270,27,'Completed',1544555863,0,'1'),(936,271,27,'Completed',1538143671,0,'1'),(937,273,27,'In Progress',NULL,0,NULL),(938,274,27,'Completed',1546022082,0,'1'),(939,263,28,'Completed',1538428886,0,'1'),(940,265,28,'Completed',1538445237,1,'1'),(941,263,29,'Completed',1539114254,0,'1'),(942,265,29,'Completed',1538606482,1,'1'),(943,271,28,'Completed',1543868012,0,'1'),(944,265,30,'Completed',1539041841,1,'1'),(945,265,31,'Completed',1539134808,1,'1'),(946,275,27,'In Progress',NULL,0,NULL),(947,275,27,'In Progress',NULL,0,NULL),(948,263,30,'Completed',1541030664,0,'1'),(949,265,32,'In Progress',NULL,0,NULL),(950,276,3,'Completed',1539714477,1,NULL),(951,276,27,'In Progress',NULL,0,NULL),(952,277,27,'In Progress',NULL,0,NULL),(953,277,28,'In Progress',NULL,0,NULL),(954,277,29,'In Progress',NULL,0,NULL),(955,277,30,'In Progress',NULL,0,NULL),(956,277,31,'In Progress',NULL,0,NULL),(957,278,27,'In Progress',NULL,0,NULL),(958,270,28,'Completed',1544206633,0,'1'),(959,263,31,'Completed',1543870334,0,'1'),(960,267,28,'In Progress',1549645414,0,'1'),(961,271,29,'Completed',1546011427,0,'1'),(962,270,29,'Completed',1544560117,0,'1'),(963,270,30,'Completed',1546010651,0,'1'),(964,270,31,'Completed',1546542560,0,'1'),(965,271,30,'Completed',1546024004,0,'1'),(966,274,28,'In Progress',NULL,0,NULL),(967,271,30,'In Progress',NULL,0,NULL),(968,271,31,'Completed',1546533153,0,'1'),(969,267,29,'In Progress',NULL,0,NULL),(970,279,27,'In Progress',NULL,0,NULL),(971,279,28,'In Progress',NULL,0,NULL),(972,279,29,'In Progress',NULL,0,NULL),(973,279,30,'In Progress',NULL,0,NULL),(974,279,31,'In Progress',NULL,0,NULL),(975,279,3,'Completed',1562354414,0,NULL),(976,279,7,'Completed',1562354717,0,NULL),(977,279,12,'Completed',1562356050,0,NULL),(978,279,13,'Completed',1562353736,0,NULL),(979,279,15,'Completed',1562356699,0,NULL),(980,279,32,'In Progress',NULL,0,NULL),(981,262,29,'Completed',1563287019,0,'1'),(982,262,30,'Completed',1563396856,0,'1'),(983,262,31,'Completed',1563804424,0,'1'),(984,263,3,'Completed',1588511352,0,NULL),(985,263,7,'Completed',1589120647,0,NULL),(986,263,12,'Completed',1589144017,0,NULL),(987,263,12,'Completed',1589144017,0,NULL),(988,263,13,'Completed',1590876017,0,NULL),(989,263,15,'Completed',1590956886,0,NULL);


