--
-- Host: localhost    Database: harrisonhouse_school
-- ------------------------------------------------------


--
-- Table structure for table `course`
--

CREATE TABLE `course` (
  `id` int(11) unsigned NOT NULL AUTO_INCREMENT,
  `name` varchar(60) CHARACTER SET utf8 NOT NULL,
  `short_description` text CHARACTER SET utf8,
  `description` text CHARACTER SET utf8,
  `passing_percentage` int(11) DEFAULT NULL,
  `cost` varchar(60) CHARACTER SET utf8 DEFAULT NULL,
  `instruction_methods` text CHARACTER SET utf8,
  `evaluation_method` text CHARACTER SET utf8,
  `study_guide` varchar(60) CHARACTER SET utf8 DEFAULT NULL,
  `study_guide_2` varchar(60) CHARACTER SET utf8 DEFAULT NULL,
  `case_study` varchar(60) CHARACTER SET utf8 DEFAULT NULL,
  `powerpoint` varchar(60) CHARACTER SET utf8 DEFAULT NULL,
  `powerpoint_2` varchar(60) CHARACTER SET utf8 DEFAULT NULL,
  `syllabus` varchar(60) CHARACTER SET utf8 DEFAULT NULL,
  `video` text CHARACTER SET utf8,
  `ceu_credit` int(11) unsigned DEFAULT '0',
  `promo_code` varchar(60) DEFAULT NULL,
  `frequency_required` varchar(90) DEFAULT NULL,
  `staff_requirement` varchar(90) DEFAULT NULL,
  `required_within_time` varchar(90) DEFAULT NULL,
  `in_person` varchar(11) DEFAULT NULL,
  `essay_question` int(1) DEFAULT NULL,
  `essay_question_content` text,
  PRIMARY KEY (`id`)
) ENGINE=InnoDB AUTO_INCREMENT=26 DEFAULT CHARSET=latin1;

--
-- Dumping data for table `course`
--

INSERT INTO `course` VALUES (3,'HIV / AIDS - 2 CEU','<p>HIV is an acronym for human immunodeficiency virus and it is the disease that often leads to AIDS. Continuing Education Course (2 CEUs)</p>','<p style=\"margin: 0px; padding: 0px; font-size: 12px; color: rgb(68, 68, 68); line-height: 18px; font-family: helvetica, arial, sans-serif;\">This class provides information on HIV and AIDS- related illnesses. Materials will be presented on the symptoms, causes, pathophysiology, diagnosis, transmission and prevention, treatment, epidemiology, prognosis, and history of HIV and AIDS.</p>',80,'0','Online Only',NULL,'Virginia-HIV-AIDS.pdf',NULL,NULL,NULL,NULL,NULL,NULL,2,'','730',NULL,'30','0',NULL,''),(4,'Aggression Management - 2 CEU','The effective handling of aggression is one of the most demanding aspects of working in Behavioral Health. It is an area in which the ability to manage self and assertively communicate with others is essential. This course will explore identifying, preventing and managing aggressive behavior through the use of verbal de-escalation interventions. ','<strong>Course Overview and Objectives</strong><br><br>The effective handling of aggression is one of the most demanding aspects of working in Behavioral Health. It is an area in which the ability to manage self and assertively communicate with others is essential. This course will explore identifying, preventing and managing aggressive behavior through the use of verbal de-escalation interventions. <br><br>Upon successful completion of this course the learner will be able to: <br><br><ol><li>Define “Aggression” and “Verbal De-escalation\" <br></li><li>Identify warning signs for aggressive behavior. <br></li><li>Give examples of verbal\r\nde-escalation techniques to use in a crisis situation\r\n   </li></ol>',80,'0','Online Only',NULL,'online-aggression-management-021815.pdf',NULL,NULL,NULL,NULL,NULL,NULL,2,'',NULL,NULL,NULL,NULL,NULL,NULL),(5,'Infection Control - 1 CEU','<p>Healthcare workers are required to participate in an annual training on infection prevention and control. 1 CEU</p>','<p>Healthcare workers are required to participate in an annual training on infection prevention and control. At the end of this study guide participants will be able to:</p><ul><li>Understand modes of transmission of bacteria and infections</li><li>Understand universal precautions</li><li>Practice proper hand washing techniques</li><li>Take action to prevention of the spread of disease in your workplace</li></ul>',80,'0','Online Only',NULL,'AAP-Infection-Control.pdf',NULL,NULL,NULL,NULL,NULL,NULL,1,'','',NULL,'','0',NULL,''),(7,'HIPAA - 2 CEU','Confidentiality is one of the most basic rights that our clients have. All healthcare workers are legally and morally bound to protect the confidentiality of others.','<p style=\"margin: 0px; font-size: 12px; font-family: Helvetica;\">Confidentiality is one of the most basic rights that our clients have. All healthcare workers are legally and morally bound to protect the confidentiality of others.</p><p style=\"margin: 0px; font-size: 12px; font-family: Helvetica;\"><br></p>\r\n<p style=\"margin: 0px; font-size: 12px; font-family: Helvetica;\">This course is designed to:</p><p style=\"margin: 0px; font-size: 12px; font-family: Helvetica;\"></p><ol><li>Give you an overview of The Health Insurance Portability and Accountability Act of 1996 (HIPAA).</li><li>Familiarize you with any major changes that have been implemented with the new 2013 Omnibus Rule Changes.</li><li>Help you recognize the serious consequences if you fail to comply with HIPAA.</li></ol><p></p>\r\n\r\n',80,'0','Online Only',NULL,'Online-HIPAA-021815.pdf',NULL,NULL,NULL,NULL,NULL,NULL,2,'',NULL,NULL,NULL,NULL,NULL,NULL),(8,'The American’s With Disability Act - 1 CEU','The Americans with Disabilities Act (ADA), which was signed into law on July 26, 1990, is the nation’s first comprehensive civil rights law addressing the needs of people with disabilities, prohibiting discrimination in employment, public services, public accommodations, and telecommunications. The ADA assures equality of opportunity, full participation, independent living, and economic self-sufficiency to persons with disabilities.','The Americans with Disabilities Act (ADA), which was signed into law on July 26, 1990, is the nation’s first comprehensive civil rights law addressing the needs of people with disabilities, prohibiting discrimination in employment, public services, public accommodations, and telecommunications. The ADA assures equality of opportunity, full participation, independent living, and economic self-sufficiency to persons with disabilities.',80,'0','Online',NULL,'ADAonlinefinal.pdf',NULL,NULL,NULL,NULL,NULL,NULL,1,'',NULL,NULL,NULL,NULL,NULL,NULL),(9,'Abuse Reporting & Affirmative Duties - 1 CEU','<p>Every individual in Virginia has a responsibility to report suspected abuse or neglect. In addition, Virginia Law specifies professionals in certain occupations as required to report abuse or neglect. This course will take you through the legal requirements in Virginia regarding abuse reporting and affirmative duties.</p>','<p>Every individual in Virginia has a responsibility to report suspected abuse or neglect. In addition, Virginia Law specifies professionals in certain occupations as required to report abuse or neglect. This course will take you through the legal requirements in Virginia regarding abuse reporting and affirmative duties.</p>',80,'0','Online',NULL,'Virginia-Abuse-Reporting.pdf',NULL,NULL,NULL,NULL,NULL,NULL,1,'','730',NULL,'90','0',NULL,''),(10,'Sexual Harassment - 2 CEU','After completing this self-study session, you will be able to: Define sexual harassment, Identify the types of sexual harassment and Identify behaviors that may be interpreted as sexual harassment.','<p>After completing this self-study session, you will be able to:</p><ul>\r\n<li>Define sexual harassment.</li><li>Identify the types of sexual harassment.</li><li>Identify behaviors that may be interpreted as sexual harassment.</li></ul>',80,'0','Online',NULL,'finalsexualharassment.pdf',NULL,NULL,NULL,NULL,NULL,NULL,2,'','730',NULL,'90','0',NULL,NULL),(11,'Domestic Violence - 2 CEU','<p>This course is designed to assist the behavioral healthcare worker in understanding domestic violence and the mandates that involve behavioral healthcare workers. In addition to defining domestic violence, this course will review the effects of domestic violence, the cycle of violence, associated risk factors, safety planning, confidentiality and the legalities of domestic violence.</p>','<p>This course is designed to assist the behavioral healthcare worker in understanding domestic violence and the mandates that involve behavioral healthcare workers. In addition to defining domestic violence, this course will review the effects of domestic violence, the cycle of violence, associated risk factors, safety planning, confidentiality and the legalities of domestic violence. </p><p>Upon completion of this course the participant will: </p><ul><li><span  style=\"font-size: 10pt;\">Be able to define domestic violence.</span></li><li><span  style=\"font-size: 10pt;\">Be able to discuss the statistics related to domestic violence.</span></li><li><span  style=\"font-size: 10pt;\">Develop an understanding of the impact and consequences of domestic violence on the\r\nvictim from a health, psychological, and emotional perspective.</span></li><li><span  style=\"font-size: 10pt;\">Be able to assess, counsel and formulate safety plans for clients at risk of domestic violence\r\nor who are currently in a violence relationship. </span></li><li><span  style=\"font-size: 10pt;\">Be able to identify national and local domestic violence resources.</span></li></ul>',80,'0','Online Only',NULL,'Virginia-Domestic-Violence.pdf',NULL,NULL,NULL,NULL,NULL,NULL,2,'','',NULL,'','0',NULL,''),(12,'Understanding Co-occurring Disorders - 2 CEU','Prevalence rates show that individuals with co-occurring disorders are common in both the substance abuse and mental health treatment systems. This course will provide participants with an understanding of the concept and term: co-occurring disorders.','Prevalence rates show that individuals with co-occurring disorders are common in both the substance abuse and mental health treatment systems. This course will provide participants with an understanding of the concept and term: co-occurring disorders. Participants will become familiar with the assessment, symptoms, and treatment of co-occurring disorders, and will be provided with an example of a special population that exists within the realm of co-occurring disorders. &nbsp;<div><br></div><div>On completion of this course, participants will be able to identify/demonstrate familiarity with:&nbsp;</div><div><ol><li><span style=\"font-size: 10pt;\">The definition and terms related to co-occurring disorders.&nbsp;</span></li><li><span style=\"font-size: 10pt;\">The assessment of co-occurring disorders and common symptoms.&nbsp;</span></li><li><span style=\"font-size: 10pt;\">The relationship between substance abuse and mental health concerns.&nbsp;</span></li><li><span style=\"font-size: 10pt;\">The symptoms of specific co-occurring disorders.&nbsp;</span></li><li><span style=\"font-size: 10pt;\">Available treatments for clients with co-occurring disorders.&nbsp;</span></li><li><span style=\"font-size: 10pt;\">A special population example and co-occurring disorders.</span></li></ol></div>',80,'0','Online',NULL,'Co-Occuring Disorders.pdf',NULL,NULL,NULL,NULL,NULL,NULL,2,'',NULL,NULL,NULL,NULL,NULL,NULL),(13,'Ethics & Boundaries - 2 CEU','<p>The purpose of this training is to clarify professional ethical expectations for addiction professionals, assist in defining professional boundaries, and highlight potential boundary problems.</p>','<p style=\"font-family: -apple-system-font; font-size: 12px; line-height: 16px;\">The purpose of this training is to clarify professional ethical expectations for addiction professionals, assist in defining professional boundaries, and highlight potential boundary problems.</p><p style=\"font-family: -apple-system-font; font-size: 12px; line-height: 16px;\">Upon completion of this course the participant will:</p><p style=\"font-family: -apple-system-font; font-size: 12px; line-height: 16px;\"></p><ol>\r\n<li>Be able to understand and define ethics.</li><li>Understand and be able to demonstrate ethical and professional behavior.</li><li>Be able to define, implement and practice client informed consent.</li><li>Be able to define and recognize boundary issues between client and counselor.</li><li>Be able to define and interpret the roles of transference, counter-transference and other potential boundary issues in clinical practice.</li></ol>',80,'0','Online Only',NULL,'Virginia-Professional-Ethics.pdf',NULL,NULL,NULL,NULL,NULL,NULL,2,'','',NULL,'','0',NULL,''),(14,'Suicide and Self-Harm - 2 CEU','Nearly everyone at some time in his or her life thinks about suicide. Most everyone decides to live because they come to realize that the crisis is temporary, but death in not. On the other hand, people in the midst of a crisis often perceive their dilemma as inescapable and feel an utter loss of control.','Nearly everyone at some time in his or her life thinks about suicide. Most everyone decides to live because they come to realize that the crisis is\r\ntemporary, but death in not. On the other hand, people in the midst of a crisis often perceive their dilemma as inescapable and feel an utter loss of control.',80,'0','',NULL,'AAP-Suicide-Self-Harm.pdf',NULL,NULL,NULL,NULL,NULL,NULL,2,'',NULL,NULL,NULL,NULL,NULL,NULL),(15,'Cultural Diversity - 2 CEU','','',80,'0','Online Only',NULL,NULL,NULL,NULL,'Cultural-Diversity.ppsx',NULL,NULL,NULL,2,'','',NULL,'','0',NULL,''),(25,'Incident Reporting Requirements - 1 CEU','<p>All public or private substance abuse service providers must create and maintain policies and procedures for Incident Reporting.</p>','<p>All public or private substance abuse service providers must create and maintain policies and procedures for Incident Reporting. This course details the internal procedure for completing and filing an incident report form for an unusual event, as well as, the procedure for reporting a critical incident to the appropriate local/state authorities</p>',80,'0','',NULL,'Virginia-Incident-Reporting.pdf',NULL,NULL,NULL,NULL,NULL,NULL,1,'','',NULL,'','0',NULL,'');

--
-- Table structure for table `course_category`
--

CREATE TABLE `course_category` (
  `id` int(11) unsigned NOT NULL AUTO_INCREMENT,
  `name` varchar(60) CHARACTER SET utf8 NOT NULL,
  PRIMARY KEY (`id`)
) ENGINE=InnoDB AUTO_INCREMENT=8 DEFAULT CHARSET=latin1;

--
-- Dumping data for table `course_category`
--

INSERT INTO `course_category` VALUES (1,'Continuing Education'),(2,'Personal Development'),(3,'Communication'),(4,'Management & Leadership'),(5,'Marketing'),(6,'Organizational Efficiency'),(7,'Certified Behavioral Health Technician (CBHT)');

--
-- Table structure for table `course_has_category`
--

CREATE TABLE `course_has_category` (
  `id` int(11) unsigned NOT NULL AUTO_INCREMENT,
  `course_id` int(11) unsigned NOT NULL,
  `course_category_id` int(11) unsigned NOT NULL,
  `course_offering_id` int(11) unsigned NOT NULL,
  PRIMARY KEY (`id`),
  KEY `course_id` (`course_id`),
  KEY `course_offering_id` (`course_offering_id`),
  KEY `course_category_id` (`course_category_id`),
  CONSTRAINT `course_has_category_ibfk_3` FOREIGN KEY (`course_offering_id`) REFERENCES `offerings` (`id`) ON DELETE NO ACTION ON UPDATE NO ACTION,
  CONSTRAINT `course_has_category_ibfk_5` FOREIGN KEY (`course_id`) REFERENCES `course` (`id`) ON DELETE CASCADE ON UPDATE NO ACTION,
  CONSTRAINT `course_has_category_ibfk_6` FOREIGN KEY (`course_category_id`) REFERENCES `course_category` (`id`) ON DELETE CASCADE ON UPDATE NO ACTION
) ENGINE=InnoDB AUTO_INCREMENT=25 DEFAULT CHARSET=latin1;

--
-- Dumping data for table `course_has_category`
--

INSERT INTO `course_has_category` VALUES (9,4,1,1),(13,5,1,1),(14,11,1,1),(15,12,1,1),(16,15,1,1),(17,13,1,1),(18,14,1,1),(19,7,1,1),(20,8,1,1),(21,10,1,1),(22,3,1,1),(23,25,1,1),(24,9,1,1);

--
-- Table structure for table `evaluation`
--

CREATE TABLE `evaluation` (
  `id` int(11) unsigned NOT NULL AUTO_INCREMENT,
  `course_id` int(11) DEFAULT NULL,
  `date` int(11) NOT NULL,
  `student_name` varchar(60) DEFAULT NULL,
  `question_1` text,
  `question_2` text,
  `question_3` text,
  `question_4` text,
  `question_5` text,
  `rating` int(11) NOT NULL,
  PRIMARY KEY (`id`)
) ENGINE=InnoDB AUTO_INCREMENT=105 DEFAULT CHARSET=utf8;

--
-- Dumping data for table `evaluation`
--

INSERT INTO `evaluation` VALUES (15,4,1427386170,'kris schupbach','learning','nothing\r\n','nothing','yes','same',5),(16,4,1427421842,'Deshaun Jones','The Different types of barriers.','Nothing,Everything was informative. ','I think this was well but together.','Yes it was.','First time taken this course in the future I will no a little more about these courses and will be able to choice..',4),(17,5,1427423480,'Deshaun Jones ','The different types of diseases that\'s out there','Everything was very informative','Nothing','Yes is was','',4),(18,5,1427423580,'Deshaun Jones ','The different types of diseases that\'s out there','Everything was very informative','Nothing','Yes is was','First time take course',5),(19,4,1427435159,'William Robinson ','Very easy to understand ','Nothing','Nothing','Yes','Searching a client ',3),(20,4,1427498282,'a','everythig','othing','nothing','yes','cpr',3),(21,5,1431426018,'Joyns Fleming','ease of use','information was valuable','nothing','yes','computerized',5),(22,11,1433064894,'Robert Elvir','The clear presentation.','Lack of A/V aides.','Add A/V aids.','yes','Laws',3),(23,13,1433270595,'','','','','','',5),(24,12,1433271685,'Ron Cook','','','','','',4),(25,11,1433864218,'Albert Diaz','Wording.','Obvious','None','Yes','Same',4),(26,5,1433864456,'Albert Diaz','Yes','Yes','Nothing','Yes','All',4),(27,5,1433864459,'Albert Diaz','Yes','Yes','Nothing','Yes','All',4),(28,9,1433946160,'Ron Cook','','','','','',4),(29,14,1433946716,'Ron Cook','','','','','',4),(30,12,1434374865,'Pedro Diaz','','','','','',5),(31,13,1434375773,'Pedro Diaz','','','','','',4),(32,9,1434375995,'Pedro Diaz','','','','','',5),(33,14,1434376329,'Pedro Diaz','','','','','',4),(34,15,1434376575,'Pedro Diaz','','','','','',4),(35,5,1435166762,'','','','','','',5),(36,4,1454952013,'Eric Crear','it was quick','nothing','nothing','yes','The same',5),(37,4,1455022353,'Al Diaz','Everything.','Reading.','Nothing.','Yes.','All types.',5),(38,4,1455045695,'','','','','','',5),(39,5,1455491901,'Melanie Duffy','Very informative.','It was all fine. No complaints.','I have no answer for that.','Yes, it was well written.','Psychopharmacology',4),(40,5,1455640585,'Burt Boyle','All','All','Good','Yes it was','',5),(41,11,1458136526,'Pedro Diaz','Convenience. ','It was all good.','Don\'t know.','It was interesting.','Don\'t know.',4),(42,4,1459528711,'Sonya Skinner','Everything.','None.','Nothing, great course!!','Very stimulating, thank you.','',5),(43,14,1460250321,'Sonya Skinner','Everything','N/A','Nothing','Yes','',5),(44,7,1460252018,'Sonya Skinner','Everything','Nothing','Nothing','Yes','',5),(45,5,1461184659,'Sonya Skinner','Everything','Nothing','Nothing','Very stimulating.','Required courses to renew our credentials.',5),(46,11,1461186639,'Sonya Skinner','Everything','Nothing','Nothing','Very stimulating.','Required courses to renew our credentials.',5),(47,15,1461465425,'Sonya Skinner','Everything','Nothing','Nothing','Very stimulating.','CEU\'s that are needed to nenew our nursing credentials.',5),(48,12,1461468529,'Sonya Skinner','Everything','Nothing','Nothing','Very stimulating','CEU\'s that pertain to our nursing credentials.',5),(49,13,1461776358,'Sonya Skinner','Everything','None','Nothing','Very stimulating.','CEU\'s needed for licensure.',5),(50,8,1461860606,'Sonya Skinner','Everything','Nothing','Nothing','Very stimulating.','CEU\'s pertaining to renewal of licensure.',5),(51,8,1462002614,'Joyns Fleming','everything','nothing','nothing','very','same',5),(52,10,1462487919,'Sonya Skinner','Everything','Nothing','Nothing','Very stimulating','CEU on Medical Errors, required for our licensure!',5),(53,3,1463162417,'Sonya Skinner','Everything','Nothing','Nothing','Very stimulating','CEU\'s  that are required for licensure.',5),(54,5,1487903557,'Andrea Bonkosky','that the course is online. ','the web portal was down at times','n/a','yes.','n/a',4),(55,25,1488072433,'Andrea Bonkosky','It\'s offered online and I can access at any time.','n/a. the course was great.','n/a. the course was great. ','yes.','No other courses at this time. ',4),(56,5,1488072513,'Andrea Bonkosky','I can access the course online at any time. ','n/a. I enjoyed the course.','n/a. I enjoyed the course.','yes. ','no other courses at this time. ',4),(57,8,1488072656,'Andrea Bonkosky','I can access the course online at any time. ','n/a. I enjoyed the course. ','n/a. ','Yes. ','no other courses at this time. ',4),(58,10,1488075475,'Andrea Bonkosky','It was online and was accessible at all times. ','Experienced problems with the portal. The exam was not loading. Once it loaded, it shows me as taking it 5 times; when in fact, it was taken and passed successfully on the first attempt. ','Experienced problems with the web portal that requiring fixing. ','yes. ','n/a',4),(59,11,1488076863,'Andrea Bonkosky','I can access course online at any time. ','I had to take the exam several times due to experiencing technical difficulties with loading the portal among other factors. ','n.a','yes.','none at this time. ',3),(60,13,1488078041,'Andrea Bonkosky','online course that can be accessed online at any time. ','none at this time. ','none at this time','yes.','none at this time',3),(61,15,1488078303,'Andrea Bonkosky','The course can be accessed online at any time. ','too short. not enough information covered. important information was left out. ','n.a','no','a more developed cultural competency course. ',1),(62,12,1488079543,'Andrea Bonkosky','The course is accessible online. ','n/a','n/a','yes.','I can\'t think of any at this time. ',4),(63,3,1488163905,'Theodore Thompson ','','','','','',5),(64,7,1498963143,'Christopher Foster','That there was multiple options and it allowed the users to pick different options','There is not enough questions','Nothing','Yes','None',5),(65,5,1498964410,'Chris Foster','The questions made you think','I felt the questions had multiple answers','The system has errors','Yes','None',5),(66,5,1498973757,'Sam carpenter','Solid information.','Na','More pictures','Yes','Na',5),(67,14,1498974417,' ',' ',' ',' ',' ',' ',5),(68,4,1499283353,'John Sannicandro','ease of access','na','more examples','yes','similar course on client direct care',3),(69,4,1499963922,'','','','','','',3),(70,4,1499963950,'','','','','','',3),(71,5,1499964658,'','','','','','',3),(72,4,1500580956,'Mark Macaluso','it was very straight forward and educational.','nothing it was fine','nothing','yes','',5),(73,5,1502562192,'William Judd','Nothing','All','Nothing','no','none ',5),(74,4,1513356583,'','','','','','',3),(75,4,1518782781,'Frankie johnson','N/a','N/a','N/a','N/a','N/a',4),(76,11,1520295974,'Serge Bazin','How specific it was lol','How specific it was','Not be so specific','No','none',3),(77,4,1520346773,'','','','','','',3),(78,4,1520346794,'','','','','','',3),(79,4,1520531105,'','','','','','',3),(80,4,1520531297,'','','','','','',3),(81,4,1520531298,'','','','','','',3),(82,4,1522325261,'Frankie johnson','Na ','Na','Na','Na','Na',2),(83,4,1522325351,'Frankie johnson','Na','Na','Na','Na','Na',2),(84,5,1522326295,'Frankie johnson','Na','Na','Na','Na','Na',2),(85,11,1522345285,'Frankie johnson','Na','Na','Na','Na','Na',2),(86,3,1522345982,'Frankie johnson','Na','Na','Na','Na','Na',2),(87,5,1522697280,'Dawn DeCosta','Nothing','Repetitious','Interactive','No','',2),(88,4,1522759039,'','','','','','',4),(89,4,1522759061,'Shantel Ingraham','','','','','',4),(90,9,1523581702,'FRANKIE B JOHNSON','Na','Na','Na','Na','Na',2),(91,8,1524351112,'FRANKIE B JOHNSON','Na','Na','Na','Na','Na',3),(92,3,1524514823,'Lewis E. Hastings','fast','stuff','have someone else take the test','yes','N/A',5),(93,5,1524526350,'Joseph Kennedy','Mostly common sense but very informative','Hard read','A video or some pictures','no','',3),(94,13,1524574998,'Frankie johnson','Na','Na','Na','Na','',3),(95,14,1524575994,'FRANKIE B JOHNSON','Na','Na','Na','Na','',3),(96,15,1524576389,'FRANKIE B JOHNSON','Na','Na','Na','Na','',3),(97,25,1524577894,'FRANKIE B JOHNSON','Na','Na','Na','Na','',3),(98,3,1551824395,'Mary K. Crow','Learning about HIV/AIDS','nothing','','yes','',5),(99,3,1552930289,'Judith Serfaty','Knowing the phases of the disease.','','','Yes','Trauma',3),(100,3,1553087092,'Jeanne Hix','','','','','',5),(101,4,1553108070,'Judith Serfaty','','','','','',3),(102,3,1554336583,'robin brannigan','Very informative','n/a','n/a','yes','',4),(103,4,1554338263,'robin brannigan','concise, informative material','','give more case examples','yes','',4),(104,3,1583261605,'Jim Londergan','learning new info ','nothing ','nothing ','','will get back to you on that one ',2);

--
-- Table structure for table `exam_results`
--

CREATE TABLE `exam_results` (
  `id` int(11) unsigned NOT NULL AUTO_INCREMENT,
  `user_id` int(11) unsigned NOT NULL,
  `course_id` int(11) unsigned NOT NULL,
  `grade` float NOT NULL,
  PRIMARY KEY (`id`),
  KEY `user_id` (`user_id`),
  KEY `course_id` (`course_id`),
  CONSTRAINT `exam_results_ibfk_1` FOREIGN KEY (`user_id`) REFERENCES `user` (`id`) ON DELETE CASCADE ON UPDATE NO ACTION,
  CONSTRAINT `exam_results_ibfk_3` FOREIGN KEY (`course_id`) REFERENCES `course` (`id`) ON DELETE CASCADE ON UPDATE NO ACTION
) ENGINE=InnoDB AUTO_INCREMENT=2310 DEFAULT CHARSET=utf8;

--
-- Dumping data for table `exam_results`
--

INSERT INTO `exam_results` VALUES (35,10,7,100),(36,10,7,100),(37,10,7,100),(38,10,7,100),(114,10,12,47),(115,10,12,100),(116,10,12,100),(274,10,5,20),(275,10,5,93),(596,10,4,100),(1063,110,9,63),(1372,10,3,70),(1375,202,4,80),(1376,202,4,80),(1377,202,3,65),(1378,202,5,73),(1379,202,7,90),(1380,202,8,90),(1381,202,9,75),(1382,202,10,80),(1383,202,11,75),(1384,202,12,73),(1385,202,13,68),(1386,202,9,81),(1387,10,3,55),(1388,10,3,95),(1389,10,3,95),(1390,10,3,95),(1391,10,3,95),(1392,10,3,95),(1393,202,3,79),(1394,202,3,89),(1395,202,4,100),(1396,205,3,95),(1397,218,3,95),(1398,218,4,100),(1399,218,5,87),(1400,218,7,100),(1401,218,8,90),(1402,218,9,88),(1403,218,10,80),(1404,218,11,80),(1405,218,12,100),(1406,218,13,84),(1407,218,14,70),(1408,218,14,70),(1409,218,14,90),(1410,218,15,90),(1411,218,25,85),(1412,217,3,84),(1413,217,5,80),(1414,212,3,63),(1415,212,3,89),(1416,212,4,87),(1417,212,5,67),(1418,212,5,87),(1419,212,5,87),(1420,230,3,84),(1421,230,4,93),(1422,230,5,87),(1423,230,7,90),(1424,230,8,100),(1425,230,9,81),(1426,230,10,80),(1427,230,11,90),(1428,230,12,87),(1429,230,13,79),(1430,230,13,100),(1431,206,3,84),(1432,206,4,93),(1433,206,5,87),(1434,206,7,80),(1435,206,8,70),(1436,206,8,100),(1437,206,9,50),(1438,206,9,81),(1439,206,10,73),(1440,206,10,93),(1441,206,25,46),(1442,206,25,77),(1443,206,25,92),(1444,206,11,60),(1445,206,11,80),(1446,206,15,90),(1447,206,14,70),(1448,206,14,80),(1449,206,13,53),(1450,206,13,68),(1451,206,13,74),(1452,206,13,79),(1453,206,13,89),(1454,206,12,73),(1455,206,12,80),(1456,206,7,90),(1457,212,7,70),(1458,212,7,100),(1459,212,8,80),(1460,212,15,60),(1461,212,15,60),(1462,212,15,90),(1463,230,14,60),(1464,230,14,90),(1465,207,3,95),(1466,207,4,100),(1467,207,5,73),(1468,207,5,87),(1469,207,7,80),(1470,207,8,100),(1471,207,9,81),(1472,207,10,73),(1473,207,10,73),(1474,207,10,80),(1475,207,11,60),(1476,221,3,89),(1477,207,11,70),(1478,207,11,75),(1479,207,11,80),(1480,207,12,93),(1481,207,13,79),(1482,221,4,100),(1483,207,13,95),(1484,207,14,70),(1485,207,14,90),(1486,207,15,70),(1487,207,15,100),(1488,207,25,62),(1489,207,25,85),(1490,221,5,87),(1491,221,7,90),(1492,221,8,100),(1493,221,10,93),(1494,229,3,84),(1495,203,13,79),(1496,229,4,100),(1497,229,5,87),(1498,229,7,80),(1499,229,8,90),(1500,229,9,69),(1501,229,9,75),(1502,229,9,81),(1503,229,10,87),(1504,203,25,92),(1505,229,11,80),(1506,229,12,87),(1507,203,15,100),(1508,203,25,92),(1509,203,25,100),(1510,225,3,95),(1511,230,15,100),(1512,230,25,92),(1513,203,13,89),(1514,203,14,80),(1515,203,3,63),(1516,203,3,89),(1517,203,12,87),(1518,203,12,93),(1519,203,11,65),(1520,203,11,85),(1521,203,11,100),(1522,203,10,80),(1523,203,10,93),(1524,229,13,84),(1525,203,9,63),(1526,203,9,81),(1527,229,14,70),(1528,229,14,80),(1529,203,4,67),(1530,203,4,100),(1531,229,15,70),(1532,229,15,80),(1533,203,5,73),(1534,229,25,62),(1535,229,25,69),(1536,229,25,69),(1537,229,25,85),(1538,203,5,93),(1539,203,7,80),(1540,203,7,90),(1541,203,8,80),(1542,203,8,100),(1543,225,4,87),(1544,225,5,80),(1545,212,9,69),(1546,212,9,75),(1547,212,9,88),(1548,212,10,80),(1549,214,14,80),(1550,214,7,90),(1551,214,3,89),(1552,214,4,87),(1553,214,5,93),(1554,225,7,70),(1555,225,7,90),(1556,225,8,90),(1557,225,9,69),(1558,225,9,81),(1559,225,10,80),(1560,205,4,87),(1561,205,10,93),(1562,225,11,60),(1563,225,11,85),(1564,228,3,95),(1565,228,4,100),(1566,228,5,93),(1567,228,7,100),(1568,228,8,100),(1569,228,9,88),(1570,228,10,87),(1571,228,11,95),(1572,228,12,100),(1573,228,13,100),(1574,228,14,90),(1575,228,15,100),(1576,228,25,100),(1577,210,3,95),(1578,210,4,100),(1579,210,5,93),(1580,210,7,100),(1581,210,8,100),(1582,210,9,100),(1583,210,10,87),(1584,210,10,87),(1585,210,10,87),(1586,210,11,100),(1587,212,25,100),(1588,205,5,60),(1589,205,5,67),(1590,205,5,87),(1591,205,7,80),(1592,205,8,80),(1593,205,9,69),(1594,205,9,81),(1595,205,11,75),(1596,205,11,80),(1597,214,8,100),(1598,214,9,69),(1599,205,12,73),(1600,205,12,87),(1601,205,13,95),(1602,205,15,60),(1603,205,15,90),(1604,205,25,62),(1605,205,25,85),(1606,205,14,70),(1607,205,14,70),(1608,205,14,70),(1609,205,14,50),(1610,205,14,60),(1611,205,14,90),(1612,210,13,95),(1613,210,14,90),(1614,210,15,100),(1615,210,15,100),(1616,210,15,100),(1617,210,25,92),(1618,217,8,100),(1619,217,11,100),(1620,217,12,100),(1621,217,14,90),(1622,217,15,100),(1623,217,25,92),(1624,222,3,89),(1625,217,10,93),(1626,231,3,89),(1627,231,4,100),(1628,217,9,88),(1629,217,9,88),(1630,217,13,95),(1631,222,4,100),(1632,222,7,90),(1633,222,8,90),(1634,222,9,81),(1635,222,10,73),(1636,222,10,80),(1637,231,5,67),(1638,231,5,73),(1639,231,5,80),(1640,231,7,80),(1641,231,8,90),(1642,231,9,69),(1643,222,11,85),(1644,222,12,87),(1645,222,13,89),(1646,222,14,80),(1647,222,15,60),(1648,222,15,80),(1649,224,3,89),(1650,222,25,85),(1651,231,9,69),(1652,224,4,100),(1653,231,9,75),(1654,224,5,80),(1655,231,9,81),(1656,224,7,80),(1657,231,10,67),(1658,209,3,79),(1659,231,10,93),(1660,209,3,79),(1661,209,3,84),(1662,209,3,84),(1663,209,4,93),(1664,209,5,73),(1665,209,5,87),(1666,209,7,100),(1667,209,8,100),(1668,209,9,63),(1669,209,9,88),(1670,209,10,80),(1671,209,11,65),(1672,209,11,80),(1673,209,12,87),(1674,209,13,79),(1675,209,13,84),(1676,209,14,80),(1677,209,15,90),(1678,209,25,69),(1679,209,25,85),(1680,231,11,65),(1681,231,11,85),(1682,224,9,88),(1683,224,8,100),(1684,224,10,80),(1685,211,3,95),(1686,211,4,100),(1687,211,5,93),(1688,211,7,100),(1689,211,8,100),(1690,224,11,85),(1691,211,9,100),(1692,224,12,80),(1693,224,12,100),(1694,211,10,93),(1695,211,11,100),(1696,211,12,100),(1697,211,13,100),(1698,211,14,90),(1699,211,15,100),(1700,211,25,100),(1701,224,13,74),(1702,223,3,74),(1703,223,3,84),(1704,223,4,93),(1705,223,5,73),(1706,223,5,87),(1707,223,7,100),(1708,223,25,62),(1709,223,25,85),(1710,223,15,90),(1711,223,14,60),(1712,223,14,80),(1713,223,10,87),(1714,223,13,89),(1715,223,12,80),(1716,223,11,60),(1717,223,11,75),(1718,223,11,75),(1719,223,9,81),(1720,223,8,80),(1721,217,4,100),(1722,217,7,100),(1723,223,11,80),(1724,231,12,93),(1725,231,13,68),(1726,231,13,89),(1727,231,14,40),(1728,231,14,70),(1729,214,9,81),(1730,214,10,93),(1731,214,11,100),(1732,214,12,93),(1733,214,13,89),(1734,214,15,100),(1735,214,25,100),(1736,212,13,79),(1737,212,13,89),(1738,212,13,89),(1739,212,11,100),(1740,212,15,100),(1741,212,14,90),(1742,212,12,100),(1743,224,13,95),(1744,224,14,80),(1745,224,25,85),(1746,224,15,80),(1747,215,3,100),(1748,215,4,100),(1749,215,5,87),(1750,215,7,100),(1751,222,5,27),(1752,222,5,80),(1753,219,3,100),(1754,219,4,100),(1755,219,7,90),(1756,219,8,100),(1757,219,9,81),(1758,219,10,80),(1759,219,11,90),(1760,219,12,93),(1761,219,13,95),(1762,219,14,70),(1763,219,14,80),(1764,219,15,90),(1765,219,25,77),(1766,219,25,92),(1767,219,5,73),(1768,219,5,87),(1769,232,3,89),(1770,232,4,87),(1771,232,7,100),(1772,232,5,80),(1773,232,8,90),(1774,232,9,81),(1775,232,10,87),(1776,232,10,87),(1777,232,11,70),(1778,232,11,80),(1779,231,14,90),(1780,231,15,80),(1781,231,25,69),(1782,231,25,85),(1783,215,8,90),(1784,215,9,94),(1785,215,10,93),(1786,215,11,95),(1787,215,12,100),(1788,215,13,100),(1789,215,13,100),(1790,215,14,90),(1791,215,15,100),(1792,215,25,75),(1793,215,25,92),(1794,225,12,100),(1795,225,13,89),(1796,213,3,84),(1797,233,3,68),(1798,233,3,74),(1799,226,3,84),(1800,226,4,100),(1801,226,5,67),(1802,226,5,80),(1803,226,7,80),(1804,233,3,89),(1805,232,25,83),(1806,233,4,93),(1807,233,5,60),(1808,232,12,80),(1809,232,13,84),(1810,232,14,80),(1811,232,15,80),(1812,233,5,87),(1813,233,7,70),(1814,233,7,100),(1815,233,8,90),(1816,233,9,69),(1817,233,9,88),(1818,233,10,73),(1819,233,10,93),(1820,213,4,93),(1821,233,11,55),(1822,213,5,60),(1823,233,11,80),(1824,213,5,53),(1825,233,12,87),(1826,213,5,73),(1827,233,13,68),(1828,233,13,89),(1829,213,5,80),(1830,233,14,60),(1831,233,14,90),(1832,233,15,70),(1833,213,7,90),(1834,233,15,90),(1835,213,8,90),(1836,225,14,80),(1837,208,3,89),(1838,225,15,90),(1839,208,4,93),(1840,208,5,87),(1841,226,8,100),(1842,208,7,100),(1843,226,9,69),(1844,226,9,94),(1845,208,8,90),(1846,208,9,69),(1847,208,9,81),(1848,208,11,80),(1849,208,10,73),(1850,208,10,93),(1851,208,12,87),(1852,208,13,89),(1853,208,14,70),(1854,225,25,83),(1855,208,14,90),(1856,208,15,90),(1857,226,10,93),(1858,226,11,95),(1859,226,12,100),(1860,226,13,100),(1861,226,14,100),(1862,226,15,90),(1863,226,25,83),(1864,208,25,83),(1865,213,9,69),(1866,213,9,88),(1867,213,10,73),(1868,213,10,80),(1869,213,11,80),(1870,213,12,93),(1871,213,13,89),(1872,213,14,70),(1873,213,14,80),(1874,213,15,60),(1875,213,15,60),(1876,213,15,80),(1877,213,25,83),(1878,233,25,75),(1879,233,25,67),(1880,233,25,92),(1881,221,9,69),(1882,221,9,81),(1883,221,11,80),(1884,221,13,63),(1885,221,13,89),(1886,234,3,95),(1887,221,14,60),(1888,221,14,80),(1889,221,12,87),(1890,234,4,100),(1891,221,15,60),(1892,221,15,40),(1893,221,15,60),(1894,221,15,80),(1895,234,7,80),(1896,221,25,83),(1897,234,5,73),(1898,234,8,90),(1899,234,9,81),(1900,234,10,80),(1901,234,11,85),(1902,234,12,93),(1903,234,13,84),(1904,234,14,90),(1905,234,15,90),(1906,234,25,67),(1907,234,25,75),(1908,234,25,67),(1909,234,25,75),(1910,234,25,75),(1911,234,25,92),(1912,234,5,73),(1913,234,5,80),(1914,235,3,95),(1915,235,4,100),(1916,235,7,90),(1917,235,8,100),(1918,235,9,81),(1919,235,10,87),(1920,235,11,80),(1921,235,12,93),(1922,235,13,84),(1923,235,5,67),(1924,235,5,87),(1925,235,25,83),(1926,235,15,90),(1927,235,14,80),(1928,227,3,84),(1929,227,12,100),(1930,227,4,100),(1931,227,14,90),(1932,227,15,100),(1933,227,25,100),(1934,227,13,100),(1935,227,11,100),(1936,227,10,93),(1937,227,10,93),(1938,227,10,93),(1939,227,5,80),(1940,227,9,75),(1941,227,9,88),(1942,227,7,80),(1943,227,8,90),(1944,220,3,74),(1945,220,3,89),(1946,220,4,87),(1947,210,12,100),(1948,216,3,63),(1949,216,3,79),(1950,216,3,100),(1951,216,4,87),(1952,216,5,60),(1953,216,5,80),(1954,216,7,80),(1955,216,8,100),(1956,216,9,75),(1957,216,9,88),(1958,216,10,67),(1959,216,10,87),(1960,216,11,70),(1961,216,11,80),(1962,216,12,93),(1963,216,13,100),(1964,216,14,70),(1965,216,14,80),(1966,216,15,80),(1967,216,25,83),(1968,220,5,67),(1969,220,5,87),(1970,220,7,70),(1971,220,7,90),(1972,220,8,70),(1973,220,8,100),(1974,220,8,100),(1975,220,9,56),(1976,220,9,63),(1977,240,3,95),(1978,240,4,80),(1979,240,10,80),(1980,240,7,90),(1981,240,9,69),(1982,240,9,69),(1983,238,3,95),(1984,238,4,93),(1985,238,5,73),(1986,238,5,80),(1987,238,7,80),(1988,238,8,100),(1989,238,9,81),(1990,238,10,87),(1991,238,11,85),(1992,238,12,87),(1993,238,13,100),(1994,238,14,70),(1995,238,14,70),(1996,238,14,90),(1997,238,15,80),(1998,238,25,92),(1999,239,3,100),(2000,239,4,100),(2001,239,5,67),(2002,239,5,80),(2003,239,7,100),(2004,239,8,100),(2005,239,9,88),(2006,239,10,93),(2007,239,11,80),(2008,239,12,100),(2009,239,13,95),(2010,239,14,100),(2011,239,15,100),(2012,239,25,92),(2013,240,8,90),(2014,240,9,81),(2015,240,11,65),(2016,240,11,75),(2017,240,25,83),(2018,240,14,60),(2019,240,14,80),(2020,240,13,74),(2021,240,13,79),(2022,240,13,89),(2023,240,15,90),(2024,240,12,73),(2025,240,12,87),(2026,240,11,75),(2027,240,11,75),(2028,240,11,90),(2029,240,5,47),(2030,240,5,93),(2031,243,3,100),(2032,243,3,100),(2033,243,4,100),(2034,243,5,93),(2035,243,7,100),(2036,243,8,100),(2037,243,9,88),(2038,243,10,87),(2039,243,11,75),(2040,243,11,90),(2041,243,12,87),(2042,243,13,95),(2043,243,14,80),(2044,243,15,80),(2045,243,25,83),(2046,241,3,89),(2047,241,5,100),(2048,241,25,83),(2049,241,15,100),(2050,241,4,93),(2051,241,7,90),(2052,241,14,80),(2053,241,8,100),(2054,241,9,88),(2055,241,10,87),(2056,241,11,80),(2057,244,4,100),(2058,241,12,87),(2059,241,13,89),(2060,242,3,89),(2061,242,4,100),(2062,245,5,100),(2063,237,3,89),(2064,245,4,100),(2065,237,13,89),(2066,237,14,90),(2067,237,4,100),(2068,237,5,93),(2069,237,7,90),(2070,237,8,100),(2071,237,9,81),(2072,237,10,93),(2073,237,11,95),(2074,237,12,93),(2075,237,15,100),(2076,203,25,100),(2077,237,25,100),(2078,245,25,83),(2079,245,25,83),(2080,245,25,92),(2081,245,15,100),(2082,245,8,90),(2083,244,3,89),(2084,244,5,73),(2085,244,5,93),(2086,244,12,100),(2087,244,7,90),(2088,244,8,90),(2089,244,9,81),(2090,244,10,80),(2091,242,5,87),(2092,245,3,100),(2093,245,9,94),(2094,242,7,90),(2095,242,8,100),(2096,242,9,75),(2097,242,9,81),(2098,242,10,87),(2099,242,11,80),(2100,244,13,89),(2101,242,12,67),(2102,242,12,100),(2103,244,11,75),(2104,244,11,85),(2105,244,15,90),(2106,244,25,83),(2107,220,9,75),(2108,220,9,81),(2109,220,10,87),(2110,220,11,60),(2111,220,11,75),(2112,220,11,95),(2113,220,15,80),(2114,220,14,80),(2115,220,13,95),(2116,244,14,80),(2117,242,13,79),(2118,242,13,79),(2119,242,13,84),(2120,242,13,84),(2121,242,14,70),(2122,242,14,60),(2123,242,14,70),(2124,242,14,70),(2125,242,14,70),(2126,242,14,70),(2127,242,14,80),(2128,242,15,70),(2129,242,15,100),(2130,242,25,83),(2131,246,3,95),(2132,246,4,100),(2133,246,5,100),(2134,246,7,100),(2135,246,8,100),(2136,246,9,88),(2137,246,10,87),(2138,246,11,80),(2139,246,11,90),(2140,246,12,73),(2141,246,12,100),(2142,246,13,89),(2143,246,14,90),(2144,246,15,100),(2145,246,25,75),(2146,246,25,92),(2147,245,7,100),(2148,245,10,87),(2149,245,13,84),(2150,245,13,100),(2151,245,12,73),(2152,245,12,87),(2153,247,5,67),(2154,247,5,80),(2155,247,25,100),(2156,247,8,100),(2157,245,11,80),(2158,245,14,50),(2159,245,14,90),(2160,247,13,84),(2161,247,9,69),(2162,247,9,88),(2163,247,15,90),(2164,247,14,50),(2165,247,14,80),(2166,247,12,93),(2167,247,11,75),(2168,247,11,80),(2169,247,10,93),(2170,247,7,80),(2171,247,4,87),(2172,247,3,74),(2173,247,3,95),(2174,249,3,100),(2175,249,4,100),(2176,249,5,93),(2177,249,7,80),(2178,249,8,100),(2179,249,9,81),(2180,249,25,83),(2181,249,10,87),(2182,249,11,90),(2183,249,12,93),(2184,249,13,95),(2185,249,14,80),(2186,249,15,90),(2187,250,3,100),(2188,250,7,80),(2189,250,7,100),(2190,250,8,100),(2191,250,10,80),(2192,250,10,87),(2193,250,4,100),(2194,250,5,93),(2195,250,9,69),(2196,250,9,88),(2197,250,11,85),(2198,250,25,83),(2199,252,3,95),(2200,252,4,100),(2201,252,5,87),(2202,252,7,100),(2203,252,8,100),(2204,252,9,88),(2205,252,25,75),(2206,252,25,92),(2207,250,12,87),(2208,252,10,87),(2209,252,11,90),(2210,250,13,89),(2211,250,14,80),(2212,250,15,90),(2213,252,12,93),(2214,252,13,100),(2215,252,14,80),(2216,252,15,90),(2217,256,3,89),(2218,256,4,100),(2219,256,5,87),(2220,256,7,90),(2221,256,8,90),(2222,256,9,88),(2223,256,10,80),(2224,256,10,80),(2225,256,11,75),(2226,256,11,80),(2227,256,25,92),(2228,256,15,90),(2229,256,14,80),(2230,256,13,84),(2231,256,12,93),(2232,258,3,95),(2233,258,4,93),(2234,258,5,93),(2235,257,4,87),(2236,257,7,100),(2237,257,5,67),(2238,257,5,73),(2239,257,5,87),(2240,257,10,67),(2241,257,10,93),(2242,257,11,75),(2243,257,11,85),(2244,257,15,80),(2245,257,15,80),(2246,257,14,60),(2247,257,14,70),(2248,257,14,80),(2249,257,14,80),(2250,257,14,80),(2251,257,14,90),(2252,257,14,90),(2253,257,13,63),(2254,257,13,84),(2255,257,12,80),(2256,257,3,89),(2257,257,8,90),(2258,257,9,94),(2259,257,25,58),(2260,257,25,92),(2261,258,3,95),(2262,258,8,90),(2263,258,9,81),(2264,258,7,70),(2265,258,7,80),(2266,258,10,87),(2267,258,11,55),(2268,258,11,75),(2269,258,11,75),(2270,258,11,70),(2271,258,11,70),(2272,258,11,70),(2273,258,11,75),(2274,258,11,75),(2275,258,11,75),(2276,258,11,65),(2277,258,11,60),(2278,258,11,80),(2279,258,13,84),(2280,255,3,84),(2281,255,4,87),(2282,255,8,100),(2283,255,9,94),(2284,255,10,87),(2285,259,8,90),(2286,259,9,88),(2287,259,10,93),(2288,259,11,100),(2289,259,12,100),(2290,259,13,95),(2291,255,11,85),(2292,255,12,100),(2293,255,13,89),(2294,255,14,90),(2295,255,25,75),(2296,255,25,92),(2297,255,15,100),(2298,255,5,80),(2299,255,7,70),(2300,255,7,80),(2301,259,14,90),(2302,259,15,100),(2303,259,25,83),(2304,259,7,90),(2305,259,5,73),(2306,259,5,100),(2307,259,4,80),(2308,259,3,74),(2309,259,3,95);

--
-- Table structure for table `materials`
--

CREATE TABLE `materials` (
  `id` int(11) NOT NULL AUTO_INCREMENT,
  `course_id` int(11) unsigned NOT NULL,
  `name` varchar(60) NOT NULL,
  `filename` varchar(60) NOT NULL,
  PRIMARY KEY (`id`),
  KEY `course_id` (`course_id`),
  CONSTRAINT `materials_ibfk_1` FOREIGN KEY (`course_id`) REFERENCES `course` (`id`) ON DELETE CASCADE ON UPDATE NO ACTION
) ENGINE=InnoDB DEFAULT CHARSET=utf8;

--
-- Dumping data for table `materials`
--


--
-- Table structure for table `offering_has_category`
--

CREATE TABLE `offering_has_category` (
  `offering_id` int(11) unsigned NOT NULL,
  `course_category_id` int(11) unsigned NOT NULL,
  KEY `offering_id` (`offering_id`),
  KEY `course_id` (`course_category_id`),
  CONSTRAINT `offering_has_category_ibfk_1` FOREIGN KEY (`offering_id`) REFERENCES `offerings` (`id`) ON DELETE CASCADE ON UPDATE NO ACTION,
  CONSTRAINT `offering_has_category_ibfk_2` FOREIGN KEY (`course_category_id`) REFERENCES `course_category` (`id`) ON DELETE CASCADE ON UPDATE NO ACTION
) ENGINE=InnoDB DEFAULT CHARSET=utf8;

--
-- Dumping data for table `offering_has_category`
--

INSERT INTO `offering_has_category` VALUES (1,1),(1,2),(1,3),(1,4),(1,5);

--
-- Table structure for table `offerings`
--

CREATE TABLE `offerings` (
  `id` int(11) unsigned NOT NULL AUTO_INCREMENT,
  `name` varchar(60) NOT NULL DEFAULT '',
  PRIMARY KEY (`id`)
) ENGINE=InnoDB AUTO_INCREMENT=2 DEFAULT CHARSET=utf8;

--
-- Dumping data for table `offerings`
--

INSERT INTO `offerings` VALUES (1,'Professional Development');

--
-- Table structure for table `option`
--

CREATE TABLE `option` (
  `id` int(11) NOT NULL AUTO_INCREMENT,
  `question_id` int(11) NOT NULL,
  `content` text NOT NULL,
  `correct` int(11) DEFAULT NULL,
  PRIMARY KEY (`id`),
  KEY `question_id` (`question_id`),
  CONSTRAINT `option_ibfk_1` FOREIGN KEY (`question_id`) REFERENCES `question` (`id`) ON DELETE CASCADE ON UPDATE NO ACTION
) ENGINE=InnoDB AUTO_INCREMENT=12293 DEFAULT CHARSET=utf8;

--
-- Dumping data for table `option`
--

INSERT INTO `option` VALUES (4,6,'1 in 2',NULL),(5,6,'1 in 5',NULL),(6,6,'1 in 3',NULL),(7,6,'1 in 4',NULL),(8,7,'An effective vaccine is now available to prevent the disease.',NULL),(9,7,'HIV testing is not only free but compulsory for everyone over age 18.',NULL),(10,7,'People believe that antiretroviral drugs have solved the HIV problem.',NULL),(11,7,'The number of new infections is continuing to decline.',NULL),(12,8,'Free HIV testing of all patients over age 13.',NULL),(13,8,'Developing a vaccine to prevent HIV infection.',NULL),(14,8,'Reducing the rate of new infections.',NULL),(15,8,'Compulsory HIV testing of all patients in emergency departments.',NULL),(16,9,'Black/African Americans.',NULL),(17,9,'Seniors.',NULL),(18,9,'Hispanics.',NULL),(19,9,'Native Americans.',NULL),(20,10,'Women and children, seniors, and transgender persons',NULL),(21,10,'Men who have sex with men, women who have sex with women, prisoners',NULL),(22,10,'Men who have sex with men, injecting-drug users, and men who have sex with men and also use injection drugs',NULL),(23,10,'Women who have sex with women, homeless people, and seniors',NULL),(24,11,'Adopt compulsory hand-washing policies for staff and inmates.',NULL),(25,11,'Provide inmates with condoms and access to bleach for cleaning injection equipment.',NULL),(26,11,'Increase the number of correctional officers who monitor inmate activity.',NULL),(27,11,'Enroll inmates in HIV vaccine clinical trials.',NULL),(28,12,'When they enter prison.',NULL),(29,12,'Within 60 days prior to release.',NULL),(30,12,'Within 30 days prior to release.',NULL),(31,12,'Never; it is not required by law.',NULL),(32,13,'Healthcare workers are more focused on mental health issues in seniors.',NULL),(33,13,'Seniors avoid answering questions about sexual activity.',NULL),(34,13,'Seniors believe they are immune to HIV/AIDS.',NULL),(35,13,'Symptoms of AIDS such as fatigue and weight loss mimic those of normal aging.',NULL),(36,14,'Saliva and cervical secretions',NULL),(37,14,'Saliva, tears, serous fluid, and vaginal secretions',NULL),(38,14,'Blood, semen, breast milk, and vaginal and cervical secretions',NULL),(39,14,'Blood, semen, and urine',NULL),(40,15,'Blood collected for transfusion',NULL),(41,15,'Used needles and syringes',NULL),(42,15,'Casual contact with an infected patient',NULL),(43,15,'A public toilet seat',NULL),(44,16,'Increases the risk of HIV transmission.',NULL),(45,16,'Reduces the risk of HIV transmission.',NULL),(46,16,'Makes no difference in the risk of HIV transmission.',NULL),(47,16,'Increases the risk of pregnancy in women.',NULL),(48,17,'Syphilis',NULL),(49,17,'Hepatitis B (HBV)',NULL),(50,17,'Chlamydia',NULL),(51,17,'Tuberculosis (TB)',NULL),(52,18,'Relatively simple if the patient has health insurance.',NULL),(53,18,'A complex, multi-drug process that takes at least 6 months.',NULL),(54,18,'Usually not successful in African American patients.',NULL),(55,18,'Successful in most patients.',NULL),(56,19,'Unnecessary in HIV patient situations.',NULL),(57,19,'Warranted only if a patient has been diagnosed with TB.',NULL),(58,19,'Effective only if properly fitted and appropriately worn in all areas where risk of exposure is high.',NULL),(59,19,'Primarily used with patients who are coinfected with hepatitis.',NULL),(60,20,'Brain tumors from syphilis.',NULL),(61,20,'Liver disease from chronic hepatitis C.',NULL),(62,20,'Heart disease from antiretroviral drugs.',NULL),(63,20,'Stroke related to antiretroviral drugs.',NULL),(295,53,'True',NULL),(296,53,'False',1),(299,55,'True',NULL),(300,55,'False',1),(325,60,'True',1),(326,60,'False',NULL),(327,62,'True',1),(328,62,'False',NULL),(329,63,'Defensive level, anxiety level, acting out, tension reduction',NULL),(330,63,'Tension inducing, anxiety level, defensive level, acting out',NULL),(331,63,'Anxiety level, defensive level, acting out, tension reduction',1),(332,63,'Acting out, anxiety level, defensive level, tension reduction',NULL),(333,64,'True',1),(334,64,'False',NULL),(339,82,'Clenched fists',NULL),(340,82,'Pacing',NULL),(341,82,'Rapid breathing',NULL),(342,82,'Withdrawn behavior',NULL),(343,82,'All of the Above',1),(344,83,'The person is under the influence of a substance',NULL),(345,83,'The person has a history of psychiatric illness',NULL),(346,83,'The person is facing a high level of stress',NULL),(347,83,'All of the Above',1),(348,83,'A and B',NULL),(409,58,'Using a calm voice and acronyms or jargon',NULL),(410,58,'Giving the person your full attention',NULL),(411,58,'Paraphrasing what the person is saying',NULL),(412,58,'Validating the person’s feelings about the situation',NULL),(413,58,'All of the above',NULL),(414,58,'B, C, and D',1),(415,59,'Speak slowly clearly and gently',NULL),(416,59,'Walk fast away from client to avoid an altercation',NULL),(417,59,'Appear confident and display calmness',NULL),(418,59,'Show you are listening',NULL),(419,59,'A, C, and D',1),(420,59,'A and B',NULL),(421,61,'Don’t use jargon',NULL),(422,61,'Avoid demeaning language',NULL),(423,61,'Find someone that speaks that person’s language',NULL),(424,61,'A and B',NULL),(425,61,'All of the above',1),(449,54,'True',1),(450,54,'False',NULL),(451,57,'Telling the patient what he/she is feeling.',NULL),(452,57,'Summarize what the patient stated and repeat back to verify accuracy ',1),(453,57,'Make client aware of the incongruities from their statement',NULL),(454,57,'None of the above',NULL),(455,65,'Acting out',NULL),(456,65,'Tension Reduction',NULL),(457,65,'Anxiety Level',NULL),(458,65,'Defensive Level',1),(459,85,'True',1),(460,85,'False',NULL),(463,26,'True',1),(464,26,'False',NULL),(465,27,'False',1),(466,27,'True',NULL),(467,28,'True',1),(468,28,'False',NULL),(469,29,'False',1),(470,29,'True',NULL),(471,30,'True',1),(472,30,'False',NULL),(473,31,'True',NULL),(474,31,'False',1),(475,32,'True',1),(476,32,'False',NULL),(477,33,'True',1),(478,33,'False',NULL),(481,35,'Abstinence',NULL),(482,35,'Monogamous Relationship with partners not infected with HIV/AIDS',NULL),(483,35,'Protected Sex',NULL),(484,35,'Sterile needles',NULL),(485,35,'All of the above',1),(498,38,'Women and children, seniors, and transgender persons',NULL),(499,38,'Men who have sex with men, women who have sex with women, prisoners',NULL),(500,38,'Men who have sex with men, injecting-drug users, and men who have sex with men and also use injection drugs',1),(501,38,'Women who have sex with women, homeless people, and seniors',NULL),(506,39,'Saliva and cervical secretions',NULL),(507,39,'Saliva, tears, serous fluid, and vaginal secretions',NULL),(508,39,'Blood, semen, breast milk, and vaginal and cervical secretions',1),(509,39,'Blood, semen, and urine',NULL),(510,40,'Blood collected for transfusion',NULL),(511,40,'Used needles and syringes',1),(512,40,'Casual contact with an infected patient',NULL),(513,40,'A public toilet seat',NULL),(519,47,'Bona fide medical emergencies',NULL),(520,47,'Court order',NULL),(521,47,'All of the above',1),(522,48,'Sudden shift in mood or behavior',NULL),(523,48,'Skin rash',NULL),(524,48,'Muscle weakness',NULL),(525,48,'Confusion',NULL),(526,48,'a, c, and d ',1),(537,67,'A source',NULL),(538,67,'A mode of transmission',NULL),(539,67,'A host',NULL),(540,67,'All of the above',1),(541,68,'Every healthcare worker plays a vital role ',NULL),(542,68,'Staff education is an important aspect',NULL),(543,68,'Utilizes measures used to minimize the risk of transmission',NULL),(544,68,'All of the above',1),(545,69,'Droplets are generated by coughs, sneezes, talking',NULL),(546,69,'Droplet transmission is the most frequent mode of transmission in the healthcare setting',1),(547,69,'You can become infected when they land in eyes, mouth or nose',NULL),(548,69,'They can transmit infection when propelled a short distance and land on a surface',NULL),(549,70,'HIV',NULL),(550,70,'Hepatitis B',NULL),(551,70,'Tuberculosis',1),(552,70,'Herpes',NULL),(553,71,'From mosquitos or insect bites',1),(554,71,'From blood or body fluids',NULL),(555,71,'From food or water',NULL),(556,71,'From coughs and sneezes ',NULL),(557,72,'Wear a fit-tested NIOSH-approved N95',1),(558,72,'Wear a surgical mask',NULL),(559,72,'Take 15 minute hot shower after exposure',NULL),(560,72,'Wash your hands with soap and water for 10 minutes',NULL),(561,73,'Direct contact',NULL),(562,73,'Indirect contact',NULL),(563,73,'Respiratory transmission',NULL),(564,73,'Vector-born transmission',NULL),(565,73,'All of the above',1),(566,74,'Gloves, gowns, respirators',NULL),(567,74,'Face masks, goggles, face shields',NULL),(568,74,'Shoes and socks',NULL),(569,74,'A and B',1),(570,74,'A and C',NULL),(571,75,'Wear protective gloves',NULL),(572,75,'Run away from spill in order to not get contaminated ',NULL),(573,75,'Use a 1:100 or 1:10 bleach based dilution to decontaminate surfaces ',NULL),(574,75,'A and B',NULL),(575,75,'A and C',1),(576,81,'Sweat',1),(577,81,'Saliva',NULL),(578,81,'Blood',NULL),(579,81,'None of the above',NULL),(580,78,'30 seconds',NULL),(581,78,'15 seconds',NULL),(582,78,'At least for 20 seconds',1),(583,78,'60 seconds',NULL),(584,79,'Viruses',NULL),(585,79,'Parasites',NULL),(586,79,'Bacteria',NULL),(587,79,'Fungus',NULL),(588,79,'All of the above',1),(589,80,'Air',NULL),(590,80,'Water',NULL),(591,80,'Bodily fluids',NULL),(592,80,'A and B',1),(593,80,'A and C',NULL),(594,88,'Airborne',NULL),(595,88,'Droplet',NULL),(596,88,'Contact',1),(597,88,'A and B',NULL),(598,89,'Airborne Precautions',NULL),(599,89,'Contact Precautions',NULL),(600,89,'Standard Precautions',1),(601,89,'Droplet Precautions',NULL),(602,90,'True',NULL),(603,90,'False',1),(604,91,'Where clinical professionals, in this case in the addiction industry, have multiple relationship roles with their clients',1),(605,91,'An unaviodable part of doing business in the addiction treatment industry',NULL),(606,91,'A multiple role relationship that is generally suitable for the therapist-client relationship',NULL),(607,91,'All of the above',NULL),(608,92,'To give authorization for treatment center employees to use private information',NULL),(609,92,'To secure a person\'s private financial information',NULL),(610,92,'To define the the proper use of an individual\'s health records',1),(611,92,'To punish addiction treatment centers that misuse personal information',NULL),(612,93,'Health Information Portability Protection Act',NULL),(613,93,'Health Insurance Portability and Accountability Act',1),(614,93,'Human Interest Protection  Act',NULL),(615,93,'None of the above',NULL),(616,94,'True',NULL),(617,94,'False',1),(618,95,'A fraudulent accounting scheme',NULL),(619,95,'The requirement for an arrested person to be brought into court or before a judge',1),(620,95,'The legal definition of self-inflicted bodily harm',NULL),(621,95,'None of the above',NULL),(622,96,'The clinician is the professional',NULL),(623,96,'Proper boundaries cannot be defined therefore this is a moot point',NULL),(624,96,'The client may not understand proper boundaries and may not be able to defend themselves against violations',NULL),(625,96,'The counselor must report to their supervisor',NULL),(626,96,'A and C',1),(627,96,'A and D',NULL),(628,97,'True',1),(629,97,'False',NULL),(630,98,'Quid Pro Quo',NULL),(631,98,'Professional Business',NULL),(632,98,'Dual Relationship',1),(633,98,'None of the Above',NULL),(634,99,'On a need to know basis within the facility',NULL),(635,99,'Medical emergencies',NULL),(636,99,'When parents ask',NULL),(637,99,'Client information can never be disclosed without written consent',NULL),(638,99,'B and C',NULL),(639,99,'A and B',1),(640,100,'Crossed Legs',NULL),(641,100,'Standing Tall',NULL),(642,100,'Slouching',NULL),(643,100,'Red face',NULL),(644,100,'B and D',1),(645,100,'A and B',NULL),(646,101,'True',NULL),(647,101,'False',1),(648,102,'Stress and history of violence',1),(649,102,'Stress and a long marriage',NULL),(650,102,'A long marriage and a high degree of social interaction',NULL),(651,102,'A high degree of social interaction and a history of violence',NULL),(652,103,'Perception and prejudice',NULL),(653,103,'Noise',NULL),(654,103,'Language',NULL),(655,103,'All of the above',1),(656,104,'Common depression',NULL),(657,104,'bipolar disorder doesn\'t fall under the DSMIV-TR purview',NULL),(658,104,'Mood changes that last for 48 hours or less',NULL),(659,104,'Significant mood changes that last for weeks or months',1),(660,105,'True',NULL),(661,105,'False',1),(662,106,'Use',NULL),(663,106,'Abuse',1),(664,106,'Misuse',NULL),(665,106,'Addiction',NULL),(666,107,'A good idea to use as proof',NULL),(667,107,'Not a problem if the copies are lost',NULL),(668,107,'A bad idea unless needed for an important purpose.',1),(669,107,'Something that should never be done',NULL),(670,108,'True',NULL),(671,108,'False',1),(674,110,'True',NULL),(675,110,'False',1),(676,111,'True',NULL),(677,111,'False',1),(678,112,'True',1),(679,112,'False',NULL),(680,113,'True',NULL),(681,113,'False',1),(682,109,'True',1),(683,109,'False',NULL),(684,114,'It eliminates the possibility of infection',NULL),(685,114,'It helps determine the exposure risk of staff members',1),(686,114,'A and B',NULL),(687,114,'None of the above',NULL),(688,115,'Common cold, Pinkeye, Flu',1),(689,115,'Common cold, Flu, HIV',NULL),(690,115,'HIV, Common cold, Pinkeye, Flu',NULL),(691,115,'AIDS, Pinkeye, Flu',NULL),(692,116,'Health Information Property Accountability Association',NULL),(693,116,'Human Insurance Process Accumulation Act',NULL),(694,116,'Health Insurance Portability and Accountability Act',1),(695,117,'Electronic Medical Record ',NULL),(696,117,'Security ',NULL),(697,117,'HITECH',1),(698,117,'HHS',NULL),(699,118,'Medical record number',NULL),(700,118,'Telephone number',NULL),(701,118,'Fax number',NULL),(702,118,'Social security number',NULL),(703,118,'All of the above',1),(704,118,'a, b, d',NULL),(705,119,'True',NULL),(706,119,'False',1),(707,120,'Disciplinary action',NULL),(708,120,'Loss of access privileges',NULL),(709,120,'Fines and penalties',NULL),(710,120,'Imprisonment',NULL),(711,120,'All of the above',1),(712,121,'Yes, if he is an employee and you know him.',NULL),(713,121,'Yes, if your manager says that it’s okay.',NULL),(714,121,'No, sharing log-in IDs and passwords is a security violation.',1),(715,121,'a and b',NULL),(716,122,'I am only expected to complete the minimum requirements of my job.',NULL),(717,122,' A workforce member\'s access to PHI is limited to only what is needed to perform his/her responsibilities.',NULL),(718,122,'Requests for and disclosures of PHI are limited to what is needed to perform the task.',NULL),(719,122,'A medical center is no longer allowed to provide information about patients to the media under any circumstances.',NULL),(720,122,'b and c',1),(725,124,'Yes',NULL),(726,124,'No',1),(734,126,'Yes for example I may need to  communicate client information to my boss for shift change.',NULL),(735,126,'No, because the intended users phone could be lost or stolen and exposed to a third party.',1),(744,125,'Yes.  They can be used interchangeably.',NULL),(745,125,'No. Consents are used to get the patient\'s permission to use or disclose health information for treatment, payment or business operations. Authorizations are used to obtain permission to disclose PHI for activities outside the realm of treatment, payment or business operations.',1),(746,127,'State and local governments',NULL),(747,127,'Private employers',NULL),(748,127,'Employment agencies',NULL),(749,127,'Labor organizations',NULL),(750,127,'All of the above',1),(751,128,'No means of transportation',NULL),(752,128,'A criminal history',NULL),(753,128,'A physical or mental impairment that substantially limits one or more life activities',1),(754,128,'None of the above',NULL),(755,128,'All of the above',NULL),(756,129,'Sexual preference',NULL),(757,129,'Kleptomania',NULL),(758,129,'Illegal Drug use',NULL),(759,129,'All of the above',1),(764,131,'Changing a training manual',NULL),(765,131,'Letting employee sleep during work hours',NULL),(766,131,'Providing an interpreter',NULL),(767,131,'A and C',1),(768,130,'True',1),(769,130,'False',NULL),(770,132,'True',1),(771,132,'False',NULL),(772,133,'True',NULL),(773,133,'False',1),(774,134,'True',1),(775,134,'False',NULL),(776,135,'True',NULL),(777,135,'False',1),(778,136,'Walking',NULL),(779,136,'Breathing',NULL),(780,136,'Eating',NULL),(781,136,'Major bodily functions',NULL),(782,136,'All of the above',1),(831,146,'A public health problem, impacting large numbers of the population',1),(832,146,'A family problem, best dealt with within the family ',NULL),(833,146,'A reportable crime in Florida regardless of whether or not a weapon was used in the abuse',NULL),(834,146,'All of the above',NULL),(847,150,'Verbal abuse',NULL),(848,150,'Physical acting out',NULL),(849,150,'Difficulty getting along with others',1),(850,150,'All of the above',NULL),(851,151,'Forcing sexual acts',NULL),(852,151,'Isolating the victim',NULL),(853,151,'The abuser threatening suicide',NULL),(854,151,'All of the above',1),(855,152,'Drug or alcohol abuse',NULL),(856,152,'Intense jealousy',NULL),(857,152,'Welcoming of others into relationship',1),(858,152,'Will not allow a break-up of the relationship',NULL),(859,153,'Emotional insecurity and depression',1),(860,153,'Belief in the bonds of marriage and monogamy',NULL),(861,153,'Maturity and self-reliance',NULL),(862,153,'Strong ego and many friends',NULL),(867,154,'Withhold money',NULL),(868,154,'Intimidate',NULL),(869,154,'Use children to deliver messages',NULL),(870,154,'All of the above',1),(871,155,'Signs of a victim',NULL),(872,155,'Parts of the cycle of violence',NULL),(873,155,'Signs of an abuser',1),(874,155,'Signs of marital conflict',NULL),(891,160,'Intervening directly with the abuser',NULL),(892,160,'Acknowledging client barriers for seeking help',1),(893,160,'Filing police reports on behalf of the victim',NULL),(894,160,'None of the above',NULL),(903,163,'Increasing safety at home',NULL),(904,163,'Planning for emotional support',NULL),(905,163,'Immediate and long term safety',NULL),(906,163,'All of the above',1),(919,149,'Low self-esteem, low income and drug and alcohol abuse',NULL),(920,149,'Individual, societal, relational and community',1),(921,149,'Anger, passivity, Anti-social personality traits and Borderline personality traits',NULL),(922,149,'All of the above',NULL),(927,158,'Emotional discomfort',NULL),(928,158,'Blaming the victim',1),(929,158,'Cultural barriers',NULL),(930,158,'Uncooperative behavior by the victim',NULL),(931,159,'Accurate documentation and safe guarding evidence',1),(932,159,'Staying disconnected',NULL),(933,159,'Demand the criminal justice system get involved',NULL),(934,159,'All of the above',NULL),(939,161,'Helping victim create a safety plan',NULL),(940,161,'Give advice whether to leave or stay in abusive relationship',1),(941,161,'Validate victims experience',NULL),(942,161,'Respect confidentiality of victim',NULL),(943,165,'That the assessment was conducted and no Domestic Violence signs were indicated',NULL),(944,165,'That the assessment was conducted and the worker did not get an answer about DV from the patient',NULL),(945,165,'That the assessment was conducted and that the patient did not disclose abuse',1),(946,165,'None of the above',NULL),(947,156,'911—If you are in immediate danger',NULL),(948,156,'The National Domestic Violence Hotline at 1-800-799-SAFE (7233)',NULL),(949,156,'The National Sexual Assault Hotline at 1-800-656-4673',NULL),(950,156,'All of the above',1),(959,147,'Stalking, psychological violence; neglect and physical violence',NULL),(960,147,'Physical violence, sexual violence; stalking; and emotional violence',NULL),(961,147,'Physical violence; sexual violence; threats of physical and sexual violence; emotional and psychological violence',1),(962,147,'None of the above',NULL),(963,148,'Witnessing or experiencing violence as a child',NULL),(964,148,'Economic security',1),(965,148,'Weak community sanctions against Domestic Violence such as police being unwilling to intervene',NULL),(966,148,'Dominance and control by one partner in the relationship',NULL),(967,157,'9.2% to 30.5%',1),(968,157,'15%',NULL),(969,157,'24.3%',NULL),(970,157,'14.8%',NULL),(971,166,'a. The presence of two or more disorders at the same time',1),(972,166,'b. The presence of at least 2 mental health disorders',NULL),(973,166,'c. The presence of at least 2 substance related disorders',NULL),(974,166,'d. None of the above',NULL),(979,168,'a. Alcohol and drugs can increase underlying risk for mental disorders.',NULL),(980,168,'b. Alcohol or drugs are often used to self-medicate symptoms of depression or anxiety.',NULL),(981,168,'c. Psychiatric problems do not get worse by using drugs or alcohol.',1),(982,168,'d. Alcohol and drug abuse can make symptoms of a mental health problem worse.',NULL),(983,167,'a. Schizophrenia and Depression ',NULL),(984,167,'b. Bipolar Disorder and Anxiety Disorder',1),(985,167,'c. Depression and Fibromyalgia',NULL),(986,167,'d. Bipolar Disorder and Chronic Fatigue',NULL),(987,169,'a. Lying about one’s addiction',NULL),(988,169,'b. Denial frequently occurs in mental disorders',NULL),(989,169,'c. If the problem is not acknowledged, it doesn\'t exist.',NULL),(990,169,'d. All of the above',1),(991,170,'a. Feeling restless or jumpy',NULL),(992,170,'b. Trouble concentrating',NULL),(993,170,'c. Decreased need for sleep',NULL),(994,170,'d. A and B',1),(995,171,'a. Sequential model of treatment',NULL),(996,171,'b. Parallel model of treatment',NULL),(997,171,'c. Integrated model of treatment',1),(998,171,'d. All of the above',NULL),(999,172,'a. Abusing alcohol and/or other drugs',NULL),(1000,172,'b. A complex interplay of genetics, the environment, and other outside factors. ',1),(1001,172,'c. The environment',NULL),(1002,172,'d. Genetics',NULL),(1011,175,'a. Depression?',NULL),(1012,175,'b. Bipolar Disorder?',NULL),(1013,175,'c. Obsessive Compulsive Disorder?',1),(1014,175,'d. Social Anxiety Disorder? ',NULL),(1015,176,'a. Obsessive Compulsive Disorder?',NULL),(1016,176,'b. Anxiety Disorder?',NULL),(1017,176,'c. Mania phase in Bipolar Disorder?',1),(1018,176,'d. Depression?',NULL),(1019,177,'True',1),(1020,177,'False',NULL),(1021,178,'True',1),(1022,178,'False',NULL),(1023,179,'True',1),(1024,179,'False',NULL),(1025,180,'True',1),(1026,180,'False',NULL),(1042,184,'a. A counselor\'s beliefs',NULL),(1043,184,'b. A counselor\'s moral compass',NULL),(1044,184,'c. A counselor\'s values',NULL),(1045,184,'d. A counselor\'s daily routine',1),(1071,189,'a. Are not worth understanding',NULL),(1072,189,'b. Mean that a counselor must be able to make ethical decisions on the fly.',1),(1073,189,'c. Are unavoidable but largely irrelevant.',NULL),(1074,189,'d. Don\'t exist - there are standard responses to every problem.',NULL),(1075,189,'e. All of the above',NULL),(1083,192,'a. Should be encouraged',NULL),(1084,192,'b. Can increase the risk of exploitation or misinterpretation',1),(1085,192,'c. Is rarely a problem',NULL),(1086,192,'d. Can keep the client-counselor relationship more interesting',NULL),(1087,192,'e. All of the above',NULL),(1088,193,'a. Administered by the counselor with minimal client input.',NULL),(1089,193,'b. Not a part of professional ethics.',NULL),(1090,193,'c. Helpful in allowing the client to understand the direction of their treatment.',1),(1091,193,'d. Just about signing paperwork',NULL),(1092,193,'e. All of the above',NULL),(1133,173,'a. Behaviors to prevent weight gain such as self-induced vomiting',NULL),(1134,173,'b. Frequent episodes of consuming very large amounts of food ',1),(1135,173,'c. Intense fear of weight gain',NULL),(1136,173,'d. All of the above',NULL),(1137,174,'a. Restricting food intake',NULL),(1138,174,'b. Frequent episodes of consuming  large amount of food followed by self-induced vomiting',1),(1139,174,'c. Extreme loss of weight',NULL),(1140,174,'d. All of the above',NULL),(1141,201,'Self-Harm is most common in early adolescence',NULL),(1142,201,'Self-Harm is most common in college age students',1),(1143,201,'Self-Harm is most common at the age of 20',NULL),(1144,201,'Self-Harm is most common at the age of 40',NULL),(1145,201,'Self-Harm is most common in early twenties.',NULL),(1146,202,'True    ',1),(1147,202,'False',NULL),(1148,203,'Suicide is highest in college students',NULL),(1149,203,'Suicide is highest in white males over 85',NULL),(1150,203,'Suicide is highest for people aged 10-24',NULL),(1151,203,'Suicide is highest for people aged 25-34',NULL),(1152,203,'Suicide is highest for people aged 45-64',1),(1153,204,'Unrelenting low mood',NULL),(1154,204,'Anxiety, psychic pain, inner tension',NULL),(1155,204,'Sleep problems',NULL),(1156,204,'Threatening suicide or expressing strong wish to die',NULL),(1157,204,'All of the above',1),(1158,205,'Ask directly about suicide, be specific in your inquiry',NULL),(1159,205,'Determine level of suicide risk; low, moderate or high',NULL),(1160,205,'Medications, what they are currently taking, what they have taken in the past and what did or did not work',NULL),(1161,205,'Prior attempts increase possibility of successful suicide',NULL),(1162,205,'All of the above',1),(1163,206,'Yes',1),(1164,206,'No',NULL),(1165,207,'Substance Abuse and Mental Health Disorders',1),(1166,207,'Self-Harm and Substance Abuse',NULL),(1167,207,'Eating Disorder and Mental Health Disorder',NULL),(1168,208,'Victims of Domestic Violence are 5 times more likely to commit suicide.',NULL),(1169,208,'Victims of Domestic Violence are 12 times more likely to commit suicide.',1),(1170,208,'Victims of Domestic Violence are 21 times more likely to commit suicide.',NULL),(1171,209,'10 times',NULL),(1172,209,'17 times',NULL),(1173,209,'42 times',NULL),(1174,209,'23 times',1),(1175,210,'Can’t get out of the depression',NULL),(1176,210,'Can’t think clearly',NULL),(1177,210,'Can’t stop the pain',NULL),(1178,210,'Can’t see themselves as worthwhile',NULL),(1179,210,'All of the above',1),(1180,211,'True',1),(1181,211,'False',NULL),(1182,212,'Cultural Tolerance',NULL),(1183,212,'Cultural Acculturation',NULL),(1184,212,'Cultural Competence',NULL),(1185,212,'Cultural Assimilation',1),(1191,214,'True',NULL),(1192,214,'False',1),(1193,215,'True',1),(1194,215,'False',NULL),(1195,181,'a. Fines under federal law',NULL),(1196,181,'b. Losing your job',NULL),(1197,181,'c. Prison time',NULL),(1198,181,'d. Legal issues',NULL),(1199,181,'e. All of the above',1),(1200,182,'a. Is our moral but not legal obligation',NULL),(1201,182,'b. Is our legal and moral obligation',1),(1202,182,'c. Is neither our legal nor moral obligation',NULL),(1203,182,'d. Is our legal but not moral obligation',NULL),(1204,182,'e. All of the above',NULL),(1205,183,'a. Keep functions separate based on location',NULL),(1206,183,'b. Understand your role as a counselor',NULL),(1207,183,'c. By having an honest conversation with the client about your relationship',NULL),(1208,183,'d. Stay wary of possible confidentiality breaches',NULL),(1209,183,'e. All of the above',1),(1210,185,'a. Basic requiring no knowledge of law and precedent',NULL),(1211,185,'b. Generally easy and apply to every client',NULL),(1212,185,'c. Nuanced making them often very difficult',1),(1213,185,'d. Cut and dried when following the law',NULL),(1214,185,'e. All of the above',NULL),(1220,186,'a. The counselor cannot make up their mind',NULL),(1221,186,'b. Counselors have more than one client',NULL),(1222,186,'c. Counselors have more than one relationship with the client',1),(1223,186,'d. The counselor is empathetic towards a client',NULL),(1224,186,'e. All of the above',NULL),(1225,187,'a. Are set by the client',NULL),(1226,187,'b. Don’t generally apply to counselors',NULL),(1227,187,'c. Were more important in the past',NULL),(1228,187,'d. Are an important part of counseling',1),(1229,187,'e. All of the above',NULL),(1230,188,'a. May require a counselor to sign an agreement to uphold certain standards.',NULL),(1231,188,'b. Are important',NULL),(1232,188,'c. Require counselor training, in most states',NULL),(1233,188,'d. Are generally self-regulated by the industry',NULL),(1234,188,'e. All of the above',1),(1242,200,'a. Clinical, moral, legal',NULL),(1243,200,'b. Legal, moral, ethical',1),(1244,200,'c. Ethical, moral, clinical',NULL),(1245,200,'d. Ethical, legal, clinical',NULL),(1246,200,'e. None of the above',NULL),(1247,199,'a. Areas a professional counselor is interested in working in',NULL),(1248,199,'b. All areas of clinical practice',NULL),(1249,199,'c. Actions that a member of the profession is trained and authorized to perform',1),(1250,199,'d. Clinical practice in areas where the counselor can receive clinical supervision',NULL),(1251,199,'e. None of the above',NULL),(1252,198,'a. Counselor and hair stylist',NULL),(1253,198,'b. Counselor to your best friends brother',NULL),(1254,198,'c. Counselor and supervisor',NULL),(1255,198,'d. Counselor and 12-step sponsor',NULL),(1256,198,'e. All of the above',1),(1257,197,'a. May make clinical mistakes',NULL),(1258,197,'b. May begin to burn out',NULL),(1259,197,'c. May cross professional boundaries',NULL),(1260,197,'d. May exploit the client',NULL),(1261,197,'e. All of the above',1),(1262,196,'a. A counselor sharing their personal feelings with their client',NULL),(1263,196,'b. A counselor experiencing an emotional connection beyond what is acceptable in the client-counselor relationship.',1),(1264,196,'c. A client focusing on their feelings for the counselor',NULL),(1265,196,'d. A counselor having a dual relationship with their client',NULL),(1266,196,'e. A client placing feelings about others from their lies onto the counselor',NULL),(1267,195,'a. A client placing feelings about others from their lives onto the counselor',1),(1268,195,'b. A client focusing on their feelings for the counselor',NULL),(1269,195,'c. A client transferring their feelings with the feelings of the counselor',NULL),(1270,195,'d. A client falling in love with the counselor',NULL),(1271,195,'e. All of the above',NULL),(1272,194,'a. Should never be done',NULL),(1273,194,'b. Should be done with every client',NULL),(1274,194,'c. Should be done when counselor has strong belief client will benefit',1),(1275,194,'d. Should be done when the client asks a personal questions',NULL),(1276,194,'e. All of the above',NULL),(1789,1142,'Making derogatory or sexually explicit comments',NULL),(1790,1142,'Displaying sexually suggestive posters',NULL),(1791,1142,'Making unwanted physical contact',NULL),(1792,1142,'All of the above',1),(1869,1141,'Welcomed, physical in nature, and occur in or impact the workplace',NULL),(1870,1141,'Unwelcome, sexual in nature, and occur in or impact the workplace.',1),(1871,1141,'Unwelcome, sexual in nature and occur in the workplace',NULL),(1872,1141,'Unwelcome, physical in nature and occur in the workplace',NULL),(1873,1143,'Rewards or threats in the areas of hiring/firing, promotion, and performance review',1),(1874,1143,'Behavior that makes the workplace uncomfortable ',NULL),(1875,1143,'Unwelcome suggestive, sexually explicit or obscene letters, notes, emails or invitations.',NULL),(1876,1143,'Sexually explicit offensive comments',NULL),(1877,1144,'Express yourself verbally',NULL),(1878,1144,'Tell the harasser the behavior is making you uncomfortable',NULL),(1879,1144,'Express yourself non verbally',NULL),(1880,1144,'If you are afraid of retaliation say nothing and go straight to HR',NULL),(1881,1144,'All of the above',1),(1882,1145,'Disagrees with employers that discriminate based on sex, gender, race, religion or any other protected class.',NULL),(1883,1145,'Files a discrimination charge',NULL),(1884,1145,'Offers testimony or partakes in an investigation or court proceeding',NULL),(1885,1145,'All of the above',1),(1886,1146,'True',1),(1887,1146,'False',NULL),(1888,1147,'True',1),(1889,1147,'False',NULL),(1890,1148,'True',1),(1891,1148,'False',NULL),(1892,1149,'True',1),(1893,1149,'False',NULL),(1894,1150,'True',1),(1895,1150,'False',NULL),(1896,1151,'True',NULL),(1897,1151,'False',1),(1898,1152,'True',NULL),(1899,1152,'False',1),(1900,1154,'Yes',1),(1901,1154,'No',NULL),(1902,1155,'Yes',NULL),(1903,1155,'No',1),(1904,1156,'Yes',1),(1905,1156,'No',NULL),(11844,592,'Organizations',NULL),(11845,592,'Supervisors',NULL),(11846,592,'Risk Managers',NULL),(11847,592,'All Staff',1),(11875,708,'Promptly report a critical incidence within 6 hours',NULL),(11876,708,'Promptly report a critical incident within 24 hours',NULL),(11877,708,'Promptly report a critical incident within one business day',1),(11878,708,'None of the above',NULL),(11910,140,'True',NULL),(11911,140,'False',1),(11916,141,'Any area of the Incident Report Form not requiring a response specific to the incident must be marked as “N/A” (Not applicable).',NULL),(11917,141,'Incident Report Forms are always included in the client’s medical records on file. ',1),(11918,141,'All staff members of a service provider are required to document all unusual events that occur to either a patient and/or staff member on an Incident Report Form ',NULL),(11919,141,'Incident Report Forms are confidential reports ',NULL),(11920,142,'Promptly report a critical incidence within 6 hours',NULL),(11921,142,'Promptly report a critical incident within 24 hours',NULL),(11922,142,'Promptly report a critical incident within one business day',1),(11923,142,'None of the above',NULL),(11938,1132,'Abandonment',NULL),(11939,1132,'Abuse',NULL),(11940,1132,'Exploitation',NULL),(11941,1132,'Neglect',1),(11942,1133,'Law enforcement officer',NULL),(11943,1133,'Nurse in an assisted living facility',NULL),(11944,1133,'School teacher',NULL),(11945,1133,'All of the above',1),(11946,1134,'They are ashamed ',NULL),(11947,1134,'They feel no one will believe them',NULL),(11948,1134,'They are afraid someone may retaliate if they report them',NULL),(11949,1134,'All of the above',1),(11950,1135,'True',1),(11951,1135,'False',NULL),(11959,1138,'Exploitation',NULL),(11960,1138,'Abuse',1),(11961,1138,'Neglect',NULL),(11962,1138,'All of the above',NULL),(12060,1157,'True',NULL),(12061,1157,'False',1),(12062,1158,'Where clinical professionals, in this case in the addiction industry, have multiple relationship roles with their clients',1),(12063,1158,'An unaviodable part of doing business in the addiction treatment industry',NULL),(12064,1158,'A multiple role relationship that is generally suitable for the therapist-client relationship',NULL),(12065,1158,'All of the above',NULL),(12066,1159,'To punish addiction treatment centers that misuse personal information',NULL),(12067,1159,'To define the the proper use of an individual\'s health records',1),(12068,1159,'To secure a person\'s private financial information',NULL),(12069,1159,'To give authorization for treatment center employees to use private information',NULL),(12070,1160,'Health Information Portability Protection Act',NULL),(12071,1160,'Human Interest Protection  Act',NULL),(12072,1160,'Health Insurance Portability and Accountability Act',1),(12073,1160,'None of the above',NULL),(12074,1161,'True',NULL),(12075,1161,'False',1),(12076,1162,'A fraudulent accounting scheme',NULL),(12077,1162,'The legal definition of self-inflicted bodily harm',NULL),(12078,1162,'The requirement for an arrested person to be brought into court or before a judge',1),(12079,1162,'None of the above',NULL),(12080,1163,'The clinician is the professional',1),(12081,1163,'Proper boundaries cannot be defined therefore this is a moot point',NULL),(12082,1163,'The clients understand proper boundaries and are able to defend themselves against violations',NULL),(12083,1163,'The counselor must report to their supervisor',NULL),(12084,1164,'True',1),(12085,1164,'False',NULL),(12086,1165,'Quid Pro Quo',NULL),(12087,1165,'Dual Relationship',1),(12088,1165,'Professional Business',NULL),(12089,1165,'None of the Above',NULL),(12090,1166,'When parents ask',NULL),(12091,1166,'Client information can never be disclosed without written consent',NULL),(12092,1166,'On a need to know basis within the facility',1),(12093,1166,'None of the Above',NULL),(12094,1167,'Crossed Legs',NULL),(12095,1167,'Slouching',NULL),(12096,1167,'Eye contact',NULL),(12097,1167,'Standing Tall',1),(12098,1168,'True',NULL),(12099,1168,'False',1),(12100,1169,'A long marriage',NULL),(12101,1169,'Stress',1),(12102,1169,'A high degree of social interaction',NULL),(12103,1169,'Regular exercise ',NULL),(12104,1170,'Perception and prejudice',NULL),(12105,1170,'Noise',NULL),(12106,1170,'Language',NULL),(12107,1170,'All of the above',1),(12108,1171,'Common depression',NULL),(12109,1171,'Bipolar disorder doesn\'t fall under the DSMIV-TR purview',NULL),(12110,1171,'Significant mood changes that last for weeks or months',1),(12111,1171,'Mood changes that last for 48 hours or less',NULL),(12112,1172,'True',NULL),(12113,1172,'False',1),(12114,1173,'Use',NULL),(12115,1173,'Misuse',NULL),(12116,1173,'Addiction',NULL),(12117,1173,'Abuse',1),(12118,1174,'A good idea to use as proof',NULL),(12119,1174,'A bad idea unless needed for an important purpose.',1),(12120,1174,'Not a problem if the copies are lost',NULL),(12121,1174,'Something that should never be done',NULL),(12122,1175,'It helps determine the exposure risk of staff members',1),(12123,1175,'It eliminates the possibility of infection',NULL),(12124,1175,'A and B',NULL),(12125,1175,'None of the above',NULL),(12126,1176,'Common cold',NULL),(12127,1176,'HIV',NULL),(12128,1176,'Pinkeye',NULL),(12129,1176,'A & C',1),(12130,1176,'A & B',NULL),(12131,1177,'A hospital',NULL),(12132,1177,'A detox',NULL),(12133,1177,'An ARF',NULL),(12134,1177,'All of the above',1),(12137,1178,'True',NULL),(12138,1178,'False',1),(12139,1179,'True',NULL),(12140,1179,'False',1),(12141,1180,'True',NULL),(12142,1180,'False',1),(12145,1181,'True',1),(12146,1181,'False',NULL),(12147,1182,'True',NULL),(12148,1182,'False',1),(12149,37,'Black/African Americans',1),(12150,37,'Seniors',NULL),(12151,37,'Hispanics',NULL),(12152,37,'Native Americans',NULL),(12153,41,'Are entitled to know their child\'s HIV test results without their child\'s consent.',NULL),(12154,41,'May not be informed directly or indirectly of their child\'s HIV test results without the child\'s consent.',1),(12155,41,'May be informed indirectly of their child\'s HIV test results when sent a bill for said testing.',NULL),(12156,41,'Must give consent for their child to be tested for HIV.',NULL),(12157,42,'Inform every pregnant woman under their care that HIV screening is recommended',1),(12158,42,'Test for HIV at the first prenatal visit.',NULL),(12159,42,'Render an HIV screening at 28 weeks.',NULL),(12160,42,'Report screening refusal to the authorities',NULL),(12161,49,'Medical emergencies',1),(12162,49,'People convicted of all felony crimes',NULL),(12163,49,'Parental consent of minors under 18',NULL),(12164,49,'Spousal right-to-know',NULL),(12165,49,'All of the above',NULL),(12166,49,'There are no exceptions to informed consent',NULL),(12175,164,'Over 27,000 reports were made in 2017 of which over 1/2 were substantiated by APS',NULL),(12176,164,'Abuse happens most often in the adult\'s own home, followed by nursing facilities',NULL),(12177,164,'Most abuse happens to white females over the age of 60',NULL),(12178,164,'All of the above',1),(12179,1131,'To report it to your supervisor',NULL),(12180,1131,'To report it only if you believe it is an emergency',NULL),(12181,1131,'To report it to APS immediately',1),(12182,1131,'You are only required to report it to the person’s insurance company',NULL),(12185,1137,'Unauthorized taking of personal assets',NULL),(12186,1137,'Sale of the vulnerable adults home without their authorization',NULL),(12187,1137,'Caregiver failing to provide appropriate food to vulnerable adult',NULL),(12188,1137,'A and B',1),(12189,1137,'B and C',NULL),(12190,1140,'800-222-2873',NULL),(12191,1140,'800-552-7096',1),(12192,1140,'800-914-0004',NULL),(12193,1140,'800-453-5145',NULL),(12194,138,'Organizations',NULL),(12195,138,'Supervisors',NULL),(12196,138,'Risk Managers',NULL),(12197,138,'All Staff',1),(12198,1136,'True',1),(12199,1136,'False',NULL),(12200,1183,'Immunity from prosecution',NULL),(12201,1183,'Anonymity',NULL),(12202,1183,'Permission to release confidential information',NULL),(12203,1183,'All of the above',1),(12204,1184,'Over 60',NULL),(12205,1184,'Over 18 and incapacitated',NULL),(12206,1184,'Physically Ill',NULL),(12207,1184,'Those that live under the poverty line',1),(12208,1185,'§ 54.2- 2400.1',NULL),(12209,1185,'§ 54.1- 2400.1',1),(12210,1185,'§ 51.1- 2401.1',NULL),(12211,1185,'§ 51.1- 4400.1',NULL),(12212,191,'True',NULL),(12213,191,'False',1),(12218,213,'African American',NULL),(12219,213,'American Indian',NULL),(12220,213,'Asian American',NULL),(12221,213,'Caucasian',1),(12222,213,'Hispanic',NULL),(12227,1188,'2025',NULL),(12228,1188,'2040',1),(12229,1188,'2065',NULL),(12230,1188,'2030',NULL),(12231,1186,'Prejudice',1),(12232,1186,'Bias',NULL),(12233,1186,'Rascism',NULL),(12234,1186,'Stereotyping',NULL),(12235,1189,'Increase from 3% to 8%',1),(12236,1189,'Decrease from 8% to 3%',NULL),(12237,1189,'No significant increase or decrease',NULL),(12238,1189,'Decrease from 74% to 50%',NULL),(12239,1190,'Social Values, religion, education',NULL),(12240,1190,'age, physical height, language',NULL),(12241,1190,'Music preference, background, rituals',NULL),(12242,1190,'Healthcare Beliefs, Symptom Mangement, Sexual Preference',NULL),(12243,1190,'A and D',1),(12244,1191,'True',1),(12245,1191,'False',NULL),(12246,36,'a)	1 in 2',NULL),(12247,36,'b)	1 in 8',1),(12248,36,'c)	1 in 3',NULL),(12249,36,'d)	1 in 4',NULL),(12250,162,'800-799-7289',NULL),(12251,162,'800-799-7233',1),(12252,162,'800-656-4673',NULL),(12253,162,'800-656-6767',NULL),(12258,702,'As soon as possible and no later than 48 hours',NULL),(12259,702,'As soon as possible and no later than 72 hours',NULL),(12260,702,'As soon as possible and no later than 24 hours',1),(12261,702,'As soon as possible',NULL),(12262,703,'Collaborate for accuracy of events witnessed',NULL),(12263,703,'Both sign the Incident Report Form',NULL),(12264,703,'File both incidents separately in CHRIS',1),(12265,703,'Jointly prepare one CHRIS entry',NULL),(12266,704,'True',NULL),(12267,704,'False',1),(12268,706,'The CHRIS system is used to report human rights issues',NULL),(12269,706,'CHRIS system submissions are an admission of fault',1),(12270,706,'Reports must be filed to CHRIS within 24 hours',NULL),(12271,706,'CHRIS submissions will be reviewed for further investigation ',NULL),(12272,707,'True',NULL),(12273,707,'False',1),(12274,710,'When the incident occurs under a provider\'s care',NULL),(12275,710,'When the incident occurs on a provider\'s premises ',NULL),(12276,710,'When the incident occurs off premises while under another provider\'s care',NULL),(12277,710,'A and B',1),(12278,710,'A and C',NULL),(12283,709,'Is a method of problem solving',NULL),(12284,709,'Reduces future risk of harm',NULL),(12285,709,'Is required within 30 days of discovery of a Level II or III serious incident',NULL),(12286,709,'All of the above',1),(12287,711,'True',1),(12288,711,'False',NULL),(12289,712,'True',1),(12290,712,'False',NULL),(12291,713,'True',1),(12292,713,'False',NULL);

--
-- Table structure for table `question`
--

CREATE TABLE `question` (
  `id` int(11) NOT NULL AUTO_INCREMENT,
  `content` text NOT NULL,
  `course_id` int(11) NOT NULL,
  `correct_answer_id` int(11) DEFAULT NULL,
  `order` int(11) DEFAULT NULL,
  `course_order` int(11) DEFAULT NULL,
  PRIMARY KEY (`id`)
) ENGINE=InnoDB AUTO_INCREMENT=1192 DEFAULT CHARSET=utf8;

--
-- Dumping data for table `question`
--

INSERT INTO `question` VALUES (6,'According to CDC estimates, what proportion of people in the United States who are infected with HIV are unaware of their infection?',1,5,NULL,NULL),(7,'Americans have become complacent about HIV/AIDS because:',1,8,NULL,NULL),(8,'The 2010 National AIDS Strategy has three overarching goals, one of which is:',1,12,NULL,NULL),(9,'The Florida population hardest hit by HIV/AIDS is:',1,18,NULL,NULL),(10,'Which risk groups account for 75 percent of new HIV/AIDS infections?',1,22,NULL,NULL),(11,'Higher than average rates of AIDS and other STDs among correctional populations could be reduced by following the World Health Organization recommendation to:',1,24,NULL,NULL),(12,'Florida state law requires HIV testing of inmates:',1,28,NULL,NULL),(13,'Health professionals may fail to recognize the signs of HIV/AIDS infection in seniors because:',1,32,NULL,NULL),(14,'Which body fluids have been proven to transmit HIV infection?',1,36,NULL,NULL),(15,'Which of the following would most likely transmit an HIV infection?',1,40,NULL,NULL),(16,'Coinfection with STDs such as syphilis, gonorrhea, and genital warts:',1,44,NULL,NULL),(17,'The most common and most deadly coinfection for HIV-positive individuals is:',1,48,NULL,NULL),(18,'Treatment of HIV/TB coinfected patients is:',1,52,NULL,NULL),(19,'Respiratory protection equipment for healthcare workers is:',1,56,NULL,NULL),(20,'One of the leading causes of death among HIV-infected people is:',1,60,NULL,NULL),(26,'More than 1 million people in the U.S. are living with HIV. ',3,463,NULL,NULL),(27,'AIDS and HIV are the same',3,465,NULL,NULL),(28,'You can’t always tell by appearance if someone has HIV. ',3,467,NULL,NULL),(29,'Medications can cure HIV/AIDS.',3,469,NULL,NULL),(30,'All 50 states have people living with AIDS.',3,471,NULL,NULL),(31,'HIV is transmitted through casual contact such as sharing utensils. ',3,474,NULL,NULL),(32,'Abstinence is the only 100% effective method of not acquiring HIV/AIDS               ',3,475,NULL,NULL),(33,'Health care workers should assume that the blood and other body fluids               from all patients are potentially infectious.    \r\n               ',3,477,NULL,NULL),(35,'Way to protect yourself from HIV/AIDS include: \r\n',3,485,NULL,NULL),(36,'According to CDC estimates, what proportions of people in the United States who are infected with HIV are unaware of their infection?\r\n',3,12247,NULL,NULL),(37,'The Virginia population hardest hit by HIV/AIDS is:',3,12149,NULL,NULL),(38,'Which risk groups account for 75 percent of new HIV/AIDS infections?',3,500,NULL,NULL),(39,'Which body fluids have been proven to transmit HIV infection?',3,508,NULL,NULL),(40,'Which of the following would most likely transmit an HIV infection?',3,511,NULL,NULL),(41,'Under Virginia law, parents of a child under 18:',3,12154,NULL,NULL),(42,'Virginia law mandates that all physicians:',3,12157,NULL,NULL),(47,'A provider may test without consent in which of the following:',3,521,NULL,NULL),(48,'Symptoms of AIDS Dementia Complex (ADC) include:',3,526,NULL,NULL),(49,'Exceptions to informed consent requirements in Virginia may include',3,12161,NULL,NULL),(53,'Staring a client down is a sign of being in charge and can help calm an aggressive person.',4,296,NULL,NULL),(54,'The amount of space required to allow someone to feel comfortable can depend on gender, mood, familiarity, or culture. ',4,449,NULL,NULL),(55,'Apologizing to an angry client simply validates their anger and perpetuates a stressful situation.',4,300,NULL,NULL),(57,'To paraphrase means?',4,452,NULL,NULL),(58,'Active listening involves:',4,414,NULL,NULL),(59,'How should staff act when faced with an aggressive person?',4,419,NULL,NULL),(60,'Assertive Communication is based on balance and mutual respect.',4,325,NULL,NULL),(61,'What can you do when you detect a language barrier between you and a client?',4,425,NULL,NULL),(62,'Power struggles are an example of a communication barrier.',4,327,NULL,NULL),(63,'What 4 stages of crisis management were discussed and listed in the correct occurrence?',4,331,NULL,NULL),(64,'You should avoid power struggles by offering a person choices.',4,333,NULL,NULL),(65,'During which stage of crisis management would the client challenge you, push buttons and not respond to your words?',4,458,NULL,NULL),(67,'The transmission of infectious agents requires?',5,540,NULL,NULL),(68,'What is true about infection prevention and control?',5,544,NULL,NULL),(69,'Which statement is NOT true about Droplet transmission?',5,546,NULL,NULL),(70,'Which of the following is NOT an example of a Bloodborne Pathogen?',5,551,NULL,NULL),(71,'When does Vector-borne transmission occur?',5,553,NULL,NULL),(72,'To protect yourself from airborne diseases, you should?',5,557,NULL,NULL),(73,' Bloodborne pathogens can be spread through',5,565,NULL,NULL),(74,'What is considered Personal Protective Equipment?',5,569,NULL,NULL),(75,'When cleaning a spill:',5,575,NULL,NULL),(78,'How long should you wash your hands for with soap and water?',5,582,NULL,NULL),(79,'Infectious diseases are caused by',5,588,NULL,NULL),(80,'Infectious diseases are transmitted most quickly through:',5,592,NULL,NULL),(81,'What is the body fluid NOT considered infectious?',5,576,NULL,NULL),(82,'Which of the following are signs of aggression?',4,343,NULL,NULL),(83,'What is/are possible risk factors to aggression?',4,347,NULL,NULL),(85,'Verbal de-escalation is the communication skills we use during a potentially dangerous, or threatening, situation in an attempt to prevent a person from causing harm to us, themselves or others. ',4,459,NULL,NULL),(88,'The most frequent mode of infection transmission in the healthcare setting is',5,596,NULL,NULL),(89,'Precautions recommended by CDC for the care of all patients is known as:',5,600,NULL,NULL),(90,'A counselor and client can enter into a personal relationship after five years has elapsed.',6,603,NULL,NULL),(91,'What is a “Dual Relationship”?',6,604,NULL,NULL),(92,'Explain the purpose of HIPAA guidelines.',6,610,NULL,NULL),(93,'What does the acronym HIPAA stand for?',6,613,NULL,NULL),(94,'Counselors who are physically attracted to clients are only trying to fulfill an unmet need in their personal life.',6,617,NULL,NULL),(95,'What is the Right of Habeas Corpus?',6,619,NULL,NULL),(96,'Give two reason why maintaining proper boundaries is the responsibility of the staff.',6,626,NULL,NULL),(97,'Anger is a choice in a range of available behaviors',6,628,NULL,NULL),(98,'Your client owns a mechanic shop and offers to repair your car for free out of appreciation for your help.  This is an example of what type of relationship?',6,632,NULL,NULL),(99,'Give two instances when client confidential information can be disclosed without their consent.',6,639,NULL,NULL),(100,'Name 2 signs of Aggression',6,644,NULL,NULL),(101,'Staring a client down is a sign of being in charge and can help to calm an aggressive person',6,647,NULL,NULL),(102,'Name 2 Risk Factors to Aggression',6,648,NULL,NULL),(103,'Which of the following can inhibit communication?',6,655,NULL,NULL),(104,'How does DSMIV-TR characterize bipolar disorder?',6,659,NULL,NULL),(105,'Apologizing to an angry client simply validates their anger and perpetuates a stressful situation',6,661,NULL,NULL),(106,'Stage 3 of susbtance dependence is',6,663,NULL,NULL),(107,'Copying confidential information is:',6,668,NULL,NULL),(108,'Behavioral Healthcare facilities are able, by law to bill insurance companies without actual written consent from client',6,671,NULL,NULL),(109,'With written permission behavioral healthcare facilities can share information with parents and spouses',6,682,NULL,NULL),(110,'After a client has been discharged from treatment for five years it is no longer necessary to have written permission to discuss information',6,675,NULL,NULL),(111,'Oral information is not protected by HIPAA guidelines',6,677,NULL,NULL),(112,'There is a fine for healthcare facilities that violate HIPAA guidelines',6,678,NULL,NULL),(113,'It is permissible to discuss specifics of cases in 12 step meetings because the meetings are confidential',6,681,NULL,NULL),(114,'Why is infection control important?',6,685,NULL,NULL),(115,'What illnesses are spread through contact? ',6,688,NULL,NULL),(116,'What does HIPAA stand for?',7,694,NULL,NULL),(117,'The __________ Act widens the scope of privacy and security protections under HIPAA for electronic protected health information (ePHI).',7,697,NULL,NULL),(118,'What is an example/examples of PHI (Protected Health Information?',7,703,NULL,NULL),(119,'It is ok to discuss a patient with my spouse of he/she won’t tell anyone.',7,706,NULL,NULL),(120,'What can happen to a person who knowingly violates patient privacy for personal gain or malicious harm?',7,711,NULL,NULL),(121,'If someone forgets his log-in ID, can I let him use mine?',7,714,NULL,NULL),(122,'What does \"minimum necessary\" mean?',7,720,NULL,NULL),(124,'Are members of your organization who are not involved in a patient\'s care allowed to review the patient\'s chart out of curiosity?',7,726,NULL,NULL),(125,'Are Consents and Authorizations the same?',7,745,NULL,NULL),(126,'Is text messaging is a secure way to transmit patient information within your facility.',7,735,NULL,NULL),(127,'Who must comply with the ADA?',8,750,NULL,NULL),(128,'According to the ADA, a person with a disability has:',8,753,NULL,NULL),(129,'What is a condition not covered by the ADA?',8,759,NULL,NULL),(130,'Under the ADA, an employer is required to make a reasonable accommodation to the known disability of a qualified applicant or employee if it does not impose “undue hardship”?',8,768,NULL,NULL),(131,'What is an example of a “reasonable accommodation”?',8,767,NULL,NULL),(132,'Under Title V, ADA prohibits coercion and retaliation to anyone who has assisted, encouraged or made a charge under the Act.',8,770,NULL,NULL),(133,'The ADA requires that organizations hire the disabled.',8,773,NULL,NULL),(134,'If an employer believes that a medical condition is causing a performance or conduct problem, it may ask the employee how to solve the problem.',8,774,NULL,NULL),(135,'According to the ADA, all people with disabilities (or even all people with the same disability) will require the same accommodation.',8,777,NULL,NULL),(136,'According to the ADA, “major life activities” include',8,782,NULL,NULL),(138,'Incident Reporting is the affirmative duty of',9,12197,NULL,NULL),(140,'If a staff member is uncertain as to whether an event should be documented and reported, an Incident Report Form should NOT be completed.',9,11911,NULL,NULL),(141,'Which of the following statements is NOT true of Incident Reporting ',9,11917,NULL,NULL),(142,'When entering narrative documentation on an Incident Report Form staff MUST ',9,11922,NULL,NULL),(146,'Domestic Violence is best conceptualized as:',11,831,NULL,NULL),(147,'The four main types of Domestic Violence are:',11,961,NULL,NULL),(148,'Risk factors for Domestic Violence victimization include all the following EXCEPT:',11,964,NULL,NULL),(149,'What combination contributes to the risk of becoming a victim or a perpetrator of Domestic Violence?',11,920,NULL,NULL),(150,'Children from violent homes may demonstrate:',11,849,NULL,NULL),(151,'Patterns of controlling behavior can include:',11,854,NULL,NULL),(152,'Signs of a potential abuser in a dating relationship include all of the following EXCEPT',11,857,NULL,NULL),(153,'Which of the following are characteristics of a potential abuser:',11,859,NULL,NULL),(154,'To gain power and control an abuser may:',11,870,NULL,NULL),(155,'Tension building and making up are:',11,873,NULL,NULL),(156,'In dealing with Domestic Violence the most important phone numbers are:',11,950,NULL,NULL),(157,'The rate of Domestic Violence detection among behavioral health practitioners and healthcare workers is:',11,967,NULL,NULL),(158,'Missed cases of Domestic Violence may be due to all of the following EXCEPT:',11,928,NULL,NULL),(159,'Healthcare workers can help in detecting Domestic Violence by:',11,931,NULL,NULL),(160,'Mental health staff can become effective advocates by:',11,892,NULL,NULL),(161,'Advocating for Domestic Violence victims includes all of the following EXCEPT:',11,940,NULL,NULL),(162,'In National Domestic Violence Hotline Number is:',11,12251,NULL,NULL),(163,'Safety plans cover: ',11,906,NULL,NULL),(164,'Which statements are correct about domestic violence Virginia?',11,12178,NULL,NULL),(165,'If a patient does not disclose Domestic Violence to a behavioral healthcare worker, the worker should document:',11,945,NULL,NULL),(166,'What does co-occurring disorder mean?',12,971,NULL,NULL),(167,'What mental conditions are more likely to abuse substances?',12,984,NULL,NULL),(168,'Which of the following statements are False?',12,981,NULL,NULL),(169,'What describes the term Denial?',12,990,NULL,NULL),(170,'What are signs and symptoms of anxiety disorders?',12,994,NULL,NULL),(171,'SAMSHA recommends the following treatment model for co-occurring disorders:',12,997,NULL,NULL),(172,'Mental disorders are caused by:',12,1000,NULL,NULL),(173,'A common sign of binge eating disorder is:',12,1134,NULL,NULL),(174,'A common sign of bulimia nervosa is',12,1138,NULL,NULL),(175,'Hand-washing until your skin becomes raw is a sign of which of the following disorders:',12,1013,NULL,NULL),(176,'Hyperactivity is a symptom of which of the following disorders:',12,1017,NULL,NULL),(177,'Some people develop mental health issues after excessive drinking or drug use.',12,1019,NULL,NULL),(178,'A mental disorder can complicate the challenge in overcoming an addiction to drugs or alcohol.',12,1021,NULL,NULL),(179,'About 50% of people with severe mental disorders are affected by substance abuse.',12,1023,NULL,NULL),(180,'People with a mental health illness are more likely to experience an alcohol or substance use disorder than those not affected by a mental illness.',12,1025,NULL,NULL),(181,'The ramifications of allowing/causing a breach in confidentiality can include:',13,1199,NULL,NULL),(182,'Adhering to confidentiality',13,1201,NULL,NULL),(183,'Some dual roles are unavoidable. How do you deal with them?',13,1209,NULL,NULL),(184,'Which of the following is not generally a basis of decision making?',13,1045,NULL,NULL),(185,'Ethical decisions in treatment are:',13,1212,NULL,NULL),(186,'Dual relationships occur when',13,1222,NULL,NULL),(187,'Boundaries',13,1228,NULL,NULL),(188,'Professional Ethics:',13,1234,NULL,NULL),(189,'Ethical Nuances',13,1072,NULL,NULL),(191,'HIPAA is concerned with client confidentiality as it relates to substance use disorder. ',13,12213,NULL,NULL),(192,'Blurring boundaries',13,1084,NULL,NULL),(193,'Informed consent is:',13,1090,NULL,NULL),(194,'Counselor self-disclosure:',13,1274,NULL,NULL),(195,'Transference is:',13,1267,NULL,NULL),(196,'Counter-transference is:',13,1263,NULL,NULL),(197,'When a counselor is not aware of transference & counter-transference issues, the counselor:',13,1261,NULL,NULL),(198,'Which of the following are examples of dual relationships?',13,1256,NULL,NULL),(199,'Scope of Practice is defined as:',13,1249,NULL,NULL),(200,'Ethical considerations can typically be viewed from which of the following three different perspectives?',13,1243,NULL,NULL),(201,'What are the usual Demographics of Self-Harm?',14,1142,NULL,NULL),(202,'The suicide rate is higher than the rate of homicide',14,1146,NULL,NULL),(203,'What is the age group with highest suicide risk?',14,1152,NULL,NULL),(204,'What are observable signs of serious depression that are correlated to Suicidality? ',14,1157,NULL,NULL),(205,'What are the components of a good Suicide Assessment?',14,1162,NULL,NULL),(206,'Do behavioral addictions increase a person’s risk of suicide?',14,1163,NULL,NULL),(207,'What are the two most prevalent risk factors associated with suicide?',14,1165,NULL,NULL),(208,'How much more likely to commit suicide are victims of domestic abuse?',14,1169,NULL,NULL),(209,'How much higher is the rate of Suicide with Eating Disorder clients’?',14,1174,NULL,NULL),(210,'What are some crisis elements that increase suicidality?',14,1179,NULL,NULL),(211,'Both race and ethnicity represent cultures',15,1180,NULL,NULL),(212,'The process that represents the absorption of many different cultures into a given area',15,1185,NULL,NULL),(213,'Which of the following is not a racial and ethnic minority group',15,12221,NULL,NULL),(214,'Eye contact has a similar meaning among most cultures',15,1192,NULL,NULL),(215,'Spirituality is part of every ethnic group',15,1193,NULL,NULL),(592,'Incident Reporting is the affirmative duty of',25,11847,NULL,NULL),(702,'The staff member most immediately involved in and/or observing a Level II or III incident is required to report in the CHRIS system.  ',25,12260,NULL,NULL),(703,'If two clients are involved in Level II or III serious incidents, providers are required to',25,12264,NULL,NULL),(704,'If a staff member is uncertain as to whether an event should be documented and reported, a report should NOT be completed.',25,12267,NULL,NULL),(706,'Which of the following statements is NOT true of Incident Reporting ',25,12269,NULL,NULL),(707,'Level I serious incidents do not need to be reported',25,12273,NULL,NULL),(708,'In accordance with The Children and Families Operating Procedure 215-6 Department licensed providers MUST',25,11877,NULL,NULL),(709,'Root Cause Analysis',25,12286,NULL,NULL),(710,'Level II serious incidents must be reported:',25,12277,NULL,NULL),(711,'The internal documentation and quarterly review of a Level II or III serious incident into DOES NOT substitute for an entry into the CHRIS reporting system.',25,12287,NULL,NULL),(712,'Everyone in Virginia is a mandated reporter, but behavioral healthcare providers are professionally mandated.',25,12289,NULL,NULL),(713,'Providers must report allegations of abuse or neglect via CHRIS',25,12291,NULL,NULL),(1131,'If you reasonably suspect child abuse you are required:',9,12181,NULL,NULL),(1132,'If a child is deprived of clothing, shelter, or medical services it is called:',9,11941,NULL,NULL),(1133,'Who is considered a professional mandatory reporter?',9,11945,NULL,NULL),(1134,'What is the reason that victims may not report their abusers?',9,11949,NULL,NULL),(1135,'A False Report is a report of abuse, neglect, or abandonment of a child to the central abuse hotline, in which the report is made maliciously.',9,11950,NULL,NULL),(1136,'A person who is required to report, and who knowingly and willfully fails to do so, or who knowingly and willfully prevents another person from doing so, may receive civil and/or criminal penalties.',9,12198,NULL,NULL),(1137,'What is considered exploitation of a vulnerable adult?',9,12188,NULL,NULL),(1138,'Any willful act or threatened act by a relative, caregiver, or household member which causes or is likely to cause significant impairment to a vulnerable adult’s physical, mental, or emotional health is called',9,11960,NULL,NULL),(1140,'The Child Abuse Hotline Phone Number is:',9,12191,NULL,NULL),(1141,'According to EEOC in order for behavior to be considered sexual harassment it must be ',10,1870,NULL,NULL),(1142,'A co-worker or supervisor can create a hostile work environment when they engage in one or more of the following behaviors:',10,792,NULL,NULL),(1143,'The Quid Pro Quo theory of sexual harassment involves:',10,1873,NULL,NULL),(1144,'IF you feel you are the victim of unwelcome sexual behavior you are encouraged to:',10,1881,NULL,NULL),(1145,'It is illegal for an employer or other employees to retaliate against any individual who:',10,1885,NULL,NULL),(1146,'Sexual Harassment in employment is legally recognized as a form of sex discrimination and is illegal.',10,1886,NULL,NULL),(1147,'Sexual harassment can occur outside the work site and still be considered work related.',10,1888,NULL,NULL),(1148,'Quid Pro Quo harassment is a form of sexual harassment when there is a request or demand of sexual favors in exchange for employment benefits or threatening reprisals if the favors are not given.',10,1890,NULL,NULL),(1149,'Friendly flirting is not sexual harassment when flirting is practiced between mutually consenting individuals who are equal in power or authority.',10,1892,NULL,NULL),(1150,'An employee witnesses another employee being harassed. Even though this involved a co-worker, the witness can be considered a victim in this case.',10,1894,NULL,NULL),(1151,'In order for it to be determined sexual harassment, the victim has to be of the opposite sex of the harasser.',10,1897,NULL,NULL),(1152,'It is solely the company’s responsibility to prevent sexual harassment',10,1899,NULL,NULL),(1154,'Adella wants Antonio to feel part of the team and tries to encourage his participation. She approaches him more frequently than the other workers and she is constantly touching his shoulder and arm. Antonio feels uncomfortable with Adella invading his personal space and grimaces as she touches his shoulders. His facial and body expressions clearly indicate his annoyance. Could this be considered sexual harassment?”',10,1900,NULL,NULL),(1155,'Karen Linda and Elis have become good friends and sit together at lunch. They decided to have some fun by rating the men in the lunchroom. Joking, they rate the men who walk into the lunchroom and discuss the ratings with each other. Ted, a male therapist, who is sitting at a nearby table overhears their remarks. He finds the behavior offensive and unprofessional. Ted reports the incident to HR when he returns from lunch. Was the women’s behavior sexual harassment?',10,1903,NULL,NULL),(1156,'Susan, the director of marketing, has several employees reporting to her. One of the employees, John, has been called into her office right before lunch. Susan requests that John have lunch with her to discuss one of the major accounts that he is trying to acquire. John agrees to the lunch and realizes that this is a good opportunity to explain some of the problems he has encountered. While John and Susan are out at lunch she puts her hand on his leg and says she wants him to do well in the company and would like him to come over to her place tonight. Is this considered sexual harassment?',10,1904,NULL,NULL),(1157,'A counselor and client can enter into a personal relationship after five years has elapsed.',26,12061,NULL,NULL),(1158,'What is a “Dual Relationship”?',26,12062,NULL,NULL),(1159,'Explain the purpose of HIPAA guidelines.',26,12067,NULL,NULL),(1160,'What does the acronym HIPAA stand for?',26,12072,NULL,NULL),(1161,'Counselors who are physically attracted to clients are only trying to fulfill an unmet need in their personal life.',26,12075,NULL,NULL),(1162,'What is the Right of Habeas Corpus?',26,12078,NULL,NULL),(1163,'Give a reason why maintaining proper boundaries is the responsibility of the staff.',26,12080,NULL,NULL),(1164,'Anger is a choice in a range of available behaviors',26,12084,NULL,NULL),(1165,'Your client owns a mechanic shop and offers to repair your car for free out of appreciation for your help.  This is an example of what type of relationship?',26,12087,NULL,NULL),(1166,'Give an instance when client confidential information can be disclosed without their consent.',26,12092,NULL,NULL),(1167,'Name a sign of Aggression',26,12097,NULL,NULL),(1168,'Staring a client down is a sign of being in charge and can help to calm an aggressive person',26,12099,NULL,NULL),(1169,'Name a Risk Factor to Aggression',26,12101,NULL,NULL),(1170,'Which of the following can inhibit communication?',26,12107,NULL,NULL),(1171,'How does DSMIV-TR characterize bipolar disorder?',26,12110,NULL,NULL),(1172,'Apologizing to an angry client simply validates their anger and perpetuates a stressful situation',26,12113,NULL,NULL),(1173,'Stage 3 of susbtance dependence is',26,12117,NULL,NULL),(1174,'Copying confidential information is:',26,12119,NULL,NULL),(1175,'Why is infection control important?',26,12122,NULL,NULL),(1176,'What illnesses are spread through contact? ',26,12129,NULL,NULL),(1177,'Under the Marchman Act people can be taken into protective custody without consent to:',26,12134,NULL,NULL),(1178,'Without written permission behavioral healthcare facilities can only share information with parents and spouses',26,12138,NULL,NULL),(1179,'After a client has been discharged from treatment for five years it is no longer necessary to have written permission to discuss information',26,12140,NULL,NULL),(1180,'Oral information is not protected by HIPAA guidelines',26,12142,NULL,NULL),(1181,'There is a fine for healthcare facilities that violate HIPAA guidelines',26,12145,NULL,NULL),(1182,'It is permissible to discuss specifics of cases in 12 step meetings because the meetings are confidential',26,12148,NULL,NULL),(1183,'The rights of mandated reporters include:',9,12203,NULL,NULL),(1184,'Vulnerable adults are not necessarily:',9,12207,NULL,NULL),(1185,'The Code of Virginia that applies to mandatory reporters in the mental health field is:',9,12209,NULL,NULL),(1186,'What word describes this definition: a strong belief about a person/subject that is formed without reviewing facts of information.',15,12231,NULL,NULL),(1188,'By what year will no single race make up the majority?',15,12228,NULL,NULL),(1189,'By 2050, what will take place within the asian population in the United States?',15,12235,NULL,NULL),(1190,'What are some of the key components of diversity as provided by the presentation?',15,12243,NULL,NULL),(1191,'Personal space preferences vary between cultures.',15,12244,NULL,NULL);

--
-- Table structure for table `response`
--

CREATE TABLE `response` (
  `id` int(11) NOT NULL AUTO_INCREMENT,
  `user_id` int(11) unsigned NOT NULL,
  `question_id` int(11) unsigned NOT NULL,
  `course_id` int(11) unsigned NOT NULL,
  `response` varchar(60) NOT NULL,
  `attempt` int(11) NOT NULL,
  `correct` int(11) DEFAULT NULL,
  PRIMARY KEY (`id`),
  KEY `user_id` (`user_id`,`question_id`,`course_id`),
  KEY `question_id` (`question_id`),
  KEY `test_id` (`course_id`),
  KEY `response` (`response`),
  CONSTRAINT `response_ibfk_2` FOREIGN KEY (`user_id`) REFERENCES `user` (`id`) ON DELETE CASCADE ON UPDATE NO ACTION,
  CONSTRAINT `response_ibfk_4` FOREIGN KEY (`course_id`) REFERENCES `course` (`id`) ON DELETE CASCADE ON UPDATE NO ACTION
) ENGINE=InnoDB AUTO_INCREMENT=33754 DEFAULT CHARSET=utf8;

--
-- Dumping data for table `response`
--

INSERT INTO `response` VALUES (492,10,116,7,'694',1,1),(493,10,117,7,'697',1,1),(494,10,118,7,'703',1,1),(495,10,119,7,'706',1,1),(496,10,120,7,'711',1,1),(497,10,121,7,'714',1,1),(498,10,122,7,'720',1,1),(499,10,124,7,'726',1,1),(500,10,125,7,'745',1,1),(501,10,126,7,'735',1,1),(502,10,116,7,'694',2,1),(503,10,117,7,'697',2,1),(504,10,118,7,'703',2,1),(505,10,119,7,'706',2,1),(506,10,120,7,'711',2,1),(507,10,121,7,'714',2,1),(508,10,122,7,'720',2,1),(509,10,124,7,'726',2,1),(510,10,125,7,'745',2,1),(511,10,126,7,'735',2,1),(512,10,116,7,'694',3,1),(513,10,117,7,'697',3,1),(514,10,118,7,'703',3,1),(515,10,119,7,'706',3,1),(516,10,120,7,'711',3,1),(517,10,121,7,'714',3,1),(518,10,122,7,'720',3,1),(519,10,124,7,'726',3,1),(520,10,125,7,'745',3,1),(521,10,126,7,'735',3,1),(522,10,116,7,'694',4,1),(523,10,117,7,'697',4,1),(524,10,118,7,'703',4,1),(525,10,119,7,'706',4,1),(526,10,120,7,'711',4,1),(527,10,121,7,'714',4,1),(528,10,122,7,'720',4,1),(529,10,124,7,'726',4,1),(530,10,125,7,'745',4,1),(531,10,126,7,'735',4,1),(1598,10,166,12,'971',1,1),(1599,10,167,12,'984',1,1),(1600,10,168,12,'981',1,1),(1601,10,169,12,'990',1,1),(1602,10,170,12,'991',1,NULL),(1603,10,171,12,'996',1,NULL),(1604,10,172,12,'1002',1,NULL),(1605,10,173,12,'1135',1,NULL),(1606,10,174,12,'1139',1,NULL),(1607,10,175,12,'1012',1,NULL),(1608,10,176,12,'1015',1,NULL),(1609,10,177,12,'1020',1,NULL),(1610,10,178,12,'1021',1,1),(1611,10,179,12,'1023',1,1),(1612,10,180,12,'1025',1,1),(1613,10,166,12,'971',2,1),(1614,10,167,12,'984',2,1),(1615,10,168,12,'981',2,1),(1616,10,169,12,'990',2,1),(1617,10,170,12,'994',2,1),(1618,10,171,12,'997',2,1),(1619,10,172,12,'1000',2,1),(1620,10,173,12,'1134',2,1),(1621,10,174,12,'1138',2,1),(1622,10,175,12,'1013',2,1),(1623,10,176,12,'1017',2,1),(1624,10,177,12,'1019',2,1),(1625,10,178,12,'1021',2,1),(1626,10,179,12,'1023',2,1),(1627,10,180,12,'1025',2,1),(1628,10,166,12,'971',3,1),(1629,10,167,12,'984',3,1),(1630,10,168,12,'981',3,1),(1631,10,169,12,'990',3,1),(1632,10,170,12,'994',3,1),(1633,10,171,12,'997',3,1),(1634,10,172,12,'1000',3,1),(1635,10,173,12,'1134',3,1),(1636,10,174,12,'1138',3,1),(1637,10,175,12,'1013',3,1),(1638,10,176,12,'1017',3,1),(1639,10,177,12,'1019',3,1),(1640,10,178,12,'1021',3,1),(1641,10,179,12,'1023',3,1),(1642,10,180,12,'1025',3,1),(3916,10,67,5,'537',1,NULL),(3917,10,68,5,'541',1,NULL),(3918,10,69,5,'545',1,NULL),(3919,10,70,5,'549',1,NULL),(3920,10,71,5,'553',1,1),(3921,10,72,5,'557',1,1),(3922,10,73,5,'561',1,NULL),(3923,10,74,5,'566',1,NULL),(3924,10,75,5,'571',1,NULL),(3925,10,78,5,'580',1,NULL),(3926,10,79,5,'584',1,NULL),(3927,10,80,5,'589',1,NULL),(3928,10,81,5,'576',1,1),(3929,10,88,5,'594',1,NULL),(3930,10,89,5,'598',1,NULL),(3931,10,67,5,'540',2,1),(3932,10,68,5,'544',2,1),(3933,10,69,5,'546',2,1),(3934,10,70,5,'551',2,1),(3935,10,71,5,'553',2,1),(3936,10,72,5,'557',2,1),(3937,10,73,5,'564',2,NULL),(3938,10,74,5,'569',2,1),(3939,10,75,5,'575',2,1),(3940,10,78,5,'582',2,1),(3941,10,79,5,'588',2,1),(3942,10,80,5,'592',2,1),(3943,10,81,5,'576',2,1),(3944,10,88,5,'596',2,1),(3945,10,89,5,'600',2,1),(8493,10,53,4,'296',1,1),(8494,10,54,4,'449',1,1),(8495,10,55,4,'300',1,1),(8496,10,57,4,'452',1,1),(8497,10,58,4,'414',1,1),(8498,10,59,4,'419',1,1),(8499,10,60,4,'325',1,1),(8500,10,61,4,'425',1,1),(8501,10,62,4,'327',1,1),(8502,10,63,4,'331',1,1),(8503,10,64,4,'333',1,1),(8504,10,65,4,'458',1,1),(8505,10,82,4,'343',1,1),(8506,10,83,4,'347',1,1),(8507,10,85,4,'459',1,1),(15547,110,1131,9,'11936',1,1),(15548,110,1132,9,'11941',1,1),(15549,110,1133,9,'11945',1,1),(15550,110,1134,9,'11949',1,1),(15551,110,1135,9,'11950',1,1),(15552,110,1136,9,'11952',1,NULL),(15553,110,1137,9,'11957',1,1),(15554,110,1138,9,'11960',1,1),(15555,110,1139,9,'11963',1,NULL),(15556,110,1140,9,'11967',1,NULL),(15557,110,137,9,'11896',1,NULL),(15558,110,138,9,'11904',1,1),(15559,110,139,9,'11909',1,1),(15560,110,140,9,'11911',1,1),(15561,110,141,9,'11916',1,NULL),(15562,110,142,9,'11920',1,NULL),(15563,110,143,9,'11927',1,1),(15564,110,144,9,'11929',1,1),(15565,110,145,9,'11930',1,NULL),(20143,10,26,3,'463',1,1),(20144,10,27,3,'465',1,1),(20145,10,28,3,'467',1,1),(20146,10,29,3,'469',1,1),(20147,10,30,3,'471',1,1),(20148,10,31,3,'474',1,1),(20149,10,32,3,'476',1,NULL),(20150,10,33,3,'477',1,1),(20151,10,34,3,'479',1,1),(20152,10,35,3,'485',1,1),(20153,10,36,3,'488',1,NULL),(20154,10,37,3,'490',1,1),(20155,10,38,3,'500',1,1),(20156,10,39,3,'509',1,NULL),(20157,10,40,3,'511',1,1),(20158,10,41,3,'514',1,NULL),(20159,10,42,3,'534',1,NULL),(20160,10,47,3,'520',1,NULL),(20161,10,48,3,'526',1,1),(20162,10,49,3,'532',1,1),(20214,202,53,4,'295',1,NULL),(20215,202,54,4,'449',1,1),(20216,202,55,4,'300',1,1),(20217,202,57,4,'452',1,1),(20218,202,58,4,'414',1,1),(20219,202,59,4,'419',1,1),(20220,202,60,4,'325',1,1),(20221,202,61,4,'424',1,NULL),(20222,202,62,4,'327',1,1),(20223,202,63,4,'331',1,1),(20224,202,64,4,'333',1,1),(20225,202,65,4,'455',1,NULL),(20226,202,82,4,'343',1,1),(20227,202,83,4,'347',1,1),(20228,202,85,4,'459',1,1),(20229,202,53,4,'295',2,NULL),(20230,202,54,4,'449',2,1),(20231,202,55,4,'300',2,1),(20232,202,57,4,'452',2,1),(20233,202,58,4,'414',2,1),(20234,202,59,4,'419',2,1),(20235,202,60,4,'325',2,1),(20236,202,61,4,'424',2,NULL),(20237,202,62,4,'327',2,1),(20238,202,63,4,'331',2,1),(20239,202,64,4,'333',2,1),(20240,202,65,4,'455',2,NULL),(20241,202,82,4,'343',2,1),(20242,202,83,4,'347',2,1),(20243,202,85,4,'459',2,1),(20244,202,26,3,'463',1,1),(20245,202,27,3,'466',1,NULL),(20246,202,28,3,'467',1,1),(20247,202,29,3,'470',1,NULL),(20248,202,30,3,'471',1,1),(20249,202,31,3,'474',1,1),(20250,202,32,3,'476',1,NULL),(20251,202,33,3,'477',1,1),(20252,202,34,3,'479',1,1),(20253,202,35,3,'485',1,1),(20254,202,36,3,'488',1,NULL),(20255,202,37,3,'12150',1,NULL),(20256,202,38,3,'500',1,1),(20257,202,39,3,'508',1,1),(20258,202,40,3,'511',1,1),(20259,202,41,3,'12153',1,NULL),(20260,202,42,3,'12158',1,NULL),(20261,202,47,3,'521',1,1),(20262,202,48,3,'526',1,1),(20263,202,49,3,'12161',1,1),(20264,202,67,5,'540',1,1),(20265,202,68,5,'544',1,1),(20266,202,69,5,'548',1,NULL),(20267,202,70,5,'551',1,1),(20268,202,71,5,'553',1,1),(20269,202,72,5,'557',1,1),(20270,202,73,5,'565',1,1),(20271,202,74,5,'569',1,1),(20272,202,75,5,'575',1,1),(20273,202,78,5,'583',1,NULL),(20274,202,79,5,'586',1,NULL),(20275,202,80,5,'591',1,NULL),(20276,202,81,5,'576',1,1),(20277,202,88,5,'596',1,1),(20278,202,89,5,'600',1,1),(20279,202,116,7,'694',1,1),(20280,202,117,7,'695',1,NULL),(20281,202,118,7,'703',1,1),(20282,202,119,7,'706',1,1),(20283,202,120,7,'711',1,1),(20284,202,121,7,'714',1,1),(20285,202,122,7,'720',1,1),(20286,202,124,7,'726',1,1),(20287,202,125,7,'745',1,1),(20288,202,126,7,'735',1,1),(20289,202,127,8,'750',1,1),(20290,202,128,8,'753',1,1),(20291,202,129,8,'759',1,1),(20292,202,130,8,'768',1,1),(20293,202,131,8,'764',1,NULL),(20294,202,132,8,'770',1,1),(20295,202,133,8,'773',1,1),(20296,202,134,8,'774',1,1),(20297,202,135,8,'777',1,1),(20298,202,136,8,'782',1,1),(20299,202,1131,9,'12181',1,1),(20300,202,1132,9,'11941',1,1),(20301,202,1133,9,'11945',1,1),(20302,202,1134,9,'11949',1,1),(20303,202,1135,9,'11951',1,NULL),(20304,202,1136,9,'12198',1,1),(20305,202,1137,9,'12188',1,1),(20306,202,1138,9,'11960',1,1),(20307,202,1140,9,'12191',1,1),(20308,202,138,9,'12197',1,1),(20309,202,140,9,'11911',1,1),(20310,202,141,9,'11918',1,NULL),(20311,202,142,9,'11923',1,NULL),(20312,202,1183,9,'12203',1,1),(20313,202,1184,9,'12207',1,1),(20314,202,1185,9,'12208',1,NULL),(20315,202,1141,10,'1870',1,1),(20316,202,1142,10,'1792',1,NULL),(20317,202,1143,10,'1873',1,1),(20318,202,1144,10,'1881',1,1),(20319,202,1145,10,'1885',1,1),(20320,202,1146,10,'1886',1,1),(20321,202,1147,10,'1888',1,1),(20322,202,1148,10,'1890',1,1),(20323,202,1149,10,'1893',1,NULL),(20324,202,1150,10,'1894',1,1),(20325,202,1151,10,'1897',1,1),(20326,202,1152,10,'1899',1,1),(20327,202,1154,10,'1900',1,1),(20328,202,1155,10,'1902',1,NULL),(20329,202,1156,10,'1904',1,1),(20330,202,146,11,'833',1,NULL),(20331,202,147,11,'961',1,1),(20332,202,148,11,'964',1,1),(20333,202,149,11,'922',1,NULL),(20334,202,150,11,'850',1,NULL),(20335,202,151,11,'854',1,1),(20336,202,152,11,'857',1,1),(20337,202,153,11,'859',1,1),(20338,202,154,11,'870',1,1),(20339,202,155,11,'872',1,NULL),(20340,202,156,11,'950',1,1),(20341,202,157,11,'967',1,1),(20342,202,158,11,'928',1,1),(20343,202,159,11,'931',1,1),(20344,202,160,11,'892',1,1),(20345,202,161,11,'940',1,1),(20346,202,162,11,'12168',1,1),(20347,202,163,11,'906',1,1),(20348,202,164,11,'12176',1,NULL),(20349,202,165,11,'945',1,1),(20350,202,166,12,'974',1,NULL),(20351,202,167,12,'983',1,NULL),(20352,202,168,12,'981',1,1),(20353,202,169,12,'990',1,1),(20354,202,170,12,'994',1,1),(20355,202,171,12,'997',1,1),(20356,202,172,12,'1000',1,1),(20357,202,173,12,'1136',1,NULL),(20358,202,174,12,'1140',1,NULL),(20359,202,175,12,'1013',1,1),(20360,202,176,12,'1017',1,1),(20361,202,177,12,'1019',1,1),(20362,202,178,12,'1021',1,1),(20363,202,179,12,'1023',1,1),(20364,202,180,12,'1025',1,1),(20365,202,181,13,'1199',1,1),(20366,202,182,13,'1204',1,NULL),(20367,202,183,13,'1209',1,1),(20368,202,184,13,'1045',1,1),(20369,202,185,13,'1213',1,NULL),(20370,202,186,13,'1222',1,1),(20371,202,187,13,'1228',1,1),(20372,202,188,13,'1232',1,NULL),(20373,202,189,13,'1072',1,1),(20374,202,191,13,'12212',1,NULL),(20375,202,192,13,'1084',1,1),(20376,202,193,13,'1090',1,1),(20377,202,194,13,'1274',1,1),(20378,202,195,13,'1267',1,1),(20379,202,196,13,'1263',1,1),(20380,202,197,13,'1259',1,NULL),(20381,202,198,13,'1256',1,1),(20382,202,199,13,'1248',1,NULL),(20383,202,200,13,'1243',1,1),(20384,202,1131,9,'12179',2,NULL),(20385,202,1132,9,'11941',2,1),(20386,202,1133,9,'11945',2,1),(20387,202,1134,9,'11949',2,1),(20388,202,1135,9,'11950',2,1),(20389,202,1136,9,'12198',2,1),(20390,202,1137,9,'12188',2,1),(20391,202,1138,9,'11960',2,1),(20392,202,1140,9,'12192',2,NULL),(20393,202,138,9,'12197',2,1),(20394,202,140,9,'11911',2,1),(20395,202,141,9,'11917',2,1),(20396,202,142,9,'11920',2,NULL),(20397,202,1183,9,'12203',2,1),(20398,202,1184,9,'12207',2,1),(20399,202,1185,9,'12209',2,1),(20400,10,26,3,'463',2,1),(20401,10,27,3,'465',2,1),(20402,10,28,3,'467',2,1),(20403,10,29,3,'469',2,1),(20404,10,30,3,'471',2,1),(20405,10,31,3,'473',2,NULL),(20406,10,32,3,'475',2,1),(20407,10,33,3,'477',2,1),(20408,10,34,3,'479',2,1),(20409,10,35,3,'481',2,NULL),(20410,10,36,3,'486',2,NULL),(20411,10,37,3,'12149',2,1),(20412,10,38,3,'498',2,NULL),(20413,10,39,3,'509',2,NULL),(20414,10,40,3,'510',2,NULL),(20415,10,41,3,'12153',2,NULL),(20416,10,42,3,'12157',2,1),(20417,10,47,3,'519',2,NULL),(20418,10,48,3,'522',2,NULL),(20419,10,49,3,'12161',2,1),(20420,10,26,3,'463',3,1),(20421,10,27,3,'465',3,1),(20422,10,28,3,'467',3,1),(20423,10,29,3,'469',3,1),(20424,10,30,3,'471',3,1),(20425,10,31,3,'474',3,1),(20426,10,32,3,'475',3,1),(20427,10,33,3,'477',3,1),(20428,10,34,3,'479',3,1),(20429,10,35,3,'485',3,1),(20430,10,36,3,'487',3,1),(20431,10,37,3,'12149',3,1),(20432,10,38,3,'500',3,1),(20433,10,39,3,'508',3,1),(20434,10,40,3,'511',3,1),(20435,10,41,3,'12156',3,NULL),(20436,10,42,3,'12157',3,1),(20437,10,47,3,'521',3,1),(20438,10,48,3,'526',3,1),(20439,10,49,3,'12161',3,1),(20440,10,26,3,'463',4,1),(20441,10,27,3,'465',4,1),(20442,10,28,3,'467',4,1),(20443,10,29,3,'469',4,1),(20444,10,30,3,'471',4,1),(20445,10,31,3,'474',4,1),(20446,10,32,3,'475',4,1),(20447,10,33,3,'477',4,1),(20448,10,34,3,'479',4,1),(20449,10,35,3,'485',4,1),(20450,10,36,3,'487',4,1),(20451,10,37,3,'12149',4,1),(20452,10,38,3,'500',4,1),(20453,10,39,3,'508',4,1),(20454,10,40,3,'511',4,1),(20455,10,41,3,'12156',4,NULL),(20456,10,42,3,'12157',4,1),(20457,10,47,3,'521',4,1),(20458,10,48,3,'526',4,1),(20459,10,49,3,'12161',4,1),(20460,10,26,3,'463',5,1),(20461,10,27,3,'465',5,1),(20462,10,28,3,'467',5,1),(20463,10,29,3,'469',5,1),(20464,10,30,3,'471',5,1),(20465,10,31,3,'474',5,1),(20466,10,32,3,'475',5,1),(20467,10,33,3,'477',5,1),(20468,10,34,3,'479',5,1),(20469,10,35,3,'485',5,1),(20470,10,36,3,'487',5,1),(20471,10,37,3,'12149',5,1),(20472,10,38,3,'500',5,1),(20473,10,39,3,'508',5,1),(20474,10,40,3,'511',5,1),(20475,10,41,3,'12156',5,NULL),(20476,10,42,3,'12157',5,1),(20477,10,47,3,'521',5,1),(20478,10,48,3,'526',5,1),(20479,10,49,3,'12161',5,1),(20480,10,26,3,'463',6,1),(20481,10,27,3,'465',6,1),(20482,10,28,3,'467',6,1),(20483,10,29,3,'469',6,1),(20484,10,30,3,'471',6,1),(20485,10,31,3,'474',6,1),(20486,10,32,3,'475',6,1),(20487,10,33,3,'477',6,1),(20488,10,34,3,'479',6,1),(20489,10,35,3,'485',6,1),(20490,10,36,3,'487',6,1),(20491,10,37,3,'12149',6,1),(20492,10,38,3,'500',6,1),(20493,10,39,3,'508',6,1),(20494,10,40,3,'511',6,1),(20495,10,41,3,'12156',6,NULL),(20496,10,42,3,'12157',6,1),(20497,10,47,3,'521',6,1),(20498,10,48,3,'526',6,1),(20499,10,49,3,'12161',6,1),(20500,10,26,3,'463',7,1),(20501,10,27,3,'465',7,1),(20502,10,28,3,'467',7,1),(20503,10,29,3,'469',7,1),(20504,10,30,3,'471',7,1),(20505,10,31,3,'474',7,1),(20506,10,32,3,'475',7,1),(20507,10,33,3,'477',7,1),(20508,10,34,3,'479',7,1),(20509,10,35,3,'485',7,1),(20510,10,36,3,'487',7,1),(20511,10,37,3,'12149',7,1),(20512,10,38,3,'500',7,1),(20513,10,39,3,'508',7,1),(20514,10,40,3,'511',7,1),(20515,10,41,3,'12156',7,NULL),(20516,10,42,3,'12157',7,1),(20517,10,47,3,'521',7,1),(20518,10,48,3,'526',7,1),(20519,10,49,3,'12161',7,1),(20520,202,26,3,'463',2,1),(20521,202,27,3,'465',2,1),(20522,202,28,3,'467',2,1),(20523,202,29,3,'469',2,1),(20524,202,30,3,'471',2,1),(20525,202,31,3,'474',2,1),(20526,202,32,3,'476',2,NULL),(20527,202,33,3,'477',2,1),(20528,202,35,3,'485',2,1),(20529,202,36,3,'489',2,NULL),(20530,202,37,3,'12149',2,1),(20531,202,38,3,'500',2,1),(20532,202,39,3,'508',2,1),(20533,202,40,3,'511',2,1),(20534,202,41,3,'12156',2,NULL),(20535,202,42,3,'12159',2,NULL),(20536,202,47,3,'521',2,1),(20537,202,48,3,'526',2,1),(20538,202,49,3,'12161',2,1),(20539,202,26,3,'463',3,1),(20540,202,27,3,'465',3,1),(20541,202,28,3,'467',3,1),(20542,202,29,3,'469',3,1),(20543,202,30,3,'471',3,1),(20544,202,31,3,'474',3,1),(20545,202,32,3,'476',3,NULL),(20546,202,33,3,'477',3,1),(20547,202,35,3,'485',3,1),(20548,202,36,3,'487',3,1),(20549,202,37,3,'12149',3,1),(20550,202,38,3,'500',3,1),(20551,202,39,3,'508',3,1),(20552,202,40,3,'511',3,1),(20553,202,41,3,'12153',3,NULL),(20554,202,42,3,'12157',3,1),(20555,202,47,3,'521',3,1),(20556,202,48,3,'526',3,1),(20557,202,49,3,'12161',3,1),(20558,202,53,4,'296',3,1),(20559,202,54,4,'449',3,1),(20560,202,55,4,'300',3,1),(20561,202,57,4,'452',3,1),(20562,202,58,4,'414',3,1),(20563,202,59,4,'419',3,1),(20564,202,60,4,'325',3,1),(20565,202,61,4,'425',3,1),(20566,202,62,4,'327',3,1),(20567,202,63,4,'331',3,1),(20568,202,64,4,'333',3,1),(20569,202,65,4,'458',3,1),(20570,202,82,4,'343',3,1),(20571,202,83,4,'347',3,1),(20572,202,85,4,'459',3,1),(20573,205,26,3,'463',1,1),(20574,205,27,3,'465',1,1),(20575,205,28,3,'467',1,1),(20576,205,29,3,'469',1,1),(20577,205,30,3,'471',1,1),(20578,205,31,3,'474',1,1),(20579,205,32,3,'475',1,1),(20580,205,33,3,'477',1,1),(20581,205,35,3,'485',1,1),(20582,205,36,3,'487',1,1),(20583,205,37,3,'12149',1,1),(20584,205,38,3,'500',1,1),(20585,205,39,3,'508',1,1),(20586,205,40,3,'511',1,1),(20587,205,41,3,'12154',1,1),(20588,205,42,3,'12157',1,1),(20589,205,47,3,'521',1,1),(20590,205,48,3,'526',1,1),(20591,205,49,3,'12166',1,NULL),(20592,218,26,3,'463',1,1),(20593,218,27,3,'465',1,1),(20594,218,28,3,'467',1,1),(20595,218,29,3,'469',1,1),(20596,218,30,3,'471',1,1),(20597,218,31,3,'474',1,1),(20598,218,32,3,'475',1,1),(20599,218,33,3,'477',1,1),(20600,218,35,3,'485',1,1),(20601,218,36,3,'487',1,1),(20602,218,37,3,'12149',1,1),(20603,218,38,3,'500',1,1),(20604,218,39,3,'508',1,1),(20605,218,40,3,'511',1,1),(20606,218,41,3,'12154',1,1),(20607,218,42,3,'12157',1,1),(20608,218,47,3,'521',1,1),(20609,218,48,3,'526',1,1),(20610,218,49,3,'12165',1,NULL),(20611,218,53,4,'296',1,1),(20612,218,54,4,'449',1,1),(20613,218,55,4,'300',1,1),(20614,218,57,4,'452',1,1),(20615,218,58,4,'414',1,1),(20616,218,59,4,'419',1,1),(20617,218,60,4,'325',1,1),(20618,218,61,4,'425',1,1),(20619,218,62,4,'327',1,1),(20620,218,63,4,'331',1,1),(20621,218,64,4,'333',1,1),(20622,218,65,4,'458',1,1),(20623,218,82,4,'343',1,1),(20624,218,83,4,'347',1,1),(20625,218,85,4,'459',1,1),(20626,218,67,5,'540',1,1),(20627,218,68,5,'544',1,1),(20628,218,69,5,'546',1,1),(20629,218,70,5,'551',1,1),(20630,218,71,5,'553',1,1),(20631,218,72,5,'557',1,1),(20632,218,73,5,'565',1,1),(20633,218,74,5,'569',1,1),(20634,218,75,5,'575',1,1),(20635,218,78,5,'582',1,1),(20636,218,79,5,'588',1,1),(20637,218,80,5,'593',1,NULL),(20638,218,81,5,'576',1,1),(20639,218,88,5,'596',1,1),(20640,218,89,5,'599',1,NULL),(20641,218,116,7,'694',1,1),(20642,218,117,7,'697',1,1),(20643,218,118,7,'703',1,1),(20644,218,119,7,'706',1,1),(20645,218,120,7,'711',1,1),(20646,218,121,7,'714',1,1),(20647,218,122,7,'720',1,1),(20648,218,124,7,'726',1,1),(20649,218,125,7,'745',1,1),(20650,218,126,7,'735',1,1),(20651,218,127,8,'750',1,1),(20652,218,128,8,'753',1,1),(20653,218,129,8,'759',1,1),(20654,218,130,8,'768',1,1),(20655,218,131,8,'764',1,NULL),(20656,218,132,8,'770',1,1),(20657,218,133,8,'773',1,1),(20658,218,134,8,'774',1,1),(20659,218,135,8,'777',1,1),(20660,218,136,8,'782',1,1),(20661,218,1131,9,'12181',1,1),(20662,218,1132,9,'11941',1,1),(20663,218,1133,9,'11945',1,1),(20664,218,1134,9,'11949',1,1),(20665,218,1135,9,'11950',1,1),(20666,218,1136,9,'12198',1,1),(20667,218,1137,9,'12188',1,1),(20668,218,1138,9,'11960',1,1),(20669,218,1140,9,'12191',1,1),(20670,218,138,9,'12197',1,1),(20671,218,140,9,'11911',1,1),(20672,218,141,9,'11917',1,1),(20673,218,142,9,'11921',1,NULL),(20674,218,1183,9,'12203',1,1),(20675,218,1184,9,'12207',1,1),(20676,218,1185,9,'12208',1,NULL),(20677,218,1141,10,'1870',1,1),(20678,218,1142,10,'1792',1,NULL),(20679,218,1143,10,'1873',1,1),(20680,218,1144,10,'1881',1,1),(20681,218,1145,10,'1885',1,1),(20682,218,1146,10,'1886',1,1),(20683,218,1147,10,'1888',1,1),(20684,218,1148,10,'1890',1,1),(20685,218,1149,10,'1893',1,NULL),(20686,218,1150,10,'1894',1,1),(20687,218,1151,10,'1897',1,1),(20688,218,1152,10,'1899',1,1),(20689,218,1154,10,'1900',1,1),(20690,218,1155,10,'1902',1,NULL),(20691,218,1156,10,'1904',1,1),(20692,218,146,11,'831',1,1),(20693,218,147,11,'961',1,1),(20694,218,148,11,'965',1,NULL),(20695,218,149,11,'922',1,NULL),(20696,218,150,11,'850',1,NULL),(20697,218,151,11,'854',1,1),(20698,218,152,11,'857',1,1),(20699,218,153,11,'859',1,1),(20700,218,154,11,'870',1,1),(20701,218,155,11,'872',1,NULL),(20702,218,156,11,'950',1,1),(20703,218,157,11,'967',1,1),(20704,218,158,11,'928',1,1),(20705,218,159,11,'931',1,1),(20706,218,160,11,'892',1,1),(20707,218,161,11,'940',1,1),(20708,218,162,11,'12168',1,1),(20709,218,163,11,'906',1,1),(20710,218,164,11,'12178',1,1),(20711,218,165,11,'945',1,1),(20712,218,166,12,'971',1,1),(20713,218,167,12,'984',1,1),(20714,218,168,12,'981',1,1),(20715,218,169,12,'990',1,1),(20716,218,170,12,'994',1,1),(20717,218,171,12,'997',1,1),(20718,218,172,12,'1000',1,1),(20719,218,173,12,'1134',1,1),(20720,218,174,12,'1138',1,1),(20721,218,175,12,'1013',1,1),(20722,218,176,12,'1017',1,1),(20723,218,177,12,'1019',1,1),(20724,218,178,12,'1021',1,1),(20725,218,179,12,'1023',1,1),(20726,218,180,12,'1025',1,1),(20727,218,181,13,'1199',1,1),(20728,218,182,13,'1201',1,1),(20729,218,183,13,'1209',1,1),(20730,218,184,13,'1045',1,1),(20731,218,185,13,'1213',1,NULL),(20732,218,186,13,'1222',1,1),(20733,218,187,13,'1228',1,1),(20734,218,188,13,'1234',1,1),(20735,218,189,13,'1072',1,1),(20736,218,191,13,'12212',1,NULL),(20737,218,192,13,'1084',1,1),(20738,218,193,13,'1090',1,1),(20739,218,194,13,'1274',1,1),(20740,218,195,13,'1271',1,NULL),(20741,218,196,13,'1263',1,1),(20742,218,197,13,'1261',1,1),(20743,218,198,13,'1256',1,1),(20744,218,199,13,'1249',1,1),(20745,218,200,13,'1243',1,1),(20746,218,201,14,'1145',1,NULL),(20747,218,202,14,'1146',1,1),(20748,218,203,14,'1149',1,NULL),(20749,218,204,14,'1157',1,1),(20750,218,205,14,'1162',1,1),(20751,218,206,14,'1163',1,1),(20752,218,207,14,'1166',1,NULL),(20753,218,208,14,'1169',1,1),(20754,218,209,14,'1174',1,1),(20755,218,210,14,'1179',1,1),(20756,218,201,14,'1141',2,NULL),(20757,218,202,14,'1146',2,1),(20758,218,203,14,'1151',2,NULL),(20759,218,204,14,'1157',2,1),(20760,218,205,14,'1162',2,1),(20761,218,206,14,'1163',2,1),(20762,218,207,14,'1166',2,NULL),(20763,218,208,14,'1169',2,1),(20764,218,209,14,'1174',2,1),(20765,218,210,14,'1179',2,1),(20766,218,201,14,'1144',3,NULL),(20767,218,202,14,'1146',3,1),(20768,218,203,14,'1152',3,1),(20769,218,204,14,'1157',3,1),(20770,218,205,14,'1162',3,1),(20771,218,206,14,'1163',3,1),(20772,218,207,14,'1165',3,1),(20773,218,208,14,'1169',3,1),(20774,218,209,14,'1174',3,1),(20775,218,210,14,'1179',3,1),(20776,218,1186,15,'12231',1,1),(20777,218,1188,15,'12227',1,NULL),(20778,218,1189,15,'12235',1,1),(20779,218,1190,15,'12243',1,1),(20780,218,1191,15,'12244',1,1),(20781,218,211,15,'1180',1,1),(20782,218,212,15,'1185',1,1),(20783,218,213,15,'12221',1,1),(20784,218,214,15,'1192',1,1),(20785,218,215,15,'1193',1,1),(20786,218,592,25,'11847',1,1),(20787,218,702,25,'11855',1,1),(20788,218,703,25,'11859',1,1),(20789,218,704,25,'11862',1,1),(20790,218,705,25,'11864',1,1),(20791,218,706,25,'11868',1,1),(20792,218,707,25,'11873',1,1),(20793,218,708,25,'11876',1,NULL),(20794,218,709,25,'11882',1,1),(20795,218,710,25,'11886',1,1),(20796,218,711,25,'11888',1,1),(20797,218,712,25,'11892',1,1),(20798,218,713,25,'11894',1,NULL),(20799,217,26,3,'463',1,1),(20800,217,27,3,'465',1,1),(20801,217,28,3,'468',1,NULL),(20802,217,29,3,'469',1,1),(20803,217,30,3,'471',1,1),(20804,217,31,3,'474',1,1),(20805,217,32,3,'475',1,1),(20806,217,33,3,'477',1,1),(20807,217,35,3,'485',1,1),(20808,217,36,3,'12247',1,1),(20809,217,37,3,'12149',1,1),(20810,217,38,3,'500',1,1),(20811,217,39,3,'508',1,1),(20812,217,40,3,'511',1,1),(20813,217,41,3,'12156',1,NULL),(20814,217,42,3,'12157',1,1),(20815,217,47,3,'521',1,1),(20816,217,48,3,'526',1,1),(20817,217,49,3,'12165',1,NULL),(20818,217,67,5,'540',1,1),(20819,217,68,5,'544',1,1),(20820,217,69,5,'548',1,NULL),(20821,217,70,5,'551',1,1),(20822,217,71,5,'553',1,1),(20823,217,72,5,'557',1,1),(20824,217,73,5,'564',1,NULL),(20825,217,74,5,'569',1,1),(20826,217,75,5,'575',1,1),(20827,217,78,5,'582',1,1),(20828,217,79,5,'588',1,1),(20829,217,80,5,'592',1,1),(20830,217,81,5,'576',1,1),(20831,217,88,5,'597',1,NULL),(20832,217,89,5,'600',1,1),(20833,212,26,3,'463',1,1),(20834,212,27,3,'466',1,NULL),(20835,212,28,3,'468',1,NULL),(20836,212,29,3,'469',1,1),(20837,212,30,3,'471',1,1),(20838,212,31,3,'474',1,1),(20839,212,32,3,'476',1,NULL),(20840,212,33,3,'477',1,1),(20841,212,35,3,'485',1,1),(20842,212,36,3,'12249',1,NULL),(20843,212,37,3,'12149',1,1),(20844,212,38,3,'500',1,1),(20845,212,39,3,'508',1,1),(20846,212,40,3,'511',1,1),(20847,212,41,3,'12153',1,NULL),(20848,212,42,3,'12158',1,NULL),(20849,212,47,3,'521',1,1),(20850,212,48,3,'526',1,1),(20851,212,49,3,'12165',1,NULL),(20852,212,26,3,'463',2,1),(20853,212,27,3,'465',2,1),(20854,212,28,3,'468',2,NULL),(20855,212,29,3,'469',2,1),(20856,212,30,3,'471',2,1),(20857,212,31,3,'474',2,1),(20858,212,32,3,'475',2,1),(20859,212,33,3,'477',2,1),(20860,212,35,3,'485',2,1),(20861,212,36,3,'12247',2,1),(20862,212,38,3,'500',2,1),(20863,212,39,3,'508',2,1),(20864,212,40,3,'511',2,1),(20865,212,41,3,'12154',2,1),(20866,212,42,3,'12157',2,1),(20867,212,47,3,'521',2,1),(20868,212,48,3,'526',2,1),(20869,212,49,3,'12161',2,1),(20870,212,53,4,'296',1,1),(20871,212,54,4,'449',1,1),(20872,212,55,4,'300',1,1),(20873,212,57,4,'452',1,1),(20874,212,58,4,'414',1,1),(20875,212,59,4,'419',1,1),(20876,212,60,4,'325',1,1),(20877,212,61,4,'425',1,1),(20878,212,62,4,'327',1,1),(20879,212,63,4,'329',1,NULL),(20880,212,64,4,'333',1,1),(20881,212,82,4,'343',1,1),(20882,212,83,4,'347',1,1),(20883,212,85,4,'459',1,1),(20884,212,67,5,'540',1,1),(20885,212,68,5,'544',1,1),(20886,212,69,5,'546',1,1),(20887,212,70,5,'551',1,1),(20888,212,71,5,'553',1,1),(20889,212,72,5,'560',1,NULL),(20890,212,73,5,'565',1,1),(20891,212,74,5,'569',1,1),(20892,212,75,5,'575',1,1),(20893,212,78,5,'582',1,1),(20894,212,79,5,'584',1,NULL),(20895,212,80,5,'593',1,NULL),(20896,212,81,5,'579',1,NULL),(20897,212,88,5,'594',1,NULL),(20898,212,89,5,'600',1,1),(20899,212,67,5,'540',2,1),(20900,212,68,5,'544',2,1),(20901,212,69,5,'546',2,1),(20902,212,70,5,'551',2,1),(20903,212,71,5,'553',2,1),(20904,212,72,5,'557',2,1),(20905,212,73,5,'565',2,1),(20906,212,74,5,'569',2,1),(20907,212,75,5,'575',2,1),(20908,212,78,5,'582',2,1),(20909,212,79,5,'588',2,1),(20910,212,80,5,'591',2,NULL),(20911,212,81,5,'576',2,1),(20912,212,88,5,'597',2,NULL),(20913,212,89,5,'600',2,1),(20914,212,67,5,'540',3,1),(20915,212,68,5,'544',3,1),(20916,212,69,5,'546',3,1),(20917,212,70,5,'551',3,1),(20918,212,71,5,'553',3,1),(20919,212,72,5,'557',3,1),(20920,212,73,5,'565',3,1),(20921,212,74,5,'569',3,1),(20922,212,75,5,'575',3,1),(20923,212,78,5,'582',3,1),(20924,212,79,5,'588',3,1),(20925,212,80,5,'591',3,NULL),(20926,212,81,5,'576',3,1),(20927,212,88,5,'597',3,NULL),(20928,212,89,5,'600',3,1),(20929,230,26,3,'463',1,1),(20930,230,27,3,'465',1,1),(20931,230,28,3,'468',1,NULL),(20932,230,29,3,'469',1,1),(20933,230,30,3,'471',1,1),(20934,230,31,3,'474',1,1),(20935,230,32,3,'475',1,1),(20936,230,33,3,'477',1,1),(20937,230,35,3,'485',1,1),(20938,230,36,3,'12247',1,1),(20939,230,37,3,'12149',1,1),(20940,230,39,3,'508',1,1),(20941,230,40,3,'511',1,1),(20942,230,41,3,'12154',1,1),(20943,230,42,3,'12157',1,1),(20944,230,47,3,'521',1,1),(20945,230,48,3,'526',1,1),(20946,230,49,3,'12166',1,NULL),(20947,230,53,4,'296',1,1),(20948,230,54,4,'449',1,1),(20949,230,55,4,'300',1,1),(20950,230,57,4,'452',1,1),(20951,230,58,4,'414',1,1),(20952,230,59,4,'419',1,1),(20953,230,60,4,'325',1,1),(20954,230,61,4,'425',1,1),(20955,230,62,4,'327',1,1),(20956,230,63,4,'331',1,1),(20957,230,64,4,'334',1,NULL),(20958,230,65,4,'458',1,1),(20959,230,82,4,'343',1,1),(20960,230,83,4,'347',1,1),(20961,230,85,4,'459',1,1),(20962,230,67,5,'540',1,1),(20963,230,68,5,'544',1,1),(20964,230,69,5,'546',1,1),(20965,230,70,5,'551',1,1),(20966,230,71,5,'553',1,1),(20967,230,72,5,'557',1,1),(20968,230,73,5,'561',1,NULL),(20969,230,74,5,'569',1,1),(20970,230,75,5,'575',1,1),(20971,230,78,5,'582',1,1),(20972,230,79,5,'588',1,1),(20973,230,80,5,'592',1,1),(20974,230,81,5,'576',1,1),(20975,230,88,5,'597',1,NULL),(20976,230,89,5,'600',1,1),(20977,230,116,7,'694',1,1),(20978,230,117,7,'697',1,1),(20979,230,118,7,'703',1,1),(20980,230,119,7,'706',1,1),(20981,230,120,7,'711',1,1),(20982,230,121,7,'714',1,1),(20983,230,122,7,'718',1,NULL),(20984,230,124,7,'726',1,1),(20985,230,125,7,'745',1,1),(20986,230,126,7,'735',1,1),(20987,230,127,8,'750',1,1),(20988,230,128,8,'753',1,1),(20989,230,129,8,'759',1,1),(20990,230,130,8,'768',1,1),(20991,230,131,8,'767',1,1),(20992,230,132,8,'770',1,1),(20993,230,133,8,'773',1,1),(20994,230,134,8,'774',1,1),(20995,230,135,8,'777',1,1),(20996,230,136,8,'782',1,1),(20997,230,1131,9,'12181',1,1),(20998,230,1132,9,'11941',1,1),(20999,230,1133,9,'11945',1,1),(21000,230,1134,9,'11949',1,1),(21001,230,1135,9,'11950',1,1),(21002,230,1136,9,'12198',1,1),(21003,230,1137,9,'12185',1,NULL),(21004,230,1138,9,'11960',1,1),(21005,230,1140,9,'12191',1,1),(21006,230,138,9,'12197',1,1),(21007,230,140,9,'11911',1,1),(21008,230,141,9,'11917',1,1),(21009,230,142,9,'11921',1,NULL),(21010,230,1183,9,'12203',1,1),(21011,230,1184,9,'12204',1,NULL),(21012,230,1185,9,'12209',1,1),(21013,230,1141,10,'1870',1,1),(21014,230,1142,10,'1792',1,NULL),(21015,230,1143,10,'1873',1,1),(21016,230,1144,10,'1878',1,NULL),(21017,230,1145,10,'1885',1,1),(21018,230,1146,10,'1886',1,1),(21019,230,1147,10,'1888',1,1),(21020,230,1148,10,'1890',1,1),(21021,230,1149,10,'1892',1,1),(21022,230,1150,10,'1894',1,1),(21023,230,1151,10,'1897',1,1),(21024,230,1152,10,'1899',1,1),(21025,230,1154,10,'1900',1,1),(21026,230,1155,10,'1902',1,NULL),(21027,230,1156,10,'1904',1,1),(21028,230,146,11,'831',1,1),(21029,230,147,11,'961',1,1),(21030,230,148,11,'963',1,NULL),(21031,230,149,11,'920',1,1),(21032,230,150,11,'849',1,1),(21033,230,151,11,'854',1,1),(21034,230,152,11,'857',1,1),(21035,230,153,11,'859',1,1),(21036,230,154,11,'870',1,1),(21037,230,155,11,'872',1,NULL),(21038,230,156,11,'950',1,1),(21039,230,157,11,'967',1,1),(21040,230,158,11,'928',1,1),(21041,230,159,11,'931',1,1),(21042,230,160,11,'892',1,1),(21043,230,161,11,'940',1,1),(21044,230,162,11,'12251',1,1),(21045,230,163,11,'906',1,1),(21046,230,164,11,'12178',1,1),(21047,230,165,11,'945',1,1),(21048,230,166,12,'971',1,1),(21049,230,167,12,'984',1,1),(21050,230,168,12,'981',1,1),(21051,230,169,12,'987',1,NULL),(21052,230,170,12,'994',1,1),(21053,230,171,12,'997',1,1),(21054,230,172,12,'1000',1,1),(21055,230,173,12,'1134',1,1),(21056,230,174,12,'1138',1,1),(21057,230,175,12,'1013',1,1),(21058,230,176,12,'1017',1,1),(21059,230,177,12,'1020',1,NULL),(21060,230,178,12,'1021',1,1),(21061,230,179,12,'1023',1,1),(21062,230,180,12,'1025',1,1),(21063,230,181,13,'1199',1,1),(21064,230,182,13,'1201',1,1),(21065,230,183,13,'1209',1,1),(21066,230,184,13,'1045',1,1),(21067,230,185,13,'1212',1,1),(21068,230,186,13,'1222',1,1),(21069,230,187,13,'1228',1,1),(21070,230,188,13,'1230',1,NULL),(21071,230,189,13,'1073',1,NULL),(21072,230,191,13,'12212',1,NULL),(21073,230,192,13,'1084',1,1),(21074,230,193,13,'1090',1,1),(21075,230,194,13,'1274',1,1),(21076,230,195,13,'1267',1,1),(21077,230,196,13,'1263',1,1),(21078,230,197,13,'1261',1,1),(21079,230,198,13,'1256',1,1),(21080,230,199,13,'1249',1,1),(21081,230,200,13,'1245',1,NULL),(21082,230,181,13,'1199',2,1),(21083,230,182,13,'1201',2,1),(21084,230,183,13,'1209',2,1),(21085,230,184,13,'1045',2,1),(21086,230,185,13,'1212',2,1),(21087,230,186,13,'1222',2,1),(21088,230,187,13,'1228',2,1),(21089,230,188,13,'1234',2,1),(21090,230,189,13,'1072',2,1),(21091,230,191,13,'12213',2,1),(21092,230,192,13,'1084',2,1),(21093,230,193,13,'1090',2,1),(21094,230,194,13,'1274',2,1),(21095,230,195,13,'1267',2,1),(21096,230,196,13,'1263',2,1),(21097,230,197,13,'1261',2,1),(21098,230,198,13,'1256',2,1),(21099,230,199,13,'1249',2,1),(21100,230,200,13,'1243',2,1),(21101,206,26,3,'463',1,1),(21102,206,27,3,'465',1,1),(21103,206,28,3,'467',1,1),(21104,206,29,3,'469',1,1),(21105,206,30,3,'471',1,1),(21106,206,31,3,'474',1,1),(21107,206,32,3,'476',1,NULL),(21108,206,35,3,'485',1,1),(21109,206,36,3,'12249',1,NULL),(21110,206,37,3,'12149',1,1),(21111,206,38,3,'500',1,1),(21112,206,39,3,'508',1,1),(21113,206,40,3,'511',1,1),(21114,206,41,3,'12154',1,1),(21115,206,42,3,'12157',1,1),(21116,206,47,3,'521',1,1),(21117,206,48,3,'526',1,1),(21118,206,49,3,'12161',1,1),(21119,206,53,4,'296',1,1),(21120,206,54,4,'449',1,1),(21121,206,55,4,'299',1,NULL),(21122,206,57,4,'452',1,1),(21123,206,58,4,'414',1,1),(21124,206,59,4,'419',1,1),(21125,206,60,4,'325',1,1),(21126,206,61,4,'425',1,1),(21127,206,62,4,'327',1,1),(21128,206,63,4,'331',1,1),(21129,206,64,4,'333',1,1),(21130,206,65,4,'458',1,1),(21131,206,82,4,'343',1,1),(21132,206,83,4,'347',1,1),(21133,206,85,4,'459',1,1),(21134,206,67,5,'540',1,1),(21135,206,68,5,'544',1,1),(21136,206,69,5,'546',1,1),(21137,206,70,5,'551',1,1),(21138,206,71,5,'553',1,1),(21139,206,72,5,'558',1,NULL),(21140,206,73,5,'565',1,1),(21141,206,74,5,'569',1,1),(21142,206,75,5,'575',1,1),(21143,206,78,5,'582',1,1),(21144,206,79,5,'588',1,1),(21145,206,80,5,'593',1,NULL),(21146,206,81,5,'576',1,1),(21147,206,88,5,'596',1,1),(21148,206,89,5,'600',1,1),(21149,206,116,7,'694',1,1),(21150,206,117,7,'697',1,1),(21151,206,118,7,'704',1,NULL),(21152,206,119,7,'706',1,1),(21153,206,120,7,'711',1,1),(21154,206,121,7,'714',1,1),(21155,206,122,7,'720',1,1),(21156,206,124,7,'726',1,1),(21157,206,125,7,'745',1,1),(21158,206,126,7,'734',1,NULL),(21159,206,127,8,'750',1,1),(21160,206,128,8,'753',1,1),(21161,206,129,8,'759',1,1),(21162,206,130,8,'768',1,1),(21163,206,131,8,'767',1,1),(21164,206,132,8,'771',1,NULL),(21165,206,133,8,'772',1,NULL),(21166,206,134,8,'774',1,1),(21167,206,135,8,'776',1,NULL),(21168,206,136,8,'782',1,1),(21169,206,127,8,'750',2,1),(21170,206,128,8,'753',2,1),(21171,206,129,8,'759',2,1),(21172,206,130,8,'768',2,1),(21173,206,131,8,'767',2,1),(21174,206,132,8,'770',2,1),(21175,206,133,8,'773',2,1),(21176,206,134,8,'774',2,1),(21177,206,135,8,'777',2,1),(21178,206,136,8,'782',2,1),(21179,206,1131,9,'12179',1,NULL),(21180,206,1132,9,'11941',1,1),(21181,206,1133,9,'11945',1,1),(21182,206,1134,9,'11949',1,1),(21183,206,1135,9,'11950',1,1),(21184,206,1136,9,'12198',1,1),(21185,206,1137,9,'12188',1,1),(21186,206,1138,9,'11962',1,NULL),(21187,206,1140,9,'12192',1,NULL),(21188,206,138,9,'12197',1,1),(21189,206,140,9,'11910',1,NULL),(21190,206,141,9,'11919',1,NULL),(21191,206,142,9,'11921',1,NULL),(21192,206,1183,9,'12203',1,1),(21193,206,1184,9,'12206',1,NULL),(21194,206,1185,9,'12211',1,NULL),(21195,206,1131,9,'12181',2,1),(21196,206,1132,9,'11941',2,1),(21197,206,1133,9,'11945',2,1),(21198,206,1134,9,'11949',2,1),(21199,206,1135,9,'11950',2,1),(21200,206,1136,9,'12198',2,1),(21201,206,1137,9,'12188',2,1),(21202,206,1138,9,'11960',2,1),(21203,206,1140,9,'12191',2,1),(21204,206,138,9,'12197',2,1),(21205,206,140,9,'11911',2,1),(21206,206,141,9,'11917',2,1),(21207,206,142,9,'11923',2,NULL),(21208,206,1183,9,'12203',2,1),(21209,206,1184,9,'12205',2,NULL),(21210,206,1185,9,'12210',2,NULL),(21211,206,1141,10,'1870',1,1),(21212,206,1142,10,'1792',1,NULL),(21213,206,1143,10,'1873',1,1),(21214,206,1144,10,'1881',1,1),(21215,206,1145,10,'1885',1,1),(21216,206,1146,10,'1887',1,NULL),(21217,206,1147,10,'1888',1,1),(21218,206,1148,10,'1890',1,1),(21219,206,1149,10,'1893',1,NULL),(21220,206,1150,10,'1895',1,NULL),(21221,206,1151,10,'1897',1,1),(21222,206,1152,10,'1899',1,1),(21223,206,1154,10,'1900',1,1),(21224,206,1155,10,'1903',1,1),(21225,206,1156,10,'1904',1,1),(21226,206,1141,10,'1870',2,1),(21227,206,1142,10,'1790',2,NULL),(21228,206,1143,10,'1873',2,1),(21229,206,1144,10,'1881',2,1),(21230,206,1145,10,'1885',2,1),(21231,206,1146,10,'1886',2,1),(21232,206,1147,10,'1888',2,1),(21233,206,1148,10,'1890',2,1),(21234,206,1149,10,'1892',2,1),(21235,206,1150,10,'1894',2,1),(21236,206,1151,10,'1897',2,1),(21237,206,1152,10,'1899',2,1),(21238,206,1154,10,'1900',2,1),(21239,206,1155,10,'1903',2,1),(21240,206,1156,10,'1904',2,1),(21241,206,592,25,'11847',1,1),(21242,206,702,25,'11856',1,NULL),(21243,206,703,25,'11859',1,1),(21244,206,704,25,'11862',1,1),(21245,206,705,25,'11863',1,NULL),(21246,206,706,25,'11868',1,1),(21247,206,707,25,'11871',1,NULL),(21248,206,708,25,'11875',1,NULL),(21249,206,709,25,'11882',1,1),(21250,206,710,25,'11887',1,NULL),(21251,206,711,25,'11888',1,1),(21252,206,712,25,'11890',1,NULL),(21253,206,713,25,'11894',1,NULL),(21254,206,592,25,'11847',2,1),(21255,206,702,25,'11855',2,1),(21256,206,703,25,'11859',2,1),(21257,206,704,25,'11862',2,1),(21258,206,705,25,'11864',2,1),(21259,206,706,25,'11868',2,1),(21260,206,707,25,'11873',2,1),(21261,206,708,25,'11876',2,NULL),(21262,206,709,25,'11882',2,1),(21263,206,710,25,'11883',2,NULL),(21264,206,711,25,'11888',2,1),(21265,206,712,25,'11891',2,NULL),(21266,206,713,25,'11895',2,1),(21267,206,592,25,'11847',3,1),(21268,206,702,25,'11855',3,1),(21269,206,703,25,'11859',3,1),(21270,206,704,25,'11862',3,1),(21271,206,705,25,'11864',3,1),(21272,206,706,25,'11868',3,1),(21273,206,707,25,'11873',3,1),(21274,206,708,25,'11878',3,NULL),(21275,206,709,25,'11882',3,1),(21276,206,710,25,'11886',3,1),(21277,206,711,25,'11888',3,1),(21278,206,712,25,'11892',3,1),(21279,206,713,25,'11895',3,1),(21280,206,146,11,'834',1,NULL),(21281,206,147,11,'961',1,1),(21282,206,148,11,'964',1,1),(21283,206,149,11,'922',1,NULL),(21284,206,150,11,'850',1,NULL),(21285,206,151,11,'854',1,1),(21286,206,152,11,'857',1,1),(21287,206,153,11,'859',1,1),(21288,206,154,11,'870',1,1),(21289,206,155,11,'874',1,NULL),(21290,206,156,11,'950',1,1),(21291,206,157,11,'967',1,1),(21292,206,158,11,'929',1,NULL),(21293,206,159,11,'934',1,NULL),(21294,206,160,11,'893',1,NULL),(21295,206,161,11,'940',1,1),(21296,206,162,11,'12251',1,1),(21297,206,163,11,'906',1,1),(21298,206,164,11,'12178',1,1),(21299,206,165,11,'943',1,NULL),(21300,206,146,11,'831',2,1),(21301,206,147,11,'961',2,1),(21302,206,148,11,'964',2,1),(21303,206,149,11,'919',2,NULL),(21304,206,150,11,'848',2,NULL),(21305,206,151,11,'854',2,1),(21306,206,152,11,'857',2,1),(21307,206,153,11,'859',2,1),(21308,206,154,11,'870',2,1),(21309,206,155,11,'873',2,1),(21310,206,156,11,'950',2,1),(21311,206,157,11,'967',2,1),(21312,206,158,11,'928',2,1),(21313,206,159,11,'931',2,1),(21314,206,160,11,'894',2,NULL),(21315,206,161,11,'940',2,1),(21316,206,162,11,'12251',2,1),(21317,206,163,11,'906',2,1),(21318,206,164,11,'12178',2,1),(21319,206,165,11,'946',2,NULL),(21320,206,1186,15,'12231',1,1),(21321,206,1188,15,'12228',1,1),(21322,206,1189,15,'12235',1,1),(21323,206,1190,15,'12243',1,1),(21324,206,1191,15,'12244',1,1),(21325,206,211,15,'1180',1,1),(21326,206,212,15,'1185',1,1),(21327,206,213,15,'12219',1,NULL),(21328,206,214,15,'1192',1,1),(21329,206,215,15,'1193',1,1),(21330,206,201,14,'1141',1,NULL),(21331,206,202,14,'1146',1,1),(21332,206,203,14,'1152',1,1),(21333,206,204,14,'1157',1,1),(21334,206,205,14,'1162',1,1),(21335,206,206,14,'1163',1,1),(21336,206,207,14,'1165',1,1),(21337,206,208,14,'1168',1,NULL),(21338,206,209,14,'1171',1,NULL),(21339,206,210,14,'1179',1,1),(21340,206,201,14,'1145',2,NULL),(21341,206,202,14,'1146',2,1),(21342,206,203,14,'1152',2,1),(21343,206,204,14,'1157',2,1),(21344,206,205,14,'1162',2,1),(21345,206,206,14,'1163',2,1),(21346,206,207,14,'1165',2,1),(21347,206,208,14,'1169',2,1),(21348,206,209,14,'1172',2,NULL),(21349,206,210,14,'1179',2,1),(21350,206,181,13,'1199',1,1),(21351,206,182,13,'1201',1,1),(21352,206,183,13,'1205',1,NULL),(21353,206,184,13,'1043',1,NULL),(21354,206,185,13,'1213',1,NULL),(21355,206,186,13,'1222',1,1),(21356,206,187,13,'1228',1,1),(21357,206,188,13,'1234',1,1),(21358,206,189,13,'1072',1,1),(21359,206,191,13,'12212',1,NULL),(21360,206,192,13,'1084',1,1),(21361,206,193,13,'1090',1,1),(21362,206,194,13,'1273',1,NULL),(21363,206,195,13,'1269',1,NULL),(21364,206,196,13,'1265',1,NULL),(21365,206,197,13,'1261',1,1),(21366,206,198,13,'1256',1,1),(21367,206,199,13,'1247',1,NULL),(21368,206,200,13,'1245',1,NULL),(21369,206,181,13,'1199',2,1),(21370,206,182,13,'1201',2,1),(21371,206,183,13,'1209',2,1),(21372,206,184,13,'1042',2,NULL),(21373,206,185,13,'1211',2,NULL),(21374,206,186,13,'1222',2,1),(21375,206,187,13,'1228',2,1),(21376,206,188,13,'1234',2,1),(21377,206,189,13,'1072',2,1),(21378,206,191,13,'12213',2,1),(21379,206,192,13,'1084',2,1),(21380,206,193,13,'1090',2,1),(21381,206,194,13,'1272',2,NULL),(21382,206,195,13,'1267',2,1),(21383,206,196,13,'1262',2,NULL),(21384,206,197,13,'1261',2,1),(21385,206,198,13,'1256',2,1),(21386,206,199,13,'1248',2,NULL),(21387,206,200,13,'1244',2,NULL),(21388,206,181,13,'1199',3,1),(21389,206,182,13,'1201',3,1),(21390,206,183,13,'1209',3,1),(21391,206,184,13,'1044',3,NULL),(21392,206,185,13,'1212',3,1),(21393,206,186,13,'1222',3,1),(21394,206,187,13,'1228',3,1),(21395,206,188,13,'1234',3,1),(21396,206,189,13,'1072',3,1),(21397,206,191,13,'12213',3,1),(21398,206,192,13,'1084',3,1),(21399,206,193,13,'1090',3,1),(21400,206,194,13,'1275',3,NULL),(21401,206,195,13,'1267',3,1),(21402,206,196,13,'1265',3,NULL),(21403,206,197,13,'1261',3,1),(21404,206,198,13,'1256',3,1),(21405,206,199,13,'1251',3,NULL),(21406,206,200,13,'1246',3,NULL),(21407,206,181,13,'1199',4,1),(21408,206,182,13,'1201',4,1),(21409,206,183,13,'1209',4,1),(21410,206,184,13,'1045',4,1),(21411,206,185,13,'1212',4,1),(21412,206,186,13,'1222',4,1),(21413,206,187,13,'1228',4,1),(21414,206,188,13,'1234',4,1),(21415,206,189,13,'1072',4,1),(21416,206,191,13,'12213',4,1),(21417,206,192,13,'1084',4,1),(21418,206,193,13,'1090',4,1),(21419,206,194,13,'1275',4,NULL),(21420,206,195,13,'1267',4,1),(21421,206,196,13,'1266',4,NULL),(21422,206,197,13,'1261',4,1),(21423,206,198,13,'1256',4,1),(21424,206,199,13,'1250',4,NULL),(21425,206,200,13,'1242',4,NULL),(21426,206,181,13,'1199',5,1),(21427,206,182,13,'1201',5,1),(21428,206,183,13,'1209',5,1),(21429,206,184,13,'1045',5,1),(21430,206,185,13,'1212',5,1),(21431,206,186,13,'1222',5,1),(21432,206,187,13,'1228',5,1),(21433,206,188,13,'1234',5,1),(21434,206,189,13,'1072',5,1),(21435,206,191,13,'12213',5,1),(21436,206,192,13,'1084',5,1),(21437,206,193,13,'1090',5,1),(21438,206,194,13,'1274',5,1),(21439,206,195,13,'1267',5,1),(21440,206,196,13,'1263',5,1),(21441,206,197,13,'1261',5,1),(21442,206,198,13,'1256',5,1),(21443,206,199,13,'1250',5,NULL),(21444,206,200,13,'1244',5,NULL),(21445,206,166,12,'974',1,NULL),(21446,206,167,12,'984',1,1),(21447,206,168,12,'981',1,1),(21448,206,169,12,'990',1,1),(21449,206,170,12,'994',1,1),(21450,206,171,12,'998',1,NULL),(21451,206,172,12,'1000',1,1),(21452,206,173,12,'1136',1,NULL),(21453,206,175,12,'1013',1,1),(21454,206,176,12,'1017',1,1),(21455,206,177,12,'1019',1,1),(21456,206,178,12,'1021',1,1),(21457,206,179,12,'1023',1,1),(21458,206,180,12,'1025',1,1),(21459,206,166,12,'971',2,1),(21460,206,167,12,'984',2,1),(21461,206,168,12,'981',2,1),(21462,206,169,12,'990',2,1),(21463,206,170,12,'994',2,1),(21464,206,171,12,'996',2,NULL),(21465,206,172,12,'1000',2,1),(21466,206,173,12,'1134',2,1),(21467,206,174,12,'1140',2,NULL),(21468,206,175,12,'1013',2,1),(21469,206,176,12,'1017',2,1),(21470,206,178,12,'1021',2,1),(21471,206,179,12,'1023',2,1),(21472,206,180,12,'1025',2,1),(21473,206,116,7,'694',2,1),(21474,206,117,7,'697',2,1),(21475,206,118,7,'699',2,NULL),(21476,206,119,7,'706',2,1),(21477,206,120,7,'711',2,1),(21478,206,121,7,'714',2,1),(21479,206,122,7,'720',2,1),(21480,206,124,7,'726',2,1),(21481,206,125,7,'745',2,1),(21482,206,126,7,'735',2,1),(21483,212,116,7,'694',1,1),(21484,212,117,7,'695',1,NULL),(21485,212,118,7,'703',1,1),(21486,212,119,7,'706',1,1),(21487,212,120,7,'709',1,NULL),(21488,212,121,7,'714',1,1),(21489,212,122,7,'718',1,NULL),(21490,212,124,7,'726',1,1),(21491,212,125,7,'745',1,1),(21492,212,126,7,'735',1,1),(21493,212,116,7,'694',2,1),(21494,212,117,7,'697',2,1),(21495,212,118,7,'703',2,1),(21496,212,119,7,'706',2,1),(21497,212,120,7,'711',2,1),(21498,212,121,7,'714',2,1),(21499,212,122,7,'720',2,1),(21500,212,124,7,'726',2,1),(21501,212,125,7,'745',2,1),(21502,212,126,7,'735',2,1),(21503,212,127,8,'750',1,1),(21504,212,128,8,'753',1,1),(21505,212,129,8,'759',1,1),(21506,212,130,8,'768',1,1),(21507,212,131,8,'767',1,1),(21508,212,132,8,'770',1,1),(21509,212,133,8,'772',1,NULL),(21510,212,135,8,'777',1,1),(21511,212,136,8,'782',1,1),(21512,212,1186,15,'12232',1,NULL),(21513,212,1188,15,'12228',1,1),(21514,212,1189,15,'12235',1,1),(21515,212,1190,15,'12243',1,1),(21516,212,1191,15,'12244',1,1),(21517,212,211,15,'1180',1,1),(21518,212,212,15,'1184',1,NULL),(21519,212,213,15,'12222',1,NULL),(21520,212,214,15,'1192',1,1),(21521,212,215,15,'1194',1,NULL),(21522,212,1186,15,'12234',2,NULL),(21523,212,1188,15,'12228',2,1),(21524,212,1189,15,'12235',2,1),(21525,212,1190,15,'12243',2,1),(21526,212,1191,15,'12244',2,1),(21527,212,211,15,'1180',2,1),(21528,212,212,15,'1183',2,NULL),(21529,212,213,15,'12220',2,NULL),(21530,212,214,15,'1192',2,1),(21531,212,215,15,'1194',2,NULL),(21532,212,1186,15,'12231',3,1),(21533,212,1188,15,'12228',3,1),(21534,212,1189,15,'12235',3,1),(21535,212,1190,15,'12243',3,1),(21536,212,1191,15,'12244',3,1),(21537,212,211,15,'1180',3,1),(21538,212,212,15,'1182',3,NULL),(21539,212,213,15,'12221',3,1),(21540,212,214,15,'1192',3,1),(21541,212,215,15,'1193',3,1),(21542,230,201,14,'1143',1,NULL),(21543,230,202,14,'1146',1,1),(21544,230,203,14,'1148',1,NULL),(21545,230,204,14,'1157',1,1),(21546,230,205,14,'1162',1,1),(21547,230,206,14,'1164',1,NULL),(21548,230,207,14,'1167',1,NULL),(21549,230,208,14,'1169',1,1),(21550,230,209,14,'1174',1,1),(21551,230,210,14,'1179',1,1),(21552,230,201,14,'1145',2,NULL),(21553,230,202,14,'1146',2,1),(21554,230,203,14,'1152',2,1),(21555,230,204,14,'1157',2,1),(21556,230,205,14,'1162',2,1),(21557,230,206,14,'1163',2,1),(21558,230,207,14,'1165',2,1),(21559,230,208,14,'1169',2,1),(21560,230,209,14,'1174',2,1),(21561,230,210,14,'1179',2,1),(21562,207,26,3,'463',1,1),(21563,207,27,3,'465',1,1),(21564,207,28,3,'467',1,1),(21565,207,29,3,'469',1,1),(21566,207,30,3,'471',1,1),(21567,207,31,3,'474',1,1),(21568,207,32,3,'475',1,1),(21569,207,33,3,'477',1,1),(21570,207,35,3,'485',1,1),(21571,207,36,3,'12247',1,1),(21572,207,37,3,'12149',1,1),(21573,207,38,3,'500',1,1),(21574,207,39,3,'508',1,1),(21575,207,40,3,'511',1,1),(21576,207,41,3,'12154',1,1),(21577,207,42,3,'12157',1,1),(21578,207,47,3,'521',1,1),(21579,207,48,3,'525',1,NULL),(21580,207,49,3,'12161',1,1),(21581,207,53,4,'296',1,1),(21582,207,54,4,'449',1,1),(21583,207,55,4,'300',1,1),(21584,207,57,4,'452',1,1),(21585,207,58,4,'414',1,1),(21586,207,59,4,'419',1,1),(21587,207,60,4,'325',1,1),(21588,207,61,4,'425',1,1),(21589,207,62,4,'327',1,1),(21590,207,63,4,'331',1,1),(21591,207,64,4,'333',1,1),(21592,207,65,4,'458',1,1),(21593,207,82,4,'343',1,1),(21594,207,83,4,'347',1,1),(21595,207,85,4,'459',1,1),(21596,207,67,5,'540',1,1),(21597,207,68,5,'544',1,1),(21598,207,69,5,'546',1,1),(21599,207,70,5,'551',1,1),(21600,207,71,5,'553',1,1),(21601,207,72,5,'557',1,1),(21602,207,73,5,'565',1,1),(21603,207,74,5,'569',1,1),(21604,207,75,5,'575',1,1),(21605,207,78,5,'582',1,1),(21606,207,80,5,'593',1,NULL),(21607,207,81,5,'579',1,NULL),(21608,207,88,5,'594',1,NULL),(21609,207,89,5,'600',1,1),(21610,207,67,5,'540',2,1),(21611,207,68,5,'544',2,1),(21612,207,69,5,'546',2,1),(21613,207,70,5,'551',2,1),(21614,207,71,5,'553',2,1),(21615,207,72,5,'557',2,1),(21616,207,73,5,'565',2,1),(21617,207,74,5,'569',2,1),(21618,207,75,5,'575',2,1),(21619,207,78,5,'582',2,1),(21620,207,79,5,'588',2,1),(21621,207,80,5,'593',2,NULL),(21622,207,81,5,'576',2,1),(21623,207,88,5,'597',2,NULL),(21624,207,89,5,'600',2,1),(21625,207,116,7,'694',1,1),(21626,207,117,7,'696',1,NULL),(21627,207,118,7,'703',1,1),(21628,207,119,7,'706',1,1),(21629,207,120,7,'711',1,1),(21630,207,121,7,'714',1,1),(21631,207,122,7,'717',1,NULL),(21632,207,124,7,'726',1,1),(21633,207,125,7,'745',1,1),(21634,207,126,7,'735',1,1),(21635,207,127,8,'750',1,1),(21636,207,128,8,'753',1,1),(21637,207,129,8,'759',1,1),(21638,207,130,8,'768',1,1),(21639,207,131,8,'767',1,1),(21640,207,132,8,'770',1,1),(21641,207,133,8,'773',1,1),(21642,207,134,8,'774',1,1),(21643,207,135,8,'777',1,1),(21644,207,136,8,'782',1,1),(21645,207,1131,9,'12179',1,NULL),(21646,207,1132,9,'11941',1,1),(21647,207,1133,9,'11945',1,1),(21648,207,1134,9,'11949',1,1),(21649,207,1135,9,'11950',1,1),(21650,207,1136,9,'12198',1,1),(21651,207,1137,9,'12188',1,1),(21652,207,1138,9,'11960',1,1),(21653,207,1140,9,'12191',1,1),(21654,207,138,9,'12197',1,1),(21655,207,140,9,'11911',1,1),(21656,207,141,9,'11917',1,1),(21657,207,142,9,'11923',1,NULL),(21658,207,1183,9,'12203',1,1),(21659,207,1184,9,'12207',1,1),(21660,207,1185,9,'12208',1,NULL),(21661,207,1141,10,'1870',1,1),(21662,207,1142,10,'1792',1,NULL),(21663,207,1143,10,'1874',1,NULL),(21664,207,1144,10,'1881',1,1),(21665,207,1145,10,'1885',1,1),(21666,207,1146,10,'1886',1,1),(21667,207,1147,10,'1888',1,1),(21668,207,1148,10,'1890',1,1),(21669,207,1149,10,'1893',1,NULL),(21670,207,1150,10,'1894',1,1),(21671,207,1151,10,'1897',1,1),(21672,207,1152,10,'1899',1,1),(21673,207,1154,10,'1900',1,1),(21674,207,1155,10,'1902',1,NULL),(21675,207,1156,10,'1904',1,1),(21676,207,1141,10,'1870',2,1),(21677,207,1142,10,'1792',2,NULL),(21678,207,1143,10,'1874',2,NULL),(21679,207,1144,10,'1881',2,1),(21680,207,1145,10,'1885',2,1),(21681,207,1146,10,'1886',2,1),(21682,207,1147,10,'1888',2,1),(21683,207,1148,10,'1891',2,NULL),(21684,207,1149,10,'1892',2,1),(21685,207,1150,10,'1894',2,1),(21686,207,1151,10,'1897',2,1),(21687,207,1152,10,'1899',2,1),(21688,207,1154,10,'1900',2,1),(21689,207,1155,10,'1902',2,NULL),(21690,207,1156,10,'1904',2,1),(21691,207,1141,10,'1870',3,1),(21692,207,1142,10,'1792',3,NULL),(21693,207,1143,10,'1874',3,NULL),(21694,207,1144,10,'1881',3,1),(21695,207,1145,10,'1885',3,1),(21696,207,1146,10,'1886',3,1),(21697,207,1147,10,'1888',3,1),(21698,207,1148,10,'1890',3,1),(21699,207,1149,10,'1892',3,1),(21700,207,1150,10,'1894',3,1),(21701,207,1151,10,'1897',3,1),(21702,207,1152,10,'1899',3,1),(21703,207,1154,10,'1900',3,1),(21704,207,1155,10,'1902',3,NULL),(21705,207,1156,10,'1904',3,1),(21706,207,146,11,'831',1,1),(21707,207,147,11,'961',1,1),(21708,207,148,11,'965',1,NULL),(21709,207,149,11,'922',1,NULL),(21710,207,150,11,'850',1,NULL),(21711,207,151,11,'854',1,1),(21712,207,152,11,'857',1,1),(21713,207,153,11,'859',1,1),(21714,207,154,11,'870',1,1),(21715,207,155,11,'872',1,NULL),(21716,207,156,11,'950',1,1),(21717,207,157,11,'967',1,1),(21718,207,158,11,'930',1,NULL),(21719,207,159,11,'934',1,NULL),(21720,207,160,11,'894',1,NULL),(21721,207,161,11,'940',1,1),(21722,207,162,11,'12251',1,1),(21723,207,163,11,'906',1,1),(21724,207,164,11,'12175',1,NULL),(21725,207,165,11,'945',1,1),(21726,221,26,3,'463',1,1),(21727,221,27,3,'465',1,1),(21728,221,28,3,'468',1,NULL),(21729,221,29,3,'469',1,1),(21730,221,30,3,'471',1,1),(21731,221,31,3,'474',1,1),(21732,221,32,3,'475',1,1),(21733,221,33,3,'477',1,1),(21734,221,35,3,'485',1,1),(21735,221,36,3,'12247',1,1),(21736,221,37,3,'12149',1,1),(21737,221,38,3,'500',1,1),(21738,221,39,3,'508',1,1),(21739,221,40,3,'511',1,1),(21740,221,41,3,'12154',1,1),(21741,221,42,3,'12157',1,1),(21742,221,47,3,'521',1,1),(21743,221,48,3,'526',1,1),(21744,221,49,3,'12165',1,NULL),(21745,207,146,11,'831',2,1),(21746,207,147,11,'961',2,1),(21747,207,148,11,'964',2,1),(21748,207,149,11,'922',2,NULL),(21749,207,150,11,'850',2,NULL),(21750,207,151,11,'854',2,1),(21751,207,152,11,'857',2,1),(21752,207,153,11,'859',2,1),(21753,207,154,11,'870',2,1),(21754,207,155,11,'872',2,NULL),(21755,207,156,11,'950',2,1),(21756,207,157,11,'967',2,1),(21757,207,158,11,'928',2,1),(21758,207,159,11,'934',2,NULL),(21759,207,160,11,'894',2,NULL),(21760,207,161,11,'940',2,1),(21761,207,162,11,'12251',2,1),(21762,207,163,11,'906',2,1),(21763,207,164,11,'12176',2,NULL),(21764,207,165,11,'945',2,1),(21765,207,146,11,'831',3,1),(21766,207,147,11,'961',3,1),(21767,207,148,11,'965',3,NULL),(21768,207,149,11,'920',3,1),(21769,207,150,11,'848',3,NULL),(21770,207,151,11,'854',3,1),(21771,207,152,11,'857',3,1),(21772,207,153,11,'859',3,1),(21773,207,154,11,'870',3,1),(21774,207,155,11,'872',3,NULL),(21775,207,156,11,'950',3,1),(21776,207,157,11,'967',3,1),(21777,207,158,11,'927',3,NULL),(21778,207,159,11,'931',3,1),(21779,207,160,11,'892',3,1),(21780,207,161,11,'940',3,1),(21781,207,162,11,'12251',3,1),(21782,207,163,11,'906',3,1),(21783,207,164,11,'12176',3,NULL),(21784,207,165,11,'945',3,1),(21785,207,146,11,'831',4,1),(21786,207,147,11,'961',4,1),(21787,207,148,11,'964',4,1),(21788,207,150,11,'850',4,NULL),(21789,207,151,11,'854',4,1),(21790,207,152,11,'857',4,1),(21791,207,153,11,'859',4,1),(21792,207,154,11,'870',4,1),(21793,207,155,11,'873',4,1),(21794,207,156,11,'950',4,1),(21795,207,157,11,'967',4,1),(21796,207,159,11,'934',4,NULL),(21797,207,160,11,'892',4,1),(21798,207,161,11,'940',4,1),(21799,207,162,11,'12251',4,1),(21800,207,163,11,'906',4,1),(21801,207,164,11,'12178',4,1),(21802,207,165,11,'945',4,1),(21803,207,166,12,'971',1,1),(21804,207,167,12,'984',1,1),(21805,207,168,12,'981',1,1),(21806,207,169,12,'990',1,1),(21807,207,170,12,'994',1,1),(21808,207,171,12,'997',1,1),(21809,207,172,12,'1000',1,1),(21810,207,173,12,'1136',1,NULL),(21811,207,174,12,'1138',1,1),(21812,207,175,12,'1013',1,1),(21813,207,176,12,'1017',1,1),(21814,207,177,12,'1019',1,1),(21815,207,178,12,'1021',1,1),(21816,207,179,12,'1023',1,1),(21817,207,180,12,'1025',1,1),(21818,207,181,13,'1199',1,1),(21819,207,182,13,'1201',1,1),(21820,207,183,13,'1207',1,NULL),(21821,207,184,13,'1045',1,1),(21822,207,185,13,'1211',1,NULL),(21823,207,186,13,'1222',1,1),(21824,207,187,13,'1228',1,1),(21825,207,188,13,'1234',1,1),(21826,207,189,13,'1072',1,1),(21827,207,191,13,'12212',1,NULL),(21828,207,192,13,'1084',1,1),(21829,207,193,13,'1090',1,1),(21830,207,194,13,'1274',1,1),(21831,207,195,13,'1267',1,1),(21832,207,196,13,'1263',1,1),(21833,207,197,13,'1261',1,1),(21834,207,198,13,'1256',1,1),(21835,207,199,13,'1249',1,1),(21836,207,200,13,'1244',1,NULL),(21837,221,53,4,'296',1,1),(21838,221,54,4,'449',1,1),(21839,221,55,4,'300',1,1),(21840,221,57,4,'452',1,1),(21841,221,58,4,'414',1,1),(21842,221,59,4,'419',1,1),(21843,221,60,4,'325',1,1),(21844,221,61,4,'425',1,1),(21845,221,62,4,'327',1,1),(21846,221,63,4,'331',1,1),(21847,221,64,4,'333',1,1),(21848,221,65,4,'458',1,1),(21849,221,82,4,'343',1,1),(21850,221,83,4,'347',1,1),(21851,221,85,4,'459',1,1),(21852,207,181,13,'1199',2,1),(21853,207,182,13,'1201',2,1),(21854,207,183,13,'1209',2,1),(21855,207,184,13,'1045',2,1),(21856,207,185,13,'1212',2,1),(21857,207,186,13,'1222',2,1),(21858,207,187,13,'1228',2,1),(21859,207,188,13,'1234',2,1),(21860,207,189,13,'1072',2,1),(21861,207,191,13,'12213',2,1),(21862,207,192,13,'1084',2,1),(21863,207,193,13,'1090',2,1),(21864,207,194,13,'1274',2,1),(21865,207,195,13,'1267',2,1),(21866,207,196,13,'1263',2,1),(21867,207,197,13,'1261',2,1),(21868,207,198,13,'1256',2,1),(21869,207,199,13,'1249',2,1),(21870,207,200,13,'1242',2,NULL),(21871,207,201,14,'1141',1,NULL),(21872,207,202,14,'1146',1,1),(21873,207,203,14,'1151',1,NULL),(21874,207,204,14,'1157',1,1),(21875,207,205,14,'1162',1,1),(21876,207,206,14,'1163',1,1),(21877,207,207,14,'1165',1,1),(21878,207,208,14,'1169',1,1),(21879,207,209,14,'1172',1,NULL),(21880,207,210,14,'1179',1,1),(21881,207,201,14,'1145',2,NULL),(21882,207,202,14,'1146',2,1),(21883,207,203,14,'1152',2,1),(21884,207,204,14,'1157',2,1),(21885,207,205,14,'1162',2,1),(21886,207,206,14,'1163',2,1),(21887,207,207,14,'1165',2,1),(21888,207,208,14,'1169',2,1),(21889,207,209,14,'1174',2,1),(21890,207,210,14,'1179',2,1),(21891,207,1186,15,'12231',1,1),(21892,207,1188,15,'12228',1,1),(21893,207,1189,15,'12235',1,1),(21894,207,1190,15,'12239',1,NULL),(21895,207,1191,15,'12244',1,1),(21896,207,211,15,'1181',1,NULL),(21897,207,212,15,'1183',1,NULL),(21898,207,213,15,'12221',1,1),(21899,207,214,15,'1192',1,1),(21900,207,215,15,'1193',1,1),(21901,207,1186,15,'12231',2,1),(21902,207,1188,15,'12228',2,1),(21903,207,1189,15,'12235',2,1),(21904,207,1190,15,'12243',2,1),(21905,207,1191,15,'12244',2,1),(21906,207,211,15,'1180',2,1),(21907,207,212,15,'1185',2,1),(21908,207,213,15,'12221',2,1),(21909,207,214,15,'1192',2,1),(21910,207,215,15,'1193',2,1),(21911,207,592,25,'11847',1,1),(21912,207,702,25,'11855',1,1),(21913,207,703,25,'11859',1,1),(21914,207,704,25,'11862',1,1),(21915,207,705,25,'11863',1,NULL),(21916,207,706,25,'11868',1,1),(21917,207,707,25,'11873',1,1),(21918,207,708,25,'11876',1,NULL),(21919,207,709,25,'11879',1,NULL),(21920,207,710,25,'11886',1,1),(21921,207,711,25,'11888',1,1),(21922,207,712,25,'11891',1,NULL),(21923,207,713,25,'11894',1,NULL),(21924,207,592,25,'11847',2,1),(21925,207,702,25,'11855',2,1),(21926,207,703,25,'11859',2,1),(21927,207,704,25,'11862',2,1),(21928,207,705,25,'11864',2,1),(21929,207,706,25,'11868',2,1),(21930,207,707,25,'11873',2,1),(21931,207,708,25,'11875',2,NULL),(21932,207,709,25,'11882',2,1),(21933,207,710,25,'11886',2,1),(21934,207,711,25,'11888',2,1),(21935,207,712,25,'11890',2,NULL),(21936,207,713,25,'11895',2,1),(21937,221,67,5,'540',1,1),(21938,221,68,5,'544',1,1),(21939,221,69,5,'546',1,1),(21940,221,70,5,'551',1,1),(21941,221,71,5,'553',1,1),(21942,221,72,5,'557',1,1),(21943,221,73,5,'565',1,1),(21944,221,74,5,'569',1,1),(21945,221,75,5,'575',1,1),(21946,221,78,5,'582',1,1),(21947,221,79,5,'588',1,1),(21948,221,80,5,'593',1,NULL),(21949,221,81,5,'579',1,NULL),(21950,221,88,5,'596',1,1),(21951,221,89,5,'600',1,1),(21952,221,116,7,'694',1,1),(21953,221,117,7,'697',1,1),(21954,221,118,7,'703',1,1),(21955,221,119,7,'706',1,1),(21956,221,120,7,'709',1,NULL),(21957,221,121,7,'714',1,1),(21958,221,122,7,'720',1,1),(21959,221,124,7,'726',1,1),(21960,221,125,7,'745',1,1),(21961,221,126,7,'735',1,1),(21962,221,127,8,'750',1,1),(21963,221,128,8,'753',1,1),(21964,221,129,8,'759',1,1),(21965,221,130,8,'768',1,1),(21966,221,131,8,'767',1,1),(21967,221,132,8,'770',1,1),(21968,221,133,8,'773',1,1),(21969,221,134,8,'774',1,1),(21970,221,135,8,'777',1,1),(21971,221,136,8,'782',1,1),(21972,221,1141,10,'1870',1,1),(21973,221,1142,10,'1792',1,NULL),(21974,221,1143,10,'1873',1,1),(21975,221,1144,10,'1881',1,1),(21976,221,1145,10,'1885',1,1),(21977,221,1146,10,'1886',1,1),(21978,221,1147,10,'1888',1,1),(21979,221,1148,10,'1890',1,1),(21980,221,1149,10,'1892',1,1),(21981,221,1150,10,'1894',1,1),(21982,221,1151,10,'1897',1,1),(21983,221,1152,10,'1899',1,1),(21984,221,1154,10,'1900',1,1),(21985,221,1155,10,'1903',1,1),(21986,221,1156,10,'1904',1,1),(21987,229,26,3,'463',1,1),(21988,229,27,3,'465',1,1),(21989,229,28,3,'468',1,NULL),(21990,229,29,3,'469',1,1),(21991,229,30,3,'471',1,1),(21992,229,31,3,'474',1,1),(21993,229,32,3,'475',1,1),(21994,229,33,3,'477',1,1),(21995,229,35,3,'485',1,1),(21996,229,36,3,'12247',1,1),(21997,229,37,3,'12149',1,1),(21998,229,38,3,'500',1,1),(21999,229,39,3,'508',1,1),(22000,229,40,3,'511',1,1),(22001,229,41,3,'12154',1,1),(22002,229,42,3,'12158',1,NULL),(22003,229,47,3,'519',1,NULL),(22004,229,48,3,'526',1,1),(22005,229,49,3,'12161',1,1),(22006,203,181,13,'1199',1,1),(22007,203,182,13,'1201',1,1),(22008,203,183,13,'1209',1,1),(22009,203,184,13,'1045',1,1),(22010,203,185,13,'1213',1,NULL),(22011,203,186,13,'1224',1,NULL),(22012,203,187,13,'1228',1,1),(22013,203,188,13,'1234',1,1),(22014,203,189,13,'1074',1,NULL),(22015,203,191,13,'12213',1,1),(22016,203,192,13,'1084',1,1),(22017,203,193,13,'1090',1,1),(22018,203,194,13,'1274',1,1),(22019,203,195,13,'1267',1,1),(22020,203,196,13,'1263',1,1),(22021,203,197,13,'1261',1,1),(22022,203,198,13,'1256',1,1),(22023,203,199,13,'1251',1,NULL),(22024,203,200,13,'1243',1,1),(22025,229,53,4,'296',1,1),(22026,229,54,4,'449',1,1),(22027,229,55,4,'300',1,1),(22028,229,57,4,'452',1,1),(22029,229,58,4,'414',1,1),(22030,229,59,4,'419',1,1),(22031,229,60,4,'325',1,1),(22032,229,61,4,'425',1,1),(22033,229,62,4,'327',1,1),(22034,229,63,4,'331',1,1),(22035,229,64,4,'333',1,1),(22036,229,65,4,'458',1,1),(22037,229,82,4,'343',1,1),(22038,229,83,4,'347',1,1),(22039,229,85,4,'459',1,1),(22040,229,67,5,'540',1,1),(22041,229,68,5,'544',1,1),(22042,229,69,5,'546',1,1),(22043,229,70,5,'552',1,NULL),(22044,229,71,5,'553',1,1),(22045,229,72,5,'557',1,1),(22046,229,73,5,'565',1,1),(22047,229,74,5,'569',1,1),(22048,229,75,5,'575',1,1),(22049,229,78,5,'582',1,1),(22050,229,79,5,'588',1,1),(22051,229,80,5,'593',1,NULL),(22052,229,81,5,'576',1,1),(22053,229,88,5,'596',1,1),(22054,229,89,5,'600',1,1),(22055,229,116,7,'694',1,1),(22056,229,117,7,'696',1,NULL),(22057,229,118,7,'703',1,1),(22058,229,119,7,'706',1,1),(22059,229,120,7,'711',1,1),(22060,229,121,7,'714',1,1),(22061,229,122,7,'718',1,NULL),(22062,229,124,7,'726',1,1),(22063,229,125,7,'745',1,1),(22064,229,126,7,'735',1,1),(22065,229,127,8,'750',1,1),(22066,229,128,8,'753',1,1),(22067,229,129,8,'759',1,1),(22068,229,130,8,'768',1,1),(22069,229,131,8,'767',1,1),(22070,229,132,8,'770',1,1),(22071,229,133,8,'773',1,1),(22072,229,134,8,'775',1,NULL),(22073,229,135,8,'777',1,1),(22074,229,136,8,'782',1,1),(22075,229,1131,9,'12181',1,1),(22076,229,1132,9,'11941',1,1),(22077,229,1134,9,'11949',1,1),(22078,229,1135,9,'11950',1,1),(22079,229,1136,9,'12198',1,1),(22080,229,1137,9,'12188',1,1),(22081,229,1138,9,'11962',1,NULL),(22082,229,1140,9,'12191',1,1),(22083,229,138,9,'12197',1,1),(22084,229,140,9,'11911',1,1),(22085,229,141,9,'11918',1,NULL),(22086,229,142,9,'11921',1,NULL),(22087,229,1183,9,'12203',1,1),(22088,229,1184,9,'12206',1,NULL),(22089,229,1185,9,'12209',1,1),(22090,229,1131,9,'12181',2,1),(22091,229,1132,9,'11941',2,1),(22092,229,1133,9,'11942',2,NULL),(22093,229,1134,9,'11949',2,1),(22094,229,1135,9,'11950',2,1),(22095,229,1136,9,'12198',2,1),(22096,229,1137,9,'12188',2,1),(22097,229,1138,9,'11961',2,NULL),(22098,229,1140,9,'12191',2,1),(22099,229,138,9,'12194',2,NULL),(22100,229,140,9,'11911',2,1),(22101,229,141,9,'11917',2,1),(22102,229,142,9,'11923',2,NULL),(22103,229,1183,9,'12203',2,1),(22104,229,1184,9,'12207',2,1),(22105,229,1185,9,'12209',2,1),(22106,229,1131,9,'12181',3,1),(22107,229,1132,9,'11941',3,1),(22108,229,1133,9,'11943',3,NULL),(22109,229,1134,9,'11949',3,1),(22110,229,1135,9,'11950',3,1),(22111,229,1136,9,'12198',3,1),(22112,229,1137,9,'12188',3,1),(22113,229,1138,9,'11960',3,1),(22114,229,1140,9,'12191',3,1),(22115,229,138,9,'12195',3,NULL),(22116,229,140,9,'11911',3,1),(22117,229,141,9,'11917',3,1),(22118,229,142,9,'11921',3,NULL),(22119,229,1183,9,'12203',3,1),(22120,229,1184,9,'12207',3,1),(22121,229,1185,9,'12209',3,1),(22122,229,1141,10,'1870',1,1),(22123,229,1142,10,'1792',1,NULL),(22124,229,1143,10,'1873',1,1),(22125,229,1144,10,'1881',1,1),(22126,229,1145,10,'1885',1,1),(22127,229,1146,10,'1886',1,1),(22128,229,1147,10,'1888',1,1),(22129,229,1148,10,'1890',1,1),(22130,229,1149,10,'1892',1,1),(22131,229,1150,10,'1894',1,1),(22132,229,1151,10,'1897',1,1),(22133,229,1152,10,'1899',1,1),(22134,229,1154,10,'1900',1,1),(22135,229,1155,10,'1902',1,NULL),(22136,229,1156,10,'1904',1,1),(22137,203,592,25,'11847',1,1),(22138,203,702,25,'11856',1,NULL),(22139,203,703,25,'11859',1,1),(22140,203,704,25,'11862',1,1),(22141,203,705,25,'11864',1,1),(22142,203,706,25,'11868',1,1),(22143,203,707,25,'11873',1,1),(22144,203,708,25,'11877',1,1),(22145,203,709,25,'11882',1,1),(22146,203,710,25,'11886',1,1),(22147,203,711,25,'11888',1,1),(22148,203,712,25,'11892',1,1),(22149,203,713,25,'11895',1,1),(22150,229,146,11,'831',1,1),(22151,229,147,11,'961',1,1),(22152,229,148,11,'964',1,1),(22153,229,149,11,'922',1,NULL),(22154,229,150,11,'850',1,NULL),(22155,229,151,11,'854',1,1),(22156,229,152,11,'857',1,1),(22157,229,153,11,'859',1,1),(22158,229,154,11,'870',1,1),(22159,229,155,11,'872',1,NULL),(22160,229,156,11,'950',1,1),(22161,229,157,11,'967',1,1),(22162,229,158,11,'928',1,1),(22163,229,159,11,'931',1,1),(22164,229,160,11,'893',1,NULL),(22165,229,161,11,'940',1,1),(22166,229,162,11,'12251',1,1),(22167,229,163,11,'906',1,1),(22168,229,164,11,'12178',1,1),(22169,229,165,11,'945',1,1),(22170,229,166,12,'971',1,1),(22171,229,167,12,'983',1,NULL),(22172,229,168,12,'981',1,1),(22173,229,169,12,'990',1,1),(22174,229,170,12,'994',1,1),(22175,229,171,12,'997',1,1),(22176,229,172,12,'1000',1,1),(22177,229,173,12,'1134',1,1),(22178,229,174,12,'1140',1,NULL),(22179,229,175,12,'1013',1,1),(22180,229,176,12,'1017',1,1),(22181,229,177,12,'1019',1,1),(22182,229,178,12,'1021',1,1),(22183,229,179,12,'1023',1,1),(22184,229,180,12,'1025',1,1),(22185,203,1186,15,'12231',1,1),(22186,203,1188,15,'12228',1,1),(22187,203,1189,15,'12235',1,1),(22188,203,1190,15,'12243',1,1),(22189,203,1191,15,'12244',1,1),(22190,203,211,15,'1180',1,1),(22191,203,212,15,'1185',1,1),(22192,203,213,15,'12221',1,1),(22193,203,214,15,'1192',1,1),(22194,203,215,15,'1193',1,1),(22195,203,592,25,'11847',2,1),(22196,203,702,25,'11854',2,NULL),(22197,203,703,25,'11859',2,1),(22198,203,704,25,'11862',2,1),(22199,203,705,25,'11864',2,1),(22200,203,706,25,'11868',2,1),(22201,203,707,25,'11873',2,1),(22202,203,708,25,'11877',2,1),(22203,203,709,25,'11882',2,1),(22204,203,710,25,'11886',2,1),(22205,203,711,25,'11888',2,1),(22206,203,712,25,'11892',2,1),(22207,203,713,25,'11895',2,1),(22208,203,592,25,'11847',3,1),(22209,203,702,25,'11855',3,1),(22210,203,703,25,'11859',3,1),(22211,203,704,25,'11862',3,1),(22212,203,705,25,'11864',3,1),(22213,203,706,25,'11868',3,1),(22214,203,707,25,'11873',3,1),(22215,203,708,25,'11877',3,1),(22216,203,709,25,'11882',3,1),(22217,203,710,25,'11886',3,1),(22218,203,711,25,'11888',3,1),(22219,203,712,25,'11892',3,1),(22220,203,713,25,'11895',3,1),(22221,225,26,3,'463',1,1),(22222,225,27,3,'465',1,1),(22223,225,28,3,'467',1,1),(22224,225,29,3,'469',1,1),(22225,225,30,3,'471',1,1),(22226,225,31,3,'474',1,1),(22227,225,32,3,'475',1,1),(22228,225,33,3,'477',1,1),(22229,225,35,3,'485',1,1),(22230,225,36,3,'12249',1,NULL),(22231,225,37,3,'12149',1,1),(22232,225,38,3,'500',1,1),(22233,225,39,3,'508',1,1),(22234,225,40,3,'511',1,1),(22235,225,41,3,'12154',1,1),(22236,225,42,3,'12157',1,1),(22237,225,47,3,'521',1,1),(22238,225,48,3,'526',1,1),(22239,225,49,3,'12161',1,1),(22240,230,1186,15,'12231',1,1),(22241,230,1188,15,'12228',1,1),(22242,230,1189,15,'12235',1,1),(22243,230,1190,15,'12243',1,1),(22244,230,1191,15,'12244',1,1),(22245,230,211,15,'1180',1,1),(22246,230,212,15,'1185',1,1),(22247,230,213,15,'12221',1,1),(22248,230,214,15,'1192',1,1),(22249,230,215,15,'1193',1,1),(22250,230,592,25,'11847',1,1),(22251,230,702,25,'11855',1,1),(22252,230,703,25,'11859',1,1),(22253,230,704,25,'11862',1,1),(22254,230,705,25,'11864',1,1),(22255,230,706,25,'11868',1,1),(22256,230,707,25,'11873',1,1),(22257,230,708,25,'11877',1,1),(22258,230,709,25,'11882',1,1),(22259,230,710,25,'11886',1,1),(22260,230,711,25,'11888',1,1),(22261,230,712,25,'11892',1,1),(22262,230,713,25,'11894',1,NULL),(22263,203,181,13,'1199',2,1),(22264,203,182,13,'1201',2,1),(22265,203,183,13,'1209',2,1),(22266,203,184,13,'1045',2,1),(22267,203,185,13,'1214',2,NULL),(22268,203,186,13,'1222',2,1),(22269,203,187,13,'1228',2,1),(22270,203,188,13,'1234',2,1),(22271,203,189,13,'1075',2,NULL),(22272,203,191,13,'12213',2,1),(22273,203,192,13,'1084',2,1),(22274,203,193,13,'1090',2,1),(22275,203,194,13,'1274',2,1),(22276,203,195,13,'1267',2,1),(22277,203,196,13,'1263',2,1),(22278,203,197,13,'1261',2,1),(22279,203,198,13,'1256',2,1),(22280,203,199,13,'1249',2,1),(22281,203,200,13,'1243',2,1),(22282,203,201,14,'1141',1,NULL),(22283,203,202,14,'1146',1,1),(22284,203,203,14,'1151',1,NULL),(22285,203,204,14,'1157',1,1),(22286,203,205,14,'1162',1,1),(22287,203,206,14,'1163',1,1),(22288,203,207,14,'1165',1,1),(22289,203,208,14,'1169',1,1),(22290,203,209,14,'1174',1,1),(22291,203,210,14,'1179',1,1),(22292,203,26,3,'463',1,1),(22293,203,27,3,'466',1,NULL),(22294,203,28,3,'467',1,1),(22295,203,29,3,'469',1,1),(22296,203,30,3,'471',1,1),(22297,203,31,3,'474',1,1),(22298,203,32,3,'476',1,NULL),(22299,203,33,3,'477',1,1),(22300,203,35,3,'485',1,1),(22301,203,36,3,'12249',1,NULL),(22302,203,37,3,'12149',1,1),(22303,203,38,3,'500',1,1),(22304,203,39,3,'508',1,1),(22305,203,41,3,'12153',1,NULL),(22306,203,42,3,'12159',1,NULL),(22307,203,47,3,'521',1,1),(22308,203,48,3,'526',1,1),(22309,203,49,3,'12166',1,NULL),(22310,203,26,3,'463',2,1),(22311,203,27,3,'465',2,1),(22312,203,28,3,'467',2,1),(22313,203,29,3,'469',2,1),(22314,203,30,3,'471',2,1),(22315,203,31,3,'474',2,1),(22316,203,32,3,'475',2,1),(22317,203,33,3,'477',2,1),(22318,203,35,3,'485',2,1),(22319,203,36,3,'12247',2,1),(22320,203,37,3,'12149',2,1),(22321,203,38,3,'500',2,1),(22322,203,39,3,'508',2,1),(22323,203,40,3,'511',2,1),(22324,203,41,3,'12156',2,NULL),(22325,203,42,3,'12157',2,1),(22326,203,47,3,'521',2,1),(22327,203,48,3,'526',2,1),(22328,203,49,3,'12165',2,NULL),(22329,203,166,12,'971',1,1),(22330,203,167,12,'984',1,1),(22331,203,168,12,'981',1,1),(22332,203,169,12,'990',1,1),(22333,203,170,12,'994',1,1),(22334,203,171,12,'997',1,1),(22335,203,172,12,'1000',1,1),(22336,203,173,12,'1136',1,NULL),(22337,203,174,12,'1140',1,NULL),(22338,203,175,12,'1013',1,1),(22339,203,176,12,'1017',1,1),(22340,203,177,12,'1019',1,1),(22341,203,178,12,'1021',1,1),(22342,203,179,12,'1023',1,1),(22343,203,180,12,'1025',1,1),(22344,203,166,12,'971',2,1),(22345,203,167,12,'984',2,1),(22346,203,168,12,'981',2,1),(22347,203,169,12,'990',2,1),(22348,203,170,12,'994',2,1),(22349,203,171,12,'997',2,1),(22350,203,172,12,'1000',2,1),(22351,203,173,12,'1133',2,NULL),(22352,203,174,12,'1138',2,1),(22353,203,175,12,'1013',2,1),(22354,203,176,12,'1017',2,1),(22355,203,177,12,'1019',2,1),(22356,203,178,12,'1021',2,1),(22357,203,179,12,'1023',2,1),(22358,203,180,12,'1025',2,1),(22359,203,146,11,'834',1,NULL),(22360,203,147,11,'961',1,1),(22361,203,148,11,'965',1,NULL),(22362,203,149,11,'922',1,NULL),(22363,203,150,11,'850',1,NULL),(22364,203,151,11,'854',1,1),(22365,203,152,11,'857',1,1),(22366,203,153,11,'859',1,1),(22367,203,154,11,'870',1,1),(22368,203,155,11,'872',1,NULL),(22369,203,156,11,'950',1,1),(22370,203,157,11,'969',1,NULL),(22371,203,158,11,'928',1,1),(22372,203,159,11,'931',1,1),(22373,203,160,11,'894',1,NULL),(22374,203,161,11,'940',1,1),(22375,203,162,11,'12251',1,1),(22376,203,163,11,'906',1,1),(22377,203,164,11,'12178',1,1),(22378,203,165,11,'945',1,1),(22379,203,146,11,'833',2,NULL),(22380,203,147,11,'961',2,1),(22381,203,148,11,'964',2,1),(22382,203,149,11,'921',2,NULL),(22383,203,150,11,'848',2,NULL),(22384,203,151,11,'854',2,1),(22385,203,152,11,'857',2,1),(22386,203,153,11,'859',2,1),(22387,203,154,11,'870',2,1),(22388,203,155,11,'873',2,1),(22389,203,156,11,'950',2,1),(22390,203,157,11,'967',2,1),(22391,203,158,11,'928',2,1),(22392,203,159,11,'931',2,1),(22393,203,160,11,'892',2,1),(22394,203,161,11,'940',2,1),(22395,203,162,11,'12251',2,1),(22396,203,163,11,'906',2,1),(22397,203,164,11,'12178',2,1),(22398,203,165,11,'945',2,1),(22399,203,146,11,'831',3,1),(22400,203,147,11,'961',3,1),(22401,203,148,11,'964',3,1),(22402,203,149,11,'920',3,1),(22403,203,150,11,'849',3,1),(22404,203,151,11,'854',3,1),(22405,203,152,11,'857',3,1),(22406,203,153,11,'859',3,1),(22407,203,154,11,'870',3,1),(22408,203,155,11,'873',3,1),(22409,203,156,11,'950',3,1),(22410,203,157,11,'967',3,1),(22411,203,158,11,'928',3,1),(22412,203,159,11,'931',3,1),(22413,203,160,11,'892',3,1),(22414,203,161,11,'940',3,1),(22415,203,162,11,'12251',3,1),(22416,203,163,11,'906',3,1),(22417,203,164,11,'12178',3,1),(22418,203,165,11,'945',3,1),(22419,203,1141,10,'1870',1,1),(22420,203,1142,10,'1792',1,NULL),(22421,203,1143,10,'1875',1,NULL),(22422,203,1144,10,'1881',1,1),(22423,203,1145,10,'1885',1,1),(22424,203,1146,10,'1886',1,1),(22425,203,1147,10,'1888',1,1),(22426,203,1148,10,'1890',1,1),(22427,203,1149,10,'1892',1,1),(22428,203,1150,10,'1894',1,1),(22429,203,1151,10,'1897',1,1),(22430,203,1152,10,'1899',1,1),(22431,203,1154,10,'1900',1,1),(22432,203,1155,10,'1902',1,NULL),(22433,203,1156,10,'1904',1,1),(22434,203,1141,10,'1870',2,1),(22435,203,1142,10,'1789',2,NULL),(22436,203,1143,10,'1873',2,1),(22437,203,1144,10,'1881',2,1),(22438,203,1145,10,'1885',2,1),(22439,203,1146,10,'1886',2,1),(22440,203,1147,10,'1888',2,1),(22441,203,1148,10,'1890',2,1),(22442,203,1149,10,'1892',2,1),(22443,203,1150,10,'1894',2,1),(22444,203,1151,10,'1897',2,1),(22445,203,1152,10,'1899',2,1),(22446,203,1154,10,'1900',2,1),(22447,203,1155,10,'1903',2,1),(22448,203,1156,10,'1904',2,1),(22449,229,181,13,'1199',1,1),(22450,229,182,13,'1201',1,1),(22451,229,183,13,'1209',1,1),(22452,229,184,13,'1045',1,1),(22453,229,185,13,'1212',1,1),(22454,229,186,13,'1222',1,1),(22455,229,187,13,'1228',1,1),(22456,229,188,13,'1234',1,1),(22457,229,189,13,'1073',1,NULL),(22458,229,191,13,'12212',1,NULL),(22459,229,192,13,'1084',1,1),(22460,229,193,13,'1090',1,1),(22461,229,194,13,'1274',1,1),(22462,229,195,13,'1267',1,1),(22463,229,196,13,'1263',1,1),(22464,229,197,13,'1261',1,1),(22465,229,198,13,'1255',1,NULL),(22466,229,199,13,'1249',1,1),(22467,229,200,13,'1243',1,1),(22468,203,1131,9,'12181',1,1),(22469,203,1132,9,'11941',1,1),(22470,203,1133,9,'11945',1,1),(22471,203,1134,9,'11949',1,1),(22472,203,1135,9,'11951',1,NULL),(22473,203,1136,9,'12198',1,1),(22474,203,1137,9,'12189',1,NULL),(22475,203,1138,9,'11962',1,NULL),(22476,203,1140,9,'12191',1,1),(22477,203,138,9,'12197',1,1),(22478,203,140,9,'11911',1,1),(22479,203,141,9,'11917',1,1),(22480,203,142,9,'11921',1,NULL),(22481,203,1183,9,'12201',1,NULL),(22482,203,1184,9,'12204',1,NULL),(22483,203,1185,9,'12209',1,1),(22484,203,1131,9,'12181',2,1),(22485,203,1132,9,'11941',2,1),(22486,203,1133,9,'11945',2,1),(22487,203,1134,9,'11949',2,1),(22488,203,1135,9,'11950',2,1),(22489,203,1136,9,'12198',2,1),(22490,203,1137,9,'12186',2,NULL),(22491,203,1138,9,'11959',2,NULL),(22492,203,1140,9,'12191',2,1),(22493,203,138,9,'12197',2,1),(22494,203,140,9,'11911',2,1),(22495,203,141,9,'11917',2,1),(22496,203,142,9,'11922',2,1),(22497,203,1183,9,'12203',2,1),(22498,203,1184,9,'12206',2,NULL),(22499,203,1185,9,'12209',2,1),(22500,229,201,14,'1141',1,NULL),(22501,229,202,14,'1146',1,1),(22502,229,203,14,'1149',1,NULL),(22503,229,204,14,'1157',1,1),(22504,229,205,14,'1162',1,1),(22505,229,206,14,'1163',1,1),(22506,229,207,14,'1167',1,NULL),(22507,229,208,14,'1169',1,1),(22508,229,209,14,'1174',1,1),(22509,229,210,14,'1179',1,1),(22510,229,201,14,'1141',2,NULL),(22511,229,202,14,'1146',2,1),(22512,229,203,14,'1151',2,NULL),(22513,229,204,14,'1157',2,1),(22514,229,205,14,'1162',2,1),(22515,229,206,14,'1163',2,1),(22516,229,207,14,'1165',2,1),(22517,229,208,14,'1169',2,1),(22518,229,209,14,'1174',2,1),(22519,229,210,14,'1179',2,1),(22520,203,53,4,'296',1,1),(22521,203,54,4,'449',1,1),(22522,203,55,4,'299',1,NULL),(22523,203,57,4,'452',1,1),(22524,203,58,4,'414',1,1),(22525,203,59,4,'419',1,1),(22526,203,60,4,'325',1,1),(22527,203,61,4,'425',1,1),(22528,203,62,4,'327',1,1),(22529,203,63,4,'330',1,NULL),(22530,203,64,4,'334',1,NULL),(22531,203,65,4,'455',1,NULL),(22532,203,82,4,'343',1,1),(22533,203,83,4,'348',1,NULL),(22534,203,85,4,'459',1,1),(22535,203,53,4,'296',2,1),(22536,203,54,4,'449',2,1),(22537,203,55,4,'300',2,1),(22538,203,57,4,'452',2,1),(22539,203,58,4,'414',2,1),(22540,203,59,4,'419',2,1),(22541,203,60,4,'325',2,1),(22542,203,61,4,'425',2,1),(22543,203,62,4,'327',2,1),(22544,203,63,4,'331',2,1),(22545,203,64,4,'333',2,1),(22546,203,65,4,'458',2,1),(22547,203,82,4,'343',2,1),(22548,203,83,4,'347',2,1),(22549,203,85,4,'459',2,1),(22550,229,1186,15,'12231',1,1),(22551,229,1188,15,'12228',1,1),(22552,229,1189,15,'12235',1,1),(22553,229,1190,15,'12239',1,NULL),(22554,229,1191,15,'12244',1,1),(22555,229,211,15,'1181',1,NULL),(22556,229,212,15,'1184',1,NULL),(22557,229,213,15,'12221',1,1),(22558,229,214,15,'1192',1,1),(22559,229,215,15,'1193',1,1),(22560,229,1186,15,'12231',2,1),(22561,229,1188,15,'12228',2,1),(22562,229,1189,15,'12235',2,1),(22563,229,1190,15,'12239',2,NULL),(22564,229,1191,15,'12244',2,1),(22565,229,211,15,'1180',2,1),(22566,229,212,15,'1184',2,NULL),(22567,229,213,15,'12221',2,1),(22568,229,214,15,'1192',2,1),(22569,229,215,15,'1193',2,1),(22570,203,67,5,'540',1,1),(22571,203,68,5,'544',1,1),(22572,203,69,5,'546',1,1),(22573,203,70,5,'551',1,1),(22574,203,71,5,'553',1,1),(22575,203,72,5,'558',1,NULL),(22576,203,73,5,'561',1,NULL),(22577,203,74,5,'569',1,1),(22578,203,75,5,'575',1,1),(22579,203,78,5,'583',1,NULL),(22580,203,79,5,'588',1,1),(22581,203,80,5,'593',1,NULL),(22582,203,81,5,'576',1,1),(22583,203,88,5,'596',1,1),(22584,203,89,5,'600',1,1),(22585,229,592,25,'11847',1,1),(22586,229,702,25,'11855',1,1),(22587,229,703,25,'11859',1,1),(22588,229,704,25,'11862',1,1),(22589,229,705,25,'11864',1,1),(22590,229,706,25,'11867',1,NULL),(22591,229,707,25,'11871',1,NULL),(22592,229,708,25,'11876',1,NULL),(22593,229,709,25,'11882',1,1),(22594,229,710,25,'11883',1,NULL),(22595,229,711,25,'11888',1,1),(22596,229,712,25,'11890',1,NULL),(22597,229,713,25,'11895',1,1),(22598,229,592,25,'11847',2,1),(22599,229,702,25,'11855',2,1),(22600,229,703,25,'11859',2,1),(22601,229,704,25,'11862',2,1),(22602,229,705,25,'11864',2,1),(22603,229,706,25,'11869',2,NULL),(22604,229,707,25,'11873',2,1),(22605,229,708,25,'11876',2,NULL),(22606,229,709,25,'11882',2,1),(22607,229,710,25,'11887',2,NULL),(22608,229,711,25,'11889',2,NULL),(22609,229,712,25,'11892',2,1),(22610,229,713,25,'11895',2,1),(22611,229,592,25,'11847',3,1),(22612,229,702,25,'11855',3,1),(22613,229,703,25,'11859',3,1),(22614,229,704,25,'11862',3,1),(22615,229,705,25,'11864',3,1),(22616,229,706,25,'11867',3,NULL),(22617,229,707,25,'11873',3,1),(22618,229,708,25,'11875',3,NULL),(22619,229,709,25,'11882',3,1),(22620,229,710,25,'11886',3,1),(22621,229,711,25,'11888',3,1),(22622,229,712,25,'11891',3,NULL),(22623,229,713,25,'11894',3,NULL),(22624,229,592,25,'11847',4,1),(22625,229,702,25,'11855',4,1),(22626,229,703,25,'11859',4,1),(22627,229,704,25,'11862',4,1),(22628,229,705,25,'11864',4,1),(22629,229,706,25,'11870',4,NULL),(22630,229,707,25,'11873',4,1),(22631,229,708,25,'11878',4,NULL),(22632,229,709,25,'11882',4,1),(22633,229,710,25,'11886',4,1),(22634,229,711,25,'11888',4,1),(22635,229,712,25,'11892',4,1),(22636,229,713,25,'11895',4,1),(22637,203,67,5,'540',2,1),(22638,203,68,5,'544',2,1),(22639,203,69,5,'546',2,1),(22640,203,70,5,'551',2,1),(22641,203,71,5,'553',2,1),(22642,203,72,5,'560',2,NULL),(22643,203,73,5,'565',2,1),(22644,203,74,5,'569',2,1),(22645,203,75,5,'575',2,1),(22646,203,78,5,'582',2,1),(22647,203,79,5,'588',2,1),(22648,203,80,5,'592',2,1),(22649,203,81,5,'576',2,1),(22650,203,88,5,'596',2,1),(22651,203,89,5,'600',2,1),(22652,203,116,7,'694',1,1),(22653,203,117,7,'698',1,NULL),(22654,203,118,7,'704',1,NULL),(22655,203,119,7,'706',1,1),(22656,203,120,7,'711',1,1),(22657,203,121,7,'714',1,1),(22658,203,122,7,'720',1,1),(22659,203,124,7,'726',1,1),(22660,203,125,7,'745',1,1),(22661,203,126,7,'735',1,1),(22662,203,116,7,'694',2,1),(22663,203,117,7,'696',2,NULL),(22664,203,118,7,'703',2,1),(22665,203,119,7,'706',2,1),(22666,203,120,7,'711',2,1),(22667,203,121,7,'714',2,1),(22668,203,122,7,'720',2,1),(22669,203,124,7,'726',2,1),(22670,203,125,7,'745',2,1),(22671,203,126,7,'735',2,1),(22672,203,127,8,'750',1,1),(22673,203,128,8,'753',1,1),(22674,203,129,8,'759',1,1),(22675,203,130,8,'768',1,1),(22676,203,131,8,'767',1,1),(22677,203,132,8,'770',1,1),(22678,203,133,8,'772',1,NULL),(22679,203,134,8,'774',1,1),(22680,203,135,8,'776',1,NULL),(22681,203,136,8,'782',1,1),(22682,203,127,8,'750',2,1),(22683,203,128,8,'753',2,1),(22684,203,129,8,'759',2,1),(22685,203,130,8,'768',2,1),(22686,203,131,8,'767',2,1),(22687,203,132,8,'770',2,1),(22688,203,133,8,'773',2,1),(22689,203,134,8,'774',2,1),(22690,203,135,8,'777',2,1),(22691,203,136,8,'782',2,1),(22692,225,53,4,'296',1,1),(22693,225,54,4,'449',1,1),(22694,225,55,4,'300',1,1),(22695,225,57,4,'452',1,1),(22696,225,58,4,'414',1,1),(22697,225,59,4,'419',1,1),(22698,225,60,4,'325',1,1),(22699,225,61,4,'423',1,NULL),(22700,225,62,4,'327',1,1),(22701,225,63,4,'331',1,1),(22702,225,64,4,'333',1,1),(22703,225,65,4,'455',1,NULL),(22704,225,82,4,'343',1,1),(22705,225,83,4,'347',1,1),(22706,225,85,4,'459',1,1),(22707,225,67,5,'540',1,1),(22708,225,68,5,'544',1,1),(22709,225,69,5,'546',1,1),(22710,225,70,5,'551',1,1),(22711,225,71,5,'553',1,1),(22712,225,72,5,'558',1,NULL),(22713,225,73,5,'565',1,1),(22714,225,74,5,'569',1,1),(22715,225,75,5,'575',1,1),(22716,225,78,5,'582',1,1),(22717,225,79,5,'588',1,1),(22718,225,81,5,'576',1,1),(22719,225,88,5,'597',1,NULL),(22720,225,89,5,'600',1,1),(22721,212,1131,9,'12181',1,1),(22722,212,1132,9,'11939',1,NULL),(22723,212,1133,9,'11945',1,1),(22724,212,1134,9,'11949',1,1),(22725,212,1135,9,'11950',1,1),(22726,212,1136,9,'12198',1,1),(22727,212,1137,9,'12188',1,1),(22728,212,1138,9,'11961',1,NULL),(22729,212,1140,9,'12191',1,1),(22730,212,138,9,'12197',1,1),(22731,212,140,9,'11911',1,1),(22732,212,141,9,'11918',1,NULL),(22733,212,142,9,'11921',1,NULL),(22734,212,1183,9,'12203',1,1),(22735,212,1184,9,'12204',1,NULL),(22736,212,1185,9,'12209',1,1),(22737,212,1131,9,'12181',2,1),(22738,212,1132,9,'11941',2,1),(22739,212,1133,9,'11945',2,1),(22740,212,1134,9,'11949',2,1),(22741,212,1135,9,'11950',2,1),(22742,212,1136,9,'12198',2,1),(22743,212,1137,9,'12188',2,1),(22744,212,1138,9,'11962',2,NULL),(22745,212,1140,9,'12191',2,1),(22746,212,138,9,'12197',2,1),(22747,212,140,9,'11911',2,1),(22748,212,141,9,'11916',2,NULL),(22749,212,142,9,'11923',2,NULL),(22750,212,1183,9,'12203',2,1),(22751,212,1184,9,'12205',2,NULL),(22752,212,1185,9,'12209',2,1),(22753,212,1131,9,'12181',3,1),(22754,212,1132,9,'11941',3,1),(22755,212,1133,9,'11945',3,1),(22756,212,1134,9,'11949',3,1),(22757,212,1135,9,'11950',3,1),(22758,212,1136,9,'12198',3,1),(22759,212,1137,9,'12188',3,1),(22760,212,1138,9,'11960',3,1),(22761,212,1140,9,'12191',3,1),(22762,212,138,9,'12197',3,1),(22763,212,140,9,'11911',3,1),(22764,212,141,9,'11917',3,1),(22765,212,142,9,'11920',3,NULL),(22766,212,1183,9,'12203',3,1),(22767,212,1184,9,'12206',3,NULL),(22768,212,1185,9,'12209',3,1),(22769,212,1141,10,'1870',1,1),(22770,212,1142,10,'1792',1,NULL),(22771,212,1143,10,'1873',1,1),(22772,212,1144,10,'1881',1,1),(22773,212,1145,10,'1885',1,1),(22774,212,1146,10,'1886',1,1),(22775,212,1147,10,'1888',1,1),(22776,212,1148,10,'1890',1,1),(22777,212,1149,10,'1893',1,NULL),(22778,212,1150,10,'1894',1,1),(22779,212,1151,10,'1897',1,1),(22780,212,1152,10,'1899',1,1),(22781,212,1154,10,'1900',1,1),(22782,212,1155,10,'1902',1,NULL),(22783,212,1156,10,'1904',1,1),(22784,214,201,14,'1143',1,NULL),(22785,214,202,14,'1146',1,1),(22786,214,203,14,'1151',1,NULL),(22787,214,204,14,'1157',1,1),(22788,214,205,14,'1162',1,1),(22789,214,206,14,'1163',1,1),(22790,214,207,14,'1165',1,1),(22791,214,208,14,'1169',1,1),(22792,214,209,14,'1174',1,1),(22793,214,210,14,'1179',1,1),(22794,214,116,7,'694',1,1),(22795,214,117,7,'696',1,NULL),(22796,214,118,7,'703',1,1),(22797,214,119,7,'706',1,1),(22798,214,120,7,'711',1,1),(22799,214,121,7,'714',1,1),(22800,214,122,7,'720',1,1),(22801,214,124,7,'726',1,1),(22802,214,125,7,'745',1,1),(22803,214,126,7,'735',1,1),(22804,214,26,3,'463',1,1),(22805,214,27,3,'465',1,1),(22806,214,28,3,'467',1,1),(22807,214,29,3,'469',1,1),(22808,214,30,3,'471',1,1),(22809,214,31,3,'474',1,1),(22810,214,32,3,'475',1,1),(22811,214,33,3,'477',1,1),(22812,214,35,3,'485',1,1),(22813,214,36,3,'12247',1,1),(22814,214,37,3,'12149',1,1),(22815,214,38,3,'500',1,1),(22816,214,39,3,'508',1,1),(22817,214,40,3,'511',1,1),(22818,214,41,3,'12156',1,NULL),(22819,214,42,3,'12157',1,1),(22820,214,47,3,'521',1,1),(22821,214,48,3,'526',1,1),(22822,214,49,3,'12165',1,NULL),(22823,214,53,4,'296',1,1),(22824,214,54,4,'449',1,1),(22825,214,55,4,'299',1,NULL),(22826,214,57,4,'452',1,1),(22827,214,58,4,'414',1,1),(22828,214,59,4,'419',1,1),(22829,214,60,4,'325',1,1),(22830,214,61,4,'425',1,1),(22831,214,62,4,'327',1,1),(22832,214,63,4,'331',1,1),(22833,214,64,4,'333',1,1),(22834,214,65,4,'458',1,1),(22835,214,82,4,'343',1,1),(22836,214,85,4,'459',1,1),(22837,214,67,5,'540',1,1),(22838,214,68,5,'544',1,1),(22839,214,69,5,'546',1,1),(22840,214,70,5,'551',1,1),(22841,214,71,5,'553',1,1),(22842,214,72,5,'558',1,NULL),(22843,214,73,5,'565',1,1),(22844,214,74,5,'569',1,1),(22845,214,75,5,'575',1,1),(22846,214,78,5,'582',1,1),(22847,214,79,5,'588',1,1),(22848,214,80,5,'592',1,1),(22849,214,81,5,'576',1,1),(22850,214,88,5,'596',1,1),(22851,214,89,5,'600',1,1),(22852,225,116,7,'694',1,1),(22853,225,117,7,'697',1,1),(22854,225,118,7,'704',1,NULL),(22855,225,119,7,'706',1,1),(22856,225,120,7,'709',1,NULL),(22857,225,121,7,'714',1,1),(22858,225,122,7,'717',1,NULL),(22859,225,124,7,'726',1,1),(22860,225,125,7,'745',1,1),(22861,225,126,7,'735',1,1),(22862,225,116,7,'694',2,1),(22863,225,117,7,'697',2,1),(22864,225,118,7,'703',2,1),(22865,225,119,7,'706',2,1),(22866,225,120,7,'711',2,1),(22867,225,121,7,'714',2,1),(22868,225,122,7,'718',2,NULL),(22869,225,124,7,'726',2,1),(22870,225,125,7,'745',2,1),(22871,225,126,7,'735',2,1),(22872,225,127,8,'750',1,1),(22873,225,128,8,'753',1,1),(22874,225,129,8,'759',1,1),(22875,225,130,8,'768',1,1),(22876,225,131,8,'766',1,NULL),(22877,225,132,8,'770',1,1),(22878,225,133,8,'773',1,1),(22879,225,134,8,'774',1,1),(22880,225,135,8,'777',1,1),(22881,225,136,8,'782',1,1),(22882,225,1131,9,'12181',1,1),(22883,225,1132,9,'11941',1,1),(22884,225,1133,9,'11945',1,1),(22885,225,1134,9,'11949',1,1),(22886,225,1135,9,'11950',1,1),(22887,225,1136,9,'12198',1,1),(22888,225,1138,9,'11962',1,NULL),(22889,225,1140,9,'12191',1,1),(22890,225,138,9,'12197',1,1),(22891,225,140,9,'11911',1,1),(22892,225,141,9,'11918',1,NULL),(22893,225,142,9,'11921',1,NULL),(22894,225,1183,9,'12203',1,1),(22895,225,1184,9,'12204',1,NULL),(22896,225,1185,9,'12209',1,1),(22897,225,1131,9,'12181',2,1),(22898,225,1132,9,'11941',2,1),(22899,225,1133,9,'11945',2,1),(22900,225,1134,9,'11949',2,1),(22901,225,1135,9,'11950',2,1),(22902,225,1136,9,'12198',2,1),(22903,225,1137,9,'12188',2,1),(22904,225,1138,9,'11962',2,NULL),(22905,225,1140,9,'12191',2,1),(22906,225,138,9,'12197',2,1),(22907,225,140,9,'11911',2,1),(22908,225,141,9,'11917',2,1),(22909,225,142,9,'11921',2,NULL),(22910,225,1183,9,'12203',2,1),(22911,225,1184,9,'12206',2,NULL),(22912,225,1185,9,'12209',2,1),(22913,225,1141,10,'1870',1,1),(22914,225,1142,10,'1792',1,NULL),(22915,225,1143,10,'1874',1,NULL),(22916,225,1144,10,'1881',1,1),(22917,225,1145,10,'1885',1,1),(22918,225,1146,10,'1886',1,1),(22919,225,1147,10,'1888',1,1),(22920,225,1148,10,'1890',1,1),(22921,225,1149,10,'1892',1,1),(22922,225,1150,10,'1894',1,1),(22923,225,1151,10,'1897',1,1),(22924,225,1152,10,'1899',1,1),(22925,225,1154,10,'1900',1,1),(22926,225,1155,10,'1902',1,NULL),(22927,225,1156,10,'1904',1,1),(22928,205,53,4,'296',1,1),(22929,205,54,4,'449',1,1),(22930,205,55,4,'300',1,1),(22931,205,57,4,'452',1,1),(22932,205,58,4,'414',1,1),(22933,205,59,4,'419',1,1),(22934,205,60,4,'325',1,1),(22935,205,61,4,'424',1,NULL),(22936,205,62,4,'327',1,1),(22937,205,63,4,'329',1,NULL),(22938,205,64,4,'333',1,1),(22939,205,65,4,'458',1,1),(22940,205,82,4,'343',1,1),(22941,205,83,4,'347',1,1),(22942,205,85,4,'459',1,1),(22943,205,1141,10,'1870',1,1),(22944,205,1142,10,'1792',1,NULL),(22945,205,1143,10,'1873',1,1),(22946,205,1144,10,'1881',1,1),(22947,205,1145,10,'1885',1,1),(22948,205,1146,10,'1886',1,1),(22949,205,1147,10,'1888',1,1),(22950,205,1148,10,'1890',1,1),(22951,205,1149,10,'1892',1,1),(22952,205,1150,10,'1894',1,1),(22953,205,1151,10,'1897',1,1),(22954,205,1152,10,'1899',1,1),(22955,205,1154,10,'1900',1,1),(22956,205,1155,10,'1903',1,1),(22957,205,1156,10,'1904',1,1),(22958,225,146,11,'831',1,1),(22959,225,147,11,'960',1,NULL),(22960,225,148,11,'964',1,1),(22961,225,149,11,'919',1,NULL),(22962,225,150,11,'850',1,NULL),(22963,225,151,11,'854',1,1),(22964,225,152,11,'855',1,NULL),(22965,225,153,11,'859',1,1),(22966,225,154,11,'870',1,1),(22967,225,155,11,'872',1,NULL),(22968,225,156,11,'950',1,1),(22969,225,157,11,'967',1,1),(22970,225,158,11,'929',1,NULL),(22971,225,159,11,'931',1,1),(22972,225,160,11,'894',1,NULL),(22973,225,161,11,'940',1,1),(22974,225,162,11,'12251',1,1),(22975,225,163,11,'906',1,1),(22976,225,164,11,'12178',1,1),(22977,225,165,11,'943',1,NULL),(22978,225,146,11,'831',2,1),(22979,225,147,11,'961',2,1),(22980,225,148,11,'964',2,1),(22981,225,149,11,'922',2,NULL),(22982,225,150,11,'848',2,NULL),(22983,225,151,11,'854',2,1),(22984,225,152,11,'857',2,1),(22985,225,153,11,'859',2,1),(22986,225,154,11,'870',2,1),(22987,225,155,11,'873',2,1),(22988,225,156,11,'950',2,1),(22989,225,157,11,'967',2,1),(22990,225,158,11,'930',2,NULL),(22991,225,159,11,'931',2,1),(22992,225,160,11,'892',2,1),(22993,225,161,11,'940',2,1),(22994,225,162,11,'12251',2,1),(22995,225,163,11,'906',2,1),(22996,225,164,11,'12178',2,1),(22997,225,165,11,'945',2,1),(22998,228,26,3,'463',1,1),(22999,228,27,3,'465',1,1),(23000,228,28,3,'467',1,1),(23001,228,29,3,'469',1,1),(23002,228,30,3,'471',1,1),(23003,228,31,3,'474',1,1),(23004,228,32,3,'475',1,1),(23005,228,33,3,'477',1,1),(23006,228,35,3,'485',1,1),(23007,228,36,3,'12248',1,NULL),(23008,228,37,3,'12149',1,1),(23009,228,38,3,'500',1,1),(23010,228,39,3,'508',1,1),(23011,228,40,3,'511',1,1),(23012,228,41,3,'12154',1,1),(23013,228,42,3,'12157',1,1),(23014,228,47,3,'521',1,1),(23015,228,48,3,'526',1,1),(23016,228,49,3,'12161',1,1),(23017,228,53,4,'296',1,1),(23018,228,54,4,'449',1,1),(23019,228,55,4,'300',1,1),(23020,228,57,4,'452',1,1),(23021,228,58,4,'414',1,1),(23022,228,59,4,'419',1,1),(23023,228,60,4,'325',1,1),(23024,228,61,4,'425',1,1),(23025,228,62,4,'327',1,1),(23026,228,63,4,'331',1,1),(23027,228,64,4,'333',1,1),(23028,228,65,4,'458',1,1),(23029,228,82,4,'343',1,1),(23030,228,83,4,'347',1,1),(23031,228,85,4,'459',1,1),(23032,228,67,5,'540',1,1),(23033,228,68,5,'544',1,1),(23034,228,69,5,'546',1,1),(23035,228,70,5,'551',1,1),(23036,228,71,5,'553',1,1),(23037,228,72,5,'557',1,1),(23038,228,73,5,'565',1,1),(23039,228,74,5,'569',1,1),(23040,228,75,5,'575',1,1),(23041,228,78,5,'582',1,1),(23042,228,79,5,'588',1,1),(23043,228,80,5,'591',1,NULL),(23044,228,81,5,'576',1,1),(23045,228,88,5,'596',1,1),(23046,228,89,5,'600',1,1),(23047,228,116,7,'694',1,1),(23048,228,117,7,'697',1,1),(23049,228,118,7,'703',1,1),(23050,228,119,7,'706',1,1),(23051,228,120,7,'711',1,1),(23052,228,121,7,'714',1,1),(23053,228,122,7,'720',1,1),(23054,228,124,7,'726',1,1),(23055,228,125,7,'745',1,1),(23056,228,126,7,'735',1,1),(23057,228,127,8,'750',1,1),(23058,228,128,8,'753',1,1),(23059,228,129,8,'759',1,1),(23060,228,130,8,'768',1,1),(23061,228,131,8,'767',1,1),(23062,228,132,8,'770',1,1),(23063,228,133,8,'773',1,1),(23064,228,134,8,'774',1,1),(23065,228,135,8,'777',1,1),(23066,228,136,8,'782',1,1),(23067,228,1131,9,'12181',1,1),(23068,228,1132,9,'11941',1,1),(23069,228,1133,9,'11945',1,1),(23070,228,1134,9,'11949',1,1),(23071,228,1135,9,'11950',1,1),(23072,228,1136,9,'12198',1,1),(23073,228,1137,9,'12188',1,1),(23074,228,1138,9,'11960',1,1),(23075,228,1140,9,'12191',1,1),(23076,228,138,9,'12197',1,1),(23077,228,140,9,'11911',1,1),(23078,228,141,9,'11917',1,1),(23079,228,142,9,'11920',1,NULL),(23080,228,1183,9,'12203',1,1),(23081,228,1184,9,'12205',1,NULL),(23082,228,1185,9,'12209',1,1),(23083,228,1141,10,'1871',1,NULL),(23084,228,1142,10,'1791',1,NULL),(23085,228,1143,10,'1873',1,1),(23086,228,1144,10,'1881',1,1),(23087,228,1145,10,'1885',1,1),(23088,228,1146,10,'1886',1,1),(23089,228,1147,10,'1888',1,1),(23090,228,1148,10,'1890',1,1),(23091,228,1149,10,'1892',1,1),(23092,228,1150,10,'1894',1,1),(23093,228,1151,10,'1897',1,1),(23094,228,1152,10,'1899',1,1),(23095,228,1154,10,'1900',1,1),(23096,228,1155,10,'1903',1,1),(23097,228,1156,10,'1904',1,1),(23098,228,146,11,'831',1,1),(23099,228,147,11,'961',1,1),(23100,228,148,11,'965',1,NULL),(23101,228,149,11,'920',1,1),(23102,228,150,11,'849',1,1),(23103,228,151,11,'854',1,1),(23104,228,152,11,'857',1,1),(23105,228,153,11,'859',1,1),(23106,228,154,11,'870',1,1),(23107,228,155,11,'873',1,1),(23108,228,156,11,'950',1,1),(23109,228,157,11,'967',1,1),(23110,228,158,11,'928',1,1),(23111,228,159,11,'931',1,1),(23112,228,160,11,'892',1,1),(23113,228,161,11,'940',1,1),(23114,228,162,11,'12251',1,1),(23115,228,163,11,'906',1,1),(23116,228,164,11,'12178',1,1),(23117,228,165,11,'945',1,1),(23118,228,166,12,'971',1,1),(23119,228,167,12,'984',1,1),(23120,228,168,12,'981',1,1),(23121,228,169,12,'990',1,1),(23122,228,170,12,'994',1,1),(23123,228,171,12,'997',1,1),(23124,228,172,12,'1000',1,1),(23125,228,173,12,'1134',1,1),(23126,228,174,12,'1138',1,1),(23127,228,175,12,'1013',1,1),(23128,228,176,12,'1017',1,1),(23129,228,177,12,'1019',1,1),(23130,228,178,12,'1021',1,1),(23131,228,179,12,'1023',1,1),(23132,228,180,12,'1025',1,1),(23133,228,181,13,'1199',1,1),(23134,228,182,13,'1201',1,1),(23135,228,183,13,'1209',1,1),(23136,228,184,13,'1045',1,1),(23137,228,185,13,'1212',1,1),(23138,228,186,13,'1222',1,1),(23139,228,187,13,'1228',1,1),(23140,228,188,13,'1234',1,1),(23141,228,189,13,'1072',1,1),(23142,228,191,13,'12213',1,1),(23143,228,192,13,'1084',1,1),(23144,228,193,13,'1090',1,1),(23145,228,194,13,'1274',1,1),(23146,228,195,13,'1267',1,1),(23147,228,196,13,'1263',1,1),(23148,228,197,13,'1261',1,1),(23149,228,198,13,'1256',1,1),(23150,228,199,13,'1249',1,1),(23151,228,200,13,'1243',1,1),(23152,228,201,14,'1141',1,NULL),(23153,228,202,14,'1146',1,1),(23154,228,203,14,'1152',1,1),(23155,228,204,14,'1157',1,1),(23156,228,205,14,'1162',1,1),(23157,228,206,14,'1163',1,1),(23158,228,207,14,'1165',1,1),(23159,228,208,14,'1169',1,1),(23160,228,209,14,'1174',1,1),(23161,228,210,14,'1179',1,1),(23162,228,1186,15,'12231',1,1),(23163,228,1188,15,'12228',1,1),(23164,228,1189,15,'12235',1,1),(23165,228,1190,15,'12243',1,1),(23166,228,1191,15,'12244',1,1),(23167,228,211,15,'1180',1,1),(23168,228,212,15,'1185',1,1),(23169,228,213,15,'12221',1,1),(23170,228,214,15,'1192',1,1),(23171,228,215,15,'1193',1,1),(23172,228,592,25,'11847',1,1),(23173,228,702,25,'11855',1,1),(23174,228,703,25,'11859',1,1),(23175,228,704,25,'11862',1,1),(23176,228,705,25,'11864',1,1),(23177,228,706,25,'11868',1,1),(23178,228,707,25,'11873',1,1),(23179,228,708,25,'11877',1,1),(23180,228,709,25,'11882',1,1),(23181,228,710,25,'11886',1,1),(23182,228,711,25,'11888',1,1),(23183,228,712,25,'11892',1,1),(23184,228,713,25,'11895',1,1),(23185,210,26,3,'463',1,1),(23186,210,27,3,'465',1,1),(23187,210,28,3,'468',1,NULL),(23188,210,29,3,'469',1,1),(23189,210,30,3,'471',1,1),(23190,210,31,3,'474',1,1),(23191,210,32,3,'475',1,1),(23192,210,33,3,'477',1,1),(23193,210,35,3,'485',1,1),(23194,210,36,3,'12247',1,1),(23195,210,37,3,'12149',1,1),(23196,210,38,3,'500',1,1),(23197,210,39,3,'508',1,1),(23198,210,40,3,'511',1,1),(23199,210,41,3,'12154',1,1),(23200,210,42,3,'12157',1,1),(23201,210,47,3,'521',1,1),(23202,210,48,3,'526',1,1),(23203,210,49,3,'12161',1,1),(23204,210,53,4,'296',1,1),(23205,210,54,4,'449',1,1),(23206,210,55,4,'300',1,1),(23207,210,57,4,'452',1,1),(23208,210,58,4,'414',1,1),(23209,210,59,4,'419',1,1),(23210,210,60,4,'325',1,1),(23211,210,61,4,'425',1,1),(23212,210,62,4,'327',1,1),(23213,210,63,4,'331',1,1),(23214,210,64,4,'333',1,1),(23215,210,65,4,'458',1,1),(23216,210,82,4,'343',1,1),(23217,210,83,4,'347',1,1),(23218,210,85,4,'459',1,1),(23219,210,67,5,'540',1,1),(23220,210,68,5,'544',1,1),(23221,210,69,5,'546',1,1),(23222,210,70,5,'551',1,1),(23223,210,71,5,'553',1,1),(23224,210,72,5,'557',1,1),(23225,210,73,5,'565',1,1),(23226,210,74,5,'569',1,1),(23227,210,75,5,'575',1,1),(23228,210,78,5,'582',1,1),(23229,210,79,5,'588',1,1),(23230,210,80,5,'591',1,NULL),(23231,210,81,5,'576',1,1),(23232,210,88,5,'596',1,1),(23233,210,89,5,'600',1,1),(23234,210,116,7,'694',1,1),(23235,210,117,7,'697',1,1),(23236,210,118,7,'703',1,1),(23237,210,119,7,'706',1,1),(23238,210,120,7,'711',1,1),(23239,210,121,7,'714',1,1),(23240,210,122,7,'720',1,1),(23241,210,124,7,'726',1,1),(23242,210,125,7,'745',1,1),(23243,210,126,7,'735',1,1),(23244,210,127,8,'750',1,1),(23245,210,128,8,'753',1,1),(23246,210,129,8,'759',1,1),(23247,210,130,8,'768',1,1),(23248,210,131,8,'767',1,1),(23249,210,132,8,'770',1,1),(23250,210,133,8,'773',1,1),(23251,210,134,8,'774',1,1),(23252,210,135,8,'777',1,1),(23253,210,136,8,'782',1,1),(23254,210,1131,9,'12181',1,1),(23255,210,1132,9,'11941',1,1),(23256,210,1133,9,'11945',1,1),(23257,210,1134,9,'11949',1,1),(23258,210,1135,9,'11950',1,1),(23259,210,1136,9,'12198',1,1),(23260,210,1137,9,'12188',1,1),(23261,210,1138,9,'11960',1,1),(23262,210,1140,9,'12191',1,1),(23263,210,138,9,'12197',1,1),(23264,210,140,9,'11911',1,1),(23265,210,141,9,'11917',1,1),(23266,210,142,9,'11922',1,1),(23267,210,1183,9,'12203',1,1),(23268,210,1184,9,'12207',1,1),(23269,210,1185,9,'12209',1,1),(23270,210,1141,10,'1871',1,NULL),(23271,210,1142,10,'1791',1,NULL),(23272,210,1143,10,'1873',1,1),(23273,210,1144,10,'1881',1,1),(23274,210,1145,10,'1885',1,1),(23275,210,1146,10,'1886',1,1),(23276,210,1147,10,'1888',1,1),(23277,210,1148,10,'1890',1,1),(23278,210,1149,10,'1892',1,1),(23279,210,1150,10,'1894',1,1),(23280,210,1151,10,'1897',1,1),(23281,210,1152,10,'1899',1,1),(23282,210,1154,10,'1900',1,1),(23283,210,1155,10,'1903',1,1),(23284,210,1156,10,'1904',1,1),(23285,210,1141,10,'1871',2,NULL),(23286,210,1142,10,'1791',2,NULL),(23287,210,1143,10,'1873',2,1),(23288,210,1144,10,'1881',2,1),(23289,210,1145,10,'1885',2,1),(23290,210,1146,10,'1886',2,1),(23291,210,1147,10,'1888',2,1),(23292,210,1148,10,'1890',2,1),(23293,210,1149,10,'1892',2,1),(23294,210,1150,10,'1894',2,1),(23295,210,1151,10,'1897',2,1),(23296,210,1152,10,'1899',2,1),(23297,210,1154,10,'1900',2,1),(23298,210,1155,10,'1903',2,1),(23299,210,1156,10,'1904',2,1),(23300,210,1141,10,'1871',3,NULL),(23301,210,1142,10,'1791',3,NULL),(23302,210,1143,10,'1873',3,1),(23303,210,1144,10,'1881',3,1),(23304,210,1145,10,'1885',3,1),(23305,210,1146,10,'1886',3,1),(23306,210,1147,10,'1888',3,1),(23307,210,1148,10,'1890',3,1),(23308,210,1149,10,'1892',3,1),(23309,210,1150,10,'1894',3,1),(23310,210,1151,10,'1897',3,1),(23311,210,1152,10,'1899',3,1),(23312,210,1154,10,'1900',3,1),(23313,210,1155,10,'1903',3,1),(23314,210,1156,10,'1904',3,1),(23315,210,146,11,'831',1,1),(23316,210,147,11,'961',1,1),(23317,210,148,11,'964',1,1),(23318,210,149,11,'920',1,1),(23319,210,150,11,'849',1,1),(23320,210,151,11,'854',1,1),(23321,210,152,11,'857',1,1),(23322,210,153,11,'859',1,1),(23323,210,154,11,'870',1,1),(23324,210,155,11,'873',1,1),(23325,210,156,11,'950',1,1),(23326,210,157,11,'967',1,1),(23327,210,158,11,'928',1,1),(23328,210,159,11,'931',1,1),(23329,210,160,11,'892',1,1),(23330,210,161,11,'940',1,1),(23331,210,162,11,'12251',1,1),(23332,210,163,11,'906',1,1),(23333,210,164,11,'12178',1,1),(23334,210,165,11,'945',1,1),(23335,212,592,25,'11847',1,1),(23336,212,702,25,'11855',1,1),(23337,212,703,25,'11859',1,1),(23338,212,704,25,'11862',1,1),(23339,212,705,25,'11864',1,1),(23340,212,706,25,'11868',1,1),(23341,212,707,25,'11873',1,1),(23342,212,708,25,'11877',1,1),(23343,212,709,25,'11882',1,1),(23344,212,710,25,'11886',1,1),(23345,212,711,25,'11888',1,1),(23346,212,712,25,'11892',1,1),(23347,212,713,25,'11895',1,1),(23348,205,67,5,'540',1,1),(23349,205,68,5,'544',1,1),(23350,205,69,5,'546',1,1),(23351,205,70,5,'552',1,NULL),(23352,205,71,5,'554',1,NULL),(23353,205,72,5,'558',1,NULL),(23354,205,73,5,'565',1,1),(23355,205,74,5,'569',1,1),(23356,205,75,5,'575',1,1),(23357,205,78,5,'580',1,NULL),(23358,205,79,5,'588',1,1),(23359,205,80,5,'589',1,NULL),(23360,205,81,5,'576',1,1),(23361,205,88,5,'594',1,NULL),(23362,205,89,5,'600',1,1),(23363,205,67,5,'540',2,1),(23364,205,68,5,'544',2,1),(23365,205,69,5,'546',2,1),(23366,205,70,5,'551',2,1),(23367,205,71,5,'556',2,NULL),(23368,205,72,5,'557',2,1),(23369,205,73,5,'565',2,1),(23370,205,74,5,'569',2,1),(23371,205,75,5,'574',2,NULL),(23372,205,78,5,'583',2,NULL),(23373,205,79,5,'588',2,1),(23374,205,80,5,'593',2,NULL),(23375,205,81,5,'576',2,1),(23376,205,88,5,'597',2,NULL),(23377,205,89,5,'600',2,1),(23378,205,67,5,'540',3,1),(23379,205,68,5,'544',3,1),(23380,205,69,5,'546',3,1),(23381,205,70,5,'551',3,1),(23382,205,71,5,'553',3,1),(23383,205,72,5,'557',3,1),(23384,205,73,5,'565',3,1),(23385,205,74,5,'569',3,1),(23386,205,75,5,'575',3,1),(23387,205,78,5,'582',3,1),(23388,205,79,5,'588',3,1),(23389,205,80,5,'589',3,NULL),(23390,205,81,5,'576',3,1),(23391,205,88,5,'595',3,NULL),(23392,205,89,5,'600',3,1),(23393,205,116,7,'694',1,1),(23394,205,117,7,'697',1,1),(23395,205,118,7,'703',1,1),(23396,205,119,7,'706',1,1),(23397,205,120,7,'709',1,NULL),(23398,205,121,7,'714',1,1),(23399,205,122,7,'717',1,NULL),(23400,205,124,7,'726',1,1),(23401,205,125,7,'745',1,1),(23402,205,126,7,'735',1,1),(23403,205,127,8,'750',1,1),(23404,205,128,8,'753',1,1),(23405,205,129,8,'758',1,NULL),(23406,205,130,8,'768',1,1),(23407,205,131,8,'767',1,1),(23408,205,132,8,'770',1,1),(23409,205,133,8,'773',1,1),(23410,205,134,8,'775',1,NULL),(23411,205,135,8,'777',1,1),(23412,205,136,8,'782',1,1),(23413,205,1131,9,'12179',1,NULL),(23414,205,1132,9,'11941',1,1),(23415,205,1133,9,'11945',1,1),(23416,205,1134,9,'11949',1,1),(23417,205,1135,9,'11951',1,NULL),(23418,205,1136,9,'12198',1,1),(23419,205,1137,9,'12188',1,1),(23420,205,1138,9,'11960',1,1),(23421,205,1140,9,'12191',1,1),(23422,205,138,9,'12197',1,1),(23423,205,140,9,'11911',1,1),(23424,205,141,9,'11918',1,NULL),(23425,205,142,9,'11923',1,NULL),(23426,205,1183,9,'12203',1,1),(23427,205,1184,9,'12206',1,NULL),(23428,205,1185,9,'12209',1,1),(23429,205,1131,9,'12179',2,NULL),(23430,205,1132,9,'11941',2,1),(23431,205,1133,9,'11945',2,1),(23432,205,1134,9,'11949',2,1),(23433,205,1135,9,'11950',2,1),(23434,205,1136,9,'12198',2,1),(23435,205,1137,9,'12188',2,1),(23436,205,1138,9,'11960',2,1),(23437,205,1140,9,'12191',2,1),(23438,205,138,9,'12197',2,1),(23439,205,140,9,'11911',2,1),(23440,205,141,9,'11916',2,NULL),(23441,205,142,9,'11922',2,1),(23442,205,1183,9,'12203',2,1),(23443,205,1184,9,'12204',2,NULL),(23444,205,1185,9,'12209',2,1),(23445,205,146,11,'834',1,NULL),(23446,205,147,11,'961',1,1),(23447,205,148,11,'963',1,NULL),(23448,205,149,11,'922',1,NULL),(23449,205,150,11,'850',1,NULL),(23450,205,151,11,'854',1,1),(23451,205,152,11,'857',1,1),(23452,205,153,11,'859',1,1),(23453,205,154,11,'870',1,1),(23454,205,155,11,'872',1,NULL),(23455,205,156,11,'950',1,1),(23456,205,157,11,'967',1,1),(23457,205,158,11,'928',1,1),(23458,205,159,11,'931',1,1),(23459,205,160,11,'892',1,1),(23460,205,161,11,'940',1,1),(23461,205,162,11,'12251',1,1),(23462,205,163,11,'906',1,1),(23463,205,164,11,'12178',1,1),(23464,205,165,11,'945',1,1),(23465,205,146,11,'831',2,1),(23466,205,147,11,'961',2,1),(23467,205,148,11,'965',2,NULL),(23468,205,149,11,'922',2,NULL),(23469,205,150,11,'850',2,NULL),(23470,205,151,11,'854',2,1),(23471,205,152,11,'857',2,1),(23472,205,153,11,'859',2,1),(23473,205,154,11,'870',2,1),(23474,205,155,11,'872',2,NULL),(23475,205,156,11,'950',2,1),(23476,205,157,11,'967',2,1),(23477,205,158,11,'928',2,1),(23478,205,159,11,'931',2,1),(23479,205,160,11,'892',2,1),(23480,205,161,11,'940',2,1),(23481,205,162,11,'12251',2,1),(23482,205,163,11,'906',2,1),(23483,205,164,11,'12178',2,1),(23484,205,165,11,'945',2,1),(23485,214,127,8,'750',1,1),(23486,214,128,8,'753',1,1),(23487,214,129,8,'759',1,1),(23488,214,130,8,'768',1,1),(23489,214,131,8,'767',1,1),(23490,214,132,8,'770',1,1),(23491,214,133,8,'773',1,1),(23492,214,134,8,'774',1,1),(23493,214,135,8,'777',1,1),(23494,214,136,8,'782',1,1),(23495,214,1131,9,'12181',1,1),(23496,214,1132,9,'11941',1,1),(23497,214,1133,9,'11945',1,1),(23498,214,1134,9,'11949',1,1),(23499,214,1135,9,'11950',1,1),(23500,214,1136,9,'12198',1,1),(23501,214,1137,9,'12186',1,NULL),(23502,214,1138,9,'11959',1,NULL),(23503,214,1140,9,'12191',1,1),(23504,214,138,9,'12197',1,1),(23505,214,140,9,'11911',1,1),(23506,214,141,9,'11917',1,1),(23507,214,142,9,'11923',1,NULL),(23508,214,1184,9,'12206',1,NULL),(23509,214,1185,9,'12209',1,1),(23510,205,166,12,'974',1,NULL),(23511,205,167,12,'985',1,NULL),(23512,205,168,12,'981',1,1),(23513,205,169,12,'990',1,1),(23514,205,170,12,'994',1,1),(23515,205,171,12,'998',1,NULL),(23516,205,172,12,'1000',1,1),(23517,205,173,12,'1133',1,NULL),(23518,205,174,12,'1138',1,1),(23519,205,175,12,'1013',1,1),(23520,205,176,12,'1017',1,1),(23521,205,177,12,'1019',1,1),(23522,205,178,12,'1021',1,1),(23523,205,179,12,'1023',1,1),(23524,205,180,12,'1025',1,1),(23525,205,166,12,'971',2,1),(23526,205,167,12,'984',2,1),(23527,205,168,12,'981',2,1),(23528,205,169,12,'990',2,1),(23529,205,170,12,'994',2,1),(23530,205,171,12,'997',2,1),(23531,205,172,12,'1000',2,1),(23532,205,173,12,'1136',2,NULL),(23533,205,174,12,'1140',2,NULL),(23534,205,175,12,'1013',2,1),(23535,205,176,12,'1017',2,1),(23536,205,177,12,'1019',2,1),(23537,205,178,12,'1021',2,1),(23538,205,179,12,'1023',2,1),(23539,205,180,12,'1025',2,1),(23540,205,181,13,'1199',1,1),(23541,205,182,13,'1201',1,1),(23542,205,183,13,'1209',1,1),(23543,205,184,13,'1045',1,1),(23544,205,185,13,'1211',1,NULL),(23545,205,186,13,'1222',1,1),(23546,205,187,13,'1228',1,1),(23547,205,188,13,'1234',1,1),(23548,205,189,13,'1072',1,1),(23549,205,191,13,'12213',1,1),(23550,205,192,13,'1084',1,1),(23551,205,193,13,'1090',1,1),(23552,205,194,13,'1274',1,1),(23553,205,195,13,'1267',1,1),(23554,205,196,13,'1263',1,1),(23555,205,197,13,'1261',1,1),(23556,205,198,13,'1256',1,1),(23557,205,199,13,'1249',1,1),(23558,205,200,13,'1243',1,1),(23559,205,1186,15,'12231',1,1),(23560,205,1188,15,'12227',1,NULL),(23561,205,1189,15,'12238',1,NULL),(23562,205,1190,15,'12243',1,1),(23563,205,1191,15,'12244',1,1),(23564,205,211,15,'1180',1,1),(23565,205,212,15,'1183',1,NULL),(23566,205,213,15,'12221',1,1),(23567,205,214,15,'1192',1,1),(23568,205,215,15,'1194',1,NULL),(23569,205,1186,15,'12231',2,1),(23570,205,1188,15,'12228',2,1),(23571,205,1189,15,'12235',2,1),(23572,205,1190,15,'12243',2,1),(23573,205,1191,15,'12244',2,1),(23574,205,211,15,'1180',2,1),(23575,205,212,15,'1182',2,NULL),(23576,205,213,15,'12221',2,1),(23577,205,214,15,'1192',2,1),(23578,205,215,15,'1193',2,1),(23579,205,592,25,'11847',1,1),(23580,205,702,25,'11855',1,1),(23581,205,703,25,'11859',1,1),(23582,205,704,25,'11862',1,1),(23583,205,705,25,'11864',1,1),(23584,205,706,25,'11867',1,NULL),(23585,205,707,25,'11874',1,NULL),(23586,205,708,25,'11876',1,NULL),(23587,205,709,25,'11882',1,1),(23588,205,710,25,'11887',1,NULL),(23589,205,711,25,'11888',1,1),(23590,205,712,25,'11892',1,1),(23591,205,713,25,'11894',1,NULL),(23592,205,592,25,'11847',2,1),(23593,205,702,25,'11855',2,1),(23594,205,703,25,'11859',2,1),(23595,205,704,25,'11862',2,1),(23596,205,705,25,'11864',2,1),(23597,205,706,25,'11869',2,NULL),(23598,205,707,25,'11873',2,1),(23599,205,708,25,'11876',2,NULL),(23600,205,709,25,'11882',2,1),(23601,205,710,25,'11886',2,1),(23602,205,711,25,'11888',2,1),(23603,205,712,25,'11892',2,1),(23604,205,713,25,'11895',2,1),(23605,205,201,14,'1141',1,NULL),(23606,205,202,14,'1146',1,1),(23607,205,203,14,'1150',1,NULL),(23608,205,204,14,'1157',1,1),(23609,205,205,14,'1162',1,1),(23610,205,206,14,'1163',1,1),(23611,205,207,14,'1165',1,1),(23612,205,208,14,'1169',1,1),(23613,205,209,14,'1171',1,NULL),(23614,205,210,14,'1179',1,1),(23615,205,201,14,'1142',2,1),(23616,205,202,14,'1146',2,1),(23617,205,203,14,'1150',2,NULL),(23618,205,204,14,'1157',2,1),(23619,205,205,14,'1162',2,1),(23620,205,206,14,'1163',2,1),(23621,205,207,14,'1166',2,NULL),(23622,205,208,14,'1169',2,1),(23623,205,209,14,'1173',2,NULL),(23624,205,210,14,'1179',2,1),(23625,205,201,14,'1141',3,NULL),(23626,205,202,14,'1146',3,1),(23627,205,203,14,'1148',3,NULL),(23628,205,204,14,'1157',3,1),(23629,205,205,14,'1162',3,1),(23630,205,206,14,'1163',3,1),(23631,205,207,14,'1165',3,1),(23632,205,208,14,'1168',3,NULL),(23633,205,209,14,'1174',3,1),(23634,205,210,14,'1179',3,1),(23635,205,201,14,'1143',4,NULL),(23636,205,202,14,'1146',4,1),(23637,205,203,14,'1151',4,NULL),(23638,205,204,14,'1157',4,1),(23639,205,205,14,'1162',4,1),(23640,205,206,14,'1163',4,1),(23641,205,207,14,'1167',4,NULL),(23642,205,208,14,'1168',4,NULL),(23643,205,209,14,'1171',4,NULL),(23644,205,210,14,'1179',4,1),(23645,205,201,14,'1145',5,NULL),(23646,205,202,14,'1146',5,1),(23647,205,203,14,'1148',5,NULL),(23648,205,204,14,'1157',5,1),(23649,205,205,14,'1162',5,1),(23650,205,206,14,'1163',5,1),(23651,205,207,14,'1165',5,1),(23652,205,208,14,'1168',5,NULL),(23653,205,209,14,'1173',5,NULL),(23654,205,210,14,'1179',5,1),(23655,205,201,14,'1142',6,1),(23656,205,202,14,'1146',6,1),(23657,205,203,14,'1148',6,NULL),(23658,205,204,14,'1157',6,1),(23659,205,205,14,'1162',6,1),(23660,205,206,14,'1163',6,1),(23661,205,207,14,'1165',6,1),(23662,205,208,14,'1169',6,1),(23663,205,209,14,'1174',6,1),(23664,205,210,14,'1179',6,1),(23665,210,181,13,'1199',1,1),(23666,210,182,13,'1201',1,1),(23667,210,183,13,'1209',1,1),(23668,210,184,13,'1045',1,1),(23669,210,185,13,'1212',1,1),(23670,210,186,13,'1222',1,1),(23671,210,187,13,'1228',1,1),(23672,210,188,13,'1234',1,1),(23673,210,189,13,'1072',1,1),(23674,210,191,13,'12213',1,1),(23675,210,192,13,'1084',1,1),(23676,210,193,13,'1091',1,NULL),(23677,210,194,13,'1274',1,1),(23678,210,195,13,'1267',1,1),(23679,210,196,13,'1263',1,1),(23680,210,197,13,'1261',1,1),(23681,210,198,13,'1256',1,1),(23682,210,199,13,'1249',1,1),(23683,210,200,13,'1243',1,1),(23684,210,201,14,'1145',1,NULL),(23685,210,202,14,'1146',1,1),(23686,210,203,14,'1152',1,1),(23687,210,204,14,'1157',1,1),(23688,210,205,14,'1162',1,1),(23689,210,206,14,'1163',1,1),(23690,210,207,14,'1165',1,1),(23691,210,208,14,'1169',1,1),(23692,210,209,14,'1174',1,1),(23693,210,210,14,'1179',1,1),(23694,210,1186,15,'12231',1,1),(23695,210,1188,15,'12228',1,1),(23696,210,1189,15,'12235',1,1),(23697,210,1190,15,'12243',1,1),(23698,210,1191,15,'12244',1,1),(23699,210,211,15,'1180',1,1),(23700,210,212,15,'1185',1,1),(23701,210,213,15,'12221',1,1),(23702,210,214,15,'1192',1,1),(23703,210,215,15,'1193',1,1),(23704,210,1186,15,'12231',2,1),(23705,210,1188,15,'12228',2,1),(23706,210,1189,15,'12235',2,1),(23707,210,1190,15,'12243',2,1),(23708,210,1191,15,'12244',2,1),(23709,210,211,15,'1180',2,1),(23710,210,212,15,'1185',2,1),(23711,210,213,15,'12221',2,1),(23712,210,214,15,'1192',2,1),(23713,210,215,15,'1193',2,1),(23714,210,1186,15,'12231',3,1),(23715,210,1188,15,'12228',3,1),(23716,210,1189,15,'12235',3,1),(23717,210,1190,15,'12243',3,1),(23718,210,1191,15,'12244',3,1),(23719,210,211,15,'1180',3,1),(23720,210,212,15,'1185',3,1),(23721,210,213,15,'12221',3,1),(23722,210,214,15,'1192',3,1),(23723,210,215,15,'1193',3,1),(23724,210,592,25,'11847',1,1),(23725,210,702,25,'11855',1,1),(23726,210,703,25,'11859',1,1),(23727,210,704,25,'11862',1,1),(23728,210,705,25,'11864',1,1),(23729,210,706,25,'11867',1,NULL),(23730,210,707,25,'11873',1,1),(23731,210,708,25,'11877',1,1),(23732,210,709,25,'11882',1,1),(23733,210,710,25,'11886',1,1),(23734,210,711,25,'11888',1,1),(23735,210,712,25,'11892',1,1),(23736,210,713,25,'11895',1,1),(23737,217,127,8,'750',1,1),(23738,217,128,8,'753',1,1),(23739,217,129,8,'759',1,1),(23740,217,130,8,'768',1,1),(23741,217,131,8,'767',1,1),(23742,217,132,8,'770',1,1),(23743,217,133,8,'773',1,1),(23744,217,134,8,'774',1,1),(23745,217,135,8,'777',1,1),(23746,217,136,8,'782',1,1),(23747,217,146,11,'831',1,1),(23748,217,147,11,'961',1,1),(23749,217,148,11,'964',1,1),(23750,217,149,11,'920',1,1),(23751,217,150,11,'849',1,1),(23752,217,151,11,'854',1,1),(23753,217,152,11,'857',1,1),(23754,217,153,11,'859',1,1),(23755,217,154,11,'870',1,1),(23756,217,155,11,'873',1,1),(23757,217,156,11,'950',1,1),(23758,217,157,11,'967',1,1),(23759,217,158,11,'928',1,1),(23760,217,159,11,'931',1,1),(23761,217,160,11,'892',1,1),(23762,217,161,11,'940',1,1),(23763,217,162,11,'12251',1,1),(23764,217,163,11,'906',1,1),(23765,217,164,11,'12178',1,1),(23766,217,165,11,'945',1,1),(23767,217,166,12,'971',1,1),(23768,217,167,12,'984',1,1),(23769,217,168,12,'981',1,1),(23770,217,169,12,'990',1,1),(23771,217,170,12,'994',1,1),(23772,217,171,12,'997',1,1),(23773,217,172,12,'1000',1,1),(23774,217,173,12,'1134',1,1),(23775,217,174,12,'1138',1,1),(23776,217,175,12,'1013',1,1),(23777,217,176,12,'1017',1,1),(23778,217,177,12,'1019',1,1),(23779,217,178,12,'1021',1,1),(23780,217,179,12,'1023',1,1),(23781,217,180,12,'1025',1,1),(23782,217,201,14,'1142',1,1),(23783,217,202,14,'1146',1,1),(23784,217,203,14,'1152',1,1),(23785,217,204,14,'1157',1,1),(23786,217,206,14,'1163',1,1),(23787,217,207,14,'1165',1,1),(23788,217,208,14,'1169',1,1),(23789,217,209,14,'1174',1,1),(23790,217,210,14,'1179',1,1),(23791,217,1186,15,'12231',1,1),(23792,217,1188,15,'12228',1,1),(23793,217,1189,15,'12235',1,1),(23794,217,1190,15,'12243',1,1),(23795,217,1191,15,'12244',1,1),(23796,217,211,15,'1180',1,1),(23797,217,212,15,'1185',1,1),(23798,217,213,15,'12221',1,1),(23799,217,214,15,'1192',1,1),(23800,217,215,15,'1193',1,1),(23801,217,592,25,'11847',1,1),(23802,217,702,25,'11855',1,1),(23803,217,703,25,'11859',1,1),(23804,217,704,25,'11862',1,1),(23805,217,705,25,'11864',1,1),(23806,217,706,25,'11868',1,1),(23807,217,707,25,'11873',1,1),(23808,217,709,25,'11882',1,1),(23809,217,710,25,'11886',1,1),(23810,217,711,25,'11888',1,1),(23811,217,712,25,'11892',1,1),(23812,217,713,25,'11895',1,1),(23813,222,26,3,'463',1,1),(23814,222,27,3,'465',1,1),(23815,222,28,3,'468',1,NULL),(23816,222,29,3,'469',1,1),(23817,222,30,3,'471',1,1),(23818,222,31,3,'474',1,1),(23819,222,32,3,'475',1,1),(23820,222,33,3,'477',1,1),(23821,222,35,3,'485',1,1),(23822,222,36,3,'12247',1,1),(23823,222,37,3,'12149',1,1),(23824,222,38,3,'500',1,1),(23825,222,39,3,'508',1,1),(23826,222,40,3,'511',1,1),(23827,222,41,3,'12153',1,NULL),(23828,222,42,3,'12157',1,1),(23829,222,47,3,'521',1,1),(23830,222,48,3,'526',1,1),(23831,222,49,3,'12161',1,1),(23832,217,1141,10,'1870',1,1),(23833,217,1142,10,'1792',1,NULL),(23834,217,1143,10,'1873',1,1),(23835,217,1144,10,'1881',1,1),(23836,217,1145,10,'1885',1,1),(23837,217,1146,10,'1886',1,1),(23838,217,1147,10,'1888',1,1),(23839,217,1148,10,'1890',1,1),(23840,217,1149,10,'1892',1,1),(23841,217,1150,10,'1894',1,1),(23842,217,1151,10,'1897',1,1),(23843,217,1152,10,'1899',1,1),(23844,217,1154,10,'1900',1,1),(23845,217,1155,10,'1903',1,1),(23846,217,1156,10,'1904',1,1),(23847,231,26,3,'463',1,1),(23848,231,27,3,'465',1,1),(23849,231,28,3,'467',1,1),(23850,231,29,3,'469',1,1),(23851,231,30,3,'471',1,1),(23852,231,31,3,'474',1,1),(23853,231,32,3,'475',1,1),(23854,231,33,3,'477',1,1),(23855,231,35,3,'485',1,1),(23856,231,36,3,'12247',1,1),(23857,231,37,3,'12149',1,1),(23858,231,38,3,'500',1,1),(23859,231,39,3,'508',1,1),(23860,231,40,3,'511',1,1),(23861,231,41,3,'12153',1,NULL),(23862,231,42,3,'12158',1,NULL),(23863,231,47,3,'521',1,1),(23864,231,48,3,'526',1,1),(23865,231,49,3,'12161',1,1),(23866,231,53,4,'296',1,1),(23867,231,54,4,'449',1,1),(23868,231,55,4,'300',1,1),(23869,231,57,4,'452',1,1),(23870,231,58,4,'414',1,1),(23871,231,59,4,'419',1,1),(23872,231,60,4,'325',1,1),(23873,231,61,4,'425',1,1),(23874,231,62,4,'327',1,1),(23875,231,63,4,'331',1,1),(23876,231,64,4,'333',1,1),(23877,231,65,4,'458',1,1),(23878,231,82,4,'343',1,1),(23879,231,83,4,'347',1,1),(23880,231,85,4,'459',1,1),(23881,217,1132,9,'11941',1,1),(23882,217,1133,9,'11945',1,1),(23883,217,1134,9,'11949',1,1),(23884,217,1135,9,'11950',1,1),(23885,217,1136,9,'12198',1,1),(23886,217,1137,9,'12188',1,1),(23887,217,1138,9,'11960',1,1),(23888,217,1140,9,'12191',1,1),(23889,217,138,9,'12197',1,1),(23890,217,140,9,'11911',1,1),(23891,217,141,9,'11917',1,1),(23892,217,142,9,'11921',1,NULL),(23893,217,1183,9,'12203',1,1),(23894,217,1184,9,'12207',1,1),(23895,217,1185,9,'12209',1,1),(23896,217,1132,9,'11941',2,1),(23897,217,1133,9,'11945',2,1),(23898,217,1134,9,'11949',2,1),(23899,217,1135,9,'11950',2,1),(23900,217,1136,9,'12198',2,1),(23901,217,1137,9,'12188',2,1),(23902,217,1138,9,'11960',2,1),(23903,217,1140,9,'12191',2,1),(23904,217,138,9,'12197',2,1),(23905,217,140,9,'11911',2,1),(23906,217,141,9,'11917',2,1),(23907,217,142,9,'11921',2,NULL),(23908,217,1183,9,'12203',2,1),(23909,217,1184,9,'12207',2,1),(23910,217,1185,9,'12209',2,1),(23911,217,181,13,'1199',1,1),(23912,217,182,13,'1201',1,1),(23913,217,183,13,'1209',1,1),(23914,217,184,13,'1045',1,1),(23915,217,185,13,'1212',1,1),(23916,217,186,13,'1222',1,1),(23917,217,187,13,'1228',1,1),(23918,217,189,13,'1072',1,1),(23919,217,191,13,'12213',1,1),(23920,217,192,13,'1084',1,1),(23921,217,193,13,'1090',1,1),(23922,217,194,13,'1274',1,1),(23923,217,195,13,'1267',1,1),(23924,217,196,13,'1263',1,1),(23925,217,197,13,'1261',1,1),(23926,217,198,13,'1256',1,1),(23927,217,199,13,'1249',1,1),(23928,217,200,13,'1243',1,1),(23929,222,53,4,'296',1,1),(23930,222,54,4,'449',1,1),(23931,222,55,4,'300',1,1),(23932,222,57,4,'452',1,1),(23933,222,58,4,'414',1,1),(23934,222,59,4,'419',1,1),(23935,222,60,4,'325',1,1),(23936,222,61,4,'425',1,1),(23937,222,62,4,'327',1,1),(23938,222,63,4,'331',1,1),(23939,222,64,4,'333',1,1),(23940,222,65,4,'458',1,1),(23941,222,82,4,'343',1,1),(23942,222,83,4,'347',1,1),(23943,222,85,4,'459',1,1),(23944,222,116,7,'694',1,1),(23945,222,117,7,'697',1,1),(23946,222,118,7,'703',1,1),(23947,222,119,7,'706',1,1),(23948,222,120,7,'711',1,1),(23949,222,121,7,'714',1,1),(23950,222,122,7,'718',1,NULL),(23951,222,124,7,'726',1,1),(23952,222,125,7,'745',1,1),(23953,222,126,7,'735',1,1),(23954,222,127,8,'750',1,1),(23955,222,128,8,'753',1,1),(23956,222,129,8,'759',1,1),(23957,222,130,8,'768',1,1),(23958,222,131,8,'766',1,NULL),(23959,222,132,8,'770',1,1),(23960,222,133,8,'773',1,1),(23961,222,134,8,'774',1,1),(23962,222,135,8,'777',1,1),(23963,222,136,8,'782',1,1),(23964,222,1131,9,'12181',1,1),(23965,222,1132,9,'11941',1,1),(23966,222,1133,9,'11945',1,1),(23967,222,1134,9,'11949',1,1),(23968,222,1135,9,'11950',1,1),(23969,222,1136,9,'12198',1,1),(23970,222,1137,9,'12188',1,1),(23971,222,1138,9,'11962',1,NULL),(23972,222,1140,9,'12191',1,1),(23973,222,138,9,'12197',1,1),(23974,222,140,9,'11911',1,1),(23975,222,141,9,'11916',1,NULL),(23976,222,142,9,'11921',1,NULL),(23977,222,1183,9,'12203',1,1),(23978,222,1184,9,'12207',1,1),(23979,222,1185,9,'12209',1,1),(23980,222,1141,10,'1870',1,1),(23981,222,1142,10,'1792',1,NULL),(23982,222,1143,10,'1873',1,1),(23983,222,1144,10,'1881',1,1),(23984,222,1145,10,'1885',1,1),(23985,222,1146,10,'1886',1,1),(23986,222,1147,10,'1888',1,1),(23987,222,1148,10,'1890',1,1),(23988,222,1149,10,'1893',1,NULL),(23989,222,1150,10,'1894',1,1),(23990,222,1151,10,'1897',1,1),(23991,222,1152,10,'1898',1,NULL),(23992,222,1154,10,'1900',1,1),(23993,222,1155,10,'1902',1,NULL),(23994,222,1156,10,'1904',1,1),(23995,222,1141,10,'1870',2,1),(23996,222,1142,10,'1792',2,NULL),(23997,222,1143,10,'1873',2,1),(23998,222,1144,10,'1881',2,1),(23999,222,1145,10,'1885',2,1),(24000,222,1146,10,'1886',2,1),(24001,222,1147,10,'1888',2,1),(24002,222,1148,10,'1891',2,NULL),(24003,222,1149,10,'1892',2,1),(24004,222,1150,10,'1894',2,1),(24005,222,1151,10,'1896',2,NULL),(24006,222,1152,10,'1899',2,1),(24007,222,1154,10,'1900',2,1),(24008,222,1155,10,'1903',2,1),(24009,222,1156,10,'1904',2,1),(24010,231,67,5,'540',1,1),(24011,231,68,5,'544',1,1),(24012,231,69,5,'548',1,NULL),(24013,231,70,5,'551',1,1),(24014,231,71,5,'553',1,1),(24015,231,72,5,'558',1,NULL),(24016,231,73,5,'565',1,1),(24017,231,74,5,'569',1,1),(24018,231,75,5,'575',1,1),(24019,231,78,5,'582',1,1),(24020,231,79,5,'584',1,NULL),(24021,231,80,5,'593',1,NULL),(24022,231,81,5,'576',1,1),(24023,231,88,5,'597',1,NULL),(24024,231,89,5,'600',1,1),(24025,231,67,5,'540',2,1),(24026,231,68,5,'544',2,1),(24027,231,69,5,'545',2,NULL),(24028,231,70,5,'552',2,NULL),(24029,231,71,5,'553',2,1),(24030,231,72,5,'558',2,NULL),(24031,231,73,5,'565',2,1),(24032,231,74,5,'569',2,1),(24033,231,75,5,'575',2,1),(24034,231,78,5,'582',2,1),(24035,231,79,5,'588',2,1),(24036,231,80,5,'591',2,NULL),(24037,231,81,5,'576',2,1),(24038,231,88,5,'596',2,1),(24039,231,89,5,'600',2,1),(24040,231,67,5,'540',3,1),(24041,231,68,5,'544',3,1),(24042,231,69,5,'548',3,NULL),(24043,231,70,5,'551',3,1),(24044,231,71,5,'553',3,1),(24045,231,72,5,'557',3,1),(24046,231,73,5,'565',3,1),(24047,231,74,5,'569',3,1),(24048,231,75,5,'575',3,1),(24049,231,78,5,'582',3,1),(24050,231,79,5,'588',3,1),(24051,231,80,5,'593',3,NULL),(24052,231,81,5,'576',3,1),(24053,231,88,5,'595',3,NULL),(24054,231,89,5,'600',3,1),(24055,231,116,7,'694',1,1),(24056,231,117,7,'695',1,NULL),(24057,231,118,7,'704',1,NULL),(24058,231,119,7,'706',1,1),(24059,231,120,7,'711',1,1),(24060,231,121,7,'714',1,1),(24061,231,122,7,'720',1,1),(24062,231,124,7,'726',1,1),(24063,231,125,7,'745',1,1),(24064,231,126,7,'735',1,1),(24065,231,127,8,'750',1,1),(24066,231,128,8,'753',1,1),(24067,231,129,8,'759',1,1),(24068,231,130,8,'768',1,1),(24069,231,131,8,'767',1,1),(24070,231,132,8,'770',1,1),(24071,231,133,8,'773',1,1),(24072,231,134,8,'774',1,1),(24073,231,135,8,'776',1,NULL),(24074,231,136,8,'782',1,1),(24075,231,1131,9,'12181',1,1),(24076,231,1132,9,'11941',1,1),(24077,231,1133,9,'11945',1,1),(24078,231,1134,9,'11949',1,1),(24079,231,1135,9,'11950',1,1),(24080,231,1136,9,'12198',1,1),(24081,231,1137,9,'12189',1,NULL),(24082,231,1138,9,'11960',1,1),(24083,231,1140,9,'12190',1,NULL),(24084,231,138,9,'12197',1,1),(24085,231,140,9,'11911',1,1),(24086,231,141,9,'11918',1,NULL),(24087,231,142,9,'11922',1,1),(24088,231,1183,9,'12203',1,1),(24089,231,1184,9,'12204',1,NULL),(24090,231,1185,9,'12208',1,NULL),(24091,222,146,11,'831',1,1),(24092,222,147,11,'961',1,1),(24093,222,148,11,'965',1,NULL),(24094,222,149,11,'920',1,1),(24095,222,150,11,'850',1,NULL),(24096,222,151,11,'854',1,1),(24097,222,152,11,'857',1,1),(24098,222,153,11,'859',1,1),(24099,222,154,11,'870',1,1),(24100,222,155,11,'872',1,NULL),(24101,222,156,11,'950',1,1),(24102,222,157,11,'967',1,1),(24103,222,158,11,'928',1,1),(24104,222,159,11,'931',1,1),(24105,222,160,11,'892',1,1),(24106,222,161,11,'940',1,1),(24107,222,162,11,'12251',1,1),(24108,222,163,11,'906',1,1),(24109,222,164,11,'12178',1,1),(24110,222,165,11,'945',1,1),(24111,222,166,12,'971',1,1),(24112,222,167,12,'984',1,1),(24113,222,168,12,'981',1,1),(24114,222,169,12,'990',1,1),(24115,222,170,12,'994',1,1),(24116,222,171,12,'997',1,1),(24117,222,172,12,'1000',1,1),(24118,222,173,12,'1136',1,NULL),(24119,222,174,12,'1140',1,NULL),(24120,222,175,12,'1013',1,1),(24121,222,176,12,'1017',1,1),(24122,222,177,12,'1019',1,1),(24123,222,178,12,'1021',1,1),(24124,222,179,12,'1023',1,1),(24125,222,180,12,'1025',1,1),(24126,222,181,13,'1199',1,1),(24127,222,182,13,'1201',1,1),(24128,222,183,13,'1209',1,1),(24129,222,184,13,'1045',1,1),(24130,222,185,13,'1212',1,1),(24131,222,186,13,'1222',1,1),(24132,222,187,13,'1228',1,1),(24133,222,188,13,'1234',1,1),(24134,222,189,13,'1072',1,1),(24135,222,191,13,'12213',1,1),(24136,222,192,13,'1084',1,1),(24137,222,193,13,'1090',1,1),(24138,222,194,13,'1272',1,NULL),(24139,222,195,13,'1271',1,NULL),(24140,222,196,13,'1263',1,1),(24141,222,197,13,'1261',1,1),(24142,222,198,13,'1256',1,1),(24143,222,199,13,'1249',1,1),(24144,222,200,13,'1243',1,1),(24145,222,201,14,'1141',1,NULL),(24146,222,202,14,'1146',1,1),(24147,222,203,14,'1149',1,NULL),(24148,222,204,14,'1157',1,1),(24149,222,205,14,'1162',1,1),(24150,222,206,14,'1163',1,1),(24151,222,207,14,'1165',1,1),(24152,222,208,14,'1169',1,1),(24153,222,209,14,'1174',1,1),(24154,222,210,14,'1179',1,1),(24155,222,1186,15,'12232',1,NULL),(24156,222,1188,15,'12228',1,1),(24157,222,1189,15,'12235',1,1),(24158,222,1190,15,'12239',1,NULL),(24159,222,1191,15,'12244',1,1),(24160,222,212,15,'1183',1,NULL),(24161,222,213,15,'12221',1,1),(24162,222,214,15,'1192',1,1),(24163,222,215,15,'1193',1,1),(24164,222,1186,15,'12234',2,NULL),(24165,222,1188,15,'12228',2,1),(24166,222,1189,15,'12235',2,1),(24167,222,1190,15,'12243',2,1),(24168,222,1191,15,'12244',2,1),(24169,222,211,15,'1181',2,NULL),(24170,222,212,15,'1185',2,1),(24171,222,213,15,'12221',2,1),(24172,222,214,15,'1192',2,1),(24173,222,215,15,'1193',2,1),(24174,224,26,3,'463',1,1),(24175,224,27,3,'466',1,NULL),(24176,224,28,3,'467',1,1),(24177,224,29,3,'469',1,1),(24178,224,30,3,'471',1,1),(24179,224,31,3,'474',1,1),(24180,224,32,3,'476',1,NULL),(24181,224,33,3,'477',1,1),(24182,224,35,3,'485',1,1),(24183,224,36,3,'12247',1,1),(24184,224,37,3,'12149',1,1),(24185,224,38,3,'500',1,1),(24186,224,39,3,'508',1,1),(24187,224,40,3,'511',1,1),(24188,224,41,3,'12154',1,1),(24189,224,42,3,'12157',1,1),(24190,224,47,3,'521',1,1),(24191,224,48,3,'526',1,1),(24192,224,49,3,'12161',1,1),(24193,222,592,25,'11847',1,1),(24194,222,702,25,'11855',1,1),(24195,222,703,25,'11859',1,1),(24196,222,704,25,'11862',1,1),(24197,222,705,25,'11864',1,1),(24198,222,706,25,'11869',1,NULL),(24199,222,707,25,'11873',1,1),(24200,222,708,25,'11877',1,1),(24201,222,709,25,'11882',1,1),(24202,222,710,25,'11886',1,1),(24203,222,711,25,'11888',1,1),(24204,222,712,25,'11892',1,1),(24205,222,713,25,'11894',1,NULL),(24206,231,1131,9,'12181',2,1),(24207,231,1132,9,'11941',2,1),(24208,231,1133,9,'11945',2,1),(24209,231,1134,9,'11949',2,1),(24210,231,1135,9,'11950',2,1),(24211,231,1136,9,'12198',2,1),(24212,231,1137,9,'12187',2,NULL),(24213,231,1138,9,'11962',2,NULL),(24214,231,1140,9,'12191',2,1),(24215,231,138,9,'12197',2,1),(24216,231,140,9,'11911',2,1),(24217,231,141,9,'11917',2,1),(24218,231,142,9,'11923',2,NULL),(24219,231,1183,9,'12202',2,NULL),(24220,231,1184,9,'12204',2,NULL),(24221,231,1185,9,'12209',2,1),(24222,224,53,4,'296',1,1),(24223,224,54,4,'449',1,1),(24224,224,55,4,'300',1,1),(24225,224,57,4,'452',1,1),(24226,224,58,4,'414',1,1),(24227,224,59,4,'419',1,1),(24228,224,60,4,'325',1,1),(24229,224,61,4,'425',1,1),(24230,224,62,4,'327',1,1),(24231,224,63,4,'331',1,1),(24232,224,64,4,'333',1,1),(24233,224,65,4,'458',1,1),(24234,224,82,4,'343',1,1),(24235,224,83,4,'347',1,1),(24236,224,85,4,'459',1,1),(24237,231,1131,9,'12181',3,1),(24238,231,1132,9,'11941',3,1),(24239,231,1133,9,'11945',3,1),(24240,231,1134,9,'11949',3,1),(24241,231,1135,9,'11950',3,1),(24242,231,1137,9,'12188',3,1),(24243,231,1138,9,'11960',3,1),(24244,231,1140,9,'12191',3,1),(24245,231,138,9,'12197',3,1),(24246,231,140,9,'11911',3,1),(24247,231,141,9,'11919',3,NULL),(24248,231,142,9,'11923',3,NULL),(24249,231,1183,9,'12203',3,1),(24250,231,1184,9,'12206',3,NULL),(24251,231,1185,9,'12209',3,1),(24252,224,67,5,'540',1,1),(24253,224,68,5,'544',1,1),(24254,224,69,5,'547',1,NULL),(24255,224,70,5,'551',1,1),(24256,224,71,5,'553',1,1),(24257,224,72,5,'558',1,NULL),(24258,224,73,5,'565',1,1),(24259,224,74,5,'569',1,1),(24260,224,75,5,'575',1,1),(24261,224,78,5,'582',1,1),(24262,224,79,5,'588',1,1),(24263,224,80,5,'592',1,1),(24264,224,81,5,'576',1,1),(24265,224,88,5,'597',1,NULL),(24266,224,89,5,'600',1,1),(24267,231,1131,9,'12181',4,1),(24268,231,1132,9,'11941',4,1),(24269,231,1133,9,'11945',4,1),(24270,231,1134,9,'11949',4,1),(24271,231,1135,9,'11950',4,1),(24272,231,1136,9,'12198',4,1),(24273,231,1137,9,'12188',4,1),(24274,231,1138,9,'11962',4,NULL),(24275,231,1140,9,'12191',4,1),(24276,231,138,9,'12197',4,1),(24277,231,140,9,'11911',4,1),(24278,231,141,9,'11917',4,1),(24279,231,142,9,'11920',4,NULL),(24280,231,1183,9,'12203',4,1),(24281,231,1184,9,'12205',4,NULL),(24282,231,1185,9,'12209',4,1),(24283,224,116,7,'694',1,1),(24284,224,117,7,'696',1,NULL),(24285,224,118,7,'704',1,NULL),(24286,224,119,7,'706',1,1),(24287,224,120,7,'711',1,1),(24288,224,121,7,'714',1,1),(24289,224,122,7,'720',1,1),(24290,224,124,7,'726',1,1),(24291,224,125,7,'745',1,1),(24292,224,126,7,'735',1,1),(24293,231,1141,10,'1872',1,NULL),(24294,231,1142,10,'1792',1,NULL),(24295,231,1143,10,'1873',1,1),(24296,231,1144,10,'1881',1,1),(24297,231,1145,10,'1883',1,NULL),(24298,231,1146,10,'1886',1,1),(24299,231,1147,10,'1888',1,1),(24300,231,1148,10,'1890',1,1),(24301,231,1149,10,'1893',1,NULL),(24302,231,1150,10,'1894',1,1),(24303,231,1151,10,'1897',1,1),(24304,231,1152,10,'1899',1,1),(24305,231,1154,10,'1900',1,1),(24306,231,1155,10,'1902',1,NULL),(24307,231,1156,10,'1904',1,1),(24308,209,26,3,'463',1,1),(24309,209,27,3,'465',1,1),(24310,209,28,3,'467',1,1),(24311,209,29,3,'469',1,1),(24312,209,30,3,'471',1,1),(24313,209,31,3,'474',1,1),(24314,209,32,3,'476',1,NULL),(24315,209,33,3,'477',1,1),(24316,209,35,3,'485',1,1),(24317,209,36,3,'12247',1,1),(24318,209,37,3,'12149',1,1),(24319,209,38,3,'500',1,1),(24320,209,39,3,'509',1,NULL),(24321,209,40,3,'511',1,1),(24322,209,41,3,'12154',1,1),(24323,209,42,3,'12157',1,1),(24324,209,47,3,'519',1,NULL),(24325,209,48,3,'526',1,1),(24326,209,49,3,'12166',1,NULL),(24327,231,1141,10,'1870',2,1),(24328,231,1142,10,'1789',2,NULL),(24329,231,1143,10,'1873',2,1),(24330,231,1144,10,'1881',2,1),(24331,231,1145,10,'1885',2,1),(24332,231,1146,10,'1886',2,1),(24333,231,1147,10,'1888',2,1),(24334,231,1148,10,'1890',2,1),(24335,231,1149,10,'1892',2,1),(24336,231,1150,10,'1894',2,1),(24337,231,1151,10,'1897',2,1),(24338,231,1152,10,'1899',2,1),(24339,231,1154,10,'1900',2,1),(24340,231,1155,10,'1903',2,1),(24341,231,1156,10,'1904',2,1),(24342,209,26,3,'463',2,1),(24343,209,27,3,'465',2,1),(24344,209,28,3,'468',2,NULL),(24345,209,29,3,'469',2,1),(24346,209,30,3,'471',2,1),(24347,209,31,3,'474',2,1),(24348,209,32,3,'475',2,1),(24349,209,33,3,'477',2,1),(24350,209,35,3,'485',2,1),(24351,209,36,3,'12247',2,1),(24352,209,37,3,'12149',2,1),(24353,209,38,3,'500',2,1),(24354,209,39,3,'509',2,NULL),(24355,209,40,3,'511',2,1),(24356,209,41,3,'12154',2,1),(24357,209,42,3,'12157',2,1),(24358,209,47,3,'519',2,NULL),(24359,209,48,3,'526',2,1),(24360,209,49,3,'12166',2,NULL),(24361,209,26,3,'463',3,1),(24362,209,27,3,'465',3,1),(24363,209,28,3,'468',3,NULL),(24364,209,29,3,'469',3,1),(24365,209,30,3,'471',3,1),(24366,209,31,3,'474',3,1),(24367,209,32,3,'475',3,1),(24368,209,33,3,'477',3,1),(24369,209,35,3,'485',3,1),(24370,209,36,3,'12247',3,1),(24371,209,37,3,'12149',3,1),(24372,209,38,3,'500',3,1),(24373,209,39,3,'508',3,1),(24374,209,40,3,'511',3,1),(24375,209,41,3,'12154',3,1),(24376,209,42,3,'12157',3,1),(24377,209,47,3,'519',3,NULL),(24378,209,48,3,'526',3,1),(24379,209,49,3,'12165',3,NULL),(24380,209,26,3,'463',4,1),(24381,209,27,3,'465',4,1),(24382,209,28,3,'468',4,NULL),(24383,209,29,3,'469',4,1),(24384,209,30,3,'471',4,1),(24385,209,31,3,'474',4,1),(24386,209,32,3,'475',4,1),(24387,209,33,3,'477',4,1),(24388,209,35,3,'485',4,1),(24389,209,36,3,'12247',4,1),(24390,209,37,3,'12149',4,1),(24391,209,38,3,'500',4,1),(24392,209,39,3,'508',4,1),(24393,209,40,3,'511',4,1),(24394,209,41,3,'12154',4,1),(24395,209,42,3,'12157',4,1),(24396,209,47,3,'519',4,NULL),(24397,209,48,3,'526',4,1),(24398,209,49,3,'12165',4,NULL),(24399,209,53,4,'296',1,1),(24400,209,54,4,'449',1,1),(24401,209,55,4,'300',1,1),(24402,209,57,4,'452',1,1),(24403,209,58,4,'414',1,1),(24404,209,59,4,'419',1,1),(24405,209,60,4,'325',1,1),(24406,209,61,4,'425',1,1),(24407,209,62,4,'327',1,1),(24408,209,63,4,'331',1,1),(24409,209,64,4,'333',1,1),(24410,209,65,4,'455',1,NULL),(24411,209,82,4,'343',1,1),(24412,209,83,4,'347',1,1),(24413,209,85,4,'459',1,1),(24414,209,67,5,'540',1,1),(24415,209,68,5,'544',1,1),(24416,209,69,5,'546',1,1),(24417,209,70,5,'551',1,1),(24418,209,71,5,'553',1,1),(24419,209,72,5,'557',1,1),(24420,209,73,5,'565',1,1),(24421,209,74,5,'569',1,1),(24422,209,75,5,'575',1,1),(24423,209,78,5,'580',1,NULL),(24424,209,79,5,'588',1,1),(24425,209,80,5,'593',1,NULL),(24426,209,81,5,'579',1,NULL),(24427,209,88,5,'594',1,NULL),(24428,209,89,5,'600',1,1),(24429,209,67,5,'540',2,1),(24430,209,68,5,'544',2,1),(24431,209,69,5,'546',2,1),(24432,209,70,5,'551',2,1),(24433,209,71,5,'553',2,1),(24434,209,72,5,'557',2,1),(24435,209,73,5,'565',2,1),(24436,209,74,5,'569',2,1),(24437,209,75,5,'575',2,1),(24438,209,78,5,'582',2,1),(24439,209,79,5,'588',2,1),(24440,209,80,5,'591',2,NULL),(24441,209,81,5,'576',2,1),(24442,209,88,5,'595',2,NULL),(24443,209,89,5,'600',2,1),(24444,209,116,7,'694',1,1),(24445,209,117,7,'697',1,1),(24446,209,118,7,'703',1,1),(24447,209,119,7,'706',1,1),(24448,209,120,7,'711',1,1),(24449,209,121,7,'714',1,1),(24450,209,122,7,'720',1,1),(24451,209,124,7,'726',1,1),(24452,209,125,7,'745',1,1),(24453,209,126,7,'735',1,1),(24454,209,127,8,'750',1,1),(24455,209,128,8,'753',1,1),(24456,209,129,8,'759',1,1),(24457,209,130,8,'768',1,1),(24458,209,131,8,'767',1,1),(24459,209,132,8,'770',1,1),(24460,209,133,8,'773',1,1),(24461,209,134,8,'774',1,1),(24462,209,135,8,'777',1,1),(24463,209,136,8,'782',1,1),(24464,209,1131,9,'12179',1,NULL),(24465,209,1132,9,'11939',1,NULL),(24466,209,1133,9,'11945',1,1),(24467,209,1134,9,'11949',1,1),(24468,209,1135,9,'11950',1,1),(24469,209,1136,9,'12198',1,1),(24470,209,1137,9,'12188',1,1),(24471,209,1138,9,'11960',1,1),(24472,209,1140,9,'12191',1,1),(24473,209,138,9,'12197',1,1),(24474,209,140,9,'11910',1,NULL),(24475,209,141,9,'11916',1,NULL),(24476,209,142,9,'11921',1,NULL),(24477,209,1183,9,'12201',1,NULL),(24478,209,1184,9,'12207',1,1),(24479,209,1185,9,'12209',1,1),(24480,209,1131,9,'12181',2,1),(24481,209,1132,9,'11938',2,NULL),(24482,209,1133,9,'11945',2,1),(24483,209,1134,9,'11949',2,1),(24484,209,1135,9,'11950',2,1),(24485,209,1136,9,'12198',2,1),(24486,209,1137,9,'12188',2,1),(24487,209,1138,9,'11960',2,1),(24488,209,1140,9,'12191',2,1),(24489,209,138,9,'12197',2,1),(24490,209,140,9,'11911',2,1),(24491,209,141,9,'11917',2,1),(24492,209,142,9,'11920',2,NULL),(24493,209,1183,9,'12203',2,1),(24494,209,1184,9,'12207',2,1),(24495,209,1185,9,'12209',2,1),(24496,209,1141,10,'1870',1,1),(24497,209,1142,10,'1792',1,NULL),(24498,209,1143,10,'1873',1,1),(24499,209,1144,10,'1881',1,1),(24500,209,1145,10,'1885',1,1),(24501,209,1146,10,'1886',1,1),(24502,209,1147,10,'1888',1,1),(24503,209,1148,10,'1890',1,1),(24504,209,1149,10,'1892',1,1),(24505,209,1150,10,'1894',1,1),(24506,209,1151,10,'1897',1,1),(24507,209,1152,10,'1899',1,1),(24508,209,1154,10,'1901',1,NULL),(24509,209,1155,10,'1902',1,NULL),(24510,209,1156,10,'1904',1,1),(24511,209,146,11,'834',1,NULL),(24512,209,147,11,'961',1,1),(24513,209,148,11,'965',1,NULL),(24514,209,149,11,'922',1,NULL),(24515,209,150,11,'850',1,NULL),(24516,209,151,11,'854',1,1),(24517,209,152,11,'857',1,1),(24518,209,153,11,'862',1,NULL),(24519,209,154,11,'870',1,1),(24520,209,155,11,'872',1,NULL),(24521,209,156,11,'950',1,1),(24522,209,157,11,'967',1,1),(24523,209,158,11,'928',1,1),(24524,209,159,11,'934',1,NULL),(24525,209,160,11,'892',1,1),(24526,209,161,11,'940',1,1),(24527,209,162,11,'12251',1,1),(24528,209,163,11,'906',1,1),(24529,209,164,11,'12178',1,1),(24530,209,165,11,'945',1,1),(24531,209,146,11,'831',2,1),(24532,209,147,11,'961',2,1),(24533,209,148,11,'964',2,1),(24534,209,149,11,'919',2,NULL),(24535,209,150,11,'847',2,NULL),(24536,209,151,11,'854',2,1),(24537,209,152,11,'857',2,1),(24538,209,153,11,'859',2,1),(24539,209,154,11,'870',2,1),(24540,209,155,11,'872',2,NULL),(24541,209,156,11,'950',2,1),(24542,209,157,11,'967',2,1),(24543,209,158,11,'928',2,1),(24544,209,159,11,'934',2,NULL),(24545,209,160,11,'892',2,1),(24546,209,161,11,'940',2,1),(24547,209,162,11,'12251',2,1),(24548,209,163,11,'906',2,1),(24549,209,164,11,'12178',2,1),(24550,209,165,11,'945',2,1),(24551,209,166,12,'971',1,1),(24552,209,167,12,'984',1,1),(24553,209,168,12,'981',1,1),(24554,209,169,12,'990',1,1),(24555,209,170,12,'994',1,1),(24556,209,171,12,'997',1,1),(24557,209,172,12,'1000',1,1),(24558,209,173,12,'1136',1,NULL),(24559,209,174,12,'1140',1,NULL),(24560,209,175,12,'1013',1,1),(24561,209,176,12,'1017',1,1),(24562,209,177,12,'1019',1,1),(24563,209,178,12,'1021',1,1),(24564,209,179,12,'1023',1,1),(24565,209,180,12,'1025',1,1),(24566,209,181,13,'1199',1,1),(24567,209,182,13,'1201',1,1),(24568,209,183,13,'1209',1,1),(24569,209,184,13,'1045',1,1),(24570,209,185,13,'1212',1,1),(24571,209,186,13,'1222',1,1),(24572,209,187,13,'1228',1,1),(24573,209,188,13,'1234',1,1),(24574,209,189,13,'1072',1,1),(24575,209,191,13,'12212',1,NULL),(24576,209,192,13,'1084',1,1),(24577,209,193,13,'1090',1,1),(24578,209,194,13,'1272',1,NULL),(24579,209,195,13,'1267',1,1),(24580,209,196,13,'1266',1,NULL),(24581,209,197,13,'1261',1,1),(24582,209,198,13,'1256',1,1),(24583,209,199,13,'1249',1,1),(24584,209,200,13,'1242',1,NULL),(24585,209,181,13,'1199',2,1),(24586,209,182,13,'1201',2,1),(24587,209,183,13,'1209',2,1),(24588,209,184,13,'1045',2,1),(24589,209,185,13,'1212',2,1),(24590,209,186,13,'1222',2,1),(24591,209,187,13,'1228',2,1),(24592,209,188,13,'1234',2,1),(24593,209,189,13,'1072',2,1),(24594,209,191,13,'12212',2,NULL),(24595,209,192,13,'1084',2,1),(24596,209,193,13,'1090',2,1),(24597,209,194,13,'1273',2,NULL),(24598,209,195,13,'1267',2,1),(24599,209,196,13,'1263',2,1),(24600,209,197,13,'1261',2,1),(24601,209,198,13,'1256',2,1),(24602,209,199,13,'1249',2,1),(24603,209,200,13,'1244',2,NULL),(24604,209,201,14,'1144',1,NULL),(24605,209,202,14,'1146',1,1),(24606,209,203,14,'1152',1,1),(24607,209,204,14,'1157',1,1),(24608,209,205,14,'1162',1,1),(24609,209,206,14,'1163',1,1),(24610,209,207,14,'1165',1,1),(24611,209,208,14,'1169',1,1),(24612,209,209,14,'1171',1,NULL),(24613,209,210,14,'1179',1,1),(24614,209,1186,15,'12234',1,NULL),(24615,209,1188,15,'12228',1,1),(24616,209,1189,15,'12235',1,1),(24617,209,1190,15,'12243',1,1),(24618,209,1191,15,'12244',1,1),(24619,209,211,15,'1180',1,1),(24620,209,212,15,'1185',1,1),(24621,209,213,15,'12221',1,1),(24622,209,214,15,'1192',1,1),(24623,209,215,15,'1193',1,1),(24624,209,592,25,'11847',1,1),(24625,209,702,25,'11855',1,1),(24626,209,703,25,'11858',1,NULL),(24627,209,704,25,'11861',1,NULL),(24628,209,705,25,'11864',1,1),(24629,209,706,25,'11868',1,1),(24630,209,707,25,'11873',1,1),(24631,209,708,25,'11875',1,NULL),(24632,209,709,25,'11882',1,1),(24633,209,710,25,'11887',1,NULL),(24634,209,711,25,'11888',1,1),(24635,209,712,25,'11892',1,1),(24636,209,713,25,'11895',1,1),(24637,209,592,25,'11847',2,1),(24638,209,702,25,'11855',2,1),(24639,209,703,25,'11859',2,1),(24640,209,704,25,'11862',2,1),(24641,209,705,25,'11864',2,1),(24642,209,706,25,'11868',2,1),(24643,209,707,25,'11873',2,1),(24644,209,708,25,'11876',2,NULL),(24645,209,709,25,'11882',2,1),(24646,209,710,25,'11883',2,NULL),(24647,209,711,25,'11888',2,1),(24648,209,712,25,'11892',2,1),(24649,209,713,25,'11895',2,1),(24650,231,146,11,'834',1,NULL),(24651,231,147,11,'960',1,NULL),(24652,231,148,11,'964',1,1),(24653,231,149,11,'922',1,NULL),(24654,231,150,11,'850',1,NULL),(24655,231,151,11,'854',1,1),(24656,231,152,11,'857',1,1),(24657,231,153,11,'859',1,1),(24658,231,154,11,'870',1,1),(24659,231,155,11,'874',1,NULL),(24660,231,156,11,'950',1,1),(24661,231,157,11,'967',1,1),(24662,231,158,11,'928',1,1),(24663,231,159,11,'931',1,1),(24664,231,160,11,'892',1,1),(24665,231,162,11,'12251',1,1),(24666,231,163,11,'906',1,1),(24667,231,164,11,'12178',1,1),(24668,231,165,11,'943',1,NULL),(24669,231,146,11,'831',2,1),(24670,231,147,11,'961',2,1),(24671,231,148,11,'964',2,1),(24672,231,149,11,'919',2,NULL),(24673,231,150,11,'848',2,NULL),(24674,231,151,11,'854',2,1),(24675,231,152,11,'857',2,1),(24676,231,153,11,'859',2,1),(24677,231,154,11,'870',2,1),(24678,231,155,11,'872',2,NULL),(24679,231,156,11,'950',2,1),(24680,231,157,11,'967',2,1),(24681,231,158,11,'928',2,1),(24682,231,159,11,'931',2,1),(24683,231,160,11,'892',2,1),(24684,231,161,11,'940',2,1),(24685,231,162,11,'12251',2,1),(24686,231,163,11,'906',2,1),(24687,231,164,11,'12178',2,1),(24688,231,165,11,'945',2,1),(24689,224,1131,9,'12181',1,1),(24690,224,1132,9,'11941',1,1),(24691,224,1133,9,'11945',1,1),(24692,224,1134,9,'11949',1,1),(24693,224,1135,9,'11950',1,1),(24694,224,1136,9,'12198',1,1),(24695,224,1137,9,'12188',1,1),(24696,224,1138,9,'11960',1,1),(24697,224,1140,9,'12191',1,1),(24698,224,138,9,'12197',1,1),(24699,224,140,9,'11911',1,1),(24700,224,141,9,'11918',1,NULL),(24701,224,142,9,'11920',1,NULL),(24702,224,1183,9,'12203',1,1),(24703,224,1184,9,'12207',1,1),(24704,224,1185,9,'12209',1,1),(24705,224,127,8,'750',1,1),(24706,224,128,8,'753',1,1),(24707,224,129,8,'759',1,1),(24708,224,130,8,'768',1,1),(24709,224,131,8,'767',1,1),(24710,224,132,8,'770',1,1),(24711,224,133,8,'773',1,1),(24712,224,134,8,'774',1,1),(24713,224,135,8,'777',1,1),(24714,224,136,8,'782',1,1),(24715,224,1141,10,'1870',1,1),(24716,224,1142,10,'1792',1,NULL),(24717,224,1143,10,'1873',1,1),(24718,224,1144,10,'1881',1,1),(24719,224,1145,10,'1885',1,1),(24720,224,1146,10,'1886',1,1),(24721,224,1147,10,'1888',1,1),(24722,224,1148,10,'1890',1,1),(24723,224,1149,10,'1893',1,NULL),(24724,224,1150,10,'1894',1,1),(24725,224,1151,10,'1897',1,1),(24726,224,1152,10,'1899',1,1),(24727,224,1154,10,'1900',1,1),(24728,224,1155,10,'1902',1,NULL),(24729,224,1156,10,'1904',1,1),(24730,211,26,3,'463',1,1),(24731,211,27,3,'465',1,1),(24732,211,28,3,'467',1,1),(24733,211,29,3,'469',1,1),(24734,211,30,3,'471',1,1),(24735,211,31,3,'474',1,1),(24736,211,32,3,'476',1,NULL),(24737,211,33,3,'477',1,1),(24738,211,35,3,'485',1,1),(24739,211,36,3,'12247',1,1),(24740,211,37,3,'12149',1,1),(24741,211,38,3,'500',1,1),(24742,211,39,3,'508',1,1),(24743,211,40,3,'511',1,1),(24744,211,41,3,'12154',1,1),(24745,211,42,3,'12157',1,1),(24746,211,47,3,'521',1,1),(24747,211,48,3,'526',1,1),(24748,211,49,3,'12161',1,1),(24749,211,53,4,'296',1,1),(24750,211,54,4,'449',1,1),(24751,211,55,4,'300',1,1),(24752,211,57,4,'452',1,1),(24753,211,58,4,'414',1,1),(24754,211,59,4,'419',1,1),(24755,211,60,4,'325',1,1),(24756,211,61,4,'425',1,1),(24757,211,62,4,'327',1,1),(24758,211,63,4,'331',1,1),(24759,211,64,4,'333',1,1),(24760,211,65,4,'458',1,1),(24761,211,82,4,'343',1,1),(24762,211,83,4,'347',1,1),(24763,211,85,4,'459',1,1),(24764,211,67,5,'540',1,1),(24765,211,68,5,'544',1,1),(24766,211,69,5,'546',1,1),(24767,211,70,5,'551',1,1),(24768,211,71,5,'553',1,1),(24769,211,72,5,'557',1,1),(24770,211,73,5,'565',1,1),(24771,211,74,5,'569',1,1),(24772,211,75,5,'575',1,1),(24773,211,78,5,'582',1,1),(24774,211,79,5,'588',1,1),(24775,211,80,5,'591',1,NULL),(24776,211,81,5,'576',1,1),(24777,211,88,5,'596',1,1),(24778,211,89,5,'600',1,1),(24779,211,116,7,'694',1,1),(24780,211,117,7,'697',1,1),(24781,211,118,7,'703',1,1),(24782,211,119,7,'706',1,1),(24783,211,120,7,'711',1,1),(24784,211,121,7,'714',1,1),(24785,211,122,7,'720',1,1),(24786,211,124,7,'726',1,1),(24787,211,125,7,'745',1,1),(24788,211,126,7,'735',1,1),(24789,211,127,8,'750',1,1),(24790,211,128,8,'753',1,1),(24791,211,129,8,'759',1,1),(24792,211,130,8,'768',1,1),(24793,211,131,8,'767',1,1),(24794,211,132,8,'770',1,1),(24795,211,133,8,'773',1,1),(24796,211,134,8,'774',1,1),(24797,211,135,8,'777',1,1),(24798,211,136,8,'782',1,1),(24799,224,146,11,'831',1,1),(24800,224,147,11,'961',1,1),(24801,224,148,11,'964',1,1),(24802,224,149,11,'919',1,NULL),(24803,224,150,11,'850',1,NULL),(24804,224,151,11,'854',1,1),(24805,224,152,11,'857',1,1),(24806,224,153,11,'859',1,1),(24807,224,154,11,'870',1,1),(24808,224,155,11,'872',1,NULL),(24809,224,156,11,'950',1,1),(24810,224,157,11,'967',1,1),(24811,224,158,11,'928',1,1),(24812,224,159,11,'931',1,1),(24813,224,160,11,'892',1,1),(24814,224,161,11,'940',1,1),(24815,224,162,11,'12251',1,1),(24816,224,163,11,'906',1,1),(24817,224,164,11,'12178',1,1),(24818,224,165,11,'945',1,1),(24819,211,1131,9,'12181',1,1),(24820,211,1132,9,'11941',1,1),(24821,211,1133,9,'11945',1,1),(24822,211,1134,9,'11949',1,1),(24823,211,1135,9,'11950',1,1),(24824,211,1136,9,'12198',1,1),(24825,211,1137,9,'12188',1,1),(24826,211,1138,9,'11960',1,1),(24827,211,1140,9,'12191',1,1),(24828,211,138,9,'12197',1,1),(24829,211,140,9,'11911',1,1),(24830,211,141,9,'11917',1,1),(24831,211,142,9,'11922',1,1),(24832,211,1183,9,'12203',1,1),(24833,211,1184,9,'12207',1,1),(24834,211,1185,9,'12209',1,1),(24835,224,166,12,'974',1,NULL),(24836,224,167,12,'984',1,1),(24837,224,168,12,'981',1,1),(24838,224,169,12,'989',1,NULL),(24839,224,170,12,'994',1,1),(24840,224,171,12,'997',1,1),(24841,224,172,12,'1000',1,1),(24842,224,173,12,'1134',1,1),(24843,224,174,12,'1138',1,1),(24844,224,175,12,'1013',1,1),(24845,224,176,12,'1017',1,1),(24846,224,177,12,'1019',1,1),(24847,224,178,12,'1021',1,1),(24848,224,179,12,'1024',1,NULL),(24849,224,180,12,'1025',1,1),(24850,224,166,12,'971',2,1),(24851,224,167,12,'984',2,1),(24852,224,168,12,'981',2,1),(24853,224,169,12,'990',2,1),(24854,224,170,12,'994',2,1),(24855,224,171,12,'997',2,1),(24856,224,172,12,'1000',2,1),(24857,224,173,12,'1134',2,1),(24858,224,174,12,'1138',2,1),(24859,224,175,12,'1013',2,1),(24860,224,176,12,'1017',2,1),(24861,224,177,12,'1019',2,1),(24862,224,178,12,'1021',2,1),(24863,224,179,12,'1023',2,1),(24864,224,180,12,'1025',2,1),(24865,211,1141,10,'1870',1,1),(24866,211,1142,10,'1792',1,NULL),(24867,211,1143,10,'1873',1,1),(24868,211,1144,10,'1881',1,1),(24869,211,1145,10,'1885',1,1),(24870,211,1146,10,'1886',1,1),(24871,211,1147,10,'1888',1,1),(24872,211,1148,10,'1890',1,1),(24873,211,1149,10,'1892',1,1),(24874,211,1150,10,'1894',1,1),(24875,211,1151,10,'1897',1,1),(24876,211,1152,10,'1899',1,1),(24877,211,1154,10,'1900',1,1),(24878,211,1155,10,'1903',1,1),(24879,211,1156,10,'1904',1,1),(24880,211,146,11,'831',1,1),(24881,211,147,11,'961',1,1),(24882,211,148,11,'964',1,1),(24883,211,149,11,'920',1,1),(24884,211,150,11,'849',1,1),(24885,211,151,11,'854',1,1),(24886,211,152,11,'857',1,1),(24887,211,153,11,'859',1,1),(24888,211,154,11,'870',1,1),(24889,211,155,11,'873',1,1),(24890,211,156,11,'950',1,1),(24891,211,157,11,'967',1,1),(24892,211,158,11,'928',1,1),(24893,211,159,11,'931',1,1),(24894,211,160,11,'892',1,1),(24895,211,161,11,'940',1,1),(24896,211,162,11,'12251',1,1),(24897,211,163,11,'906',1,1),(24898,211,164,11,'12178',1,1),(24899,211,165,11,'945',1,1),(24900,211,166,12,'971',1,1),(24901,211,167,12,'984',1,1),(24902,211,168,12,'981',1,1),(24903,211,169,12,'990',1,1),(24904,211,170,12,'994',1,1),(24905,211,171,12,'997',1,1),(24906,211,172,12,'1000',1,1),(24907,211,173,12,'1134',1,1),(24908,211,174,12,'1138',1,1),(24909,211,175,12,'1013',1,1),(24910,211,176,12,'1017',1,1),(24911,211,177,12,'1019',1,1),(24912,211,178,12,'1021',1,1),(24913,211,179,12,'1023',1,1),(24914,211,180,12,'1025',1,1),(24915,211,181,13,'1199',1,1),(24916,211,182,13,'1201',1,1),(24917,211,183,13,'1209',1,1),(24918,211,184,13,'1045',1,1),(24919,211,185,13,'1212',1,1),(24920,211,186,13,'1222',1,1),(24921,211,187,13,'1228',1,1),(24922,211,188,13,'1234',1,1),(24923,211,189,13,'1072',1,1),(24924,211,191,13,'12213',1,1),(24925,211,192,13,'1084',1,1),(24926,211,193,13,'1090',1,1),(24927,211,194,13,'1274',1,1),(24928,211,195,13,'1267',1,1),(24929,211,196,13,'1263',1,1),(24930,211,197,13,'1261',1,1),(24931,211,198,13,'1256',1,1),(24932,211,199,13,'1249',1,1),(24933,211,200,13,'1243',1,1),(24934,211,201,14,'1145',1,NULL),(24935,211,202,14,'1146',1,1),(24936,211,203,14,'1152',1,1),(24937,211,204,14,'1157',1,1),(24938,211,205,14,'1162',1,1),(24939,211,206,14,'1163',1,1),(24940,211,207,14,'1165',1,1),(24941,211,208,14,'1169',1,1),(24942,211,209,14,'1174',1,1),(24943,211,210,14,'1179',1,1),(24944,211,1186,15,'12231',1,1),(24945,211,1188,15,'12228',1,1),(24946,211,1189,15,'12235',1,1),(24947,211,1190,15,'12243',1,1),(24948,211,1191,15,'12244',1,1),(24949,211,211,15,'1180',1,1),(24950,211,212,15,'1185',1,1),(24951,211,213,15,'12221',1,1),(24952,211,214,15,'1192',1,1),(24953,211,215,15,'1193',1,1),(24954,211,592,25,'11847',1,1),(24955,211,702,25,'11855',1,1),(24956,211,703,25,'11859',1,1),(24957,211,704,25,'11862',1,1),(24958,211,705,25,'11864',1,1),(24959,211,706,25,'11868',1,1),(24960,211,707,25,'11873',1,1),(24961,211,708,25,'11877',1,1),(24962,211,709,25,'11882',1,1),(24963,211,710,25,'11886',1,1),(24964,211,711,25,'11888',1,1),(24965,211,712,25,'11892',1,1),(24966,211,713,25,'11895',1,1),(24967,224,181,13,'1199',1,1),(24968,224,182,13,'1201',1,1),(24969,224,183,13,'1209',1,1),(24970,224,184,13,'1042',1,NULL),(24971,224,185,13,'1213',1,NULL),(24972,224,186,13,'1222',1,1),(24973,224,187,13,'1228',1,1),(24974,224,188,13,'1234',1,1),(24975,224,189,13,'1073',1,NULL),(24976,224,191,13,'12212',1,NULL),(24977,224,192,13,'1084',1,1),(24978,224,193,13,'1090',1,1),(24979,224,194,13,'1274',1,1),(24980,224,195,13,'1267',1,1),(24981,224,196,13,'1263',1,1),(24982,224,197,13,'1261',1,1),(24983,224,198,13,'1256',1,1),(24984,224,199,13,'1249',1,1),(24985,224,200,13,'1245',1,NULL),(24986,223,26,3,'463',1,1),(24987,223,27,3,'465',1,1),(24988,223,28,3,'467',1,1),(24989,223,29,3,'469',1,1),(24990,223,30,3,'471',1,1),(24991,223,31,3,'474',1,1),(24992,223,32,3,'476',1,NULL),(24993,223,33,3,'477',1,1),(24994,223,35,3,'485',1,1),(24995,223,36,3,'12247',1,1),(24996,223,37,3,'12149',1,1),(24997,223,38,3,'498',1,NULL),(24998,223,39,3,'508',1,1),(24999,223,40,3,'510',1,NULL),(25000,223,41,3,'12154',1,1),(25001,223,42,3,'12158',1,NULL),(25002,223,47,3,'520',1,NULL),(25003,223,48,3,'526',1,1),(25004,223,49,3,'12161',1,1),(25005,223,26,3,'463',2,1),(25006,223,27,3,'465',2,1),(25007,223,28,3,'467',2,1),(25008,223,29,3,'469',2,1),(25009,223,30,3,'471',2,1),(25010,223,31,3,'474',2,1),(25011,223,32,3,'475',2,1),(25012,223,33,3,'477',2,1),(25013,223,35,3,'485',2,1),(25014,223,36,3,'12247',2,1),(25015,223,37,3,'12149',2,1),(25016,223,38,3,'499',2,NULL),(25017,223,39,3,'508',2,1),(25018,223,40,3,'511',2,1),(25019,223,41,3,'12153',2,NULL),(25020,223,42,3,'12158',2,NULL),(25021,223,47,3,'521',2,1),(25022,223,48,3,'526',2,1),(25023,223,49,3,'12161',2,1),(25024,223,53,4,'296',1,1),(25025,223,54,4,'449',1,1),(25026,223,55,4,'300',1,1),(25027,223,57,4,'452',1,1),(25028,223,58,4,'414',1,1),(25029,223,59,4,'419',1,1),(25030,223,60,4,'325',1,1),(25031,223,61,4,'425',1,1),(25032,223,62,4,'327',1,1),(25033,223,63,4,'331',1,1),(25034,223,64,4,'333',1,1),(25035,223,65,4,'455',1,NULL),(25036,223,82,4,'343',1,1),(25037,223,83,4,'347',1,1),(25038,223,85,4,'459',1,1),(25039,223,67,5,'540',1,1),(25040,223,68,5,'544',1,1),(25041,223,69,5,'546',1,1),(25042,223,70,5,'551',1,1),(25043,223,71,5,'553',1,1),(25044,223,72,5,'557',1,1),(25045,223,73,5,'565',1,1),(25046,223,74,5,'569',1,1),(25047,223,75,5,'571',1,NULL),(25048,223,78,5,'581',1,NULL),(25049,223,79,5,'588',1,1),(25050,223,80,5,'589',1,NULL),(25051,223,81,5,'576',1,1),(25052,223,88,5,'594',1,NULL),(25053,223,89,5,'600',1,1),(25054,223,67,5,'540',2,1),(25055,223,68,5,'544',2,1),(25056,223,69,5,'546',2,1),(25057,223,70,5,'551',2,1),(25058,223,71,5,'553',2,1),(25059,223,72,5,'557',2,1),(25060,223,73,5,'565',2,1),(25061,223,74,5,'569',2,1),(25062,223,75,5,'575',2,1),(25063,223,78,5,'580',2,NULL),(25064,223,79,5,'588',2,1),(25065,223,80,5,'593',2,NULL),(25066,223,81,5,'576',2,1),(25067,223,88,5,'596',2,1),(25068,223,89,5,'600',2,1),(25069,223,116,7,'694',1,1),(25070,223,117,7,'697',1,1),(25071,223,118,7,'703',1,1),(25072,223,119,7,'706',1,1),(25073,223,120,7,'711',1,1),(25074,223,121,7,'714',1,1),(25075,223,122,7,'720',1,1),(25076,223,124,7,'726',1,1),(25077,223,125,7,'745',1,1),(25078,223,126,7,'735',1,1),(25079,223,592,25,'11847',1,1),(25080,223,702,25,'11855',1,1),(25081,223,703,25,'11859',1,1),(25082,223,704,25,'11862',1,1),(25083,223,705,25,'11864',1,1),(25084,223,706,25,'11867',1,NULL),(25085,223,707,25,'11873',1,1),(25086,223,708,25,'11876',1,NULL),(25087,223,709,25,'11882',1,1),(25088,223,710,25,'11887',1,NULL),(25089,223,711,25,'11888',1,1),(25090,223,712,25,'11890',1,NULL),(25091,223,713,25,'11894',1,NULL),(25092,223,592,25,'11847',2,1),(25093,223,702,25,'11855',2,1),(25094,223,703,25,'11859',2,1),(25095,223,704,25,'11862',2,1),(25096,223,705,25,'11864',2,1),(25097,223,706,25,'11868',2,1),(25098,223,707,25,'11873',2,1),(25099,223,708,25,'11875',2,NULL),(25100,223,709,25,'11882',2,1),(25101,223,710,25,'11886',2,1),(25102,223,711,25,'11888',2,1),(25103,223,712,25,'11891',2,NULL),(25104,223,713,25,'11895',2,1),(25105,223,1186,15,'12231',1,1),(25106,223,1188,15,'12228',1,1),(25107,223,1189,15,'12235',1,1),(25108,223,1190,15,'12239',1,NULL),(25109,223,1191,15,'12244',1,1),(25110,223,211,15,'1180',1,1),(25111,223,212,15,'1185',1,1),(25112,223,213,15,'12221',1,1),(25113,223,214,15,'1192',1,1),(25114,223,215,15,'1193',1,1),(25115,223,201,14,'1141',1,NULL),(25116,223,202,14,'1146',1,1),(25117,223,203,14,'1151',1,NULL),(25118,223,204,14,'1157',1,1),(25119,223,205,14,'1162',1,1),(25120,223,206,14,'1163',1,1),(25121,223,207,14,'1165',1,1),(25122,223,208,14,'1168',1,NULL),(25123,223,209,14,'1171',1,NULL),(25124,223,210,14,'1179',1,1),(25125,223,201,14,'1142',2,1),(25126,223,202,14,'1146',2,1),(25127,223,203,14,'1148',2,NULL),(25128,223,204,14,'1157',2,1),(25129,223,205,14,'1162',2,1),(25130,223,206,14,'1163',2,1),(25131,223,207,14,'1165',2,1),(25132,223,208,14,'1169',2,1),(25133,223,209,14,'1172',2,NULL),(25134,223,210,14,'1179',2,1),(25135,223,1141,10,'1870',1,1),(25136,223,1142,10,'1792',1,NULL),(25137,223,1143,10,'1873',1,1),(25138,223,1144,10,'1881',1,1),(25139,223,1145,10,'1885',1,1),(25140,223,1146,10,'1886',1,1),(25141,223,1147,10,'1888',1,1),(25142,223,1148,10,'1890',1,1),(25143,223,1149,10,'1892',1,1),(25144,223,1150,10,'1894',1,1),(25145,223,1151,10,'1897',1,1),(25146,223,1152,10,'1899',1,1),(25147,223,1154,10,'1900',1,1),(25148,223,1155,10,'1902',1,NULL),(25149,223,1156,10,'1904',1,1),(25150,223,181,13,'1199',1,1),(25151,223,182,13,'1201',1,1),(25152,223,183,13,'1209',1,1),(25153,223,184,13,'1045',1,1),(25154,223,185,13,'1212',1,1),(25155,223,186,13,'1222',1,1),(25156,223,187,13,'1228',1,1),(25157,223,188,13,'1234',1,1),(25158,223,189,13,'1072',1,1),(25159,223,191,13,'12212',1,NULL),(25160,223,192,13,'1084',1,1),(25161,223,193,13,'1090',1,1),(25162,223,194,13,'1274',1,1),(25163,223,195,13,'1267',1,1),(25164,223,196,13,'1266',1,NULL),(25165,223,197,13,'1261',1,1),(25166,223,198,13,'1256',1,1),(25167,223,199,13,'1249',1,1),(25168,223,200,13,'1243',1,1),(25169,223,166,12,'971',1,1),(25170,223,167,12,'984',1,1),(25171,223,168,12,'981',1,1),(25172,223,169,12,'989',1,NULL),(25173,223,170,12,'994',1,1),(25174,223,171,12,'997',1,1),(25175,223,172,12,'1000',1,1),(25176,223,173,12,'1136',1,NULL),(25177,223,174,12,'1140',1,NULL),(25178,223,175,12,'1013',1,1),(25179,223,176,12,'1017',1,1),(25180,223,177,12,'1019',1,1),(25181,223,178,12,'1021',1,1),(25182,223,179,12,'1023',1,1),(25183,223,180,12,'1025',1,1),(25184,223,146,11,'831',1,1),(25185,223,147,11,'961',1,1),(25186,223,148,11,'965',1,NULL),(25187,223,149,11,'922',1,NULL),(25188,223,150,11,'850',1,NULL),(25189,223,151,11,'854',1,1),(25190,223,152,11,'857',1,1),(25191,223,153,11,'859',1,1),(25192,223,154,11,'870',1,1),(25193,223,155,11,'872',1,NULL),(25194,223,156,11,'950',1,1),(25195,223,157,11,'968',1,NULL),(25196,223,158,11,'930',1,NULL),(25197,223,159,11,'933',1,NULL),(25198,223,160,11,'892',1,1),(25199,223,161,11,'940',1,1),(25200,223,162,11,'12251',1,1),(25201,223,163,11,'906',1,1),(25202,223,164,11,'12176',1,NULL),(25203,223,165,11,'945',1,1),(25204,223,146,11,'831',2,1),(25205,223,147,11,'961',2,1),(25206,223,148,11,'964',2,1),(25207,223,149,11,'921',2,NULL),(25208,223,150,11,'848',2,NULL),(25209,223,151,11,'854',2,1),(25210,223,152,11,'857',2,1),(25211,223,153,11,'859',2,1),(25212,223,154,11,'869',2,NULL),(25213,223,155,11,'873',2,1),(25214,223,156,11,'950',2,1),(25215,223,157,11,'967',2,1),(25216,223,158,11,'929',2,NULL),(25217,223,159,11,'931',2,1),(25218,223,160,11,'892',2,1),(25219,223,161,11,'939',2,NULL),(25220,223,162,11,'12251',2,1),(25221,223,163,11,'906',2,1),(25222,223,164,11,'12178',2,1),(25223,223,165,11,'945',2,1),(25224,223,146,11,'831',3,1),(25225,223,147,11,'961',3,1),(25226,223,148,11,'964',3,1),(25227,223,149,11,'922',3,NULL),(25228,223,150,11,'847',3,NULL),(25229,223,151,11,'854',3,1),(25230,223,152,11,'857',3,1),(25231,223,153,11,'859',3,1),(25232,223,154,11,'870',3,1),(25233,223,155,11,'873',3,1),(25234,223,156,11,'950',3,1),(25235,223,157,11,'967',3,1),(25236,223,158,11,'927',3,NULL),(25237,223,159,11,'931',3,1),(25238,223,160,11,'892',3,1),(25239,223,161,11,'939',3,NULL),(25240,223,162,11,'12251',3,1),(25241,223,163,11,'906',3,1),(25242,223,164,11,'12177',3,NULL),(25243,223,165,11,'945',3,1),(25244,223,1131,9,'12181',1,1),(25245,223,1132,9,'11941',1,1),(25246,223,1133,9,'11945',1,1),(25247,223,1134,9,'11949',1,1),(25248,223,1135,9,'11950',1,1),(25249,223,1136,9,'12198',1,1),(25250,223,1137,9,'12188',1,1),(25251,223,1138,9,'11960',1,1),(25252,223,1140,9,'12190',1,NULL),(25253,223,138,9,'12197',1,1),(25254,223,140,9,'11911',1,1),(25255,223,141,9,'11917',1,1),(25256,223,142,9,'11921',1,NULL),(25257,223,1183,9,'12203',1,1),(25258,223,1184,9,'12206',1,NULL),(25259,223,1185,9,'12209',1,1),(25260,223,127,8,'750',1,1),(25261,223,128,8,'753',1,1),(25262,223,129,8,'756',1,NULL),(25263,223,130,8,'768',1,1),(25264,223,131,8,'767',1,1),(25265,223,132,8,'770',1,1),(25266,223,133,8,'772',1,NULL),(25267,223,134,8,'774',1,1),(25268,223,135,8,'777',1,1),(25269,223,136,8,'782',1,1),(25270,217,53,4,'296',1,1),(25271,217,54,4,'449',1,1),(25272,217,55,4,'300',1,1),(25273,217,57,4,'452',1,1),(25274,217,58,4,'414',1,1),(25275,217,59,4,'419',1,1),(25276,217,60,4,'325',1,1),(25277,217,61,4,'425',1,1),(25278,217,62,4,'327',1,1),(25279,217,63,4,'331',1,1),(25280,217,64,4,'333',1,1),(25281,217,65,4,'458',1,1),(25282,217,82,4,'343',1,1),(25283,217,83,4,'347',1,1),(25284,217,85,4,'459',1,1),(25285,217,116,7,'694',1,1),(25286,217,117,7,'697',1,1),(25287,217,118,7,'703',1,1),(25288,217,119,7,'706',1,1),(25289,217,120,7,'711',1,1),(25290,217,121,7,'714',1,1),(25291,217,122,7,'720',1,1),(25292,217,124,7,'726',1,1),(25293,217,125,7,'745',1,1),(25294,217,126,7,'735',1,1),(25295,223,146,11,'831',4,1),(25296,223,147,11,'961',4,1),(25297,223,148,11,'964',4,1),(25298,223,149,11,'920',4,1),(25299,223,150,11,'849',4,1),(25300,223,151,11,'854',4,1),(25301,223,152,11,'857',4,1),(25302,223,153,11,'859',4,1),(25303,223,154,11,'870',4,1),(25304,223,155,11,'873',4,1),(25305,223,156,11,'950',4,1),(25306,223,157,11,'967',4,1),(25307,223,158,11,'928',4,1),(25308,223,159,11,'931',4,1),(25309,223,160,11,'894',4,NULL),(25310,223,161,11,'939',4,NULL),(25311,223,162,11,'12251',4,1),(25312,223,163,11,'903',4,NULL),(25313,223,164,11,'12177',4,NULL),(25314,223,165,11,'945',4,1),(25315,231,166,12,'971',1,1),(25316,231,167,12,'983',1,NULL),(25317,231,168,12,'981',1,1),(25318,231,169,12,'990',1,1),(25319,231,170,12,'994',1,1),(25320,231,171,12,'997',1,1),(25321,231,172,12,'1000',1,1),(25322,231,173,12,'1134',1,1),(25323,231,174,12,'1138',1,1),(25324,231,175,12,'1013',1,1),(25325,231,176,12,'1017',1,1),(25326,231,177,12,'1019',1,1),(25327,231,178,12,'1021',1,1),(25328,231,179,12,'1023',1,1),(25329,231,180,12,'1025',1,1),(25330,231,181,13,'1199',1,1),(25331,231,182,13,'1201',1,1),(25332,231,183,13,'1209',1,1),(25333,231,184,13,'1045',1,1),(25334,231,185,13,'1214',1,NULL),(25335,231,186,13,'1222',1,1),(25336,231,187,13,'1228',1,1),(25337,231,188,13,'1230',1,NULL),(25338,231,189,13,'1073',1,NULL),(25339,231,191,13,'12213',1,1),(25340,231,192,13,'1084',1,1),(25341,231,193,13,'1090',1,1),(25342,231,194,13,'1274',1,1),(25343,231,195,13,'1269',1,NULL),(25344,231,196,13,'1262',1,NULL),(25345,231,197,13,'1257',1,NULL),(25346,231,198,13,'1256',1,1),(25347,231,199,13,'1249',1,1),(25348,231,200,13,'1243',1,1),(25349,231,181,13,'1199',2,1),(25350,231,182,13,'1201',2,1),(25351,231,183,13,'1209',2,1),(25352,231,184,13,'1045',2,1),(25353,231,185,13,'1211',2,NULL),(25354,231,186,13,'1222',2,1),(25355,231,187,13,'1228',2,1),(25356,231,188,13,'1234',2,1),(25357,231,189,13,'1072',2,1),(25358,231,191,13,'12213',2,1),(25359,231,192,13,'1084',2,1),(25360,231,193,13,'1090',2,1),(25361,231,194,13,'1274',2,1),(25362,231,195,13,'1267',2,1),(25363,231,196,13,'1263',2,1),(25364,231,197,13,'1259',2,NULL),(25365,231,198,13,'1256',2,1),(25366,231,199,13,'1249',2,1),(25367,231,200,13,'1243',2,1),(25368,231,201,14,'1141',1,NULL),(25369,231,202,14,'1147',1,NULL),(25370,231,203,14,'1148',1,NULL),(25371,231,204,14,'1157',1,1),(25372,231,205,14,'1162',1,1),(25373,231,206,14,'1163',1,1),(25374,231,207,14,'1166',1,NULL),(25375,231,208,14,'1168',1,NULL),(25376,231,209,14,'1171',1,NULL),(25377,231,210,14,'1179',1,1),(25378,231,201,14,'1145',2,NULL),(25379,231,202,14,'1146',2,1),(25380,231,203,14,'1149',2,NULL),(25381,231,204,14,'1157',2,1),(25382,231,205,14,'1162',2,1),(25383,231,206,14,'1163',2,1),(25384,231,207,14,'1165',2,1),(25385,231,208,14,'1169',2,1),(25386,231,209,14,'1172',2,NULL),(25387,231,210,14,'1179',2,1),(25388,214,1131,9,'12181',2,1),(25389,214,1132,9,'11941',2,1),(25390,214,1133,9,'11945',2,1),(25391,214,1134,9,'11949',2,1),(25392,214,1135,9,'11950',2,1),(25393,214,1136,9,'12198',2,1),(25394,214,1137,9,'12186',2,NULL),(25395,214,1138,9,'11959',2,NULL),(25396,214,1140,9,'12191',2,1),(25397,214,138,9,'12197',2,1),(25398,214,140,9,'11911',2,1),(25399,214,141,9,'11917',2,1),(25400,214,142,9,'11922',2,1),(25401,214,1183,9,'12203',2,1),(25402,214,1184,9,'12204',2,NULL),(25403,214,1185,9,'12209',2,1),(25404,214,1141,10,'1870',1,1),(25405,214,1142,10,'1789',1,NULL),(25406,214,1143,10,'1873',1,1),(25407,214,1144,10,'1881',1,1),(25408,214,1145,10,'1885',1,1),(25409,214,1146,10,'1886',1,1),(25410,214,1147,10,'1888',1,1),(25411,214,1148,10,'1890',1,1),(25412,214,1149,10,'1892',1,1),(25413,214,1150,10,'1894',1,1),(25414,214,1151,10,'1897',1,1),(25415,214,1152,10,'1899',1,1),(25416,214,1154,10,'1900',1,1),(25417,214,1155,10,'1903',1,1),(25418,214,1156,10,'1904',1,1),(25419,214,146,11,'831',1,1),(25420,214,147,11,'961',1,1),(25421,214,148,11,'964',1,1),(25422,214,149,11,'920',1,1),(25423,214,150,11,'849',1,1),(25424,214,151,11,'854',1,1),(25425,214,152,11,'857',1,1),(25426,214,153,11,'859',1,1),(25427,214,154,11,'870',1,1),(25428,214,155,11,'873',1,1),(25429,214,156,11,'950',1,1),(25430,214,157,11,'967',1,1),(25431,214,158,11,'928',1,1),(25432,214,159,11,'931',1,1),(25433,214,160,11,'892',1,1),(25434,214,161,11,'940',1,1),(25435,214,162,11,'12251',1,1),(25436,214,163,11,'906',1,1),(25437,214,164,11,'12178',1,1),(25438,214,165,11,'945',1,1),(25439,214,166,12,'971',1,1),(25440,214,167,12,'984',1,1),(25441,214,168,12,'981',1,1),(25442,214,169,12,'990',1,1),(25443,214,170,12,'994',1,1),(25444,214,171,12,'997',1,1),(25445,214,172,12,'1000',1,1),(25446,214,173,12,'1133',1,NULL),(25447,214,174,12,'1138',1,1),(25448,214,175,12,'1013',1,1),(25449,214,176,12,'1017',1,1),(25450,214,177,12,'1019',1,1),(25451,214,178,12,'1021',1,1),(25452,214,179,12,'1023',1,1),(25453,214,180,12,'1025',1,1),(25454,214,181,13,'1199',1,1),(25455,214,182,13,'1201',1,1),(25456,214,183,13,'1209',1,1),(25457,214,184,13,'1045',1,1),(25458,214,185,13,'1214',1,NULL),(25459,214,186,13,'1222',1,1),(25460,214,187,13,'1228',1,1),(25461,214,188,13,'1234',1,1),(25462,214,189,13,'1075',1,NULL),(25463,214,191,13,'12213',1,1),(25464,214,192,13,'1084',1,1),(25465,214,193,13,'1090',1,1),(25466,214,194,13,'1274',1,1),(25467,214,195,13,'1267',1,1),(25468,214,196,13,'1263',1,1),(25469,214,197,13,'1261',1,1),(25470,214,198,13,'1256',1,1),(25471,214,199,13,'1249',1,1),(25472,214,200,13,'1243',1,1),(25473,214,1186,15,'12231',1,1),(25474,214,1188,15,'12228',1,1),(25475,214,1189,15,'12235',1,1),(25476,214,1190,15,'12243',1,1),(25477,214,1191,15,'12244',1,1),(25478,214,211,15,'1180',1,1),(25479,214,212,15,'1185',1,1),(25480,214,213,15,'12221',1,1),(25481,214,214,15,'1192',1,1),(25482,214,215,15,'1193',1,1),(25483,214,592,25,'11847',1,1),(25484,214,702,25,'11855',1,1),(25485,214,703,25,'11859',1,1),(25486,214,704,25,'11862',1,1),(25487,214,705,25,'11864',1,1),(25488,214,706,25,'11868',1,1),(25489,214,707,25,'11873',1,1),(25490,214,708,25,'11877',1,1),(25491,214,709,25,'11882',1,1),(25492,214,710,25,'11886',1,1),(25493,214,711,25,'11888',1,1),(25494,214,712,25,'11892',1,1),(25495,214,713,25,'11895',1,1),(25496,212,181,13,'1199',1,1),(25497,212,182,13,'1201',1,1),(25498,212,183,13,'1209',1,1),(25499,212,185,13,'1212',1,1),(25500,212,186,13,'1222',1,1),(25501,212,187,13,'1228',1,1),(25502,212,188,13,'1234',1,1),(25503,212,189,13,'1072',1,1),(25504,212,191,13,'12212',1,NULL),(25505,212,192,13,'1084',1,1),(25506,212,193,13,'1090',1,1),(25507,212,194,13,'1276',1,NULL),(25508,212,195,13,'1271',1,NULL),(25509,212,196,13,'1263',1,1),(25510,212,197,13,'1261',1,1),(25511,212,198,13,'1256',1,1),(25512,212,199,13,'1249',1,1),(25513,212,200,13,'1243',1,1),(25514,212,181,13,'1199',2,1),(25515,212,182,13,'1201',2,1),(25516,212,183,13,'1209',2,1),(25517,212,184,13,'1042',2,NULL),(25518,212,185,13,'1212',2,1),(25519,212,186,13,'1222',2,1),(25520,212,187,13,'1228',2,1),(25521,212,188,13,'1234',2,1),(25522,212,189,13,'1072',2,1),(25523,212,191,13,'12213',2,1),(25524,212,192,13,'1084',2,1),(25525,212,193,13,'1090',2,1),(25526,212,194,13,'1272',2,NULL),(25527,212,195,13,'1267',2,1),(25528,212,196,13,'1263',2,1),(25529,212,197,13,'1261',2,1),(25530,212,198,13,'1256',2,1),(25531,212,199,13,'1249',2,1),(25532,212,200,13,'1243',2,1),(25533,212,181,13,'1199',3,1),(25534,212,182,13,'1201',3,1),(25535,212,183,13,'1209',3,1),(25536,212,184,13,'1042',3,NULL),(25537,212,185,13,'1212',3,1),(25538,212,186,13,'1222',3,1),(25539,212,187,13,'1228',3,1),(25540,212,188,13,'1234',3,1),(25541,212,189,13,'1072',3,1),(25542,212,191,13,'12213',3,1),(25543,212,192,13,'1084',3,1),(25544,212,193,13,'1090',3,1),(25545,212,194,13,'1272',3,NULL),(25546,212,195,13,'1267',3,1),(25547,212,196,13,'1263',3,1),(25548,212,197,13,'1261',3,1),(25549,212,198,13,'1256',3,1),(25550,212,199,13,'1249',3,1),(25551,212,200,13,'1243',3,1),(25552,212,146,11,'831',1,1),(25553,212,147,11,'961',1,1),(25554,212,148,11,'964',1,1),(25555,212,149,11,'920',1,1),(25556,212,150,11,'849',1,1),(25557,212,151,11,'854',1,1),(25558,212,152,11,'857',1,1),(25559,212,153,11,'859',1,1),(25560,212,154,11,'870',1,1),(25561,212,155,11,'873',1,1),(25562,212,156,11,'950',1,1),(25563,212,157,11,'967',1,1),(25564,212,158,11,'928',1,1),(25565,212,159,11,'931',1,1),(25566,212,160,11,'892',1,1),(25567,212,161,11,'940',1,1),(25568,212,162,11,'12251',1,1),(25569,212,163,11,'906',1,1),(25570,212,164,11,'12178',1,1),(25571,212,165,11,'945',1,1),(25572,212,1186,15,'12231',4,1),(25573,212,1188,15,'12228',4,1),(25574,212,1189,15,'12235',4,1),(25575,212,1190,15,'12243',4,1),(25576,212,1191,15,'12244',4,1),(25577,212,211,15,'1180',4,1),(25578,212,212,15,'1185',4,1),(25579,212,213,15,'12221',4,1),(25580,212,214,15,'1192',4,1),(25581,212,215,15,'1193',4,1),(25582,212,201,14,'1145',1,NULL),(25583,212,202,14,'1146',1,1),(25584,212,203,14,'1152',1,1),(25585,212,204,14,'1157',1,1),(25586,212,205,14,'1162',1,1),(25587,212,206,14,'1163',1,1),(25588,212,207,14,'1165',1,1),(25589,212,208,14,'1169',1,1),(25590,212,209,14,'1174',1,1),(25591,212,210,14,'1179',1,1),(25592,212,166,12,'971',1,1),(25593,212,167,12,'984',1,1),(25594,212,168,12,'981',1,1),(25595,212,169,12,'990',1,1),(25596,212,170,12,'994',1,1),(25597,212,171,12,'997',1,1),(25598,212,172,12,'1000',1,1),(25599,212,173,12,'1134',1,1),(25600,212,174,12,'1138',1,1),(25601,212,175,12,'1013',1,1),(25602,212,176,12,'1017',1,1),(25603,212,177,12,'1019',1,1),(25604,212,178,12,'1021',1,1),(25605,212,179,12,'1023',1,1),(25606,212,180,12,'1025',1,1),(25607,224,181,13,'1199',2,1),(25608,224,182,13,'1201',2,1),(25609,224,183,13,'1209',2,1),(25610,224,184,13,'1045',2,1),(25611,224,185,13,'1212',2,1),(25612,224,186,13,'1222',2,1),(25613,224,187,13,'1228',2,1),(25614,224,188,13,'1234',2,1),(25615,224,189,13,'1072',2,1),(25616,224,191,13,'12213',2,1),(25617,224,192,13,'1084',2,1),(25618,224,193,13,'1090',2,1),(25619,224,194,13,'1274',2,1),(25620,224,195,13,'1267',2,1),(25621,224,196,13,'1263',2,1),(25622,224,197,13,'1261',2,1),(25623,224,198,13,'1256',2,1),(25624,224,199,13,'1249',2,1),(25625,224,200,13,'1245',2,NULL),(25626,224,202,14,'1146',1,1),(25627,224,203,14,'1149',1,NULL),(25628,224,204,14,'1157',1,1),(25629,224,205,14,'1162',1,1),(25630,224,206,14,'1163',1,1),(25631,224,207,14,'1165',1,1),(25632,224,208,14,'1169',1,1),(25633,224,209,14,'1174',1,1),(25634,224,210,14,'1179',1,1),(25635,224,592,25,'11847',1,1),(25636,224,702,25,'11855',1,1),(25637,224,703,25,'11859',1,1),(25638,224,704,25,'11862',1,1),(25639,224,705,25,'11864',1,1),(25640,224,706,25,'11868',1,1),(25641,224,707,25,'11873',1,1),(25642,224,708,25,'11877',1,1),(25643,224,709,25,'11882',1,1),(25644,224,710,25,'11886',1,1),(25645,224,711,25,'11889',1,NULL),(25646,224,712,25,'11892',1,1),(25647,224,713,25,'11894',1,NULL),(25648,224,1186,15,'12231',1,1),(25649,224,1188,15,'12228',1,1),(25650,224,1189,15,'12235',1,1),(25651,224,1190,15,'12239',1,NULL),(25652,224,1191,15,'12244',1,1),(25653,224,212,15,'1185',1,1),(25654,224,213,15,'12221',1,1),(25655,224,214,15,'1192',1,1),(25656,224,215,15,'1193',1,1),(25657,215,26,3,'463',1,1),(25658,215,27,3,'465',1,1),(25659,215,28,3,'467',1,1),(25660,215,29,3,'469',1,1),(25661,215,30,3,'471',1,1),(25662,215,31,3,'474',1,1),(25663,215,32,3,'475',1,1),(25664,215,33,3,'477',1,1),(25665,215,35,3,'485',1,1),(25666,215,36,3,'12247',1,1),(25667,215,37,3,'12149',1,1),(25668,215,38,3,'500',1,1),(25669,215,39,3,'508',1,1),(25670,215,40,3,'511',1,1),(25671,215,41,3,'12154',1,1),(25672,215,42,3,'12157',1,1),(25673,215,47,3,'521',1,1),(25674,215,48,3,'526',1,1),(25675,215,49,3,'12161',1,1),(25676,215,53,4,'296',1,1),(25677,215,54,4,'449',1,1),(25678,215,55,4,'300',1,1),(25679,215,57,4,'452',1,1),(25680,215,58,4,'414',1,1),(25681,215,59,4,'419',1,1),(25682,215,60,4,'325',1,1),(25683,215,61,4,'425',1,1),(25684,215,62,4,'327',1,1),(25685,215,63,4,'331',1,1),(25686,215,64,4,'333',1,1),(25687,215,65,4,'458',1,1),(25688,215,82,4,'343',1,1),(25689,215,83,4,'347',1,1),(25690,215,85,4,'459',1,1),(25691,215,67,5,'540',1,1),(25692,215,68,5,'544',1,1),(25693,215,69,5,'546',1,1),(25694,215,70,5,'551',1,1),(25695,215,71,5,'553',1,1),(25696,215,72,5,'557',1,1),(25697,215,73,5,'565',1,1),(25698,215,75,5,'575',1,1),(25699,215,78,5,'582',1,1),(25700,215,79,5,'588',1,1),(25701,215,80,5,'591',1,NULL),(25702,215,81,5,'576',1,1),(25703,215,88,5,'596',1,1),(25704,215,89,5,'600',1,1),(25705,215,116,7,'694',1,1),(25706,215,117,7,'697',1,1),(25707,215,118,7,'703',1,1),(25708,215,119,7,'706',1,1),(25709,215,120,7,'711',1,1),(25710,215,121,7,'714',1,1),(25711,215,122,7,'720',1,1),(25712,215,124,7,'726',1,1),(25713,215,125,7,'745',1,1),(25714,215,126,7,'735',1,1),(25715,222,67,5,'540',1,1),(25716,222,68,5,'544',1,1),(25717,222,69,5,'548',1,NULL),(25718,222,70,5,'550',1,NULL),(25719,222,72,5,'558',1,NULL),(25720,222,73,5,'565',1,1),(25721,222,74,5,'567',1,NULL),(25722,222,75,5,'575',1,1),(25723,222,78,5,'583',1,NULL),(25724,222,79,5,'586',1,NULL),(25725,222,80,5,'593',1,NULL),(25726,222,81,5,'579',1,NULL),(25727,222,88,5,'597',1,NULL),(25728,222,89,5,'598',1,NULL),(25729,222,67,5,'540',2,1),(25730,222,68,5,'544',2,1),(25731,222,69,5,'546',2,1),(25732,222,70,5,'551',2,1),(25733,222,71,5,'553',2,1),(25734,222,72,5,'557',2,1),(25735,222,73,5,'565',2,1),(25736,222,74,5,'570',2,NULL),(25737,222,75,5,'575',2,1),(25738,222,78,5,'582',2,1),(25739,222,79,5,'588',2,1),(25740,222,80,5,'593',2,NULL),(25741,222,81,5,'576',2,1),(25742,222,88,5,'596',2,1),(25743,222,89,5,'599',2,NULL),(25744,219,26,3,'463',1,1),(25745,219,27,3,'465',1,1),(25746,219,28,3,'467',1,1),(25747,219,29,3,'469',1,1),(25748,219,30,3,'471',1,1),(25749,219,31,3,'474',1,1),(25750,219,32,3,'475',1,1),(25751,219,33,3,'477',1,1),(25752,219,35,3,'485',1,1),(25753,219,36,3,'12247',1,1),(25754,219,37,3,'12149',1,1),(25755,219,38,3,'500',1,1),(25756,219,39,3,'508',1,1),(25757,219,40,3,'511',1,1),(25758,219,41,3,'12154',1,1),(25759,219,42,3,'12157',1,1),(25760,219,47,3,'521',1,1),(25761,219,48,3,'526',1,1),(25762,219,49,3,'12161',1,1),(25763,219,53,4,'296',1,1),(25764,219,54,4,'449',1,1),(25765,219,55,4,'300',1,1),(25766,219,57,4,'452',1,1),(25767,219,58,4,'414',1,1),(25768,219,59,4,'419',1,1),(25769,219,60,4,'325',1,1),(25770,219,61,4,'425',1,1),(25771,219,62,4,'327',1,1),(25772,219,63,4,'331',1,1),(25773,219,64,4,'333',1,1),(25774,219,65,4,'458',1,1),(25775,219,82,4,'343',1,1),(25776,219,83,4,'347',1,1),(25777,219,85,4,'459',1,1),(25778,219,116,7,'694',1,1),(25779,219,117,7,'696',1,NULL),(25780,219,118,7,'703',1,1),(25781,219,119,7,'706',1,1),(25782,219,120,7,'711',1,1),(25783,219,121,7,'714',1,1),(25784,219,122,7,'720',1,1),(25785,219,124,7,'726',1,1),(25786,219,125,7,'745',1,1),(25787,219,126,7,'735',1,1),(25788,219,127,8,'750',1,1),(25789,219,128,8,'753',1,1),(25790,219,129,8,'759',1,1),(25791,219,130,8,'768',1,1),(25792,219,131,8,'767',1,1),(25793,219,132,8,'770',1,1),(25794,219,133,8,'773',1,1),(25795,219,134,8,'774',1,1),(25796,219,135,8,'777',1,1),(25797,219,136,8,'782',1,1),(25798,219,1131,9,'12181',1,1),(25799,219,1132,9,'11941',1,1),(25800,219,1133,9,'11945',1,1),(25801,219,1134,9,'11949',1,1),(25802,219,1135,9,'11950',1,1),(25803,219,1136,9,'12198',1,1),(25804,219,1137,9,'12188',1,1),(25805,219,1138,9,'11962',1,NULL),(25806,219,1140,9,'12191',1,1),(25807,219,138,9,'12197',1,1),(25808,219,140,9,'11911',1,1),(25809,219,141,9,'11919',1,NULL),(25810,219,142,9,'11921',1,NULL),(25811,219,1183,9,'12203',1,1),(25812,219,1184,9,'12207',1,1),(25813,219,1185,9,'12209',1,1),(25814,219,1141,10,'1870',1,1),(25815,219,1142,10,'1792',1,NULL),(25816,219,1143,10,'1873',1,1),(25817,219,1144,10,'1881',1,1),(25818,219,1145,10,'1885',1,1),(25819,219,1146,10,'1886',1,1),(25820,219,1147,10,'1888',1,1),(25821,219,1148,10,'1890',1,1),(25822,219,1149,10,'1893',1,NULL),(25823,219,1150,10,'1894',1,1),(25824,219,1151,10,'1897',1,1),(25825,219,1152,10,'1899',1,1),(25826,219,1154,10,'1900',1,1),(25827,219,1155,10,'1902',1,NULL),(25828,219,1156,10,'1904',1,1),(25829,219,146,11,'831',1,1),(25830,219,147,11,'961',1,1),(25831,219,148,11,'964',1,1),(25832,219,149,11,'920',1,1),(25833,219,150,11,'850',1,NULL),(25834,219,151,11,'854',1,1),(25835,219,152,11,'857',1,1),(25836,219,153,11,'859',1,1),(25837,219,154,11,'870',1,1),(25838,219,155,11,'872',1,NULL),(25839,219,156,11,'950',1,1),(25840,219,157,11,'967',1,1),(25841,219,158,11,'928',1,1),(25842,219,159,11,'931',1,1),(25843,219,160,11,'892',1,1),(25844,219,161,11,'940',1,1),(25845,219,162,11,'12251',1,1),(25846,219,163,11,'906',1,1),(25847,219,164,11,'12178',1,1),(25848,219,165,11,'945',1,1),(25849,219,166,12,'971',1,1),(25850,219,167,12,'984',1,1),(25851,219,168,12,'981',1,1),(25852,219,169,12,'990',1,1),(25853,219,170,12,'994',1,1),(25854,219,171,12,'997',1,1),(25855,219,172,12,'1000',1,1),(25856,219,174,12,'1138',1,1),(25857,219,175,12,'1013',1,1),(25858,219,176,12,'1017',1,1),(25859,219,177,12,'1019',1,1),(25860,219,178,12,'1021',1,1),(25861,219,179,12,'1023',1,1),(25862,219,180,12,'1025',1,1),(25863,219,181,13,'1199',1,1),(25864,219,182,13,'1201',1,1),(25865,219,183,13,'1209',1,1),(25866,219,184,13,'1045',1,1),(25867,219,185,13,'1212',1,1),(25868,219,186,13,'1222',1,1),(25869,219,187,13,'1228',1,1),(25870,219,188,13,'1234',1,1),(25871,219,189,13,'1073',1,NULL),(25872,219,191,13,'12213',1,1),(25873,219,192,13,'1084',1,1),(25874,219,193,13,'1090',1,1),(25875,219,194,13,'1274',1,1),(25876,219,195,13,'1267',1,1),(25877,219,196,13,'1263',1,1),(25878,219,197,13,'1261',1,1),(25879,219,198,13,'1256',1,1),(25880,219,199,13,'1249',1,1),(25881,219,200,13,'1243',1,1),(25882,219,201,14,'1145',1,NULL),(25883,219,202,14,'1146',1,1),(25884,219,203,14,'1149',1,NULL),(25885,219,204,14,'1157',1,1),(25886,219,205,14,'1162',1,1),(25887,219,206,14,'1163',1,1),(25888,219,207,14,'1167',1,NULL),(25889,219,208,14,'1169',1,1),(25890,219,209,14,'1174',1,1),(25891,219,210,14,'1179',1,1),(25892,219,201,14,'1141',2,NULL),(25893,219,202,14,'1146',2,1),(25894,219,203,14,'1150',2,NULL),(25895,219,204,14,'1157',2,1),(25896,219,205,14,'1162',2,1),(25897,219,206,14,'1163',2,1),(25898,219,207,14,'1165',2,1),(25899,219,208,14,'1169',2,1),(25900,219,209,14,'1174',2,1),(25901,219,210,14,'1179',2,1),(25902,219,1186,15,'12231',1,1),(25903,219,1188,15,'12228',1,1),(25904,219,1189,15,'12235',1,1),(25905,219,1190,15,'12239',1,NULL),(25906,219,1191,15,'12244',1,1),(25907,219,211,15,'1180',1,1),(25908,219,212,15,'1185',1,1),(25909,219,213,15,'12221',1,1),(25910,219,214,15,'1192',1,1),(25911,219,215,15,'1193',1,1),(25912,219,592,25,'11847',1,1),(25913,219,702,25,'11855',1,1),(25914,219,703,25,'11859',1,1),(25915,219,704,25,'11862',1,1),(25916,219,705,25,'11864',1,1),(25917,219,706,25,'11868',1,1),(25918,219,707,25,'11873',1,1),(25919,219,708,25,'11876',1,NULL),(25920,219,709,25,'11882',1,1),(25921,219,710,25,'11887',1,NULL),(25922,219,711,25,'11888',1,1),(25923,219,712,25,'11892',1,1),(25924,219,713,25,'11894',1,NULL),(25925,219,592,25,'11847',2,1),(25926,219,702,25,'11855',2,1),(25927,219,703,25,'11859',2,1),(25928,219,704,25,'11862',2,1),(25929,219,705,25,'11864',2,1),(25930,219,706,25,'11868',2,1),(25931,219,707,25,'11873',2,1),(25932,219,708,25,'11877',2,1),(25933,219,709,25,'11882',2,1),(25934,219,710,25,'11883',2,NULL),(25935,219,711,25,'11888',2,1),(25936,219,712,25,'11892',2,1),(25937,219,713,25,'11895',2,1),(25938,219,67,5,'540',1,1),(25939,219,68,5,'544',1,1),(25940,219,69,5,'545',1,NULL),(25941,219,70,5,'552',1,NULL),(25942,219,71,5,'553',1,1),(25943,219,72,5,'560',1,NULL),(25944,219,73,5,'565',1,1),(25945,219,74,5,'569',1,1),(25946,219,75,5,'575',1,1),(25947,219,78,5,'582',1,1),(25948,219,79,5,'588',1,1),(25949,219,80,5,'591',1,NULL),(25950,219,81,5,'576',1,1),(25951,219,88,5,'596',1,1),(25952,219,89,5,'600',1,1),(25953,219,67,5,'540',2,1),(25954,219,68,5,'544',2,1),(25955,219,69,5,'546',2,1),(25956,219,70,5,'551',2,1),(25957,219,71,5,'553',2,1),(25958,219,72,5,'558',2,NULL),(25959,219,73,5,'565',2,1),(25960,219,74,5,'569',2,1),(25961,219,75,5,'575',2,1),(25962,219,78,5,'582',2,1),(25963,219,79,5,'588',2,1),(25964,219,80,5,'593',2,NULL),(25965,219,81,5,'576',2,1),(25966,219,88,5,'596',2,1),(25967,219,89,5,'600',2,1),(25968,232,26,3,'463',1,1),(25969,232,27,3,'465',1,1),(25970,232,28,3,'467',1,1),(25971,232,29,3,'469',1,1),(25972,232,30,3,'471',1,1),(25973,232,31,3,'474',1,1),(25974,232,32,3,'476',1,NULL),(25975,232,33,3,'477',1,1),(25976,232,35,3,'485',1,1),(25977,232,36,3,'12247',1,1),(25978,232,37,3,'12149',1,1),(25979,232,38,3,'500',1,1),(25980,232,39,3,'508',1,1),(25981,232,40,3,'511',1,1),(25982,232,41,3,'12154',1,1),(25983,232,42,3,'12157',1,1),(25984,232,47,3,'521',1,1),(25985,232,48,3,'526',1,1),(25986,232,49,3,'12165',1,NULL),(25987,232,53,4,'296',1,1),(25988,232,54,4,'449',1,1),(25989,232,55,4,'300',1,1),(25990,232,57,4,'452',1,1),(25991,232,58,4,'413',1,NULL),(25992,232,59,4,'419',1,1),(25993,232,60,4,'325',1,1),(25994,232,61,4,'424',1,NULL),(25995,232,62,4,'327',1,1),(25996,232,63,4,'331',1,1),(25997,232,64,4,'333',1,1),(25998,232,65,4,'458',1,1),(25999,232,82,4,'343',1,1),(26000,232,83,4,'347',1,1),(26001,232,85,4,'459',1,1),(26002,232,116,7,'694',1,1),(26003,232,117,7,'697',1,1),(26004,232,118,7,'703',1,1),(26005,232,119,7,'706',1,1),(26006,232,120,7,'711',1,1),(26007,232,121,7,'714',1,1),(26008,232,122,7,'720',1,1),(26009,232,124,7,'726',1,1),(26010,232,125,7,'745',1,1),(26011,232,126,7,'735',1,1),(26012,232,67,5,'540',1,1),(26013,232,68,5,'544',1,1),(26014,232,69,5,'546',1,1),(26015,232,70,5,'551',1,1),(26016,232,71,5,'553',1,1),(26017,232,72,5,'557',1,1),(26018,232,73,5,'565',1,1),(26019,232,74,5,'569',1,1),(26020,232,75,5,'575',1,1),(26021,232,78,5,'582',1,1),(26022,232,79,5,'588',1,1),(26023,232,80,5,'593',1,NULL),(26024,232,81,5,'576',1,1),(26025,232,88,5,'597',1,NULL),(26026,232,89,5,'598',1,NULL),(26027,232,127,8,'750',1,1),(26028,232,128,8,'753',1,1),(26029,232,129,8,'759',1,1),(26030,232,130,8,'768',1,1),(26031,232,131,8,'767',1,1),(26032,232,132,8,'770',1,1),(26033,232,133,8,'773',1,1),(26034,232,134,8,'775',1,NULL),(26035,232,135,8,'777',1,1),(26036,232,136,8,'782',1,1),(26037,232,1131,9,'12181',1,1),(26038,232,1132,9,'11941',1,1),(26039,232,1133,9,'11945',1,1),(26040,232,1134,9,'11949',1,1),(26041,232,1135,9,'11950',1,1),(26042,232,1136,9,'12198',1,1),(26043,232,1137,9,'12189',1,NULL),(26044,232,1138,9,'11960',1,1),(26045,232,1140,9,'12191',1,1),(26046,232,138,9,'12197',1,1),(26047,232,140,9,'11911',1,1),(26048,232,141,9,'11918',1,NULL),(26049,232,142,9,'11921',1,NULL),(26050,232,1183,9,'12203',1,1),(26051,232,1184,9,'12207',1,1),(26052,232,1185,9,'12209',1,1),(26053,232,1141,10,'1870',1,1),(26054,232,1142,10,'1792',1,NULL),(26055,232,1143,10,'1873',1,1),(26056,232,1144,10,'1881',1,1),(26057,232,1145,10,'1885',1,1),(26058,232,1146,10,'1886',1,1),(26059,232,1147,10,'1888',1,1),(26060,232,1148,10,'1890',1,1),(26061,232,1149,10,'1892',1,1),(26062,232,1150,10,'1894',1,1),(26063,232,1151,10,'1897',1,1),(26064,232,1152,10,'1899',1,1),(26065,232,1154,10,'1900',1,1),(26066,232,1155,10,'1902',1,NULL),(26067,232,1156,10,'1904',1,1),(26068,232,1141,10,'1870',2,1),(26069,232,1142,10,'1792',2,NULL),(26070,232,1143,10,'1873',2,1),(26071,232,1144,10,'1881',2,1),(26072,232,1145,10,'1885',2,1),(26073,232,1146,10,'1886',2,1),(26074,232,1147,10,'1888',2,1),(26075,232,1148,10,'1890',2,1),(26076,232,1149,10,'1892',2,1),(26077,232,1150,10,'1894',2,1),(26078,232,1151,10,'1897',2,1),(26079,232,1152,10,'1899',2,1),(26080,232,1154,10,'1900',2,1),(26081,232,1155,10,'1902',2,NULL),(26082,232,1156,10,'1904',2,1),(26083,232,146,11,'831',1,1),(26084,232,147,11,'961',1,1),(26085,232,148,11,'965',1,NULL),(26086,232,149,11,'922',1,NULL),(26087,232,150,11,'850',1,NULL),(26088,232,151,11,'854',1,1),(26089,232,152,11,'857',1,1),(26090,232,153,11,'859',1,1),(26091,232,154,11,'870',1,1),(26092,232,155,11,'872',1,NULL),(26093,232,156,11,'950',1,1),(26094,232,157,11,'967',1,1),(26095,232,158,11,'928',1,1),(26096,232,159,11,'931',1,1),(26097,232,160,11,'894',1,NULL),(26098,232,161,11,'940',1,1),(26099,232,162,11,'12251',1,1),(26100,232,163,11,'906',1,1),(26101,232,164,11,'12176',1,NULL),(26102,232,165,11,'945',1,1),(26103,232,146,11,'831',2,1),(26104,232,147,11,'961',2,1),(26105,232,148,11,'964',2,1),(26106,232,149,11,'919',2,NULL),(26107,232,150,11,'847',2,NULL),(26108,232,151,11,'854',2,1),(26109,232,152,11,'857',2,1),(26110,232,153,11,'859',2,1),(26111,232,154,11,'870',2,1),(26112,232,155,11,'873',2,1),(26113,232,157,11,'967',2,1),(26114,232,158,11,'928',2,1),(26115,232,159,11,'931',2,1),(26116,232,160,11,'892',2,1),(26117,232,161,11,'940',2,1),(26118,232,162,11,'12251',2,1),(26119,232,163,11,'906',2,1),(26120,232,164,11,'12175',2,NULL),(26121,232,165,11,'945',2,1),(26122,231,201,14,'1142',3,1),(26123,231,202,14,'1146',3,1),(26124,231,203,14,'1150',3,NULL),(26125,231,204,14,'1157',3,1),(26126,231,205,14,'1162',3,1),(26127,231,206,14,'1163',3,1),(26128,231,207,14,'1165',3,1),(26129,231,208,14,'1169',3,1),(26130,231,209,14,'1174',3,1),(26131,231,210,14,'1179',3,1),(26132,231,1186,15,'12231',1,1),(26133,231,1188,15,'12228',1,1),(26134,231,1189,15,'12235',1,1),(26135,231,1190,15,'12239',1,NULL),(26136,231,1191,15,'12244',1,1),(26137,231,211,15,'1180',1,1),(26138,231,212,15,'1185',1,1),(26139,231,213,15,'12221',1,1),(26140,231,214,15,'1192',1,1),(26141,231,215,15,'1194',1,NULL),(26142,231,592,25,'11847',1,1),(26143,231,702,25,'11855',1,1),(26144,231,703,25,'11857',1,NULL),(26145,231,704,25,'11862',1,1),(26146,231,705,25,'11864',1,1),(26147,231,706,25,'11868',1,1),(26148,231,707,25,'11873',1,1),(26149,231,708,25,'11877',1,1),(26150,231,709,25,'11882',1,1),(26151,231,710,25,'11886',1,1),(26152,231,711,25,'11889',1,NULL),(26153,231,712,25,'11890',1,NULL),(26154,231,713,25,'11894',1,NULL),(26155,231,592,25,'11847',2,1),(26156,231,702,25,'11855',2,1),(26157,231,703,25,'11860',2,NULL),(26158,231,704,25,'11862',2,1),(26159,231,705,25,'11864',2,1),(26160,231,706,25,'11868',2,1),(26161,231,707,25,'11873',2,1),(26162,231,708,25,'11877',2,1),(26163,231,709,25,'11882',2,1),(26164,231,710,25,'11886',2,1),(26165,231,711,25,'11888',2,1),(26166,231,712,25,'11891',2,NULL),(26167,231,713,25,'11895',2,1),(26168,215,127,8,'750',1,1),(26169,215,128,8,'753',1,1),(26170,215,129,8,'759',1,1),(26171,215,130,8,'768',1,1),(26172,215,131,8,'766',1,NULL),(26173,215,132,8,'770',1,1),(26174,215,133,8,'773',1,1),(26175,215,134,8,'774',1,1),(26176,215,135,8,'777',1,1),(26177,215,136,8,'782',1,1),(26178,215,1131,9,'12181',1,1),(26179,215,1132,9,'11941',1,1),(26180,215,1133,9,'11945',1,1),(26181,215,1134,9,'11949',1,1),(26182,215,1135,9,'11950',1,1),(26183,215,1136,9,'12198',1,1),(26184,215,1137,9,'12188',1,1),(26185,215,1138,9,'11960',1,1),(26186,215,1140,9,'12191',1,1),(26187,215,138,9,'12197',1,1),(26188,215,140,9,'11911',1,1),(26189,215,141,9,'11917',1,1),(26190,215,142,9,'11921',1,NULL),(26191,215,1183,9,'12203',1,1),(26192,215,1184,9,'12207',1,1),(26193,215,1185,9,'12209',1,1),(26194,215,1141,10,'1870',1,1),(26195,215,1142,10,'1792',1,NULL),(26196,215,1143,10,'1873',1,1),(26197,215,1144,10,'1881',1,1),(26198,215,1145,10,'1885',1,1),(26199,215,1146,10,'1886',1,1),(26200,215,1147,10,'1888',1,1),(26201,215,1148,10,'1890',1,1),(26202,215,1149,10,'1892',1,1),(26203,215,1150,10,'1894',1,1),(26204,215,1151,10,'1897',1,1),(26205,215,1152,10,'1899',1,1),(26206,215,1154,10,'1900',1,1),(26207,215,1155,10,'1903',1,1),(26208,215,1156,10,'1904',1,1),(26209,215,146,11,'831',1,1),(26210,215,147,11,'961',1,1),(26211,215,148,11,'966',1,NULL),(26212,215,149,11,'920',1,1),(26213,215,150,11,'849',1,1),(26214,215,151,11,'854',1,1),(26215,215,152,11,'857',1,1),(26216,215,153,11,'859',1,1),(26217,215,154,11,'870',1,1),(26218,215,155,11,'873',1,1),(26219,215,156,11,'950',1,1),(26220,215,157,11,'967',1,1),(26221,215,158,11,'928',1,1),(26222,215,159,11,'931',1,1),(26223,215,160,11,'892',1,1),(26224,215,161,11,'940',1,1),(26225,215,162,11,'12251',1,1),(26226,215,163,11,'906',1,1),(26227,215,164,11,'12178',1,1),(26228,215,165,11,'945',1,1),(26229,215,166,12,'971',1,1),(26230,215,167,12,'984',1,1),(26231,215,168,12,'981',1,1),(26232,215,169,12,'990',1,1),(26233,215,170,12,'994',1,1),(26234,215,171,12,'997',1,1),(26235,215,172,12,'1000',1,1),(26236,215,173,12,'1134',1,1),(26237,215,174,12,'1138',1,1),(26238,215,175,12,'1013',1,1),(26239,215,176,12,'1017',1,1),(26240,215,177,12,'1019',1,1),(26241,215,178,12,'1021',1,1),(26242,215,179,12,'1023',1,1),(26243,215,180,12,'1025',1,1),(26244,215,181,13,'1199',1,1),(26245,215,182,13,'1201',1,1),(26246,215,183,13,'1209',1,1),(26247,215,184,13,'1045',1,1),(26248,215,185,13,'1212',1,1),(26249,215,186,13,'1222',1,1),(26250,215,187,13,'1228',1,1),(26251,215,188,13,'1234',1,1),(26252,215,189,13,'1072',1,1),(26253,215,191,13,'12213',1,1),(26254,215,192,13,'1084',1,1),(26255,215,193,13,'1090',1,1),(26256,215,194,13,'1274',1,1),(26257,215,195,13,'1267',1,1),(26258,215,196,13,'1263',1,1),(26259,215,197,13,'1261',1,1),(26260,215,198,13,'1256',1,1),(26261,215,199,13,'1249',1,1),(26262,215,200,13,'1243',1,1),(26263,215,181,13,'1199',2,1),(26264,215,182,13,'1201',2,1),(26265,215,183,13,'1209',2,1),(26266,215,184,13,'1045',2,1),(26267,215,185,13,'1212',2,1),(26268,215,186,13,'1222',2,1),(26269,215,187,13,'1228',2,1),(26270,215,188,13,'1234',2,1),(26271,215,189,13,'1072',2,1),(26272,215,191,13,'12213',2,1),(26273,215,192,13,'1084',2,1),(26274,215,193,13,'1090',2,1),(26275,215,194,13,'1274',2,1),(26276,215,195,13,'1267',2,1),(26277,215,196,13,'1263',2,1),(26278,215,197,13,'1261',2,1),(26279,215,198,13,'1256',2,1),(26280,215,199,13,'1249',2,1),(26281,215,200,13,'1243',2,1),(26282,215,201,14,'1145',1,NULL),(26283,215,202,14,'1146',1,1),(26284,215,203,14,'1152',1,1),(26285,215,204,14,'1157',1,1),(26286,215,205,14,'1162',1,1),(26287,215,206,14,'1163',1,1),(26288,215,207,14,'1165',1,1),(26289,215,208,14,'1169',1,1),(26290,215,209,14,'1174',1,1),(26291,215,210,14,'1179',1,1),(26292,215,1186,15,'12231',1,1),(26293,215,1188,15,'12228',1,1),(26294,215,1189,15,'12235',1,1),(26295,215,1190,15,'12243',1,1),(26296,215,1191,15,'12244',1,1),(26297,215,211,15,'1180',1,1),(26298,215,212,15,'1185',1,1),(26299,215,213,15,'12221',1,1),(26300,215,214,15,'1192',1,1),(26301,215,215,15,'1193',1,1),(26302,215,592,25,'11847',1,1),(26303,215,702,25,'12260',1,1),(26304,215,703,25,'12264',1,1),(26305,215,704,25,'12267',1,1),(26306,215,706,25,'12269',1,1),(26307,215,707,25,'12272',1,NULL),(26308,215,708,25,'11876',1,NULL),(26309,215,709,25,'12286',1,1),(26310,215,710,25,'12277',1,1),(26311,215,711,25,'12287',1,1),(26312,215,712,25,'12289',1,1),(26313,215,713,25,'12292',1,NULL),(26314,215,592,25,'11847',2,1),(26315,215,702,25,'12260',2,1),(26316,215,703,25,'12264',2,1),(26317,215,704,25,'12267',2,1),(26318,215,706,25,'12269',2,1),(26319,215,707,25,'12273',2,1),(26320,215,708,25,'11877',2,1),(26321,215,709,25,'12286',2,1),(26322,215,710,25,'12277',2,1),(26323,215,711,25,'12288',2,NULL),(26324,215,712,25,'12289',2,1),(26325,215,713,25,'12291',2,1),(26326,225,166,12,'971',1,1),(26327,225,167,12,'984',1,1),(26328,225,168,12,'981',1,1),(26329,225,169,12,'990',1,1),(26330,225,170,12,'994',1,1),(26331,225,171,12,'997',1,1),(26332,225,172,12,'1000',1,1),(26333,225,173,12,'1134',1,1),(26334,225,174,12,'1138',1,1),(26335,225,175,12,'1013',1,1),(26336,225,176,12,'1017',1,1),(26337,225,177,12,'1019',1,1),(26338,225,178,12,'1021',1,1),(26339,225,179,12,'1023',1,1),(26340,225,180,12,'1025',1,1),(26341,225,181,13,'1199',1,1),(26342,225,182,13,'1201',1,1),(26343,225,183,13,'1209',1,1),(26344,225,184,13,'1045',1,1),(26345,225,185,13,'1212',1,1),(26346,225,186,13,'1222',1,1),(26347,225,187,13,'1228',1,1),(26348,225,188,13,'1234',1,1),(26349,225,189,13,'1072',1,1),(26350,225,191,13,'12212',1,NULL),(26351,225,192,13,'1084',1,1),(26352,225,193,13,'1090',1,1),(26353,225,194,13,'1274',1,1),(26354,225,195,13,'1267',1,1),(26355,225,196,13,'1263',1,1),(26356,225,197,13,'1261',1,1),(26357,225,198,13,'1256',1,1),(26358,225,199,13,'1249',1,1),(26359,225,200,13,'1242',1,NULL),(26360,213,26,3,'463',1,1),(26361,213,27,3,'465',1,1),(26362,213,28,3,'467',1,1),(26363,213,29,3,'469',1,1),(26364,213,30,3,'471',1,1),(26365,213,31,3,'474',1,1),(26366,213,32,3,'475',1,1),(26367,213,33,3,'477',1,1),(26368,213,35,3,'485',1,1),(26369,213,36,3,'12247',1,1),(26370,213,37,3,'12149',1,1),(26371,213,38,3,'500',1,1),(26372,213,39,3,'509',1,NULL),(26373,213,41,3,'12154',1,1),(26374,213,42,3,'12157',1,1),(26375,213,47,3,'519',1,NULL),(26376,213,48,3,'526',1,1),(26377,213,49,3,'12161',1,1),(26378,233,26,3,'463',1,1),(26379,233,27,3,'465',1,1),(26380,233,28,3,'467',1,1),(26381,233,30,3,'471',1,1),(26382,233,31,3,'474',1,1),(26383,233,32,3,'476',1,NULL),(26384,233,33,3,'477',1,1),(26385,233,35,3,'485',1,1),(26386,233,36,3,'12247',1,1),(26387,233,37,3,'12149',1,1),(26388,233,38,3,'500',1,1),(26389,233,39,3,'509',1,NULL),(26390,233,40,3,'511',1,1),(26391,233,41,3,'12156',1,NULL),(26392,233,42,3,'12160',1,NULL),(26393,233,47,3,'521',1,1),(26394,233,48,3,'526',1,1),(26395,233,49,3,'12165',1,NULL),(26396,233,26,3,'463',2,1),(26397,233,27,3,'465',2,1),(26398,233,28,3,'468',2,NULL),(26399,233,29,3,'469',2,1),(26400,233,30,3,'471',2,1),(26401,233,31,3,'474',2,1),(26402,233,32,3,'475',2,1),(26403,233,33,3,'477',2,1),(26404,233,35,3,'485',2,1),(26405,233,36,3,'12247',2,1),(26406,233,37,3,'12149',2,1),(26407,233,38,3,'500',2,1),(26408,233,39,3,'508',2,1),(26409,233,40,3,'511',2,1),(26410,233,41,3,'12156',2,NULL),(26411,233,42,3,'12160',2,NULL),(26412,233,47,3,'519',2,NULL),(26413,233,48,3,'526',2,1),(26414,233,49,3,'12165',2,NULL),(26415,226,26,3,'463',1,1),(26416,226,27,3,'465',1,1),(26417,226,28,3,'467',1,1),(26418,226,29,3,'469',1,1),(26419,226,30,3,'471',1,1),(26420,226,31,3,'474',1,1),(26421,226,32,3,'475',1,1),(26422,226,33,3,'477',1,1),(26423,226,35,3,'485',1,1),(26424,226,36,3,'12249',1,NULL),(26425,226,37,3,'12149',1,1),(26426,226,38,3,'500',1,1),(26427,226,39,3,'508',1,1),(26428,226,40,3,'511',1,1),(26429,226,41,3,'12153',1,NULL),(26430,226,42,3,'12157',1,1),(26431,226,47,3,'521',1,1),(26432,226,48,3,'526',1,1),(26433,226,49,3,'12165',1,NULL),(26434,226,53,4,'296',1,1),(26435,226,54,4,'449',1,1),(26436,226,55,4,'300',1,1),(26437,226,57,4,'452',1,1),(26438,226,58,4,'414',1,1),(26439,226,59,4,'419',1,1),(26440,226,60,4,'325',1,1),(26441,226,61,4,'425',1,1),(26442,226,62,4,'327',1,1),(26443,226,63,4,'331',1,1),(26444,226,64,4,'333',1,1),(26445,226,65,4,'458',1,1),(26446,226,82,4,'343',1,1),(26447,226,83,4,'347',1,1),(26448,226,85,4,'459',1,1),(26449,226,67,5,'540',1,1),(26450,226,68,5,'544',1,1),(26451,226,69,5,'547',1,NULL),(26452,226,70,5,'551',1,1),(26453,226,71,5,'553',1,1),(26454,226,72,5,'557',1,1),(26455,226,73,5,'564',1,NULL),(26456,226,74,5,'567',1,NULL),(26457,226,75,5,'575',1,1),(26458,226,78,5,'580',1,NULL),(26459,226,79,5,'588',1,1),(26460,226,80,5,'592',1,1),(26461,226,81,5,'576',1,1),(26462,226,88,5,'595',1,NULL),(26463,226,89,5,'600',1,1),(26464,226,67,5,'540',2,1),(26465,226,68,5,'544',2,1),(26466,226,69,5,'546',2,1),(26467,226,70,5,'551',2,1),(26468,226,71,5,'553',2,1),(26469,226,72,5,'557',2,1),(26470,226,73,5,'565',2,1),(26471,226,74,5,'570',2,NULL),(26472,226,75,5,'575',2,1),(26473,226,78,5,'583',2,NULL),(26474,226,79,5,'588',2,1),(26475,226,80,5,'592',2,1),(26476,226,81,5,'576',2,1),(26477,226,88,5,'594',2,NULL),(26478,226,89,5,'600',2,1),(26479,226,116,7,'692',1,NULL),(26480,226,117,7,'695',1,NULL),(26481,226,118,7,'703',1,1),(26482,226,119,7,'706',1,1),(26483,226,120,7,'711',1,1),(26484,226,121,7,'714',1,1),(26485,226,122,7,'720',1,1),(26486,226,124,7,'726',1,1),(26487,226,125,7,'745',1,1),(26488,226,126,7,'735',1,1),(26489,233,26,3,'463',3,1),(26490,233,27,3,'465',3,1),(26491,233,28,3,'467',3,1),(26492,233,29,3,'469',3,1),(26493,233,30,3,'471',3,1),(26494,233,31,3,'474',3,1),(26495,233,32,3,'475',3,1),(26496,233,33,3,'477',3,1),(26497,233,35,3,'485',3,1),(26498,233,36,3,'12247',3,1),(26499,233,37,3,'12149',3,1),(26500,233,38,3,'500',3,1),(26501,233,39,3,'508',3,1),(26502,233,40,3,'511',3,1),(26503,233,41,3,'12153',3,NULL),(26504,233,42,3,'12157',3,1),(26505,233,47,3,'521',3,1),(26506,233,48,3,'526',3,1),(26507,233,49,3,'12166',3,NULL),(26508,232,592,25,'11847',1,1),(26509,232,702,25,'12260',1,1),(26510,232,703,25,'12264',1,1),(26511,232,704,25,'12267',1,1),(26512,232,706,25,'12269',1,1),(26513,232,707,25,'12273',1,1),(26514,232,708,25,'11876',1,NULL),(26515,232,709,25,'12286',1,1),(26516,232,710,25,'12278',1,NULL),(26517,232,711,25,'12287',1,1),(26518,232,712,25,'12289',1,1),(26519,232,713,25,'12291',1,1),(26520,233,53,4,'296',1,1),(26521,233,54,4,'449',1,1),(26522,233,55,4,'300',1,1),(26523,233,57,4,'452',1,1),(26524,233,58,4,'414',1,1),(26525,233,59,4,'419',1,1),(26526,233,60,4,'325',1,1),(26527,233,61,4,'425',1,1),(26528,233,62,4,'327',1,1),(26529,233,63,4,'331',1,1),(26530,233,64,4,'333',1,1),(26531,233,65,4,'457',1,NULL),(26532,233,82,4,'343',1,1),(26533,233,83,4,'347',1,1),(26534,233,85,4,'459',1,1),(26535,233,67,5,'540',1,1),(26536,233,68,5,'544',1,1),(26537,233,69,5,'545',1,NULL),(26538,233,70,5,'552',1,NULL),(26539,233,71,5,'553',1,1),(26540,233,72,5,'560',1,NULL),(26541,233,73,5,'561',1,NULL),(26542,233,74,5,'569',1,1),(26543,233,75,5,'575',1,1),(26544,233,78,5,'582',1,1),(26545,233,79,5,'588',1,1),(26546,233,80,5,'591',1,NULL),(26547,233,81,5,'576',1,1),(26548,233,88,5,'597',1,NULL),(26549,233,89,5,'600',1,1),(26550,232,166,12,'971',1,1),(26551,232,167,12,'984',1,1),(26552,232,168,12,'981',1,1),(26553,232,169,12,'989',1,NULL),(26554,232,170,12,'994',1,1),(26555,232,171,12,'998',1,NULL),(26556,232,172,12,'1000',1,1),(26557,232,173,12,'1136',1,NULL),(26558,232,174,12,'1138',1,1),(26559,232,175,12,'1013',1,1),(26560,232,176,12,'1017',1,1),(26561,232,177,12,'1019',1,1),(26562,232,178,12,'1021',1,1),(26563,232,179,12,'1023',1,1),(26564,232,180,12,'1025',1,1),(26565,232,181,13,'1199',1,1),(26566,232,182,13,'1201',1,1),(26567,232,183,13,'1209',1,1),(26568,232,184,13,'1045',1,1),(26569,232,185,13,'1211',1,NULL),(26570,232,186,13,'1222',1,1),(26571,232,187,13,'1228',1,1),(26572,232,188,13,'1234',1,1),(26573,232,189,13,'1072',1,1),(26574,232,191,13,'12213',1,1),(26575,232,193,13,'1090',1,1),(26576,232,194,13,'1274',1,1),(26577,232,195,13,'1267',1,1),(26578,232,196,13,'1263',1,1),(26579,232,197,13,'1261',1,1),(26580,232,198,13,'1256',1,1),(26581,232,199,13,'1249',1,1),(26582,232,200,13,'1245',1,NULL),(26583,232,201,14,'1141',1,NULL),(26584,232,202,14,'1146',1,1),(26585,232,203,14,'1152',1,1),(26586,232,204,14,'1157',1,1),(26587,232,205,14,'1162',1,1),(26588,232,206,14,'1163',1,1),(26589,232,207,14,'1167',1,NULL),(26590,232,208,14,'1169',1,1),(26591,232,209,14,'1174',1,1),(26592,232,210,14,'1179',1,1),(26593,232,1186,15,'12232',1,NULL),(26594,232,1188,15,'12228',1,1),(26595,232,1189,15,'12235',1,1),(26596,232,1190,15,'12243',1,1),(26597,232,1191,15,'12244',1,1),(26598,232,211,15,'1180',1,1),(26599,232,212,15,'1185',1,1),(26600,232,213,15,'12221',1,1),(26601,232,214,15,'1192',1,1),(26602,232,215,15,'1194',1,NULL),(26603,233,67,5,'540',2,1),(26604,233,68,5,'544',2,1),(26605,233,69,5,'546',2,1),(26606,233,70,5,'551',2,1),(26607,233,71,5,'553',2,1),(26608,233,72,5,'557',2,1),(26609,233,73,5,'565',2,1),(26610,233,74,5,'569',2,1),(26611,233,75,5,'575',2,1),(26612,233,78,5,'582',2,1),(26613,233,79,5,'588',2,1),(26614,233,80,5,'593',2,NULL),(26615,233,81,5,'576',2,1),(26616,233,88,5,'594',2,NULL),(26617,233,89,5,'600',2,1),(26618,233,116,7,'694',1,1),(26619,233,117,7,'697',1,1),(26620,233,118,7,'704',1,NULL),(26621,233,119,7,'706',1,1),(26622,233,120,7,'709',1,NULL),(26623,233,121,7,'714',1,1),(26624,233,122,7,'720',1,1),(26625,233,124,7,'725',1,NULL),(26626,233,125,7,'745',1,1),(26627,233,126,7,'735',1,1),(26628,233,116,7,'694',2,1),(26629,233,117,7,'697',2,1),(26630,233,118,7,'703',2,1),(26631,233,119,7,'706',2,1),(26632,233,120,7,'711',2,1),(26633,233,121,7,'714',2,1),(26634,233,122,7,'720',2,1),(26635,233,124,7,'726',2,1),(26636,233,125,7,'745',2,1),(26637,233,126,7,'735',2,1),(26638,233,127,8,'750',1,1),(26639,233,128,8,'753',1,1),(26640,233,129,8,'759',1,1),(26641,233,130,8,'768',1,1),(26642,233,131,8,'767',1,1),(26643,233,132,8,'770',1,1),(26644,233,133,8,'772',1,NULL),(26645,233,134,8,'774',1,1),(26646,233,135,8,'777',1,1),(26647,233,136,8,'782',1,1),(26648,233,1131,9,'12181',1,1),(26649,233,1132,9,'11941',1,1),(26650,233,1133,9,'11945',1,1),(26651,233,1134,9,'11949',1,1),(26652,233,1135,9,'11951',1,NULL),(26653,233,1136,9,'12198',1,1),(26654,233,1137,9,'12189',1,NULL),(26655,233,1138,9,'11962',1,NULL),(26656,233,1140,9,'12191',1,1),(26657,233,138,9,'12197',1,1),(26658,233,140,9,'11911',1,1),(26659,233,141,9,'11916',1,NULL),(26660,233,142,9,'11922',1,1),(26661,233,1183,9,'12203',1,1),(26662,233,1184,9,'12204',1,NULL),(26663,233,1185,9,'12209',1,1),(26664,233,1131,9,'12181',2,1),(26665,233,1132,9,'11941',2,1),(26666,233,1133,9,'11945',2,1),(26667,233,1134,9,'11949',2,1),(26668,233,1135,9,'11950',2,1),(26669,233,1136,9,'12198',2,1),(26670,233,1137,9,'12188',2,1),(26671,233,1138,9,'11960',2,1),(26672,233,1140,9,'12191',2,1),(26673,233,138,9,'12197',2,1),(26674,233,140,9,'11911',2,1),(26675,233,141,9,'11918',2,NULL),(26676,233,142,9,'11922',2,1),(26677,233,1183,9,'12203',2,1),(26678,233,1184,9,'12205',2,NULL),(26679,233,1185,9,'12209',2,1),(26680,233,1141,10,'1870',1,1),(26681,233,1142,10,'1792',1,NULL),(26682,233,1143,10,'1873',1,1),(26683,233,1144,10,'1881',1,1),(26684,233,1145,10,'1885',1,1),(26685,233,1146,10,'1886',1,1),(26686,233,1147,10,'1888',1,1),(26687,233,1148,10,'1890',1,1),(26688,233,1149,10,'1893',1,NULL),(26689,233,1150,10,'1894',1,1),(26690,233,1151,10,'1897',1,1),(26691,233,1152,10,'1898',1,NULL),(26692,233,1154,10,'1900',1,1),(26693,233,1155,10,'1902',1,NULL),(26694,233,1156,10,'1904',1,1),(26695,233,1141,10,'1870',2,1),(26696,233,1142,10,'1789',2,NULL),(26697,233,1143,10,'1873',2,1),(26698,233,1144,10,'1881',2,1),(26699,233,1145,10,'1885',2,1),(26700,233,1146,10,'1886',2,1),(26701,233,1147,10,'1888',2,1),(26702,233,1148,10,'1890',2,1),(26703,233,1149,10,'1892',2,1),(26704,233,1150,10,'1894',2,1),(26705,233,1151,10,'1897',2,1),(26706,233,1152,10,'1899',2,1),(26707,233,1154,10,'1900',2,1),(26708,233,1155,10,'1903',2,1),(26709,233,1156,10,'1904',2,1),(26710,213,53,4,'296',1,1),(26711,213,54,4,'449',1,1),(26712,213,55,4,'300',1,1),(26713,213,57,4,'452',1,1),(26714,213,58,4,'414',1,1),(26715,213,59,4,'419',1,1),(26716,213,60,4,'325',1,1),(26717,213,61,4,'424',1,NULL),(26718,213,62,4,'327',1,1),(26719,213,63,4,'331',1,1),(26720,213,64,4,'333',1,1),(26721,213,65,4,'458',1,1),(26722,213,82,4,'343',1,1),(26723,213,83,4,'347',1,1),(26724,213,85,4,'459',1,1),(26725,233,146,11,'834',1,NULL),(26726,233,147,11,'961',1,1),(26727,233,148,11,'965',1,NULL),(26728,233,149,11,'922',1,NULL),(26729,233,150,11,'850',1,NULL),(26730,233,151,11,'854',1,1),(26731,233,152,11,'857',1,1),(26732,233,153,11,'859',1,1),(26733,233,154,11,'870',1,1),(26734,233,155,11,'872',1,NULL),(26735,233,156,11,'950',1,1),(26736,233,157,11,'967',1,1),(26737,233,158,11,'930',1,NULL),(26738,233,159,11,'931',1,1),(26739,233,160,11,'892',1,1),(26740,233,161,11,'940',1,1),(26741,233,162,11,'12252',1,NULL),(26742,233,163,11,'906',1,1),(26743,233,164,11,'12175',1,NULL),(26744,233,165,11,'946',1,NULL),(26745,213,67,5,'540',1,1),(26746,213,68,5,'544',1,1),(26747,213,69,5,'545',1,NULL),(26748,213,70,5,'551',1,1),(26749,213,71,5,'553',1,1),(26750,213,72,5,'558',1,NULL),(26751,213,73,5,'564',1,NULL),(26752,213,74,5,'569',1,1),(26753,213,75,5,'575',1,1),(26754,213,78,5,'581',1,NULL),(26755,213,79,5,'588',1,1),(26756,213,80,5,'593',1,NULL),(26757,213,81,5,'576',1,1),(26758,213,88,5,'597',1,NULL),(26759,213,89,5,'600',1,1),(26760,233,146,11,'831',2,1),(26761,233,147,11,'961',2,1),(26762,233,148,11,'964',2,1),(26763,233,149,11,'921',2,NULL),(26764,233,150,11,'849',2,1),(26765,233,151,11,'854',2,1),(26766,233,152,11,'857',2,1),(26767,233,153,11,'859',2,1),(26768,233,154,11,'870',2,1),(26769,233,155,11,'873',2,1),(26770,233,156,11,'950',2,1),(26771,233,157,11,'967',2,1),(26772,233,158,11,'929',2,NULL),(26773,233,159,11,'931',2,1),(26774,233,160,11,'892',2,1),(26775,233,161,11,'940',2,1),(26776,233,162,11,'12253',2,NULL),(26777,233,163,11,'906',2,1),(26778,233,164,11,'12176',2,NULL),(26779,233,165,11,'945',2,1),(26780,213,67,5,'540',2,1),(26781,213,68,5,'544',2,1),(26782,213,69,5,'548',2,NULL),(26783,213,70,5,'551',2,1),(26784,213,71,5,'554',2,NULL),(26785,213,72,5,'557',2,1),(26786,213,73,5,'565',2,1),(26787,213,74,5,'569',2,1),(26788,213,75,5,'574',2,NULL),(26789,213,78,5,'580',2,NULL),(26790,213,79,5,'588',2,1),(26791,213,80,5,'593',2,NULL),(26792,213,81,5,'576',2,1),(26793,213,88,5,'597',2,NULL),(26794,213,89,5,'599',2,NULL),(26795,233,166,12,'971',1,1),(26796,233,167,12,'984',1,1),(26797,233,168,12,'981',1,1),(26798,233,169,12,'990',1,1),(26799,233,170,12,'994',1,1),(26800,233,171,12,'997',1,1),(26801,233,172,12,'1000',1,1),(26802,233,173,12,'1136',1,NULL),(26803,233,174,12,'1140',1,NULL),(26804,233,175,12,'1013',1,1),(26805,233,176,12,'1017',1,1),(26806,233,177,12,'1019',1,1),(26807,233,178,12,'1021',1,1),(26808,233,179,12,'1023',1,1),(26809,233,180,12,'1025',1,1),(26810,213,67,5,'540',3,1),(26811,213,69,5,'546',3,1),(26812,213,70,5,'551',3,1),(26813,213,71,5,'556',3,NULL),(26814,213,72,5,'557',3,1),(26815,213,73,5,'565',3,1),(26816,213,74,5,'569',3,1),(26817,213,75,5,'575',3,1),(26818,213,78,5,'583',3,NULL),(26819,213,79,5,'588',3,1),(26820,213,80,5,'591',3,NULL),(26821,213,81,5,'576',3,1),(26822,213,88,5,'596',3,1),(26823,213,89,5,'600',3,1),(26824,233,181,13,'1199',1,1),(26825,233,182,13,'1201',1,1),(26826,233,183,13,'1209',1,1),(26827,233,184,13,'1045',1,1),(26828,233,185,13,'1214',1,NULL),(26829,233,186,13,'1222',1,1),(26830,233,187,13,'1229',1,NULL),(26831,233,188,13,'1234',1,1),(26832,233,189,13,'1072',1,1),(26833,233,191,13,'12212',1,NULL),(26834,233,192,13,'1084',1,1),(26835,233,193,13,'1090',1,1),(26836,233,194,13,'1272',1,NULL),(26837,233,195,13,'1267',1,1),(26838,233,196,13,'1263',1,1),(26839,233,197,13,'1261',1,1),(26840,233,198,13,'1256',1,1),(26841,233,199,13,'1248',1,NULL),(26842,233,200,13,'1242',1,NULL),(26843,233,181,13,'1199',2,1),(26844,233,182,13,'1201',2,1),(26845,233,183,13,'1209',2,1),(26846,233,184,13,'1045',2,1),(26847,233,185,13,'1210',2,NULL),(26848,233,186,13,'1222',2,1),(26849,233,187,13,'1228',2,1),(26850,233,188,13,'1234',2,1),(26851,233,189,13,'1072',2,1),(26852,233,191,13,'12213',2,1),(26853,233,192,13,'1084',2,1),(26854,233,193,13,'1090',2,1),(26855,233,194,13,'1274',2,1),(26856,233,195,13,'1267',2,1),(26857,233,196,13,'1263',2,1),(26858,233,197,13,'1261',2,1),(26859,233,198,13,'1256',2,1),(26860,233,199,13,'1250',2,NULL),(26861,233,200,13,'1243',2,1),(26862,213,67,5,'540',4,1),(26863,213,68,5,'544',4,1),(26864,213,69,5,'546',4,1),(26865,213,70,5,'551',4,1),(26866,213,71,5,'553',4,1),(26867,213,72,5,'557',4,1),(26868,213,73,5,'565',4,1),(26869,213,74,5,'569',4,1),(26870,213,75,5,'575',4,1),(26871,213,78,5,'582',4,1),(26872,213,79,5,'588',4,1),(26873,213,80,5,'591',4,NULL),(26874,213,81,5,'576',4,1),(26875,213,88,5,'594',4,NULL),(26876,213,89,5,'598',4,NULL),(26877,233,201,14,'1143',1,NULL),(26878,233,202,14,'1146',1,1),(26879,233,203,14,'1151',1,NULL),(26880,233,204,14,'1157',1,1),(26881,233,205,14,'1162',1,1),(26882,233,206,14,'1163',1,1),(26883,233,207,14,'1165',1,1),(26884,233,208,14,'1170',1,NULL),(26885,233,209,14,'1172',1,NULL),(26886,233,210,14,'1179',1,1),(26887,233,202,14,'1146',2,1),(26888,233,203,14,'1152',2,1),(26889,233,204,14,'1157',2,1),(26890,233,205,14,'1162',2,1),(26891,233,206,14,'1163',2,1),(26892,233,207,14,'1165',2,1),(26893,233,208,14,'1169',2,1),(26894,233,209,14,'1174',2,1),(26895,233,210,14,'1179',2,1),(26896,233,1186,15,'12232',1,NULL),(26897,233,1188,15,'12227',1,NULL),(26898,233,1189,15,'12235',1,1),(26899,233,1190,15,'12243',1,1),(26900,233,1191,15,'12244',1,1),(26901,233,211,15,'1180',1,1),(26902,233,212,15,'1185',1,1),(26903,233,213,15,'12221',1,1),(26904,233,214,15,'1191',1,NULL),(26905,233,215,15,'1193',1,1),(26906,213,116,7,'694',1,1),(26907,213,117,7,'697',1,1),(26908,213,118,7,'703',1,1),(26909,213,119,7,'706',1,1),(26910,213,120,7,'711',1,1),(26911,213,121,7,'714',1,1),(26912,213,122,7,'718',1,NULL),(26913,213,124,7,'726',1,1),(26914,213,125,7,'745',1,1),(26915,213,126,7,'735',1,1),(26916,233,1186,15,'12231',2,1),(26917,233,1188,15,'12230',2,NULL),(26918,233,1189,15,'12235',2,1),(26919,233,1190,15,'12243',2,1),(26920,233,1191,15,'12244',2,1),(26921,233,211,15,'1180',2,1),(26922,233,212,15,'1185',2,1),(26923,233,213,15,'12221',2,1),(26924,233,214,15,'1192',2,1),(26925,233,215,15,'1193',2,1),(26926,213,127,8,'750',1,1),(26927,213,128,8,'753',1,1),(26928,213,129,8,'759',1,1),(26929,213,130,8,'768',1,1),(26930,213,131,8,'766',1,NULL),(26931,213,132,8,'770',1,1),(26932,213,133,8,'773',1,1),(26933,213,134,8,'774',1,1),(26934,213,135,8,'777',1,1),(26935,213,136,8,'782',1,1),(26936,225,201,14,'1145',1,NULL),(26937,225,202,14,'1146',1,1),(26938,225,203,14,'1149',1,NULL),(26939,225,204,14,'1157',1,1),(26940,225,205,14,'1162',1,1),(26941,225,206,14,'1163',1,1),(26942,225,207,14,'1165',1,1),(26943,225,208,14,'1169',1,1),(26944,225,209,14,'1174',1,1),(26945,225,210,14,'1179',1,1),(26946,208,26,3,'463',1,1),(26947,208,27,3,'465',1,1),(26948,208,28,3,'467',1,1),(26949,208,29,3,'469',1,1),(26950,208,30,3,'471',1,1),(26951,208,31,3,'474',1,1),(26952,208,32,3,'475',1,1),(26953,208,33,3,'477',1,1),(26954,208,35,3,'485',1,1),(26955,208,36,3,'12247',1,1),(26956,208,37,3,'12149',1,1),(26957,208,38,3,'500',1,1),(26958,208,39,3,'508',1,1),(26959,208,40,3,'511',1,1),(26960,208,41,3,'12153',1,NULL),(26961,208,42,3,'12157',1,1),(26962,208,47,3,'519',1,NULL),(26963,208,48,3,'526',1,1),(26964,208,49,3,'12161',1,1),(26965,225,1186,15,'12231',1,1),(26966,225,1188,15,'12228',1,1),(26967,225,1189,15,'12235',1,1),(26968,225,1191,15,'12244',1,1),(26969,225,211,15,'1180',1,1),(26970,225,212,15,'1185',1,1),(26971,225,213,15,'12221',1,1),(26972,225,214,15,'1192',1,1),(26973,225,215,15,'1193',1,1),(26974,208,53,4,'296',1,1),(26975,208,54,4,'449',1,1),(26976,208,55,4,'300',1,1),(26977,208,57,4,'452',1,1),(26978,208,58,4,'414',1,1),(26979,208,59,4,'419',1,1),(26980,208,60,4,'325',1,1),(26981,208,61,4,'425',1,1),(26982,208,62,4,'327',1,1),(26983,208,63,4,'329',1,NULL),(26984,208,64,4,'333',1,1),(26985,208,65,4,'458',1,1),(26986,208,82,4,'343',1,1),(26987,208,83,4,'347',1,1),(26988,208,85,4,'459',1,1),(26989,208,67,5,'540',1,1),(26990,208,68,5,'544',1,1),(26991,208,69,5,'546',1,1),(26992,208,70,5,'551',1,1),(26993,208,71,5,'555',1,NULL),(26994,208,72,5,'557',1,1),(26995,208,73,5,'565',1,1),(26996,208,74,5,'569',1,1),(26997,208,75,5,'575',1,1),(26998,208,78,5,'582',1,1),(26999,208,79,5,'588',1,1),(27000,208,80,5,'591',1,NULL),(27001,208,81,5,'576',1,1),(27002,208,88,5,'596',1,1),(27003,208,89,5,'600',1,1),(27004,226,127,8,'750',1,1),(27005,226,128,8,'753',1,1),(27006,226,129,8,'759',1,1),(27007,226,130,8,'768',1,1),(27008,226,131,8,'767',1,1),(27009,226,132,8,'770',1,1),(27010,226,133,8,'773',1,1),(27011,226,134,8,'774',1,1),(27012,226,135,8,'777',1,1),(27013,226,136,8,'782',1,1),(27014,208,116,7,'694',1,1),(27015,208,117,7,'697',1,1),(27016,208,118,7,'703',1,1),(27017,208,119,7,'706',1,1),(27018,208,120,7,'711',1,1),(27019,208,121,7,'714',1,1),(27020,208,122,7,'720',1,1),(27021,208,124,7,'726',1,1),(27022,208,125,7,'745',1,1),(27023,208,126,7,'735',1,1),(27024,226,1131,9,'12179',1,NULL),(27025,226,1132,9,'11941',1,1),(27026,226,1133,9,'11945',1,1),(27027,226,1134,9,'11949',1,1),(27028,226,1135,9,'11950',1,1),(27029,226,1136,9,'12198',1,1),(27030,226,1137,9,'12188',1,1),(27031,226,1138,9,'11962',1,NULL),(27032,226,1140,9,'12191',1,1),(27033,226,138,9,'12197',1,1),(27034,226,140,9,'11911',1,1),(27035,226,141,9,'11916',1,NULL),(27036,226,142,9,'11921',1,NULL),(27037,226,1183,9,'12203',1,1),(27038,226,1184,9,'12204',1,NULL),(27039,226,1185,9,'12209',1,1),(27040,226,1131,9,'12181',2,1),(27041,226,1132,9,'11941',2,1),(27042,226,1133,9,'11945',2,1),(27043,226,1134,9,'11949',2,1),(27044,226,1135,9,'11950',2,1),(27045,226,1136,9,'12198',2,1),(27046,226,1137,9,'12188',2,1),(27047,226,1138,9,'11960',2,1),(27048,226,1140,9,'12191',2,1),(27049,226,138,9,'12197',2,1),(27050,226,140,9,'11911',2,1),(27051,226,141,9,'11918',2,NULL),(27052,226,142,9,'11922',2,1),(27053,226,1183,9,'12203',2,1),(27054,226,1184,9,'12207',2,1),(27055,226,1185,9,'12209',2,1),(27056,208,127,8,'750',1,1),(27057,208,128,8,'753',1,1),(27058,208,129,8,'759',1,1),(27059,208,130,8,'768',1,1),(27060,208,131,8,'766',1,NULL),(27061,208,132,8,'770',1,1),(27062,208,133,8,'773',1,1),(27063,208,134,8,'774',1,1),(27064,208,135,8,'777',1,1),(27065,208,136,8,'782',1,1),(27066,208,1131,9,'12179',1,NULL),(27067,208,1132,9,'11941',1,1),(27068,208,1133,9,'11945',1,1),(27069,208,1134,9,'11949',1,1),(27070,208,1135,9,'11950',1,1),(27071,208,1136,9,'12198',1,1),(27072,208,1137,9,'12188',1,1),(27073,208,1138,9,'11960',1,1),(27074,208,1140,9,'12191',1,1),(27075,208,138,9,'12197',1,1),(27076,208,140,9,'11911',1,1),(27077,208,141,9,'11918',1,NULL),(27078,208,142,9,'11923',1,NULL),(27079,208,1183,9,'12202',1,NULL),(27080,208,1184,9,'12205',1,NULL),(27081,208,1185,9,'12209',1,1),(27082,208,1131,9,'12179',2,NULL),(27083,208,1132,9,'11941',2,1),(27084,208,1133,9,'11945',2,1),(27085,208,1134,9,'11949',2,1),(27086,208,1135,9,'11950',2,1),(27087,208,1136,9,'12198',2,1),(27088,208,1137,9,'12188',2,1),(27089,208,1138,9,'11960',2,1),(27090,208,1140,9,'12191',2,1),(27091,208,138,9,'12197',2,1),(27092,208,140,9,'11911',2,1),(27093,208,141,9,'11918',2,NULL),(27094,208,142,9,'11921',2,NULL),(27095,208,1183,9,'12203',2,1),(27096,208,1184,9,'12207',2,1),(27097,208,1185,9,'12209',2,1),(27098,208,146,11,'831',1,1),(27099,208,147,11,'961',1,1),(27100,208,148,11,'964',1,1),(27101,208,149,11,'919',1,NULL),(27102,208,150,11,'849',1,1),(27103,208,151,11,'854',1,1),(27104,208,152,11,'857',1,1),(27105,208,153,11,'859',1,1),(27106,208,154,11,'870',1,1),(27107,208,155,11,'872',1,NULL),(27108,208,156,11,'950',1,1),(27109,208,157,11,'967',1,1),(27110,208,158,11,'928',1,1),(27111,208,159,11,'931',1,1),(27112,208,160,11,'892',1,1),(27113,208,161,11,'940',1,1),(27114,208,162,11,'12251',1,1),(27115,208,163,11,'905',1,NULL),(27116,208,164,11,'12175',1,NULL),(27117,208,165,11,'945',1,1),(27118,208,1141,10,'1870',1,1),(27119,208,1142,10,'1792',1,NULL),(27120,208,1143,10,'1873',1,1),(27121,208,1144,10,'1878',1,NULL),(27122,208,1145,10,'1885',1,1),(27123,208,1146,10,'1886',1,1),(27124,208,1147,10,'1888',1,1),(27125,208,1148,10,'1890',1,1),(27126,208,1149,10,'1893',1,NULL),(27127,208,1150,10,'1894',1,1),(27128,208,1151,10,'1897',1,1),(27129,208,1152,10,'1899',1,1),(27130,208,1154,10,'1900',1,1),(27131,208,1155,10,'1902',1,NULL),(27132,208,1156,10,'1904',1,1),(27133,208,1141,10,'1870',2,1),(27134,208,1142,10,'1789',2,NULL),(27135,208,1143,10,'1873',2,1),(27136,208,1144,10,'1881',2,1),(27137,208,1145,10,'1885',2,1),(27138,208,1146,10,'1886',2,1),(27139,208,1147,10,'1888',2,1),(27140,208,1148,10,'1890',2,1),(27141,208,1149,10,'1892',2,1),(27142,208,1150,10,'1894',2,1),(27143,208,1151,10,'1897',2,1),(27144,208,1152,10,'1899',2,1),(27145,208,1154,10,'1900',2,1),(27146,208,1155,10,'1903',2,1),(27147,208,1156,10,'1904',2,1),(27148,208,166,12,'971',1,1),(27149,208,167,12,'983',1,NULL),(27150,208,168,12,'981',1,1),(27151,208,169,12,'990',1,1),(27152,208,170,12,'994',1,1),(27153,208,171,12,'997',1,1),(27154,208,172,12,'1000',1,1),(27155,208,173,12,'1134',1,1),(27156,208,174,12,'1138',1,1),(27157,208,175,12,'1013',1,1),(27158,208,176,12,'1017',1,1),(27159,208,177,12,'1020',1,NULL),(27160,208,178,12,'1021',1,1),(27161,208,179,12,'1023',1,1),(27162,208,180,12,'1025',1,1),(27163,208,181,13,'1199',1,1),(27164,208,182,13,'1201',1,1),(27165,208,183,13,'1209',1,1),(27166,208,184,13,'1045',1,1),(27167,208,185,13,'1212',1,1),(27168,208,186,13,'1222',1,1),(27169,208,187,13,'1228',1,1),(27170,208,188,13,'1234',1,1),(27171,208,189,13,'1072',1,1),(27172,208,191,13,'12212',1,NULL),(27173,208,192,13,'1084',1,1),(27174,208,193,13,'1090',1,1),(27175,208,194,13,'1274',1,1),(27176,208,195,13,'1271',1,NULL),(27177,208,196,13,'1263',1,1),(27178,208,197,13,'1261',1,1),(27179,208,198,13,'1256',1,1),(27180,208,199,13,'1249',1,1),(27181,208,200,13,'1243',1,1),(27182,208,201,14,'1141',1,NULL),(27183,208,202,14,'1146',1,1),(27184,208,203,14,'1149',1,NULL),(27185,208,204,14,'1157',1,1),(27186,208,205,14,'1162',1,1),(27187,208,206,14,'1163',1,1),(27188,208,207,14,'1165',1,1),(27189,208,208,14,'1169',1,1),(27190,208,209,14,'1172',1,NULL),(27191,208,210,14,'1179',1,1),(27192,225,592,25,'11847',1,1),(27193,225,702,25,'12260',1,1),(27194,225,703,25,'12264',1,1),(27195,225,704,25,'12267',1,1),(27196,225,706,25,'12269',1,1),(27197,225,707,25,'12272',1,NULL),(27198,225,708,25,'11876',1,NULL),(27199,225,709,25,'12286',1,1),(27200,225,710,25,'12277',1,1),(27201,225,711,25,'12287',1,1),(27202,225,712,25,'12289',1,1),(27203,225,713,25,'12291',1,1),(27204,208,201,14,'1142',2,1),(27205,208,202,14,'1146',2,1),(27206,208,203,14,'1152',2,1),(27207,208,204,14,'1157',2,1),(27208,208,205,14,'1162',2,1),(27209,208,206,14,'1163',2,1),(27210,208,207,14,'1165',2,1),(27211,208,208,14,'1169',2,1),(27212,208,209,14,'1171',2,NULL),(27213,208,210,14,'1179',2,1),(27214,208,1186,15,'12231',1,1),(27215,208,1188,15,'12228',1,1),(27216,208,1189,15,'12235',1,1),(27217,208,1190,15,'12243',1,1),(27218,208,1191,15,'12244',1,1),(27219,208,211,15,'1181',1,NULL),(27220,208,212,15,'1185',1,1),(27221,208,213,15,'12221',1,1),(27222,208,214,15,'1192',1,1),(27223,208,215,15,'1193',1,1),(27224,226,1141,10,'1870',1,1),(27225,226,1142,10,'1792',1,NULL),(27226,226,1143,10,'1873',1,1),(27227,226,1144,10,'1881',1,1),(27228,226,1145,10,'1885',1,1),(27229,226,1146,10,'1886',1,1),(27230,226,1147,10,'1888',1,1),(27231,226,1148,10,'1890',1,1),(27232,226,1149,10,'1892',1,1),(27233,226,1150,10,'1894',1,1),(27234,226,1151,10,'1897',1,1),(27235,226,1152,10,'1899',1,1),(27236,226,1154,10,'1900',1,1),(27237,226,1155,10,'1903',1,1),(27238,226,1156,10,'1904',1,1),(27239,226,146,11,'831',1,1),(27240,226,147,11,'961',1,1),(27241,226,148,11,'964',1,1),(27242,226,149,11,'920',1,1),(27243,226,150,11,'849',1,1),(27244,226,151,11,'854',1,1),(27245,226,152,11,'857',1,1),(27246,226,153,11,'859',1,1),(27247,226,154,11,'869',1,NULL),(27248,226,155,11,'873',1,1),(27249,226,156,11,'950',1,1),(27250,226,157,11,'967',1,1),(27251,226,158,11,'928',1,1),(27252,226,159,11,'931',1,1),(27253,226,160,11,'892',1,1),(27254,226,161,11,'940',1,1),(27255,226,162,11,'12251',1,1),(27256,226,163,11,'906',1,1),(27257,226,164,11,'12178',1,1),(27258,226,165,11,'945',1,1),(27259,226,166,12,'971',1,1),(27260,226,167,12,'984',1,1),(27261,226,168,12,'981',1,1),(27262,226,169,12,'990',1,1),(27263,226,170,12,'994',1,1),(27264,226,171,12,'997',1,1),(27265,226,172,12,'1000',1,1),(27266,226,173,12,'1134',1,1),(27267,226,174,12,'1138',1,1),(27268,226,175,12,'1013',1,1),(27269,226,176,12,'1017',1,1),(27270,226,177,12,'1019',1,1),(27271,226,178,12,'1021',1,1),(27272,226,179,12,'1023',1,1),(27273,226,180,12,'1025',1,1),(27274,226,181,13,'1199',1,1),(27275,226,182,13,'1201',1,1),(27276,226,183,13,'1209',1,1),(27277,226,184,13,'1045',1,1),(27278,226,185,13,'1212',1,1),(27279,226,186,13,'1222',1,1),(27280,226,187,13,'1228',1,1),(27281,226,188,13,'1234',1,1),(27282,226,189,13,'1072',1,1),(27283,226,191,13,'12213',1,1),(27284,226,192,13,'1084',1,1),(27285,226,193,13,'1090',1,1),(27286,226,194,13,'1274',1,1),(27287,226,195,13,'1267',1,1),(27288,226,196,13,'1263',1,1),(27289,226,197,13,'1261',1,1),(27290,226,198,13,'1256',1,1),(27291,226,199,13,'1249',1,1),(27292,226,200,13,'1243',1,1),(27293,226,201,14,'1142',1,1),(27294,226,202,14,'1146',1,1),(27295,226,203,14,'1152',1,1),(27296,226,204,14,'1157',1,1),(27297,226,205,14,'1162',1,1),(27298,226,206,14,'1163',1,1),(27299,226,207,14,'1165',1,1),(27300,226,208,14,'1169',1,1),(27301,226,209,14,'1174',1,1),(27302,226,210,14,'1179',1,1),(27303,226,1186,15,'12231',1,1),(27304,226,1188,15,'12228',1,1),(27305,226,1189,15,'12235',1,1),(27306,226,1190,15,'12243',1,1),(27307,226,1191,15,'12244',1,1),(27308,226,211,15,'1180',1,1),(27309,226,212,15,'1185',1,1),(27310,226,213,15,'12221',1,1),(27311,226,214,15,'1192',1,1),(27312,226,215,15,'1194',1,NULL),(27313,226,592,25,'11847',1,1),(27314,226,702,25,'12260',1,1),(27315,226,703,25,'12264',1,1),(27316,226,704,25,'12267',1,1),(27317,226,706,25,'12269',1,1),(27318,226,707,25,'12273',1,1),(27319,226,708,25,'11877',1,1),(27320,226,709,25,'12285',1,NULL),(27321,226,710,25,'12277',1,1),(27322,226,711,25,'12287',1,1),(27323,226,712,25,'12290',1,NULL),(27324,226,713,25,'12291',1,1),(27325,208,592,25,'11847',1,1),(27326,208,702,25,'12260',1,1),(27327,208,703,25,'12264',1,1),(27328,208,704,25,'12267',1,1),(27329,208,706,25,'12269',1,1),(27330,208,707,25,'12272',1,NULL),(27331,208,708,25,'11878',1,NULL),(27332,208,709,25,'12286',1,1),(27333,208,710,25,'12277',1,1),(27334,208,711,25,'12287',1,1),(27335,208,712,25,'12289',1,1),(27336,208,713,25,'12291',1,1),(27337,213,1131,9,'12179',1,NULL),(27338,213,1132,9,'11941',1,1),(27339,213,1133,9,'11945',1,1),(27340,213,1134,9,'11949',1,1),(27341,213,1135,9,'11950',1,1),(27342,213,1136,9,'12198',1,1),(27343,213,1137,9,'12189',1,NULL),(27344,213,1138,9,'11960',1,1),(27345,213,1140,9,'12191',1,1),(27346,213,138,9,'12197',1,1),(27347,213,140,9,'11911',1,1),(27348,213,141,9,'11919',1,NULL),(27349,213,142,9,'11921',1,NULL),(27350,213,1183,9,'12203',1,1),(27351,213,1184,9,'12204',1,NULL),(27352,213,1185,9,'12209',1,1),(27353,213,1131,9,'12179',2,NULL),(27354,213,1132,9,'11941',2,1),(27355,213,1133,9,'11945',2,1),(27356,213,1134,9,'11949',2,1),(27357,213,1135,9,'11950',2,1),(27358,213,1136,9,'12198',2,1),(27359,213,1137,9,'12188',2,1),(27360,213,1138,9,'11960',2,1),(27361,213,1140,9,'12191',2,1),(27362,213,138,9,'12197',2,1),(27363,213,140,9,'11911',2,1),(27364,213,141,9,'11918',2,NULL),(27365,213,142,9,'11922',2,1),(27366,213,1183,9,'12203',2,1),(27367,213,1184,9,'12207',2,1),(27368,213,1185,9,'12209',2,1),(27369,213,1141,10,'1870',1,1),(27370,213,1142,10,'1792',1,NULL),(27371,213,1143,10,'1873',1,1),(27372,213,1144,10,'1881',1,1),(27373,213,1145,10,'1885',1,1),(27374,213,1146,10,'1886',1,1),(27375,213,1147,10,'1888',1,1),(27376,213,1148,10,'1890',1,1),(27377,213,1149,10,'1893',1,NULL),(27378,213,1150,10,'1894',1,1),(27379,213,1151,10,'1897',1,1),(27380,213,1152,10,'1898',1,NULL),(27381,213,1154,10,'1900',1,1),(27382,213,1155,10,'1902',1,NULL),(27383,213,1156,10,'1904',1,1),(27384,213,1141,10,'1870',2,1),(27385,213,1142,10,'1792',2,NULL),(27386,213,1143,10,'1873',2,1),(27387,213,1144,10,'1881',2,1),(27388,213,1145,10,'1885',2,1),(27389,213,1146,10,'1886',2,1),(27390,213,1147,10,'1888',2,1),(27391,213,1148,10,'1890',2,1),(27392,213,1149,10,'1892',2,1),(27393,213,1151,10,'1896',2,NULL),(27394,213,1152,10,'1899',2,1),(27395,213,1154,10,'1900',2,1),(27396,213,1155,10,'1903',2,1),(27397,213,1156,10,'1904',2,1),(27398,213,146,11,'831',1,1),(27399,213,147,11,'961',1,1),(27400,213,148,11,'966',1,NULL),(27401,213,149,11,'922',1,NULL),(27402,213,150,11,'850',1,NULL),(27403,213,151,11,'854',1,1),(27404,213,152,11,'857',1,1),(27405,213,153,11,'859',1,1),(27406,213,154,11,'870',1,1),(27407,213,155,11,'872',1,NULL),(27408,213,156,11,'950',1,1),(27409,213,157,11,'967',1,1),(27410,213,158,11,'928',1,1),(27411,213,159,11,'931',1,1),(27412,213,160,11,'892',1,1),(27413,213,161,11,'940',1,1),(27414,213,162,11,'12251',1,1),(27415,213,163,11,'906',1,1),(27416,213,164,11,'12178',1,1),(27417,213,165,11,'945',1,1),(27418,213,166,12,'971',1,1),(27419,213,167,12,'983',1,NULL),(27420,213,168,12,'981',1,1),(27421,213,169,12,'990',1,1),(27422,213,170,12,'994',1,1),(27423,213,171,12,'997',1,1),(27424,213,172,12,'1000',1,1),(27425,213,173,12,'1134',1,1),(27426,213,174,12,'1138',1,1),(27427,213,175,12,'1013',1,1),(27428,213,176,12,'1017',1,1),(27429,213,177,12,'1019',1,1),(27430,213,178,12,'1021',1,1),(27431,213,179,12,'1023',1,1),(27432,213,180,12,'1025',1,1),(27433,213,181,13,'1199',1,1),(27434,213,182,13,'1201',1,1),(27435,213,183,13,'1209',1,1),(27436,213,184,13,'1045',1,1),(27437,213,185,13,'1212',1,1),(27438,213,186,13,'1222',1,1),(27439,213,187,13,'1228',1,1),(27440,213,188,13,'1234',1,1),(27441,213,189,13,'1072',1,1),(27442,213,191,13,'12212',1,NULL),(27443,213,192,13,'1084',1,1),(27444,213,193,13,'1090',1,1),(27445,213,194,13,'1274',1,1),(27446,213,195,13,'1271',1,NULL),(27447,213,196,13,'1263',1,1),(27448,213,197,13,'1261',1,1),(27449,213,198,13,'1256',1,1),(27450,213,199,13,'1249',1,1),(27451,213,200,13,'1243',1,1),(27452,213,201,14,'1145',1,NULL),(27453,213,202,14,'1146',1,1),(27454,213,203,14,'1152',1,1),(27455,213,204,14,'1157',1,1),(27456,213,205,14,'1162',1,1),(27457,213,206,14,'1163',1,1),(27458,213,207,14,'1167',1,NULL),(27459,213,208,14,'1169',1,1),(27460,213,209,14,'1171',1,NULL),(27461,213,210,14,'1179',1,1),(27462,213,202,14,'1146',2,1),(27463,213,203,14,'1152',2,1),(27464,213,204,14,'1157',2,1),(27465,213,205,14,'1162',2,1),(27466,213,206,14,'1163',2,1),(27467,213,207,14,'1165',2,1),(27468,213,208,14,'1168',2,NULL),(27469,213,209,14,'1174',2,1),(27470,213,210,14,'1179',2,1),(27471,213,1186,15,'12234',1,NULL),(27472,213,1188,15,'12228',1,1),(27473,213,1189,15,'12235',1,1),(27474,213,1190,15,'12239',1,NULL),(27475,213,1191,15,'12244',1,1),(27476,213,211,15,'1180',1,1),(27477,213,212,15,'1185',1,1),(27478,213,213,15,'12220',1,NULL),(27479,213,214,15,'1192',1,1),(27480,213,215,15,'1194',1,NULL),(27481,213,1186,15,'12234',2,NULL),(27482,213,1188,15,'12228',2,1),(27483,213,1189,15,'12235',2,1),(27484,213,1190,15,'12241',2,NULL),(27485,213,211,15,'1181',2,NULL),(27486,213,212,15,'1185',2,1),(27487,213,213,15,'12221',2,1),(27488,213,214,15,'1192',2,1),(27489,213,215,15,'1193',2,1),(27490,213,1186,15,'12232',3,NULL),(27491,213,1188,15,'12228',3,1),(27492,213,1189,15,'12235',3,1),(27493,213,1190,15,'12243',3,1),(27494,213,1191,15,'12244',3,1),(27495,213,211,15,'1181',3,NULL),(27496,213,212,15,'1185',3,1),(27497,213,213,15,'12221',3,1),(27498,213,214,15,'1192',3,1),(27499,213,215,15,'1193',3,1),(27500,213,592,25,'11847',1,1),(27501,213,702,25,'12260',1,1),(27502,213,703,25,'12264',1,1),(27503,213,704,25,'12267',1,1),(27504,213,706,25,'12269',1,1),(27505,213,707,25,'12272',1,NULL),(27506,213,708,25,'11878',1,NULL),(27507,213,709,25,'12286',1,1),(27508,213,710,25,'12277',1,1),(27509,213,711,25,'12287',1,1),(27510,213,712,25,'12289',1,1),(27511,213,713,25,'12291',1,1),(27512,233,592,25,'11847',1,1),(27513,233,702,25,'12260',1,1),(27514,233,703,25,'12263',1,NULL),(27515,233,704,25,'12267',1,1),(27516,233,706,25,'12269',1,1),(27517,233,707,25,'12273',1,1),(27518,233,708,25,'11876',1,NULL),(27519,233,709,25,'12286',1,1),(27520,233,710,25,'12277',1,1),(27521,233,711,25,'12288',1,NULL),(27522,233,712,25,'12289',1,1),(27523,233,713,25,'12291',1,1),(27524,233,592,25,'11847',2,1),(27525,233,702,25,'12260',2,1),(27526,233,703,25,'12265',2,NULL),(27527,233,704,25,'12267',2,1),(27528,233,707,25,'12273',2,1),(27529,233,708,25,'11875',2,NULL),(27530,233,709,25,'12286',2,1),(27531,233,710,25,'12277',2,1),(27532,233,712,25,'12289',2,1),(27533,233,713,25,'12291',2,1),(27534,233,592,25,'11847',3,1),(27535,233,702,25,'12260',3,1),(27536,233,703,25,'12264',3,1),(27537,233,704,25,'12267',3,1),(27538,233,706,25,'12269',3,1),(27539,233,707,25,'12273',3,1),(27540,233,708,25,'11878',3,NULL),(27541,233,709,25,'12286',3,1),(27542,233,710,25,'12277',3,1),(27543,233,711,25,'12287',3,1),(27544,233,712,25,'12289',3,1),(27545,233,713,25,'12291',3,1),(27546,221,1131,9,'12181',1,1),(27547,221,1132,9,'11941',1,1),(27548,221,1133,9,'11945',1,1),(27549,221,1134,9,'11949',1,1),(27550,221,1135,9,'11950',1,1),(27551,221,1136,9,'12198',1,1),(27552,221,1137,9,'12188',1,1),(27553,221,1138,9,'11962',1,NULL),(27554,221,1140,9,'12191',1,1),(27555,221,138,9,'12197',1,1),(27556,221,140,9,'11911',1,1),(27557,221,141,9,'11916',1,NULL),(27558,221,142,9,'11921',1,NULL),(27559,221,1183,9,'12201',1,NULL),(27560,221,1184,9,'12206',1,NULL),(27561,221,1185,9,'12209',1,1),(27562,221,1131,9,'12181',2,1),(27563,221,1132,9,'11941',2,1),(27564,221,1133,9,'11945',2,1),(27565,221,1134,9,'11949',2,1),(27566,221,1135,9,'11950',2,1),(27567,221,1136,9,'12198',2,1),(27568,221,1137,9,'12188',2,1),(27569,221,1138,9,'11960',2,1),(27570,221,1140,9,'12191',2,1),(27571,221,138,9,'12197',2,1),(27572,221,140,9,'11911',2,1),(27573,221,141,9,'11919',2,NULL),(27574,221,142,9,'11920',2,NULL),(27575,221,1183,9,'12203',2,1),(27576,221,1184,9,'12205',2,NULL),(27577,221,1185,9,'12209',2,1),(27578,221,146,11,'834',1,NULL),(27579,221,147,11,'961',1,1),(27580,221,148,11,'964',1,1),(27581,221,149,11,'922',1,NULL),(27582,221,150,11,'850',1,NULL),(27583,221,151,11,'854',1,1),(27584,221,152,11,'857',1,1),(27585,221,153,11,'859',1,1),(27586,221,154,11,'870',1,1),(27587,221,155,11,'873',1,1),(27588,221,156,11,'950',1,1),(27589,221,157,11,'967',1,1),(27590,221,158,11,'928',1,1),(27591,221,159,11,'931',1,1),(27592,221,160,11,'892',1,1),(27593,221,161,11,'942',1,NULL),(27594,221,162,11,'12251',1,1),(27595,221,163,11,'906',1,1),(27596,221,164,11,'12178',1,1),(27597,221,165,11,'945',1,1),(27598,221,181,13,'1199',1,1),(27599,221,182,13,'1201',1,1),(27600,221,183,13,'1209',1,1),(27601,221,184,13,'1042',1,NULL),(27602,221,185,13,'1213',1,NULL),(27603,221,186,13,'1222',1,1),(27604,221,187,13,'1228',1,1),(27605,221,188,13,'1234',1,1),(27606,221,189,13,'1072',1,1),(27607,221,191,13,'12212',1,NULL),(27608,221,192,13,'1084',1,1),(27609,221,193,13,'1090',1,1),(27610,221,195,13,'1267',1,1),(27611,221,196,13,'1262',1,NULL),(27612,221,197,13,'1261',1,1),(27613,221,198,13,'1255',1,NULL),(27614,221,199,13,'1247',1,NULL),(27615,221,200,13,'1243',1,1),(27616,221,181,13,'1199',2,1),(27617,221,182,13,'1201',2,1),(27618,221,183,13,'1209',2,1),(27619,221,184,13,'1045',2,1),(27620,221,185,13,'1211',2,NULL),(27621,221,186,13,'1222',2,1),(27622,221,187,13,'1228',2,1),(27623,221,188,13,'1234',2,1),(27624,221,189,13,'1072',2,1),(27625,221,191,13,'12213',2,1),(27626,221,192,13,'1084',2,1),(27627,221,193,13,'1090',2,1),(27628,221,194,13,'1274',2,1),(27629,221,195,13,'1267',2,1),(27630,221,196,13,'1263',2,1),(27631,221,197,13,'1261',2,1),(27632,221,198,13,'1254',2,NULL),(27633,221,199,13,'1249',2,1),(27634,221,200,13,'1243',2,1),(27635,234,26,3,'463',1,1),(27636,234,27,3,'465',1,1),(27637,234,28,3,'467',1,1),(27638,234,29,3,'469',1,1),(27639,234,30,3,'471',1,1),(27640,234,31,3,'474',1,1),(27641,234,32,3,'475',1,1),(27642,234,33,3,'477',1,1),(27643,234,35,3,'485',1,1),(27644,234,36,3,'12247',1,1),(27645,234,37,3,'12149',1,1),(27646,234,38,3,'500',1,1),(27647,234,39,3,'508',1,1),(27648,234,40,3,'511',1,1),(27649,234,41,3,'12154',1,1),(27650,234,42,3,'12157',1,1),(27651,234,47,3,'519',1,NULL),(27652,234,48,3,'526',1,1),(27653,234,49,3,'12161',1,1),(27654,221,201,14,'1141',1,NULL),(27655,221,202,14,'1146',1,1),(27656,221,203,14,'1150',1,NULL),(27657,221,204,14,'1157',1,1),(27658,221,205,14,'1162',1,1),(27659,221,206,14,'1163',1,1),(27660,221,207,14,'1165',1,1),(27661,221,208,14,'1170',1,NULL),(27662,221,209,14,'1173',1,NULL),(27663,221,210,14,'1179',1,1),(27664,221,201,14,'1143',2,NULL),(27665,221,202,14,'1146',2,1),(27666,221,203,14,'1150',2,NULL),(27667,221,204,14,'1157',2,1),(27668,221,205,14,'1162',2,1),(27669,221,206,14,'1163',2,1),(27670,221,207,14,'1165',2,1),(27671,221,208,14,'1169',2,1),(27672,221,209,14,'1174',2,1),(27673,221,210,14,'1179',2,1),(27674,221,166,12,'971',1,1),(27675,221,167,12,'984',1,1),(27676,221,168,12,'981',1,1),(27677,221,169,12,'990',1,1),(27678,221,170,12,'994',1,1),(27679,221,171,12,'996',1,NULL),(27680,221,172,12,'1000',1,1),(27681,221,173,12,'1133',1,NULL),(27682,221,174,12,'1138',1,1),(27683,221,175,12,'1013',1,1),(27684,221,176,12,'1017',1,1),(27685,221,177,12,'1019',1,1),(27686,221,178,12,'1021',1,1),(27687,221,179,12,'1023',1,1),(27688,221,180,12,'1025',1,1),(27689,234,53,4,'296',1,1),(27690,234,54,4,'449',1,1),(27691,234,55,4,'300',1,1),(27692,234,57,4,'452',1,1),(27693,234,58,4,'414',1,1),(27694,234,59,4,'419',1,1),(27695,234,60,4,'325',1,1),(27696,234,61,4,'425',1,1),(27697,234,62,4,'327',1,1),(27698,234,63,4,'331',1,1),(27699,234,64,4,'333',1,1),(27700,234,65,4,'458',1,1),(27701,234,82,4,'343',1,1),(27702,234,83,4,'347',1,1),(27703,234,85,4,'459',1,1),(27704,221,1186,15,'12232',1,NULL),(27705,221,1188,15,'12228',1,1),(27706,221,1189,15,'12238',1,NULL),(27707,221,1190,15,'12243',1,1),(27708,221,1191,15,'12244',1,1),(27709,221,211,15,'1180',1,1),(27710,221,212,15,'1185',1,1),(27711,221,213,15,'12218',1,NULL),(27712,221,214,15,'1192',1,1),(27713,221,215,15,'1194',1,NULL),(27714,221,1186,15,'12232',2,NULL),(27715,221,1188,15,'12230',2,NULL),(27716,221,1189,15,'12236',2,NULL),(27717,221,1190,15,'12243',2,1),(27718,221,1191,15,'12245',2,NULL),(27719,221,211,15,'1180',2,1),(27720,221,212,15,'1183',2,NULL),(27721,221,213,15,'12220',2,NULL),(27722,221,214,15,'1192',2,1),(27723,221,215,15,'1193',2,1),(27724,221,1186,15,'12234',3,NULL),(27725,221,1188,15,'12228',3,1),(27726,221,1189,15,'12237',3,NULL),(27727,221,1190,15,'12243',3,1),(27728,221,1191,15,'12244',3,1),(27729,221,211,15,'1180',3,1),(27730,221,212,15,'1184',3,NULL),(27731,221,213,15,'12219',3,NULL),(27732,221,214,15,'1192',3,1),(27733,221,215,15,'1193',3,1),(27734,221,1186,15,'12231',4,1),(27735,221,1188,15,'12228',4,1),(27736,221,1189,15,'12237',4,NULL),(27737,221,1190,15,'12243',4,1),(27738,221,1191,15,'12244',4,1),(27739,221,211,15,'1180',4,1),(27740,221,212,15,'1185',4,1),(27741,221,213,15,'12219',4,NULL),(27742,221,214,15,'1192',4,1),(27743,221,215,15,'1193',4,1),(27744,234,116,7,'694',1,1),(27745,234,117,7,'696',1,NULL),(27746,234,118,7,'703',1,1),(27747,234,119,7,'706',1,1),(27748,234,120,7,'709',1,NULL),(27749,234,121,7,'714',1,1),(27750,234,122,7,'720',1,1),(27751,234,124,7,'726',1,1),(27752,234,125,7,'745',1,1),(27753,234,126,7,'735',1,1),(27754,221,592,25,'11847',1,1),(27755,221,702,25,'12260',1,1),(27756,221,703,25,'12264',1,1),(27757,221,704,25,'12267',1,1),(27758,221,706,25,'12269',1,1),(27759,221,707,25,'12273',1,1),(27760,221,708,25,'11878',1,NULL),(27761,221,709,25,'12286',1,1),(27762,221,710,25,'12277',1,1),(27763,221,711,25,'12288',1,NULL),(27764,221,712,25,'12289',1,1),(27765,221,713,25,'12291',1,1),(27766,234,67,5,'540',1,1),(27767,234,68,5,'544',1,1),(27768,234,69,5,'547',1,NULL),(27769,234,70,5,'551',1,1),(27770,234,71,5,'553',1,1),(27771,234,72,5,'560',1,NULL),(27772,234,73,5,'565',1,1),(27773,234,74,5,'567',1,NULL),(27774,234,75,5,'575',1,1),(27775,234,78,5,'582',1,1),(27776,234,79,5,'588',1,1),(27777,234,80,5,'593',1,NULL),(27778,234,81,5,'576',1,1),(27779,234,88,5,'596',1,1),(27780,234,89,5,'600',1,1),(27781,234,127,8,'750',1,1),(27782,234,128,8,'753',1,1),(27783,234,129,8,'759',1,1),(27784,234,130,8,'768',1,1),(27785,234,131,8,'767',1,1),(27786,234,132,8,'770',1,1),(27787,234,133,8,'773',1,1),(27788,234,134,8,'775',1,NULL),(27789,234,135,8,'777',1,1),(27790,234,136,8,'782',1,1),(27791,234,1132,9,'11941',1,1),(27792,234,1133,9,'11945',1,1),(27793,234,1134,9,'11949',1,1),(27794,234,1135,9,'11950',1,1),(27795,234,1136,9,'12198',1,1),(27796,234,1137,9,'12188',1,1),(27797,234,1138,9,'11962',1,NULL),(27798,234,1140,9,'12191',1,1),(27799,234,138,9,'12197',1,1),(27800,234,140,9,'11911',1,1),(27801,234,141,9,'11917',1,1),(27802,234,142,9,'11921',1,NULL),(27803,234,1183,9,'12203',1,1),(27804,234,1184,9,'12207',1,1),(27805,234,1185,9,'12209',1,1),(27806,234,1141,10,'1870',1,1),(27807,234,1142,10,'1792',1,NULL),(27808,234,1143,10,'1873',1,1),(27809,234,1144,10,'1881',1,1),(27810,234,1145,10,'1885',1,1),(27811,234,1147,10,'1888',1,1),(27812,234,1148,10,'1890',1,1),(27813,234,1149,10,'1892',1,1),(27814,234,1150,10,'1894',1,1),(27815,234,1151,10,'1897',1,1),(27816,234,1152,10,'1899',1,1),(27817,234,1154,10,'1900',1,1),(27818,234,1155,10,'1902',1,NULL),(27819,234,1156,10,'1904',1,1),(27820,234,146,11,'831',1,1),(27821,234,147,11,'961',1,1),(27822,234,148,11,'964',1,1),(27823,234,149,11,'922',1,NULL),(27824,234,150,11,'850',1,NULL),(27825,234,151,11,'854',1,1),(27826,234,152,11,'857',1,1),(27827,234,153,11,'859',1,1),(27828,234,154,11,'870',1,1),(27829,234,155,11,'872',1,NULL),(27830,234,156,11,'950',1,1),(27831,234,157,11,'967',1,1),(27832,234,158,11,'928',1,1),(27833,234,159,11,'931',1,1),(27834,234,160,11,'892',1,1),(27835,234,161,11,'940',1,1),(27836,234,162,11,'12251',1,1),(27837,234,163,11,'906',1,1),(27838,234,164,11,'12178',1,1),(27839,234,165,11,'945',1,1),(27840,234,166,12,'971',1,1),(27841,234,167,12,'984',1,1),(27842,234,168,12,'981',1,1),(27843,234,169,12,'989',1,NULL),(27844,234,170,12,'994',1,1),(27845,234,171,12,'997',1,1),(27846,234,172,12,'1000',1,1),(27847,234,173,12,'1134',1,1),(27848,234,174,12,'1138',1,1),(27849,234,175,12,'1013',1,1),(27850,234,176,12,'1017',1,1),(27851,234,177,12,'1019',1,1),(27852,234,178,12,'1021',1,1),(27853,234,179,12,'1023',1,1),(27854,234,180,12,'1025',1,1),(27855,234,181,13,'1199',1,1),(27856,234,182,13,'1201',1,1),(27857,234,183,13,'1209',1,1),(27858,234,184,13,'1045',1,1),(27859,234,185,13,'1212',1,1),(27860,234,186,13,'1222',1,1),(27861,234,187,13,'1228',1,1),(27862,234,188,13,'1234',1,1),(27863,234,189,13,'1072',1,1),(27864,234,191,13,'12212',1,NULL),(27865,234,192,13,'1084',1,1),(27866,234,193,13,'1090',1,1),(27867,234,194,13,'1274',1,1),(27868,234,195,13,'1271',1,NULL),(27869,234,196,13,'1263',1,1),(27870,234,197,13,'1261',1,1),(27871,234,198,13,'1256',1,1),(27872,234,199,13,'1249',1,1),(27873,234,200,13,'1245',1,NULL),(27874,234,201,14,'1142',1,1),(27875,234,202,14,'1146',1,1),(27876,234,203,14,'1149',1,NULL),(27877,234,204,14,'1157',1,1),(27878,234,205,14,'1162',1,1),(27879,234,206,14,'1163',1,1),(27880,234,207,14,'1165',1,1),(27881,234,208,14,'1169',1,1),(27882,234,209,14,'1174',1,1),(27883,234,210,14,'1179',1,1),(27884,234,1186,15,'12231',1,1),(27885,234,1188,15,'12228',1,1),(27886,234,1189,15,'12235',1,1),(27887,234,1190,15,'12243',1,1),(27888,234,1191,15,'12244',1,1),(27889,234,211,15,'1180',1,1),(27890,234,212,15,'1185',1,1),(27891,234,213,15,'12221',1,1),(27892,234,214,15,'1191',1,NULL),(27893,234,215,15,'1193',1,1),(27894,234,592,25,'11847',1,1),(27895,234,702,25,'12260',1,1),(27896,234,703,25,'12264',1,1),(27897,234,704,25,'12267',1,1),(27898,234,706,25,'12269',1,1),(27899,234,707,25,'12272',1,NULL),(27900,234,708,25,'11876',1,NULL),(27901,234,709,25,'12286',1,1),(27902,234,710,25,'12274',1,NULL),(27903,234,711,25,'12287',1,1),(27904,234,712,25,'12289',1,1),(27905,234,713,25,'12292',1,NULL),(27906,234,592,25,'11847',2,1),(27907,234,702,25,'12260',2,1),(27908,234,703,25,'12264',2,1),(27909,234,704,25,'12267',2,1),(27910,234,706,25,'12269',2,1),(27911,234,707,25,'12273',2,1),(27912,234,708,25,'11876',2,NULL),(27913,234,709,25,'12286',2,1),(27914,234,710,25,'12274',2,NULL),(27915,234,711,25,'12288',2,NULL),(27916,234,712,25,'12289',2,1),(27917,234,713,25,'12291',2,1),(27918,234,592,25,'11847',3,1),(27919,234,702,25,'12260',3,1),(27920,234,703,25,'12264',3,1),(27921,234,704,25,'12267',3,1),(27922,234,706,25,'12270',3,NULL),(27923,234,707,25,'12272',3,NULL),(27924,234,708,25,'11876',3,NULL),(27925,234,709,25,'12286',3,1),(27926,234,710,25,'12274',3,NULL),(27927,234,711,25,'12287',3,1),(27928,234,712,25,'12289',3,1),(27929,234,713,25,'12291',3,1),(27930,234,592,25,'11847',4,1),(27931,234,702,25,'12260',4,1),(27932,234,703,25,'12264',4,1),(27933,234,704,25,'12267',4,1),(27934,234,706,25,'12269',4,1),(27935,234,707,25,'12273',4,1),(27936,234,708,25,'11876',4,NULL),(27937,234,709,25,'12286',4,1),(27938,234,710,25,'12278',4,NULL),(27939,234,711,25,'12287',4,1),(27940,234,712,25,'12289',4,1),(27941,234,713,25,'12292',4,NULL),(27942,234,592,25,'11847',5,1),(27943,234,702,25,'12260',5,1),(27944,234,703,25,'12264',5,1),(27945,234,704,25,'12267',5,1),(27946,234,706,25,'12269',5,1),(27947,234,707,25,'12273',5,1),(27948,234,708,25,'11875',5,NULL),(27949,234,709,25,'12286',5,1),(27950,234,710,25,'12274',5,NULL),(27951,234,711,25,'12287',5,1),(27952,234,712,25,'12289',5,1),(27953,234,713,25,'12292',5,NULL),(27954,234,592,25,'11847',6,1),(27955,234,702,25,'12260',6,1),(27956,234,703,25,'12264',6,1),(27957,234,704,25,'12267',6,1),(27958,234,706,25,'12269',6,1),(27959,234,707,25,'12273',6,1),(27960,234,708,25,'11878',6,NULL),(27961,234,709,25,'12286',6,1),(27962,234,710,25,'12277',6,1),(27963,234,711,25,'12287',6,1),(27964,234,712,25,'12289',6,1),(27965,234,713,25,'12291',6,1),(27966,234,67,5,'540',2,1),(27967,234,68,5,'544',2,1),(27968,234,69,5,'546',2,1),(27969,234,70,5,'551',2,1),(27970,234,71,5,'553',2,1),(27971,234,72,5,'559',2,NULL),(27972,234,73,5,'565',2,1),(27973,234,74,5,'567',2,NULL),(27974,234,75,5,'575',2,1),(27975,234,78,5,'582',2,1),(27976,234,79,5,'588',2,1),(27977,234,80,5,'591',2,NULL),(27978,234,88,5,'596',2,1),(27979,234,89,5,'600',2,1),(27980,234,68,5,'544',3,1),(27981,234,69,5,'546',3,1),(27982,234,70,5,'551',3,1),(27983,234,71,5,'553',3,1),(27984,234,72,5,'558',3,NULL),(27985,234,73,5,'565',3,1),(27986,234,74,5,'569',3,1),(27987,234,75,5,'575',3,1),(27988,234,78,5,'582',3,1),(27989,234,79,5,'588',3,1),(27990,234,80,5,'589',3,NULL),(27991,234,81,5,'576',3,1),(27992,234,88,5,'596',3,1),(27993,234,89,5,'600',3,1),(27994,235,26,3,'463',1,1),(27995,235,27,3,'465',1,1),(27996,235,28,3,'467',1,1),(27997,235,29,3,'469',1,1),(27998,235,30,3,'471',1,1),(27999,235,31,3,'474',1,1),(28000,235,32,3,'475',1,1),(28001,235,33,3,'477',1,1),(28002,235,35,3,'485',1,1),(28003,235,36,3,'12247',1,1),(28004,235,37,3,'12149',1,1),(28005,235,38,3,'500',1,1),(28006,235,39,3,'508',1,1),(28007,235,40,3,'511',1,1),(28008,235,41,3,'12154',1,1),(28009,235,42,3,'12157',1,1),(28010,235,47,3,'521',1,1),(28011,235,48,3,'526',1,1),(28012,235,49,3,'12165',1,NULL),(28013,235,53,4,'296',1,1),(28014,235,54,4,'449',1,1),(28015,235,55,4,'300',1,1),(28016,235,57,4,'452',1,1),(28017,235,58,4,'414',1,1),(28018,235,59,4,'419',1,1),(28019,235,60,4,'325',1,1),(28020,235,61,4,'425',1,1),(28021,235,62,4,'327',1,1),(28022,235,63,4,'331',1,1),(28023,235,64,4,'333',1,1),(28024,235,65,4,'458',1,1),(28025,235,82,4,'343',1,1),(28026,235,83,4,'347',1,1),(28027,235,85,4,'459',1,1),(28028,235,116,7,'694',1,1),(28029,235,117,7,'696',1,NULL),(28030,235,118,7,'703',1,1),(28031,235,119,7,'706',1,1),(28032,235,120,7,'711',1,1),(28033,235,121,7,'714',1,1),(28034,235,122,7,'720',1,1),(28035,235,124,7,'726',1,1),(28036,235,125,7,'745',1,1),(28037,235,126,7,'735',1,1),(28038,235,127,8,'750',1,1),(28039,235,128,8,'753',1,1),(28040,235,129,8,'759',1,1),(28041,235,130,8,'768',1,1),(28042,235,131,8,'767',1,1),(28043,235,132,8,'770',1,1),(28044,235,133,8,'773',1,1),(28045,235,134,8,'774',1,1),(28046,235,135,8,'777',1,1),(28047,235,136,8,'782',1,1),(28048,235,1131,9,'12179',1,NULL),(28049,235,1132,9,'11941',1,1),(28050,235,1133,9,'11945',1,1),(28051,235,1134,9,'11949',1,1),(28052,235,1135,9,'11950',1,1),(28053,235,1136,9,'12198',1,1),(28054,235,1137,9,'12188',1,1),(28055,235,1138,9,'11960',1,1),(28056,235,1140,9,'12191',1,1),(28057,235,138,9,'12197',1,1),(28058,235,140,9,'11911',1,1),(28059,235,141,9,'11918',1,NULL),(28060,235,142,9,'11921',1,NULL),(28061,235,1183,9,'12203',1,1),(28062,235,1184,9,'12207',1,1),(28063,235,1185,9,'12209',1,1),(28064,235,1141,10,'1870',1,1),(28065,235,1142,10,'1792',1,NULL),(28066,235,1143,10,'1873',1,1),(28067,235,1144,10,'1881',1,1),(28068,235,1145,10,'1885',1,1),(28069,235,1146,10,'1886',1,1),(28070,235,1147,10,'1888',1,1),(28071,235,1148,10,'1890',1,1),(28072,235,1149,10,'1892',1,1),(28073,235,1150,10,'1894',1,1),(28074,235,1151,10,'1897',1,1),(28075,235,1152,10,'1899',1,1),(28076,235,1154,10,'1900',1,1),(28077,235,1155,10,'1902',1,NULL),(28078,235,1156,10,'1904',1,1),(28079,235,146,11,'831',1,1),(28080,235,147,11,'961',1,1),(28081,235,148,11,'964',1,1),(28082,235,149,11,'919',1,NULL),(28083,235,150,11,'850',1,NULL),(28084,235,151,11,'854',1,1),(28085,235,152,11,'857',1,1),(28086,235,153,11,'859',1,1),(28087,235,154,11,'870',1,1),(28088,235,155,11,'872',1,NULL),(28089,235,156,11,'950',1,1),(28090,235,157,11,'967',1,1),(28091,235,158,11,'928',1,1),(28092,235,159,11,'931',1,1),(28093,235,160,11,'892',1,1),(28094,235,161,11,'940',1,1),(28095,235,162,11,'12251',1,1),(28096,235,164,11,'12178',1,1),(28097,235,165,11,'945',1,1),(28098,235,166,12,'971',1,1),(28099,235,167,12,'984',1,1),(28100,235,168,12,'981',1,1),(28101,235,169,12,'990',1,1),(28102,235,170,12,'994',1,1),(28103,235,171,12,'997',1,1),(28104,235,172,12,'1000',1,1),(28105,235,173,12,'1134',1,1),(28106,235,174,12,'1138',1,1),(28107,235,175,12,'1013',1,1),(28108,235,176,12,'1017',1,1),(28109,235,177,12,'1019',1,1),(28110,235,178,12,'1021',1,1),(28111,235,179,12,'1023',1,1),(28112,235,180,12,'1026',1,NULL),(28113,235,181,13,'1199',1,1),(28114,235,182,13,'1201',1,1),(28115,235,183,13,'1209',1,1),(28116,235,184,13,'1045',1,1),(28117,235,185,13,'1212',1,1),(28118,235,186,13,'1222',1,1),(28119,235,187,13,'1228',1,1),(28120,235,188,13,'1234',1,1),(28121,235,189,13,'1072',1,1),(28122,235,191,13,'12212',1,NULL),(28123,235,192,13,'1084',1,1),(28124,235,193,13,'1090',1,1),(28125,235,194,13,'1274',1,1),(28126,235,195,13,'1267',1,1),(28127,235,196,13,'1263',1,1),(28128,235,197,13,'1261',1,1),(28129,235,198,13,'1252',1,NULL),(28130,235,199,13,'1249',1,1),(28131,235,200,13,'1245',1,NULL),(28132,235,67,5,'540',1,1),(28133,235,68,5,'544',1,1),(28134,235,69,5,'545',1,NULL),(28135,235,70,5,'551',1,1),(28136,235,71,5,'553',1,1),(28137,235,72,5,'557',1,1),(28138,235,73,5,'561',1,NULL),(28139,235,74,5,'569',1,1),(28140,235,75,5,'575',1,1),(28141,235,78,5,'582',1,1),(28142,235,79,5,'588',1,1),(28143,235,80,5,'593',1,NULL),(28144,235,81,5,'579',1,NULL),(28145,235,88,5,'597',1,NULL),(28146,235,89,5,'600',1,1),(28147,235,67,5,'540',2,1),(28148,235,68,5,'544',2,1),(28149,235,69,5,'546',2,1),(28150,235,70,5,'551',2,1),(28151,235,71,5,'553',2,1),(28152,235,72,5,'557',2,1),(28153,235,73,5,'561',2,NULL),(28154,235,74,5,'569',2,1),(28155,235,75,5,'575',2,1),(28156,235,78,5,'582',2,1),(28157,235,79,5,'588',2,1),(28158,235,80,5,'589',2,NULL),(28159,235,81,5,'576',2,1),(28160,235,88,5,'596',2,1),(28161,235,89,5,'600',2,1),(28162,235,592,25,'11847',1,1),(28163,235,702,25,'12260',1,1),(28164,235,703,25,'12264',1,1),(28165,235,704,25,'12267',1,1),(28166,235,706,25,'12269',1,1),(28167,235,707,25,'12272',1,NULL),(28168,235,708,25,'11876',1,NULL),(28169,235,709,25,'12286',1,1),(28170,235,710,25,'12277',1,1),(28171,235,711,25,'12287',1,1),(28172,235,712,25,'12289',1,1),(28173,235,713,25,'12291',1,1),(28174,235,1186,15,'12231',1,1),(28175,235,1188,15,'12228',1,1),(28176,235,1189,15,'12235',1,1),(28177,235,1190,15,'12243',1,1),(28178,235,1191,15,'12244',1,1),(28179,235,211,15,'1181',1,NULL),(28180,235,212,15,'1185',1,1),(28181,235,213,15,'12221',1,1),(28182,235,214,15,'1192',1,1),(28183,235,215,15,'1193',1,1),(28184,235,201,14,'1145',1,NULL),(28185,235,202,14,'1146',1,1),(28186,235,203,14,'1149',1,NULL),(28187,235,204,14,'1157',1,1),(28188,235,205,14,'1162',1,1),(28189,235,206,14,'1163',1,1),(28190,235,207,14,'1165',1,1),(28191,235,208,14,'1169',1,1),(28192,235,209,14,'1174',1,1),(28193,235,210,14,'1179',1,1),(28194,227,26,3,'463',1,1),(28195,227,27,3,'465',1,1),(28196,227,28,3,'467',1,1),(28197,227,29,3,'470',1,NULL),(28198,227,30,3,'471',1,1),(28199,227,31,3,'474',1,1),(28200,227,32,3,'475',1,1),(28201,227,33,3,'477',1,1),(28202,227,35,3,'485',1,1),(28203,227,36,3,'12247',1,1),(28204,227,37,3,'12149',1,1),(28205,227,38,3,'500',1,1),(28206,227,39,3,'508',1,1),(28207,227,40,3,'511',1,1),(28208,227,41,3,'12156',1,NULL),(28209,227,42,3,'12157',1,1),(28210,227,47,3,'521',1,1),(28211,227,48,3,'526',1,1),(28212,227,49,3,'12166',1,NULL),(28213,227,166,12,'971',1,1),(28214,227,167,12,'984',1,1),(28215,227,168,12,'981',1,1),(28216,227,169,12,'990',1,1),(28217,227,170,12,'994',1,1),(28218,227,171,12,'997',1,1),(28219,227,172,12,'1000',1,1),(28220,227,173,12,'1134',1,1),(28221,227,174,12,'1138',1,1),(28222,227,175,12,'1013',1,1),(28223,227,176,12,'1017',1,1),(28224,227,177,12,'1019',1,1),(28225,227,178,12,'1021',1,1),(28226,227,179,12,'1023',1,1),(28227,227,180,12,'1025',1,1),(28228,227,53,4,'296',1,1),(28229,227,54,4,'449',1,1),(28230,227,55,4,'300',1,1),(28231,227,57,4,'452',1,1),(28232,227,58,4,'414',1,1),(28233,227,59,4,'419',1,1),(28234,227,60,4,'325',1,1),(28235,227,61,4,'425',1,1),(28236,227,62,4,'327',1,1),(28237,227,63,4,'331',1,1),(28238,227,64,4,'333',1,1),(28239,227,65,4,'458',1,1),(28240,227,82,4,'343',1,1),(28241,227,83,4,'347',1,1),(28242,227,85,4,'459',1,1),(28243,227,201,14,'1145',1,NULL),(28244,227,202,14,'1146',1,1),(28245,227,203,14,'1152',1,1),(28246,227,204,14,'1157',1,1),(28247,227,205,14,'1162',1,1),(28248,227,206,14,'1163',1,1),(28249,227,207,14,'1165',1,1),(28250,227,208,14,'1169',1,1),(28251,227,209,14,'1174',1,1),(28252,227,210,14,'1179',1,1),(28253,227,1186,15,'12231',1,1),(28254,227,1188,15,'12228',1,1),(28255,227,1189,15,'12235',1,1),(28256,227,1190,15,'12243',1,1),(28257,227,1191,15,'12244',1,1),(28258,227,211,15,'1180',1,1),(28259,227,212,15,'1185',1,1),(28260,227,213,15,'12221',1,1),(28261,227,214,15,'1192',1,1),(28262,227,215,15,'1193',1,1),(28263,227,592,25,'11847',1,1),(28264,227,702,25,'12260',1,1),(28265,227,703,25,'12264',1,1),(28266,227,704,25,'12267',1,1),(28267,227,706,25,'12269',1,1),(28268,227,707,25,'12273',1,1),(28269,227,708,25,'11877',1,1),(28270,227,709,25,'12286',1,1),(28271,227,710,25,'12277',1,1),(28272,227,711,25,'12287',1,1),(28273,227,712,25,'12289',1,1),(28274,227,713,25,'12291',1,1),(28275,227,181,13,'1199',1,1),(28276,227,182,13,'1201',1,1),(28277,227,183,13,'1209',1,1),(28278,227,184,13,'1045',1,1),(28279,227,185,13,'1212',1,1),(28280,227,186,13,'1222',1,1),(28281,227,187,13,'1228',1,1),(28282,227,188,13,'1234',1,1),(28283,227,189,13,'1072',1,1),(28284,227,191,13,'12213',1,1),(28285,227,192,13,'1084',1,1),(28286,227,193,13,'1090',1,1),(28287,227,194,13,'1274',1,1),(28288,227,195,13,'1267',1,1),(28289,227,196,13,'1263',1,1),(28290,227,197,13,'1261',1,1),(28291,227,198,13,'1256',1,1),(28292,227,199,13,'1249',1,1),(28293,227,200,13,'1243',1,1),(28294,227,146,11,'831',1,1),(28295,227,147,11,'961',1,1),(28296,227,148,11,'964',1,1),(28297,227,149,11,'920',1,1),(28298,227,150,11,'849',1,1),(28299,227,151,11,'854',1,1),(28300,227,152,11,'857',1,1),(28301,227,153,11,'859',1,1),(28302,227,154,11,'870',1,1),(28303,227,155,11,'873',1,1),(28304,227,156,11,'950',1,1),(28305,227,157,11,'967',1,1),(28306,227,158,11,'928',1,1),(28307,227,159,11,'931',1,1),(28308,227,160,11,'892',1,1),(28309,227,161,11,'940',1,1),(28310,227,162,11,'12251',1,1),(28311,227,163,11,'906',1,1),(28312,227,164,11,'12178',1,1),(28313,227,165,11,'945',1,1),(28314,227,1141,10,'1870',1,1),(28315,227,1142,10,'1792',1,NULL),(28316,227,1143,10,'1873',1,1),(28317,227,1144,10,'1881',1,1),(28318,227,1145,10,'1885',1,1),(28319,227,1146,10,'1886',1,1),(28320,227,1147,10,'1888',1,1),(28321,227,1148,10,'1890',1,1),(28322,227,1149,10,'1892',1,1),(28323,227,1150,10,'1894',1,1),(28324,227,1151,10,'1897',1,1),(28325,227,1152,10,'1899',1,1),(28326,227,1154,10,'1900',1,1),(28327,227,1155,10,'1903',1,1),(28328,227,1156,10,'1904',1,1),(28329,227,1141,10,'1870',2,1),(28330,227,1142,10,'1792',2,NULL),(28331,227,1143,10,'1873',2,1),(28332,227,1144,10,'1881',2,1),(28333,227,1145,10,'1885',2,1),(28334,227,1146,10,'1886',2,1),(28335,227,1147,10,'1888',2,1),(28336,227,1148,10,'1890',2,1),(28337,227,1149,10,'1892',2,1),(28338,227,1150,10,'1894',2,1),(28339,227,1151,10,'1897',2,1),(28340,227,1152,10,'1899',2,1),(28341,227,1154,10,'1900',2,1),(28342,227,1155,10,'1903',2,1),(28343,227,1156,10,'1904',2,1),(28344,227,1141,10,'1870',3,1),(28345,227,1142,10,'1792',3,NULL),(28346,227,1143,10,'1873',3,1),(28347,227,1144,10,'1881',3,1),(28348,227,1145,10,'1885',3,1),(28349,227,1146,10,'1886',3,1),(28350,227,1147,10,'1888',3,1),(28351,227,1148,10,'1890',3,1),(28352,227,1149,10,'1892',3,1),(28353,227,1150,10,'1894',3,1),(28354,227,1151,10,'1897',3,1),(28355,227,1152,10,'1899',3,1),(28356,227,1154,10,'1900',3,1),(28357,227,1155,10,'1903',3,1),(28358,227,1156,10,'1904',3,1),(28359,227,67,5,'540',1,1),(28360,227,68,5,'544',1,1),(28361,227,69,5,'546',1,1),(28362,227,70,5,'551',1,1),(28363,227,71,5,'553',1,1),(28364,227,72,5,'558',1,NULL),(28365,227,73,5,'565',1,1),(28366,227,74,5,'569',1,1),(28367,227,75,5,'575',1,1),(28368,227,78,5,'582',1,1),(28369,227,79,5,'588',1,1),(28370,227,80,5,'593',1,NULL),(28371,227,81,5,'579',1,NULL),(28372,227,88,5,'596',1,1),(28373,227,89,5,'600',1,1),(28374,227,1131,9,'12181',1,1),(28375,227,1132,9,'11941',1,1),(28376,227,1133,9,'11945',1,1),(28377,227,1134,9,'11949',1,1),(28378,227,1135,9,'11950',1,1),(28379,227,1136,9,'12198',1,1),(28380,227,1137,9,'12188',1,1),(28381,227,1138,9,'11962',1,NULL),(28382,227,1140,9,'12191',1,1),(28383,227,138,9,'12197',1,1),(28384,227,140,9,'11911',1,1),(28385,227,141,9,'11919',1,NULL),(28386,227,142,9,'11921',1,NULL),(28387,227,1183,9,'12203',1,1),(28388,227,1184,9,'12206',1,NULL),(28389,227,1185,9,'12209',1,1),(28390,227,1131,9,'12181',2,1),(28391,227,1132,9,'11941',2,1),(28392,227,1133,9,'11945',2,1),(28393,227,1134,9,'11949',2,1),(28394,227,1135,9,'11950',2,1),(28395,227,1136,9,'12198',2,1),(28396,227,1137,9,'12188',2,1),(28397,227,1138,9,'11960',2,1),(28398,227,1140,9,'12191',2,1),(28399,227,138,9,'12197',2,1),(28400,227,140,9,'11911',2,1),(28401,227,141,9,'11916',2,NULL),(28402,227,142,9,'11922',2,1),(28403,227,1183,9,'12203',2,1),(28404,227,1184,9,'12204',2,NULL),(28405,227,1185,9,'12209',2,1),(28406,227,116,7,'692',1,NULL),(28407,227,117,7,'695',1,NULL),(28408,227,118,7,'703',1,1),(28409,227,119,7,'706',1,1),(28410,227,120,7,'711',1,1),(28411,227,121,7,'714',1,1),(28412,227,122,7,'720',1,1),(28413,227,124,7,'726',1,1),(28414,227,125,7,'745',1,1),(28415,227,126,7,'735',1,1),(28416,227,127,8,'750',1,1),(28417,227,128,8,'753',1,1),(28418,227,129,8,'759',1,1),(28419,227,130,8,'768',1,1),(28420,227,131,8,'767',1,1),(28421,227,132,8,'770',1,1),(28422,227,133,8,'772',1,NULL),(28423,227,134,8,'774',1,1),(28424,227,135,8,'777',1,1),(28425,227,136,8,'782',1,1),(28426,220,26,3,'463',1,1),(28427,220,27,3,'465',1,1),(28428,220,28,3,'467',1,1),(28429,220,29,3,'469',1,1),(28430,220,30,3,'471',1,1),(28431,220,31,3,'474',1,1),(28432,220,32,3,'475',1,1),(28433,220,33,3,'477',1,1),(28434,220,35,3,'485',1,1),(28435,220,36,3,'12248',1,NULL),(28436,220,37,3,'12151',1,NULL),(28437,220,38,3,'498',1,NULL),(28438,220,39,3,'508',1,1),(28439,220,40,3,'511',1,1),(28440,220,41,3,'12154',1,1),(28441,220,42,3,'12158',1,NULL),(28442,220,47,3,'521',1,1),(28443,220,48,3,'526',1,1),(28444,220,49,3,'12165',1,NULL),(28445,220,26,3,'463',2,1),(28446,220,27,3,'465',2,1),(28447,220,28,3,'467',2,1),(28448,220,29,3,'469',2,1),(28449,220,30,3,'471',2,1),(28450,220,31,3,'474',2,1),(28451,220,32,3,'475',2,1),(28452,220,33,3,'477',2,1),(28453,220,35,3,'485',2,1),(28454,220,36,3,'12246',2,NULL),(28455,220,37,3,'12149',2,1),(28456,220,38,3,'500',2,1),(28457,220,39,3,'508',2,1),(28458,220,40,3,'511',2,1),(28459,220,41,3,'12154',2,1),(28460,220,42,3,'12157',2,1),(28461,220,47,3,'521',2,1),(28462,220,48,3,'526',2,1),(28463,220,49,3,'12165',2,NULL),(28464,220,53,4,'296',1,1),(28465,220,54,4,'449',1,1),(28466,220,55,4,'299',1,NULL),(28467,220,57,4,'452',1,1),(28468,220,58,4,'414',1,1),(28469,220,59,4,'419',1,1),(28470,220,60,4,'325',1,1),(28471,220,61,4,'425',1,1),(28472,220,62,4,'327',1,1),(28473,220,63,4,'329',1,NULL),(28474,220,64,4,'333',1,1),(28475,220,65,4,'458',1,1),(28476,220,82,4,'343',1,1),(28477,220,83,4,'347',1,1),(28478,220,85,4,'459',1,1),(28479,210,166,12,'971',1,1),(28480,210,167,12,'984',1,1),(28481,210,168,12,'981',1,1),(28482,210,169,12,'990',1,1),(28483,210,170,12,'994',1,1),(28484,210,171,12,'997',1,1),(28485,210,172,12,'1000',1,1),(28486,210,173,12,'1134',1,1),(28487,210,174,12,'1138',1,1),(28488,210,175,12,'1013',1,1),(28489,210,176,12,'1017',1,1),(28490,210,177,12,'1019',1,1),(28491,210,178,12,'1021',1,1),(28492,210,179,12,'1023',1,1),(28493,210,180,12,'1025',1,1),(28494,216,26,3,'463',1,1),(28495,216,27,3,'465',1,1),(28496,216,28,3,'467',1,1),(28497,216,29,3,'470',1,NULL),(28498,216,30,3,'471',1,1),(28499,216,31,3,'474',1,1),(28500,216,32,3,'476',1,NULL),(28501,216,33,3,'477',1,1),(28502,216,35,3,'485',1,1),(28503,216,36,3,'12247',1,1),(28504,216,37,3,'12150',1,NULL),(28505,216,38,3,'498',1,NULL),(28506,216,39,3,'509',1,NULL),(28507,216,40,3,'511',1,1),(28508,216,41,3,'12156',1,NULL),(28509,216,42,3,'12157',1,1),(28510,216,47,3,'521',1,1),(28511,216,48,3,'526',1,1),(28512,216,49,3,'12166',1,NULL),(28513,216,26,3,'463',2,1),(28514,216,27,3,'466',2,NULL),(28515,216,28,3,'467',2,1),(28516,216,29,3,'469',2,1),(28517,216,31,3,'474',2,1),(28518,216,32,3,'475',2,1),(28519,216,33,3,'477',2,1),(28520,216,35,3,'485',2,1),(28521,216,36,3,'12247',2,1),(28522,216,37,3,'12149',2,1),(28523,216,38,3,'500',2,1),(28524,216,39,3,'508',2,1),(28525,216,40,3,'511',2,1),(28526,216,41,3,'12153',2,NULL),(28527,216,42,3,'12157',2,1),(28528,216,47,3,'521',2,1),(28529,216,48,3,'526',2,1),(28530,216,49,3,'12165',2,NULL),(28531,216,26,3,'463',3,1),(28532,216,27,3,'465',3,1),(28533,216,28,3,'467',3,1),(28534,216,29,3,'469',3,1),(28535,216,30,3,'471',3,1),(28536,216,31,3,'474',3,1),(28537,216,32,3,'475',3,1),(28538,216,33,3,'477',3,1),(28539,216,35,3,'485',3,1),(28540,216,36,3,'12247',3,1),(28541,216,37,3,'12149',3,1),(28542,216,38,3,'500',3,1),(28543,216,39,3,'508',3,1),(28544,216,40,3,'511',3,1),(28545,216,41,3,'12154',3,1),(28546,216,42,3,'12157',3,1),(28547,216,47,3,'521',3,1),(28548,216,48,3,'526',3,1),(28549,216,49,3,'12161',3,1),(28550,216,53,4,'296',1,1),(28551,216,54,4,'449',1,1),(28552,216,55,4,'300',1,1),(28553,216,57,4,'452',1,1),(28554,216,58,4,'414',1,1),(28555,216,59,4,'419',1,1),(28556,216,60,4,'325',1,1),(28557,216,61,4,'424',1,NULL),(28558,216,62,4,'327',1,1),(28559,216,63,4,'331',1,1),(28560,216,64,4,'333',1,1),(28561,216,65,4,'455',1,NULL),(28562,216,82,4,'343',1,1),(28563,216,83,4,'347',1,1),(28564,216,85,4,'459',1,1),(28565,216,67,5,'540',1,1),(28566,216,68,5,'544',1,1),(28567,216,69,5,'548',1,NULL),(28568,216,70,5,'551',1,1),(28569,216,71,5,'553',1,1),(28570,216,72,5,'558',1,NULL),(28571,216,73,5,'561',1,NULL),(28572,216,74,5,'569',1,1),(28573,216,75,5,'575',1,1),(28574,216,78,5,'583',1,NULL),(28575,216,79,5,'588',1,1),(28576,216,80,5,'593',1,NULL),(28577,216,81,5,'576',1,1),(28578,216,88,5,'594',1,NULL),(28579,216,89,5,'600',1,1),(28580,216,67,5,'540',2,1),(28581,216,68,5,'544',2,1),(28582,216,69,5,'546',2,1),(28583,216,70,5,'551',2,1),(28584,216,71,5,'553',2,1),(28585,216,72,5,'557',2,1),(28586,216,73,5,'565',2,1),(28587,216,74,5,'569',2,1),(28588,216,75,5,'575',2,1),(28589,216,78,5,'580',2,NULL),(28590,216,79,5,'588',2,1),(28591,216,80,5,'589',2,NULL),(28592,216,81,5,'576',2,1),(28593,216,88,5,'594',2,NULL),(28594,216,89,5,'600',2,1),(28595,216,116,7,'694',1,1),(28596,216,117,7,'695',1,NULL),(28597,216,118,7,'704',1,NULL),(28598,216,119,7,'706',1,1),(28599,216,120,7,'711',1,1),(28600,216,121,7,'714',1,1),(28601,216,122,7,'720',1,1),(28602,216,124,7,'726',1,1),(28603,216,125,7,'745',1,1),(28604,216,126,7,'735',1,1),(28605,216,127,8,'750',1,1),(28606,216,128,8,'753',1,1),(28607,216,129,8,'759',1,1),(28608,216,130,8,'768',1,1),(28609,216,131,8,'767',1,1),(28610,216,132,8,'770',1,1),(28611,216,133,8,'773',1,1),(28612,216,134,8,'774',1,1),(28613,216,135,8,'777',1,1),(28614,216,136,8,'782',1,1),(28615,216,1131,9,'12179',1,NULL),(28616,216,1132,9,'11941',1,1),(28617,216,1133,9,'11945',1,1),(28618,216,1134,9,'11949',1,1),(28619,216,1135,9,'11950',1,1),(28620,216,1136,9,'12198',1,1),(28621,216,1137,9,'12188',1,1),(28622,216,1138,9,'11962',1,NULL),(28623,216,1140,9,'12191',1,1),(28624,216,138,9,'12197',1,1),(28625,216,140,9,'11911',1,1),(28626,216,141,9,'11917',1,1),(28627,216,142,9,'11921',1,NULL),(28628,216,1183,9,'12203',1,1),(28629,216,1184,9,'12207',1,1),(28630,216,1185,9,'12208',1,NULL),(28631,216,1131,9,'12181',2,1),(28632,216,1132,9,'11941',2,1),(28633,216,1133,9,'11945',2,1),(28634,216,1134,9,'11949',2,1),(28635,216,1136,9,'12198',2,1),(28636,216,1137,9,'12188',2,1),(28637,216,1138,9,'11960',2,1),(28638,216,1140,9,'12191',2,1),(28639,216,138,9,'12197',2,1),(28640,216,141,9,'11917',2,1),(28641,216,142,9,'11922',2,1),(28642,216,1183,9,'12203',2,1),(28643,216,1184,9,'12207',2,1),(28644,216,1185,9,'12209',2,1),(28645,216,1141,10,'1872',1,NULL),(28646,216,1142,10,'1792',1,NULL),(28647,216,1143,10,'1873',1,1),(28648,216,1144,10,'1880',1,NULL),(28649,216,1145,10,'1885',1,1),(28650,216,1146,10,'1886',1,1),(28651,216,1147,10,'1888',1,1),(28652,216,1148,10,'1890',1,1),(28653,216,1149,10,'1892',1,1),(28654,216,1150,10,'1894',1,1),(28655,216,1151,10,'1897',1,1),(28656,216,1152,10,'1899',1,1),(28657,216,1154,10,'1901',1,NULL),(28658,216,1155,10,'1902',1,NULL),(28659,216,1156,10,'1904',1,1),(28660,216,1141,10,'1871',2,NULL),(28661,216,1142,10,'1790',2,NULL),(28662,216,1143,10,'1873',2,1),(28663,216,1144,10,'1881',2,1),(28664,216,1145,10,'1885',2,1),(28665,216,1146,10,'1886',2,1),(28666,216,1147,10,'1888',2,1),(28667,216,1148,10,'1890',2,1),(28668,216,1149,10,'1892',2,1),(28669,216,1150,10,'1894',2,1),(28670,216,1151,10,'1897',2,1),(28671,216,1152,10,'1899',2,1),(28672,216,1154,10,'1900',2,1),(28673,216,1155,10,'1903',2,1),(28674,216,1156,10,'1904',2,1),(28675,216,146,11,'831',1,1),(28676,216,147,11,'961',1,1),(28677,216,148,11,'964',1,1),(28678,216,149,11,'919',1,NULL),(28679,216,150,11,'850',1,NULL),(28680,216,151,11,'854',1,1),(28681,216,152,11,'857',1,1),(28682,216,153,11,'859',1,1),(28683,216,154,11,'870',1,1),(28684,216,155,11,'874',1,NULL),(28685,216,156,11,'950',1,1),(28686,216,157,11,'967',1,1),(28687,216,158,11,'928',1,1),(28688,216,159,11,'931',1,1),(28689,216,160,11,'894',1,NULL),(28690,216,161,11,'940',1,1),(28691,216,162,11,'12251',1,1),(28692,216,163,11,'906',1,1),(28693,216,164,11,'12176',1,NULL),(28694,216,165,11,'944',1,NULL),(28695,216,146,11,'831',2,1),(28696,216,147,11,'961',2,1),(28697,216,148,11,'964',2,1),(28698,216,149,11,'922',2,NULL),(28699,216,150,11,'848',2,NULL),(28700,216,151,11,'854',2,1),(28701,216,152,11,'857',2,1),(28702,216,153,11,'859',2,1),(28703,216,154,11,'870',2,1),(28704,216,155,11,'872',2,NULL),(28705,216,156,11,'950',2,1),(28706,216,157,11,'967',2,1),(28707,216,158,11,'928',2,1),(28708,216,159,11,'931',2,1),(28709,216,160,11,'892',2,1),(28710,216,161,11,'940',2,1),(28711,216,162,11,'12251',2,1),(28712,216,163,11,'906',2,1),(28713,216,164,11,'12178',2,1),(28714,216,165,11,'946',2,NULL),(28715,216,166,12,'971',1,1),(28716,216,167,12,'984',1,1),(28717,216,168,12,'981',1,1),(28718,216,169,12,'990',1,1),(28719,216,170,12,'994',1,1),(28720,216,171,12,'997',1,1),(28721,216,172,12,'1000',1,1),(28722,216,173,12,'1134',1,1),(28723,216,174,12,'1140',1,NULL),(28724,216,175,12,'1013',1,1),(28725,216,176,12,'1017',1,1),(28726,216,177,12,'1019',1,1),(28727,216,178,12,'1021',1,1),(28728,216,179,12,'1023',1,1),(28729,216,180,12,'1025',1,1),(28730,216,181,13,'1199',1,1),(28731,216,182,13,'1201',1,1),(28732,216,183,13,'1209',1,1),(28733,216,184,13,'1045',1,1),(28734,216,185,13,'1212',1,1),(28735,216,186,13,'1222',1,1),(28736,216,187,13,'1228',1,1),(28737,216,188,13,'1234',1,1),(28738,216,189,13,'1072',1,1),(28739,216,191,13,'12213',1,1),(28740,216,192,13,'1084',1,1),(28741,216,193,13,'1090',1,1),(28742,216,194,13,'1274',1,1),(28743,216,195,13,'1267',1,1),(28744,216,196,13,'1263',1,1),(28745,216,197,13,'1261',1,1),(28746,216,198,13,'1256',1,1),(28747,216,199,13,'1249',1,1),(28748,216,200,13,'1243',1,1),(28749,216,201,14,'1141',1,NULL),(28750,216,202,14,'1146',1,1),(28751,216,203,14,'1152',1,1),(28752,216,204,14,'1157',1,1),(28753,216,205,14,'1162',1,1),(28754,216,206,14,'1163',1,1),(28755,216,207,14,'1165',1,1),(28756,216,208,14,'1168',1,NULL),(28757,216,209,14,'1171',1,NULL),(28758,216,210,14,'1179',1,1),(28759,216,201,14,'1144',2,NULL),(28760,216,202,14,'1146',2,1),(28761,216,203,14,'1152',2,1),(28762,216,204,14,'1157',2,1),(28763,216,205,14,'1162',2,1),(28764,216,206,14,'1163',2,1),(28765,216,207,14,'1165',2,1),(28766,216,208,14,'1169',2,1),(28767,216,209,14,'1172',2,NULL),(28768,216,210,14,'1179',2,1),(28769,216,1186,15,'12231',1,1),(28770,216,1188,15,'12228',1,1),(28771,216,1189,15,'12235',1,1),(28772,216,1190,15,'12239',1,NULL),(28773,216,1191,15,'12244',1,1),(28774,216,211,15,'1180',1,1),(28775,216,212,15,'1185',1,1),(28776,216,213,15,'12221',1,1),(28777,216,214,15,'1192',1,1),(28778,216,215,15,'1194',1,NULL),(28779,216,592,25,'11847',1,1),(28780,216,702,25,'12261',1,NULL),(28781,216,703,25,'12264',1,1),(28782,216,704,25,'12267',1,1),(28783,216,706,25,'12269',1,1),(28784,216,707,25,'12273',1,1),(28785,216,708,25,'11877',1,1),(28786,216,709,25,'12286',1,1),(28787,216,710,25,'12277',1,1),(28788,216,711,25,'12287',1,1),(28789,216,712,25,'12290',1,NULL),(28790,216,713,25,'12291',1,1),(28791,220,67,5,'540',1,1),(28792,220,68,5,'544',1,1),(28793,220,69,5,'548',1,NULL),(28794,220,70,5,'551',1,1),(28795,220,71,5,'553',1,1),(28796,220,72,5,'558',1,NULL),(28797,220,73,5,'565',1,1),(28798,220,74,5,'569',1,1),(28799,220,75,5,'575',1,1),(28800,220,78,5,'582',1,1),(28801,220,79,5,'588',1,1),(28802,220,80,5,'593',1,NULL),(28803,220,81,5,'579',1,NULL),(28804,220,88,5,'597',1,NULL),(28805,220,89,5,'600',1,1),(28806,220,67,5,'540',2,1),(28807,220,68,5,'544',2,1),(28808,220,69,5,'546',2,1),(28809,220,70,5,'551',2,1),(28810,220,71,5,'553',2,1),(28811,220,72,5,'557',2,1),(28812,220,73,5,'565',2,1),(28813,220,74,5,'569',2,1),(28814,220,75,5,'575',2,1),(28815,220,78,5,'582',2,1),(28816,220,79,5,'588',2,1),(28817,220,80,5,'591',2,NULL),(28818,220,81,5,'576',2,1),(28819,220,88,5,'595',2,NULL),(28820,220,89,5,'600',2,1),(28821,220,116,7,'694',1,1),(28822,220,117,7,'695',1,NULL),(28823,220,118,7,'704',1,NULL),(28824,220,119,7,'706',1,1),(28825,220,120,7,'711',1,1),(28826,220,121,7,'714',1,1),(28827,220,122,7,'718',1,NULL),(28828,220,124,7,'726',1,1),(28829,220,125,7,'745',1,1),(28830,220,126,7,'735',1,1),(28831,220,116,7,'694',2,1),(28832,220,117,7,'696',2,NULL),(28833,220,118,7,'703',2,1),(28834,220,119,7,'706',2,1),(28835,220,120,7,'711',2,1),(28836,220,121,7,'714',2,1),(28837,220,122,7,'720',2,1),(28838,220,124,7,'726',2,1),(28839,220,125,7,'745',2,1),(28840,220,126,7,'735',2,1),(28841,220,127,8,'750',1,1),(28842,220,128,8,'753',1,1),(28843,220,129,8,'759',1,1),(28844,220,130,8,'768',1,1),(28845,220,131,8,'765',1,NULL),(28846,220,132,8,'770',1,1),(28847,220,133,8,'772',1,NULL),(28848,220,134,8,'774',1,1),(28849,220,135,8,'777',1,1),(28850,220,136,8,'781',1,NULL),(28851,220,127,8,'750',2,1),(28852,220,128,8,'753',2,1),(28853,220,129,8,'759',2,1),(28854,220,130,8,'768',2,1),(28855,220,131,8,'767',2,1),(28856,220,132,8,'770',2,1),(28857,220,133,8,'773',2,1),(28858,220,134,8,'774',2,1),(28859,220,135,8,'777',2,1),(28860,220,136,8,'782',2,1),(28861,220,127,8,'750',3,1),(28862,220,128,8,'753',3,1),(28863,220,129,8,'759',3,1),(28864,220,130,8,'768',3,1),(28865,220,131,8,'767',3,1),(28866,220,132,8,'770',3,1),(28867,220,133,8,'773',3,1),(28868,220,134,8,'774',3,1),(28869,220,135,8,'777',3,1),(28870,220,136,8,'782',3,1),(28871,220,1131,9,'12181',1,1),(28872,220,1132,9,'11941',1,1),(28873,220,1133,9,'11945',1,1),(28874,220,1134,9,'11949',1,1),(28875,220,1135,9,'11950',1,1),(28876,220,1136,9,'12198',1,1),(28877,220,1137,9,'12189',1,NULL),(28878,220,1138,9,'11962',1,NULL),(28879,220,1140,9,'12190',1,NULL),(28880,220,138,9,'12197',1,1),(28881,220,140,9,'11911',1,1),(28882,220,142,9,'11920',1,NULL),(28883,220,1183,9,'12203',1,1),(28884,220,1184,9,'12204',1,NULL),(28885,220,1185,9,'12208',1,NULL),(28886,220,1131,9,'12181',2,1),(28887,220,1132,9,'11941',2,1),(28888,220,1133,9,'11945',2,1),(28889,220,1134,9,'11949',2,1),(28890,220,1135,9,'11950',2,1),(28891,220,1136,9,'12198',2,1),(28892,220,1137,9,'12189',2,NULL),(28893,220,1138,9,'11962',2,NULL),(28894,220,1140,9,'12191',2,1),(28895,220,138,9,'12197',2,1),(28896,220,140,9,'11911',2,1),(28897,220,141,9,'11919',2,NULL),(28898,220,142,9,'11921',2,NULL),(28899,220,1183,9,'12203',2,1),(28900,220,1184,9,'12206',2,NULL),(28901,220,1185,9,'12210',2,NULL),(28902,240,26,3,'463',1,1),(28903,240,27,3,'465',1,1),(28904,240,28,3,'467',1,1),(28905,240,29,3,'469',1,1),(28906,240,30,3,'471',1,1),(28907,240,31,3,'474',1,1),(28908,240,32,3,'475',1,1),(28909,240,33,3,'477',1,1),(28910,240,35,3,'485',1,1),(28911,240,36,3,'12247',1,1),(28912,240,37,3,'12149',1,1),(28913,240,38,3,'500',1,1),(28914,240,39,3,'508',1,1),(28915,240,40,3,'511',1,1),(28916,240,41,3,'12154',1,1),(28917,240,42,3,'12157',1,1),(28918,240,47,3,'521',1,1),(28919,240,48,3,'526',1,1),(28920,240,49,3,'12165',1,NULL),(28921,240,53,4,'296',1,1),(28922,240,54,4,'449',1,1),(28923,240,55,4,'299',1,NULL),(28924,240,57,4,'452',1,1),(28925,240,58,4,'413',1,NULL),(28926,240,59,4,'419',1,1),(28927,240,60,4,'325',1,1),(28928,240,61,4,'424',1,NULL),(28929,240,62,4,'327',1,1),(28930,240,63,4,'331',1,1),(28931,240,64,4,'333',1,1),(28932,240,65,4,'458',1,1),(28933,240,82,4,'343',1,1),(28934,240,83,4,'347',1,1),(28935,240,85,4,'459',1,1),(28936,240,1141,10,'1870',1,1),(28937,240,1142,10,'1792',1,NULL),(28938,240,1143,10,'1873',1,1),(28939,240,1144,10,'1881',1,1),(28940,240,1145,10,'1885',1,1),(28941,240,1146,10,'1886',1,1),(28942,240,1147,10,'1888',1,1),(28943,240,1148,10,'1891',1,NULL),(28944,240,1149,10,'1892',1,1),(28945,240,1150,10,'1894',1,1),(28946,240,1151,10,'1897',1,1),(28947,240,1152,10,'1899',1,1),(28948,240,1154,10,'1900',1,1),(28949,240,1155,10,'1902',1,NULL),(28950,240,1156,10,'1904',1,1),(28951,240,116,7,'694',1,1),(28952,240,117,7,'698',1,NULL),(28953,240,118,7,'703',1,1),(28954,240,119,7,'706',1,1),(28955,240,120,7,'711',1,1),(28956,240,121,7,'714',1,1),(28957,240,122,7,'720',1,1),(28958,240,124,7,'726',1,1),(28959,240,125,7,'745',1,1),(28960,240,126,7,'735',1,1),(28961,240,1131,9,'12181',1,1),(28962,240,1132,9,'11941',1,1),(28963,240,1133,9,'11945',1,1),(28964,240,1134,9,'11949',1,1),(28965,240,1135,9,'11950',1,1),(28966,240,1136,9,'12198',1,1),(28967,240,1137,9,'12189',1,NULL),(28968,240,1138,9,'11962',1,NULL),(28969,240,1140,9,'12191',1,1),(28970,240,138,9,'12197',1,1),(28971,240,140,9,'11911',1,1),(28972,240,141,9,'11918',1,NULL),(28973,240,142,9,'11921',1,NULL),(28974,240,1183,9,'12203',1,1),(28975,240,1184,9,'12206',1,NULL),(28976,240,1185,9,'12209',1,1),(28977,240,1131,9,'12181',2,1),(28978,240,1132,9,'11941',2,1),(28979,240,1133,9,'11945',2,1),(28980,240,1134,9,'11949',2,1),(28981,240,1135,9,'11950',2,1),(28982,240,1136,9,'12198',2,1),(28983,240,1137,9,'12188',2,1),(28984,240,1138,9,'11961',2,NULL),(28985,240,1140,9,'12191',2,1),(28986,240,140,9,'11911',2,1),(28987,240,141,9,'11919',2,NULL),(28988,240,142,9,'11920',2,NULL),(28989,240,1183,9,'12203',2,1),(28990,240,1184,9,'12205',2,NULL),(28991,240,1185,9,'12209',2,1),(28992,238,26,3,'463',1,1),(28993,238,27,3,'465',1,1),(28994,238,28,3,'467',1,1),(28995,238,29,3,'469',1,1),(28996,238,30,3,'471',1,1),(28997,238,31,3,'474',1,1),(28998,238,32,3,'475',1,1),(28999,238,33,3,'477',1,1),(29000,238,35,3,'485',1,1),(29001,238,36,3,'12247',1,1),(29002,238,37,3,'12149',1,1),(29003,238,38,3,'500',1,1),(29004,238,39,3,'508',1,1),(29005,238,40,3,'511',1,1),(29006,238,41,3,'12154',1,1),(29007,238,42,3,'12157',1,1),(29008,238,47,3,'519',1,NULL),(29009,238,48,3,'526',1,1),(29010,238,49,3,'12161',1,1),(29011,238,53,4,'296',1,1),(29012,238,54,4,'449',1,1),(29013,238,55,4,'300',1,1),(29014,238,57,4,'452',1,1),(29015,238,58,4,'413',1,NULL),(29016,238,59,4,'419',1,1),(29017,238,60,4,'325',1,1),(29018,238,61,4,'425',1,1),(29019,238,62,4,'327',1,1),(29020,238,63,4,'331',1,1),(29021,238,64,4,'333',1,1),(29022,238,65,4,'458',1,1),(29023,238,82,4,'343',1,1),(29024,238,83,4,'347',1,1),(29025,238,85,4,'459',1,1),(29026,238,67,5,'540',1,1),(29027,238,68,5,'544',1,1),(29028,238,69,5,'546',1,1),(29029,238,70,5,'551',1,1),(29030,238,71,5,'553',1,1),(29031,238,72,5,'558',1,NULL),(29032,238,73,5,'565',1,1),(29033,238,74,5,'569',1,1),(29034,238,75,5,'575',1,1),(29035,238,78,5,'580',1,NULL),(29036,238,79,5,'588',1,1),(29037,238,80,5,'593',1,NULL),(29038,238,81,5,'576',1,1),(29039,238,88,5,'597',1,NULL),(29040,238,89,5,'600',1,1),(29041,238,67,5,'540',2,1),(29042,238,68,5,'544',2,1),(29043,238,69,5,'546',2,1),(29044,238,70,5,'551',2,1),(29045,238,71,5,'553',2,1),(29046,238,72,5,'560',2,NULL),(29047,238,73,5,'565',2,1),(29048,238,74,5,'569',2,1),(29049,238,75,5,'575',2,1),(29050,238,78,5,'582',2,1),(29051,238,79,5,'588',2,1),(29052,238,80,5,'589',2,NULL),(29053,238,81,5,'576',2,1),(29054,238,88,5,'594',2,NULL),(29055,238,89,5,'600',2,1),(29056,238,116,7,'694',1,1),(29057,238,117,7,'697',1,1),(29058,238,118,7,'704',1,NULL),(29059,238,119,7,'706',1,1),(29060,238,120,7,'711',1,1),(29061,238,121,7,'714',1,1),(29062,238,122,7,'717',1,NULL),(29063,238,124,7,'726',1,1),(29064,238,125,7,'745',1,1),(29065,238,126,7,'735',1,1),(29066,238,127,8,'750',1,1),(29067,238,128,8,'753',1,1),(29068,238,129,8,'759',1,1),(29069,238,130,8,'768',1,1),(29070,238,131,8,'767',1,1),(29071,238,132,8,'770',1,1),(29072,238,133,8,'773',1,1),(29073,238,134,8,'774',1,1),(29074,238,135,8,'777',1,1),(29075,238,136,8,'782',1,1),(29076,238,1131,9,'12179',1,NULL),(29077,238,1132,9,'11941',1,1),(29078,238,1133,9,'11945',1,1),(29079,238,1134,9,'11949',1,1),(29080,238,1135,9,'11950',1,1),(29081,238,1136,9,'12198',1,1),(29082,238,1137,9,'12188',1,1),(29083,238,1138,9,'11960',1,1),(29084,238,1140,9,'12191',1,1),(29085,238,138,9,'12197',1,1),(29086,238,140,9,'11911',1,1),(29087,238,141,9,'11918',1,NULL),(29088,238,142,9,'11921',1,NULL),(29089,238,1183,9,'12203',1,1),(29090,238,1184,9,'12207',1,1),(29091,238,1185,9,'12209',1,1),(29092,238,1141,10,'1870',1,1),(29093,238,1142,10,'1792',1,NULL),(29094,238,1143,10,'1873',1,1),(29095,238,1144,10,'1881',1,1),(29096,238,1145,10,'1885',1,1),(29097,238,1146,10,'1886',1,1),(29098,238,1147,10,'1888',1,1),(29099,238,1148,10,'1890',1,1),(29100,238,1149,10,'1892',1,1),(29101,238,1150,10,'1894',1,1),(29102,238,1151,10,'1897',1,1),(29103,238,1152,10,'1899',1,1),(29104,238,1154,10,'1900',1,1),(29105,238,1155,10,'1902',1,NULL),(29106,238,1156,10,'1904',1,1),(29107,238,146,11,'831',1,1),(29108,238,147,11,'961',1,1),(29109,238,148,11,'964',1,1),(29110,238,149,11,'922',1,NULL),(29111,238,150,11,'850',1,NULL),(29112,238,151,11,'854',1,1),(29113,238,152,11,'857',1,1),(29114,238,153,11,'859',1,1),(29115,238,154,11,'870',1,1),(29116,238,155,11,'874',1,NULL),(29117,238,156,11,'950',1,1),(29118,238,157,11,'967',1,1),(29119,238,158,11,'928',1,1),(29120,238,159,11,'931',1,1),(29121,238,160,11,'892',1,1),(29122,238,161,11,'940',1,1),(29123,238,162,11,'12251',1,1),(29124,238,163,11,'906',1,1),(29125,238,164,11,'12178',1,1),(29126,238,165,11,'945',1,1),(29127,238,166,12,'971',1,1),(29128,238,167,12,'984',1,1),(29129,238,168,12,'981',1,1),(29130,238,169,12,'989',1,NULL),(29131,238,170,12,'994',1,1),(29132,238,171,12,'997',1,1),(29133,238,172,12,'1000',1,1),(29134,238,173,12,'1134',1,1),(29135,238,174,12,'1140',1,NULL),(29136,238,175,12,'1013',1,1),(29137,238,176,12,'1017',1,1),(29138,238,177,12,'1019',1,1),(29139,238,178,12,'1021',1,1),(29140,238,179,12,'1023',1,1),(29141,238,180,12,'1025',1,1),(29142,238,181,13,'1199',1,1),(29143,238,182,13,'1201',1,1),(29144,238,183,13,'1209',1,1),(29145,238,184,13,'1045',1,1),(29146,238,185,13,'1212',1,1),(29147,238,186,13,'1222',1,1),(29148,238,187,13,'1228',1,1),(29149,238,188,13,'1234',1,1),(29150,238,189,13,'1072',1,1),(29151,238,191,13,'12213',1,1),(29152,238,192,13,'1084',1,1),(29153,238,193,13,'1090',1,1),(29154,238,194,13,'1274',1,1),(29155,238,195,13,'1267',1,1),(29156,238,196,13,'1263',1,1),(29157,238,197,13,'1261',1,1),(29158,238,198,13,'1256',1,1),(29159,238,199,13,'1249',1,1),(29160,238,200,13,'1243',1,1),(29161,238,201,14,'1141',1,NULL),(29162,238,202,14,'1146',1,1),(29163,238,203,14,'1148',1,NULL),(29164,238,204,14,'1157',1,1),(29165,238,205,14,'1162',1,1),(29166,238,206,14,'1163',1,1),(29167,238,207,14,'1167',1,NULL),(29168,238,208,14,'1169',1,1),(29169,238,209,14,'1174',1,1),(29170,238,210,14,'1179',1,1),(29171,238,201,14,'1145',2,NULL),(29172,238,202,14,'1146',2,1),(29173,238,203,14,'1149',2,NULL),(29174,238,204,14,'1157',2,1),(29175,238,205,14,'1162',2,1),(29176,238,206,14,'1163',2,1),(29177,238,207,14,'1166',2,NULL),(29178,238,208,14,'1169',2,1),(29179,238,209,14,'1174',2,1),(29180,238,210,14,'1179',2,1),(29181,238,201,14,'1141',3,NULL),(29182,238,202,14,'1146',3,1),(29183,238,203,14,'1152',3,1),(29184,238,204,14,'1157',3,1),(29185,238,205,14,'1162',3,1),(29186,238,206,14,'1163',3,1),(29187,238,207,14,'1165',3,1),(29188,238,208,14,'1169',3,1),(29189,238,209,14,'1174',3,1),(29190,238,210,14,'1179',3,1),(29191,238,1186,15,'12231',1,1),(29192,238,1188,15,'12228',1,1),(29193,238,1189,15,'12235',1,1),(29194,238,1190,15,'12243',1,1),(29195,238,1191,15,'12244',1,1),(29196,238,211,15,'1180',1,1),(29197,238,212,15,'1185',1,1),(29198,238,213,15,'12219',1,NULL),(29199,238,214,15,'1192',1,1),(29200,238,215,15,'1194',1,NULL),(29201,238,592,25,'11847',1,1),(29202,238,702,25,'12260',1,1),(29203,238,703,25,'12264',1,1),(29204,238,704,25,'12267',1,1),(29205,238,706,25,'12269',1,1),(29206,238,707,25,'12273',1,1),(29207,238,708,25,'11876',1,NULL),(29208,238,709,25,'12286',1,1),(29209,238,710,25,'12277',1,1),(29210,238,711,25,'12287',1,1),(29211,238,712,25,'12289',1,1),(29212,238,713,25,'12291',1,1),(29213,239,26,3,'463',1,1),(29214,239,27,3,'465',1,1),(29215,239,28,3,'467',1,1),(29216,239,29,3,'469',1,1),(29217,239,30,3,'471',1,1),(29218,239,31,3,'474',1,1),(29219,239,32,3,'475',1,1),(29220,239,33,3,'477',1,1),(29221,239,35,3,'485',1,1),(29222,239,36,3,'12247',1,1),(29223,239,37,3,'12149',1,1),(29224,239,38,3,'500',1,1),(29225,239,39,3,'508',1,1),(29226,239,40,3,'511',1,1),(29227,239,41,3,'12154',1,1),(29228,239,42,3,'12157',1,1),(29229,239,47,3,'521',1,1),(29230,239,48,3,'526',1,1),(29231,239,49,3,'12161',1,1),(29232,239,53,4,'296',1,1),(29233,239,54,4,'449',1,1),(29234,239,55,4,'300',1,1),(29235,239,57,4,'452',1,1),(29236,239,58,4,'414',1,1),(29237,239,59,4,'419',1,1),(29238,239,60,4,'325',1,1),(29239,239,61,4,'425',1,1),(29240,239,62,4,'327',1,1),(29241,239,63,4,'331',1,1),(29242,239,64,4,'333',1,1),(29243,239,65,4,'458',1,1),(29244,239,82,4,'343',1,1),(29245,239,83,4,'347',1,1),(29246,239,85,4,'459',1,1),(29247,239,67,5,'540',1,1),(29248,239,68,5,'544',1,1),(29249,239,69,5,'545',1,NULL),(29250,239,70,5,'552',1,NULL),(29251,239,71,5,'553',1,1),(29252,239,72,5,'557',1,1),(29253,239,73,5,'565',1,1),(29254,239,74,5,'569',1,1),(29255,239,75,5,'575',1,1),(29256,239,78,5,'582',1,1),(29257,239,79,5,'588',1,1),(29258,239,80,5,'593',1,NULL),(29259,239,81,5,'579',1,NULL),(29260,239,88,5,'597',1,NULL),(29261,239,89,5,'600',1,1),(29262,239,67,5,'540',2,1),(29263,239,68,5,'544',2,1),(29264,239,69,5,'548',2,NULL),(29265,239,70,5,'551',2,1),(29266,239,71,5,'553',2,1),(29267,239,72,5,'557',2,1),(29268,239,73,5,'565',2,1),(29269,239,74,5,'569',2,1),(29270,239,75,5,'575',2,1),(29271,239,78,5,'582',2,1),(29272,239,79,5,'588',2,1),(29273,239,80,5,'591',2,NULL),(29274,239,81,5,'576',2,1),(29275,239,88,5,'595',2,NULL),(29276,239,89,5,'600',2,1),(29277,239,116,7,'694',1,1),(29278,239,117,7,'697',1,1),(29279,239,118,7,'703',1,1),(29280,239,119,7,'706',1,1),(29281,239,120,7,'711',1,1),(29282,239,121,7,'714',1,1),(29283,239,122,7,'720',1,1),(29284,239,124,7,'726',1,1),(29285,239,125,7,'745',1,1),(29286,239,126,7,'735',1,1),(29287,239,127,8,'750',1,1),(29288,239,128,8,'753',1,1),(29289,239,129,8,'759',1,1),(29290,239,130,8,'768',1,1),(29291,239,131,8,'767',1,1),(29292,239,132,8,'770',1,1),(29293,239,133,8,'773',1,1),(29294,239,134,8,'774',1,1),(29295,239,135,8,'777',1,1),(29296,239,136,8,'782',1,1),(29297,239,1131,9,'12181',1,1),(29298,239,1132,9,'11941',1,1),(29299,239,1133,9,'11945',1,1),(29300,239,1134,9,'11949',1,1),(29301,239,1135,9,'11950',1,1),(29302,239,1136,9,'12198',1,1),(29303,239,1137,9,'12188',1,1),(29304,239,1138,9,'11960',1,1),(29305,239,1140,9,'12191',1,1),(29306,239,138,9,'12197',1,1),(29307,239,140,9,'11911',1,1),(29308,239,141,9,'11917',1,1),(29309,239,142,9,'11921',1,NULL),(29310,239,1183,9,'12203',1,1),(29311,239,1184,9,'12204',1,NULL),(29312,239,1185,9,'12209',1,1),(29313,239,1141,10,'1870',1,1),(29314,239,1142,10,'1792',1,NULL),(29315,239,1143,10,'1873',1,1),(29316,239,1144,10,'1881',1,1),(29317,239,1145,10,'1885',1,1),(29318,239,1146,10,'1886',1,1),(29319,239,1147,10,'1888',1,1),(29320,239,1148,10,'1890',1,1),(29321,239,1149,10,'1892',1,1),(29322,239,1150,10,'1894',1,1),(29323,239,1151,10,'1897',1,1),(29324,239,1152,10,'1899',1,1),(29325,239,1154,10,'1900',1,1),(29326,239,1155,10,'1903',1,1),(29327,239,1156,10,'1904',1,1),(29328,239,146,11,'831',1,1),(29329,239,147,11,'961',1,1),(29330,239,148,11,'964',1,1),(29331,239,149,11,'922',1,NULL),(29332,239,150,11,'850',1,NULL),(29333,239,151,11,'854',1,1),(29334,239,152,11,'857',1,1),(29335,239,153,11,'859',1,1),(29336,239,154,11,'870',1,1),(29337,239,155,11,'872',1,NULL),(29338,239,156,11,'950',1,1),(29339,239,157,11,'967',1,1),(29340,239,158,11,'928',1,1),(29341,239,159,11,'931',1,1),(29342,239,160,11,'892',1,1),(29343,239,161,11,'940',1,1),(29344,239,162,11,'12251',1,1),(29345,239,163,11,'906',1,1),(29346,239,165,11,'945',1,1),(29347,239,166,12,'971',1,1),(29348,239,167,12,'984',1,1),(29349,239,168,12,'981',1,1),(29350,239,169,12,'990',1,1),(29351,239,170,12,'994',1,1),(29352,239,171,12,'997',1,1),(29353,239,172,12,'1000',1,1),(29354,239,173,12,'1134',1,1),(29355,239,174,12,'1138',1,1),(29356,239,175,12,'1013',1,1),(29357,239,176,12,'1017',1,1),(29358,239,177,12,'1019',1,1),(29359,239,178,12,'1021',1,1),(29360,239,179,12,'1023',1,1),(29361,239,180,12,'1025',1,1),(29362,239,181,13,'1199',1,1),(29363,239,182,13,'1201',1,1),(29364,239,183,13,'1209',1,1),(29365,239,184,13,'1045',1,1),(29366,239,185,13,'1212',1,1),(29367,239,186,13,'1222',1,1),(29368,239,187,13,'1228',1,1),(29369,239,188,13,'1234',1,1),(29370,239,189,13,'1072',1,1),(29371,239,191,13,'12213',1,1),(29372,239,192,13,'1084',1,1),(29373,239,193,13,'1090',1,1),(29374,239,194,13,'1274',1,1),(29375,239,195,13,'1267',1,1),(29376,239,196,13,'1263',1,1),(29377,239,197,13,'1261',1,1),(29378,239,198,13,'1256',1,1),(29379,239,199,13,'1249',1,1),(29380,239,200,13,'1242',1,NULL),(29381,239,201,14,'1142',1,1),(29382,239,202,14,'1146',1,1),(29383,239,203,14,'1152',1,1),(29384,239,204,14,'1157',1,1),(29385,239,205,14,'1162',1,1),(29386,239,206,14,'1163',1,1),(29387,239,207,14,'1165',1,1),(29388,239,208,14,'1169',1,1),(29389,239,209,14,'1174',1,1),(29390,239,210,14,'1179',1,1),(29391,239,1186,15,'12231',1,1),(29392,239,1188,15,'12228',1,1),(29393,239,1189,15,'12235',1,1),(29394,239,1190,15,'12243',1,1),(29395,239,1191,15,'12244',1,1),(29396,239,211,15,'1180',1,1),(29397,239,212,15,'1185',1,1),(29398,239,213,15,'12221',1,1),(29399,239,214,15,'1192',1,1),(29400,239,215,15,'1193',1,1),(29401,239,592,25,'11847',1,1),(29402,239,702,25,'12260',1,1),(29403,239,703,25,'12264',1,1),(29404,239,704,25,'12267',1,1),(29405,239,706,25,'12269',1,1),(29406,239,707,25,'12273',1,1),(29407,239,708,25,'11877',1,1),(29408,239,709,25,'12286',1,1),(29409,239,710,25,'12274',1,NULL),(29410,239,711,25,'12287',1,1),(29411,239,712,25,'12289',1,1),(29412,239,713,25,'12291',1,1),(29413,240,127,8,'750',1,1),(29414,240,128,8,'753',1,1),(29415,240,129,8,'759',1,1),(29416,240,130,8,'768',1,1),(29417,240,131,8,'767',1,1),(29418,240,132,8,'770',1,1),(29419,240,133,8,'772',1,NULL),(29420,240,134,8,'774',1,1),(29421,240,135,8,'777',1,1),(29422,240,136,8,'782',1,1),(29423,240,1131,9,'12181',3,1),(29424,240,1132,9,'11941',3,1),(29425,240,1133,9,'11945',3,1),(29426,240,1134,9,'11949',3,1),(29427,240,1135,9,'11950',3,1),(29428,240,1136,9,'12198',3,1),(29429,240,1137,9,'12188',3,1),(29430,240,1138,9,'11960',3,1),(29431,240,1140,9,'12191',3,1),(29432,240,138,9,'12197',3,1),(29433,240,140,9,'11911',3,1),(29434,240,141,9,'11916',3,NULL),(29435,240,142,9,'11920',3,NULL),(29436,240,1183,9,'12203',3,1),(29437,240,1184,9,'12206',3,NULL),(29438,240,1185,9,'12209',3,1),(29439,240,146,11,'834',1,NULL),(29440,240,147,11,'961',1,1),(29441,240,148,11,'963',1,NULL),(29442,240,149,11,'922',1,NULL),(29443,240,150,11,'850',1,NULL),(29444,240,151,11,'854',1,1),(29445,240,152,11,'857',1,1),(29446,240,153,11,'859',1,1),(29447,240,154,11,'870',1,1),(29448,240,155,11,'872',1,NULL),(29449,240,156,11,'950',1,1),(29450,240,157,11,'967',1,1),(29451,240,158,11,'928',1,1),(29452,240,159,11,'934',1,NULL),(29453,240,160,11,'894',1,NULL),(29454,240,161,11,'940',1,1),(29455,240,162,11,'12251',1,1),(29456,240,163,11,'906',1,1),(29457,240,164,11,'12178',1,1),(29458,240,165,11,'945',1,1),(29459,240,146,11,'831',2,1),(29460,240,147,11,'961',2,1),(29461,240,148,11,'965',2,NULL),(29462,240,149,11,'922',2,NULL),(29463,240,150,11,'850',2,NULL),(29464,240,151,11,'854',2,1),(29465,240,152,11,'857',2,1),(29466,240,153,11,'859',2,1),(29467,240,154,11,'870',2,1),(29468,240,155,11,'872',2,NULL),(29469,240,156,11,'950',2,1),(29470,240,157,11,'967',2,1),(29471,240,158,11,'928',2,1),(29472,240,159,11,'931',2,1),(29473,240,160,11,'892',2,1),(29474,240,161,11,'940',2,1),(29475,240,162,11,'12251',2,1),(29476,240,163,11,'906',2,1),(29477,240,164,11,'12175',2,NULL),(29478,240,165,11,'945',2,1),(29479,240,592,25,'11847',1,1),(29480,240,702,25,'12260',1,1),(29481,240,703,25,'12264',1,1),(29482,240,704,25,'12267',1,1),(29483,240,706,25,'12269',1,1),(29484,240,707,25,'12273',1,1),(29485,240,708,25,'11876',1,NULL),(29486,240,709,25,'12284',1,NULL),(29487,240,710,25,'12277',1,1),(29488,240,711,25,'12287',1,1),(29489,240,712,25,'12289',1,1),(29490,240,713,25,'12291',1,1),(29491,240,201,14,'1142',1,1),(29492,240,202,14,'1147',1,NULL),(29493,240,203,14,'1149',1,NULL),(29494,240,204,14,'1157',1,1),(29495,240,205,14,'1162',1,1),(29496,240,207,14,'1167',1,NULL),(29497,240,208,14,'1169',1,1),(29498,240,209,14,'1174',1,1),(29499,240,210,14,'1179',1,1),(29500,240,201,14,'1142',2,1),(29501,240,202,14,'1146',2,1),(29502,240,203,14,'1149',2,NULL),(29503,240,204,14,'1157',2,1),(29504,240,205,14,'1162',2,1),(29505,240,206,14,'1163',2,1),(29506,240,207,14,'1166',2,NULL),(29507,240,208,14,'1169',2,1),(29508,240,209,14,'1174',2,1),(29509,240,210,14,'1179',2,1),(29510,240,181,13,'1199',1,1),(29511,240,182,13,'1201',1,1),(29512,240,183,13,'1209',1,1),(29513,240,184,13,'1045',1,1),(29514,240,185,13,'1210',1,NULL),(29515,240,186,13,'1222',1,1),(29516,240,187,13,'1229',1,NULL),(29517,240,188,13,'1234',1,1),(29518,240,191,13,'12213',1,1),(29519,240,192,13,'1084',1,1),(29520,240,193,13,'1090',1,1),(29521,240,194,13,'1273',1,NULL),(29522,240,195,13,'1267',1,1),(29523,240,196,13,'1263',1,1),(29524,240,197,13,'1261',1,1),(29525,240,198,13,'1256',1,1),(29526,240,199,13,'1248',1,NULL),(29527,240,200,13,'1243',1,1),(29528,240,181,13,'1199',2,1),(29529,240,182,13,'1201',2,1),(29530,240,183,13,'1209',2,1),(29531,240,184,13,'1045',2,1),(29532,240,185,13,'1213',2,NULL),(29533,240,186,13,'1222',2,1),(29534,240,187,13,'1229',2,NULL),(29535,240,188,13,'1234',2,1),(29536,240,189,13,'1072',2,1),(29537,240,191,13,'12213',2,1),(29538,240,192,13,'1084',2,1),(29539,240,193,13,'1090',2,1),(29540,240,194,13,'1274',2,1),(29541,240,195,13,'1267',2,1),(29542,240,196,13,'1262',2,NULL),(29543,240,197,13,'1261',2,1),(29544,240,198,13,'1255',2,NULL),(29545,240,199,13,'1249',2,1),(29546,240,200,13,'1243',2,1),(29547,240,181,13,'1199',3,1),(29548,240,182,13,'1201',3,1),(29549,240,183,13,'1209',3,1),(29550,240,184,13,'1045',3,1),(29551,240,185,13,'1212',3,1),(29552,240,186,13,'1222',3,1),(29553,240,187,13,'1228',3,1),(29554,240,188,13,'1234',3,1),(29555,240,189,13,'1072',3,1),(29556,240,191,13,'12213',3,1),(29557,240,192,13,'1084',3,1),(29558,240,193,13,'1090',3,1),(29559,240,194,13,'1274',3,1),(29560,240,195,13,'1267',3,1),(29561,240,196,13,'1262',3,NULL),(29562,240,197,13,'1261',3,1),(29563,240,198,13,'1252',3,NULL),(29564,240,199,13,'1249',3,1),(29565,240,200,13,'1243',3,1),(29566,240,1186,15,'12231',1,1),(29567,240,1188,15,'12228',1,1),(29568,240,1189,15,'12235',1,1),(29569,240,1190,15,'12243',1,1),(29570,240,1191,15,'12244',1,1),(29571,240,211,15,'1180',1,1),(29572,240,212,15,'1184',1,NULL),(29573,240,213,15,'12221',1,1),(29574,240,214,15,'1192',1,1),(29575,240,215,15,'1193',1,1),(29576,240,166,12,'971',1,1),(29577,240,167,12,'983',1,NULL),(29578,240,168,12,'980',1,NULL),(29579,240,169,12,'990',1,1),(29580,240,170,12,'994',1,1),(29581,240,171,12,'998',1,NULL),(29582,240,172,12,'1000',1,1),(29583,240,173,12,'1136',1,NULL),(29584,240,174,12,'1138',1,1),(29585,240,175,12,'1013',1,1),(29586,240,176,12,'1017',1,1),(29587,240,177,12,'1019',1,1),(29588,240,178,12,'1021',1,1),(29589,240,179,12,'1023',1,1),(29590,240,180,12,'1025',1,1),(29591,240,166,12,'971',2,1),(29592,240,167,12,'985',2,NULL),(29593,240,168,12,'981',2,1),(29594,240,169,12,'990',2,1),(29595,240,170,12,'994',2,1),(29596,240,171,12,'997',2,1),(29597,240,172,12,'1000',2,1),(29598,240,173,12,'1134',2,1),(29599,240,174,12,'1138',2,1),(29600,240,175,12,'1013',2,1),(29601,240,176,12,'1017',2,1),(29602,240,177,12,'1019',2,1),(29603,240,178,12,'1021',2,1),(29604,240,179,12,'1023',2,1),(29605,240,180,12,'1026',2,NULL),(29606,240,146,11,'831',3,1),(29607,240,147,11,'961',3,1),(29608,240,148,11,'965',3,NULL),(29609,240,149,11,'922',3,NULL),(29610,240,150,11,'850',3,NULL),(29611,240,151,11,'854',3,1),(29612,240,152,11,'857',3,1),(29613,240,153,11,'859',3,1),(29614,240,154,11,'870',3,1),(29615,240,155,11,'872',3,NULL),(29616,240,156,11,'950',3,1),(29617,240,157,11,'967',3,1),(29618,240,158,11,'928',3,1),(29619,240,159,11,'931',3,1),(29620,240,160,11,'892',3,1),(29621,240,161,11,'940',3,1),(29622,240,162,11,'12251',3,1),(29623,240,163,11,'906',3,1),(29624,240,164,11,'12175',3,NULL),(29625,240,165,11,'945',3,1),(29626,240,146,11,'831',4,1),(29627,240,147,11,'961',4,1),(29628,240,148,11,'963',4,NULL),(29629,240,149,11,'919',4,NULL),(29630,240,150,11,'848',4,NULL),(29631,240,151,11,'854',4,1),(29632,240,152,11,'857',4,1),(29633,240,153,11,'859',4,1),(29634,240,154,11,'870',4,1),(29635,240,155,11,'872',4,NULL),(29636,240,156,11,'950',4,1),(29637,240,157,11,'967',4,1),(29638,240,158,11,'928',4,1),(29639,240,159,11,'931',4,1),(29640,240,160,11,'892',4,1),(29641,240,161,11,'940',4,1),(29642,240,162,11,'12251',4,1),(29643,240,163,11,'906',4,1),(29644,240,164,11,'12176',4,NULL),(29645,240,165,11,'945',4,1),(29646,240,146,11,'831',5,1),(29647,240,147,11,'961',5,1),(29648,240,148,11,'964',5,1),(29649,240,149,11,'921',5,NULL),(29650,240,150,11,'849',5,1),(29651,240,151,11,'854',5,1),(29652,240,152,11,'857',5,1),(29653,240,153,11,'859',5,1),(29654,240,154,11,'870',5,1),(29655,240,155,11,'873',5,1),(29656,240,156,11,'950',5,1),(29657,240,157,11,'967',5,1),(29658,240,158,11,'928',5,1),(29659,240,159,11,'931',5,1),(29660,240,160,11,'892',5,1),(29661,240,161,11,'940',5,1),(29662,240,162,11,'12251',5,1),(29663,240,163,11,'906',5,1),(29664,240,164,11,'12177',5,NULL),(29665,240,165,11,'945',5,1),(29666,240,67,5,'540',1,1),(29667,240,68,5,'544',1,1),(29668,240,69,5,'547',1,NULL),(29669,240,70,5,'552',1,NULL),(29670,240,71,5,'554',1,NULL),(29671,240,72,5,'558',1,NULL),(29672,240,73,5,'565',1,1),(29673,240,74,5,'570',1,NULL),(29674,240,75,5,'575',1,1),(29675,240,78,5,'580',1,NULL),(29676,240,79,5,'588',1,1),(29677,240,80,5,'593',1,NULL),(29678,240,81,5,'576',1,1),(29679,240,88,5,'597',1,NULL),(29680,240,89,5,'600',1,1),(29681,240,67,5,'540',2,1),(29682,240,68,5,'544',2,1),(29683,240,69,5,'546',2,1),(29684,240,70,5,'552',2,NULL),(29685,240,71,5,'553',2,1),(29686,240,72,5,'557',2,1),(29687,240,73,5,'565',2,1),(29688,240,74,5,'569',2,1),(29689,240,75,5,'575',2,1),(29690,240,78,5,'582',2,1),(29691,240,79,5,'588',2,1),(29692,240,80,5,'592',2,1),(29693,240,81,5,'576',2,1),(29694,240,88,5,'596',2,1),(29695,240,89,5,'600',2,1),(29696,243,26,3,'463',1,1),(29697,243,27,3,'465',1,1),(29698,243,28,3,'467',1,1),(29699,243,29,3,'469',1,1),(29700,243,30,3,'471',1,1),(29701,243,31,3,'474',1,1),(29702,243,32,3,'475',1,1),(29703,243,33,3,'477',1,1),(29704,243,35,3,'485',1,1),(29705,243,36,3,'12247',1,1),(29706,243,37,3,'12149',1,1),(29707,243,38,3,'500',1,1),(29708,243,39,3,'508',1,1),(29709,243,40,3,'511',1,1),(29710,243,41,3,'12154',1,1),(29711,243,42,3,'12157',1,1),(29712,243,47,3,'521',1,1),(29713,243,48,3,'526',1,1),(29714,243,49,3,'12161',1,1),(29715,243,26,3,'463',2,1),(29716,243,27,3,'465',2,1),(29717,243,28,3,'467',2,1),(29718,243,29,3,'469',2,1),(29719,243,30,3,'471',2,1),(29720,243,31,3,'474',2,1),(29721,243,32,3,'475',2,1),(29722,243,33,3,'477',2,1),(29723,243,35,3,'485',2,1),(29724,243,36,3,'12247',2,1),(29725,243,37,3,'12149',2,1),(29726,243,38,3,'500',2,1),(29727,243,39,3,'508',2,1),(29728,243,40,3,'511',2,1),(29729,243,41,3,'12154',2,1),(29730,243,42,3,'12157',2,1),(29731,243,47,3,'521',2,1),(29732,243,48,3,'526',2,1),(29733,243,49,3,'12161',2,1),(29734,243,53,4,'296',1,1),(29735,243,54,4,'449',1,1),(29736,243,55,4,'300',1,1),(29737,243,57,4,'452',1,1),(29738,243,58,4,'414',1,1),(29739,243,59,4,'419',1,1),(29740,243,60,4,'325',1,1),(29741,243,61,4,'425',1,1),(29742,243,62,4,'327',1,1),(29743,243,63,4,'331',1,1),(29744,243,64,4,'333',1,1),(29745,243,65,4,'458',1,1),(29746,243,82,4,'343',1,1),(29747,243,83,4,'347',1,1),(29748,243,85,4,'459',1,1),(29749,243,67,5,'540',1,1),(29750,243,68,5,'544',1,1),(29751,243,69,5,'546',1,1),(29752,243,70,5,'551',1,1),(29753,243,71,5,'553',1,1),(29754,243,72,5,'558',1,NULL),(29755,243,73,5,'565',1,1),(29756,243,74,5,'569',1,1),(29757,243,75,5,'575',1,1),(29758,243,78,5,'582',1,1),(29759,243,79,5,'588',1,1),(29760,243,80,5,'592',1,1),(29761,243,81,5,'576',1,1),(29762,243,88,5,'596',1,1),(29763,243,89,5,'600',1,1),(29764,243,116,7,'694',1,1),(29765,243,117,7,'697',1,1),(29766,243,118,7,'703',1,1),(29767,243,119,7,'706',1,1),(29768,243,120,7,'711',1,1),(29769,243,121,7,'714',1,1),(29770,243,122,7,'720',1,1),(29771,243,124,7,'726',1,1),(29772,243,125,7,'745',1,1),(29773,243,126,7,'735',1,1),(29774,243,127,8,'750',1,1),(29775,243,128,8,'753',1,1),(29776,243,129,8,'759',1,1),(29777,243,130,8,'768',1,1),(29778,243,131,8,'767',1,1),(29779,243,132,8,'770',1,1),(29780,243,133,8,'773',1,1),(29781,243,134,8,'774',1,1),(29782,243,135,8,'777',1,1),(29783,243,136,8,'782',1,1),(29784,243,1131,9,'12181',1,1),(29785,243,1132,9,'11941',1,1),(29786,243,1133,9,'11945',1,1),(29787,243,1134,9,'11949',1,1),(29788,243,1135,9,'11950',1,1),(29789,243,1136,9,'12198',1,1),(29790,243,1137,9,'12188',1,1),(29791,243,1138,9,'11960',1,1),(29792,243,1140,9,'12191',1,1),(29793,243,138,9,'12197',1,1),(29794,243,140,9,'11911',1,1),(29795,243,141,9,'11917',1,1),(29796,243,142,9,'11921',1,NULL),(29797,243,1183,9,'12203',1,1),(29798,243,1184,9,'12205',1,NULL),(29799,243,1185,9,'12209',1,1),(29800,243,1141,10,'1870',1,1),(29801,243,1142,10,'1792',1,NULL),(29802,243,1143,10,'1873',1,1),(29803,243,1144,10,'1881',1,1),(29804,243,1145,10,'1885',1,1),(29805,243,1146,10,'1886',1,1),(29806,243,1147,10,'1888',1,1),(29807,243,1148,10,'1890',1,1),(29808,243,1149,10,'1892',1,1),(29809,243,1150,10,'1894',1,1),(29810,243,1151,10,'1897',1,1),(29811,243,1152,10,'1899',1,1),(29812,243,1154,10,'1900',1,1),(29813,243,1155,10,'1902',1,NULL),(29814,243,1156,10,'1904',1,1),(29815,243,146,11,'831',1,1),(29816,243,147,11,'961',1,1),(29817,243,148,11,'964',1,1),(29818,243,149,11,'922',1,NULL),(29819,243,150,11,'850',1,NULL),(29820,243,151,11,'854',1,1),(29821,243,152,11,'857',1,1),(29822,243,153,11,'859',1,1),(29823,243,154,11,'870',1,1),(29824,243,155,11,'872',1,NULL),(29825,243,156,11,'950',1,1),(29826,243,157,11,'967',1,1),(29827,243,158,11,'928',1,1),(29828,243,159,11,'931',1,1),(29829,243,160,11,'892',1,1),(29830,243,161,11,'940',1,1),(29831,243,162,11,'12251',1,1),(29832,243,163,11,'906',1,1),(29833,243,164,11,'12175',1,NULL),(29834,243,165,11,'944',1,NULL),(29835,243,146,11,'831',2,1),(29836,243,147,11,'961',2,1),(29837,243,148,11,'964',2,1),(29838,243,149,11,'920',2,1),(29839,243,150,11,'849',2,1),(29840,243,151,11,'854',2,1),(29841,243,152,11,'857',2,1),(29842,243,153,11,'859',2,1),(29843,243,154,11,'870',2,1),(29844,243,155,11,'872',2,NULL),(29845,243,156,11,'950',2,1),(29846,243,157,11,'967',2,1),(29847,243,158,11,'928',2,1),(29848,243,159,11,'931',2,1),(29849,243,160,11,'892',2,1),(29850,243,161,11,'940',2,1),(29851,243,162,11,'12251',2,1),(29852,243,163,11,'906',2,1),(29853,243,164,11,'12176',2,NULL),(29854,243,165,11,'945',2,1),(29855,243,166,12,'971',1,1),(29856,243,167,12,'984',1,1),(29857,243,168,12,'981',1,1),(29858,243,169,12,'990',1,1),(29859,243,170,12,'994',1,1),(29860,243,171,12,'997',1,1),(29861,243,172,12,'1000',1,1),(29862,243,173,12,'1136',1,NULL),(29863,243,174,12,'1140',1,NULL),(29864,243,175,12,'1013',1,1),(29865,243,176,12,'1017',1,1),(29866,243,177,12,'1019',1,1),(29867,243,178,12,'1021',1,1),(29868,243,179,12,'1023',1,1),(29869,243,180,12,'1025',1,1),(29870,243,181,13,'1199',1,1),(29871,243,182,13,'1201',1,1),(29872,243,183,13,'1209',1,1),(29873,243,184,13,'1045',1,1),(29874,243,185,13,'1212',1,1),(29875,243,186,13,'1222',1,1),(29876,243,187,13,'1228',1,1),(29877,243,188,13,'1234',1,1),(29878,243,189,13,'1072',1,1),(29879,243,191,13,'12213',1,1),(29880,243,192,13,'1084',1,1),(29881,243,193,13,'1090',1,1),(29882,243,194,13,'1274',1,1),(29883,243,195,13,'1267',1,1),(29884,243,196,13,'1263',1,1),(29885,243,197,13,'1261',1,1),(29886,243,198,13,'1256',1,1),(29887,243,199,13,'1247',1,NULL),(29888,243,200,13,'1243',1,1),(29889,243,201,14,'1141',1,NULL),(29890,243,202,14,'1146',1,1),(29891,243,203,14,'1149',1,NULL),(29892,243,204,14,'1157',1,1),(29893,243,205,14,'1162',1,1),(29894,243,206,14,'1163',1,1),(29895,243,207,14,'1165',1,1),(29896,243,208,14,'1169',1,1),(29897,243,209,14,'1174',1,1),(29898,243,210,14,'1179',1,1),(29899,243,1186,15,'12231',1,1),(29900,243,1188,15,'12228',1,1),(29901,243,1189,15,'12235',1,1),(29902,243,1190,15,'12239',1,NULL),(29903,243,1191,15,'12244',1,1),(29904,243,211,15,'1181',1,NULL),(29905,243,212,15,'1185',1,1),(29906,243,213,15,'12221',1,1),(29907,243,214,15,'1192',1,1),(29908,243,215,15,'1193',1,1),(29909,243,592,25,'11847',1,1),(29910,243,702,25,'12260',1,1),(29911,243,703,25,'12264',1,1),(29912,243,704,25,'12267',1,1),(29913,243,706,25,'12269',1,1),(29914,243,707,25,'12272',1,NULL),(29915,243,708,25,'11876',1,NULL),(29916,243,709,25,'12286',1,1),(29917,243,710,25,'12277',1,1),(29918,243,711,25,'12287',1,1),(29919,243,712,25,'12289',1,1),(29920,243,713,25,'12291',1,1),(29921,241,26,3,'463',1,1),(29922,241,27,3,'466',1,NULL),(29923,241,28,3,'467',1,1),(29924,241,29,3,'470',1,NULL),(29925,241,30,3,'471',1,1),(29926,241,31,3,'474',1,1),(29927,241,32,3,'475',1,1),(29928,241,33,3,'477',1,1),(29929,241,35,3,'485',1,1),(29930,241,36,3,'12247',1,1),(29931,241,37,3,'12149',1,1),(29932,241,38,3,'500',1,1),(29933,241,39,3,'508',1,1),(29934,241,40,3,'511',1,1),(29935,241,41,3,'12154',1,1),(29936,241,42,3,'12157',1,1),(29937,241,47,3,'521',1,1),(29938,241,48,3,'526',1,1),(29939,241,49,3,'12161',1,1),(29940,241,67,5,'540',1,1),(29941,241,68,5,'544',1,1),(29942,241,69,5,'546',1,1),(29943,241,70,5,'551',1,1),(29944,241,71,5,'553',1,1),(29945,241,72,5,'557',1,1),(29946,241,73,5,'565',1,1),(29947,241,74,5,'569',1,1),(29948,241,75,5,'575',1,1),(29949,241,78,5,'582',1,1),(29950,241,79,5,'588',1,1),(29951,241,80,5,'592',1,1),(29952,241,81,5,'576',1,1),(29953,241,88,5,'596',1,1),(29954,241,89,5,'600',1,1),(29955,241,592,25,'11847',1,1),(29956,241,702,25,'12260',1,1),(29957,241,703,25,'12264',1,1),(29958,241,704,25,'12267',1,1),(29959,241,706,25,'12269',1,1),(29960,241,707,25,'12272',1,NULL),(29961,241,708,25,'11876',1,NULL),(29962,241,709,25,'12286',1,1),(29963,241,710,25,'12277',1,1),(29964,241,711,25,'12287',1,1),(29965,241,712,25,'12289',1,1),(29966,241,713,25,'12291',1,1),(29967,241,1186,15,'12231',1,1),(29968,241,1188,15,'12228',1,1),(29969,241,1189,15,'12235',1,1),(29970,241,1190,15,'12243',1,1),(29971,241,1191,15,'12244',1,1),(29972,241,211,15,'1180',1,1),(29973,241,212,15,'1185',1,1),(29974,241,213,15,'12221',1,1),(29975,241,214,15,'1192',1,1),(29976,241,215,15,'1193',1,1),(29977,241,53,4,'296',1,1),(29978,241,54,4,'449',1,1),(29979,241,55,4,'300',1,1),(29980,241,57,4,'452',1,1),(29981,241,58,4,'414',1,1),(29982,241,59,4,'419',1,1),(29983,241,60,4,'325',1,1),(29984,241,61,4,'425',1,1),(29985,241,62,4,'327',1,1),(29986,241,63,4,'331',1,1),(29987,241,64,4,'334',1,NULL),(29988,241,65,4,'458',1,1),(29989,241,82,4,'343',1,1),(29990,241,83,4,'347',1,1),(29991,241,85,4,'459',1,1),(29992,241,116,7,'694',1,1),(29993,241,117,7,'697',1,1),(29994,241,118,7,'703',1,1),(29995,241,119,7,'706',1,1),(29996,241,120,7,'711',1,1),(29997,241,121,7,'714',1,1),(29998,241,122,7,'718',1,NULL),(29999,241,124,7,'726',1,1),(30000,241,125,7,'745',1,1),(30001,241,126,7,'735',1,1),(30002,241,201,14,'1145',1,NULL),(30003,241,202,14,'1146',1,1),(30004,241,203,14,'1149',1,NULL),(30005,241,204,14,'1157',1,1),(30006,241,205,14,'1162',1,1),(30007,241,206,14,'1163',1,1),(30008,241,207,14,'1165',1,1),(30009,241,208,14,'1169',1,1),(30010,241,209,14,'1174',1,1),(30011,241,210,14,'1179',1,1),(30012,241,127,8,'750',1,1),(30013,241,128,8,'753',1,1),(30014,241,129,8,'759',1,1),(30015,241,130,8,'768',1,1),(30016,241,131,8,'767',1,1),(30017,241,132,8,'770',1,1),(30018,241,133,8,'773',1,1),(30019,241,134,8,'774',1,1),(30020,241,135,8,'777',1,1),(30021,241,136,8,'782',1,1),(30022,241,1131,9,'12181',1,1),(30023,241,1132,9,'11941',1,1),(30024,241,1133,9,'11945',1,1),(30025,241,1134,9,'11949',1,1),(30026,241,1135,9,'11950',1,1),(30027,241,1136,9,'12198',1,1),(30028,241,1137,9,'12188',1,1),(30029,241,1138,9,'11960',1,1),(30030,241,1140,9,'12191',1,1),(30031,241,138,9,'12197',1,1),(30032,241,140,9,'11911',1,1),(30033,241,141,9,'11916',1,NULL),(30034,241,142,9,'11921',1,NULL),(30035,241,1183,9,'12203',1,1),(30036,241,1184,9,'12207',1,1),(30037,241,1185,9,'12209',1,1),(30038,241,1141,10,'1870',1,1),(30039,241,1142,10,'1792',1,NULL),(30040,241,1143,10,'1873',1,1),(30041,241,1144,10,'1881',1,1),(30042,241,1145,10,'1885',1,1),(30043,241,1146,10,'1886',1,1),(30044,241,1147,10,'1888',1,1),(30045,241,1148,10,'1890',1,1),(30046,241,1149,10,'1892',1,1),(30047,241,1150,10,'1894',1,1),(30048,241,1151,10,'1897',1,1),(30049,241,1152,10,'1899',1,1),(30050,241,1154,10,'1900',1,1),(30051,241,1155,10,'1902',1,NULL),(30052,241,1156,10,'1904',1,1),(30053,241,146,11,'831',1,1),(30054,241,147,11,'961',1,1),(30055,241,148,11,'964',1,1),(30056,241,149,11,'922',1,NULL),(30057,241,150,11,'850',1,NULL),(30058,241,151,11,'854',1,1),(30059,241,152,11,'857',1,1),(30060,241,153,11,'859',1,1),(30061,241,154,11,'870',1,1),(30062,241,155,11,'872',1,NULL),(30063,241,156,11,'950',1,1),(30064,241,157,11,'967',1,1),(30065,241,158,11,'928',1,1),(30066,241,159,11,'932',1,NULL),(30067,241,160,11,'892',1,1),(30068,241,161,11,'940',1,1),(30069,241,162,11,'12251',1,1),(30070,241,163,11,'906',1,1),(30071,241,164,11,'12178',1,1),(30072,241,165,11,'945',1,1),(30073,244,53,4,'296',1,1),(30074,244,54,4,'449',1,1),(30075,244,55,4,'300',1,1),(30076,244,57,4,'452',1,1),(30077,244,58,4,'414',1,1),(30078,244,59,4,'419',1,1),(30079,244,60,4,'325',1,1),(30080,244,61,4,'425',1,1),(30081,244,62,4,'327',1,1),(30082,244,63,4,'331',1,1),(30083,244,64,4,'333',1,1),(30084,244,65,4,'458',1,1),(30085,244,82,4,'343',1,1),(30086,244,83,4,'347',1,1),(30087,244,85,4,'459',1,1),(30088,241,166,12,'971',1,1),(30089,241,167,12,'984',1,1),(30090,241,168,12,'981',1,1),(30091,241,169,12,'990',1,1),(30092,241,170,12,'994',1,1),(30093,241,171,12,'998',1,NULL),(30094,241,172,12,'1000',1,1),(30095,241,173,12,'1136',1,NULL),(30096,241,174,12,'1138',1,1),(30097,241,175,12,'1013',1,1),(30098,241,176,12,'1017',1,1),(30099,241,177,12,'1019',1,1),(30100,241,178,12,'1021',1,1),(30101,241,179,12,'1023',1,1),(30102,241,180,12,'1025',1,1),(30103,241,181,13,'1199',1,1),(30104,241,182,13,'1201',1,1),(30105,241,183,13,'1209',1,1),(30106,241,184,13,'1045',1,1),(30107,241,185,13,'1212',1,1),(30108,241,186,13,'1222',1,1),(30109,241,187,13,'1228',1,1),(30110,241,188,13,'1234',1,1),(30111,241,189,13,'1073',1,NULL),(30112,241,191,13,'12213',1,1),(30113,241,192,13,'1084',1,1),(30114,241,193,13,'1090',1,1),(30115,241,194,13,'1274',1,1),(30116,241,195,13,'1271',1,NULL),(30117,241,196,13,'1263',1,1),(30118,241,197,13,'1261',1,1),(30119,241,198,13,'1256',1,1),(30120,241,199,13,'1249',1,1),(30121,241,200,13,'1243',1,1),(30122,242,26,3,'463',1,1),(30123,242,27,3,'465',1,1),(30124,242,28,3,'467',1,1),(30125,242,29,3,'469',1,1),(30126,242,30,3,'471',1,1),(30127,242,31,3,'474',1,1),(30128,242,32,3,'476',1,NULL),(30129,242,33,3,'477',1,1),(30130,242,35,3,'485',1,1),(30131,242,36,3,'12247',1,1),(30132,242,37,3,'12149',1,1),(30133,242,38,3,'500',1,1),(30134,242,39,3,'509',1,NULL),(30135,242,40,3,'511',1,1),(30136,242,41,3,'12154',1,1),(30137,242,42,3,'12157',1,1),(30138,242,47,3,'521',1,1),(30139,242,48,3,'526',1,1),(30140,242,49,3,'12161',1,1),(30141,242,53,4,'296',1,1),(30142,242,54,4,'449',1,1),(30143,242,55,4,'300',1,1),(30144,242,57,4,'452',1,1),(30145,242,58,4,'414',1,1),(30146,242,59,4,'419',1,1),(30147,242,60,4,'325',1,1),(30148,242,61,4,'425',1,1),(30149,242,62,4,'327',1,1),(30150,242,63,4,'331',1,1),(30151,242,64,4,'333',1,1),(30152,242,65,4,'458',1,1),(30153,242,82,4,'343',1,1),(30154,242,83,4,'347',1,1),(30155,242,85,4,'459',1,1),(30156,245,67,5,'540',1,1),(30157,245,68,5,'544',1,1),(30158,245,69,5,'546',1,1),(30159,245,70,5,'551',1,1),(30160,245,71,5,'553',1,1),(30161,245,72,5,'557',1,1),(30162,245,73,5,'565',1,1),(30163,245,74,5,'569',1,1),(30164,245,75,5,'575',1,1),(30165,245,78,5,'582',1,1),(30166,245,79,5,'588',1,1),(30167,245,80,5,'592',1,1),(30168,245,81,5,'576',1,1),(30169,245,88,5,'596',1,1),(30170,245,89,5,'600',1,1),(30171,237,26,3,'463',1,1),(30172,237,27,3,'466',1,NULL),(30173,237,28,3,'467',1,1),(30174,237,29,3,'469',1,1),(30175,237,30,3,'471',1,1),(30176,237,31,3,'474',1,1),(30177,237,32,3,'475',1,1),(30178,237,33,3,'477',1,1),(30179,237,35,3,'485',1,1),(30180,237,36,3,'12247',1,1),(30181,237,37,3,'12149',1,1),(30182,237,38,3,'500',1,1),(30183,237,39,3,'508',1,1),(30184,237,40,3,'511',1,1),(30185,237,41,3,'12154',1,1),(30186,237,42,3,'12157',1,1),(30187,237,47,3,'521',1,1),(30188,237,48,3,'526',1,1),(30189,237,49,3,'12165',1,NULL),(30190,245,53,4,'296',1,1),(30191,245,54,4,'449',1,1),(30192,245,55,4,'300',1,1),(30193,245,57,4,'452',1,1),(30194,245,58,4,'414',1,1),(30195,245,59,4,'419',1,1),(30196,245,60,4,'325',1,1),(30197,245,61,4,'425',1,1),(30198,245,62,4,'327',1,1),(30199,245,63,4,'331',1,1),(30200,245,64,4,'333',1,1),(30201,245,65,4,'458',1,1),(30202,245,82,4,'343',1,1),(30203,245,83,4,'347',1,1),(30204,245,85,4,'459',1,1),(30205,237,181,13,'1199',1,1),(30206,237,182,13,'1201',1,1),(30207,237,183,13,'1209',1,1),(30208,237,184,13,'1045',1,1),(30209,237,185,13,'1213',1,NULL),(30210,237,186,13,'1222',1,1),(30211,237,187,13,'1228',1,1),(30212,237,188,13,'1234',1,1),(30213,237,189,13,'1073',1,NULL),(30214,237,191,13,'12213',1,1),(30215,237,192,13,'1084',1,1),(30216,237,193,13,'1090',1,1),(30217,237,194,13,'1274',1,1),(30218,237,195,13,'1267',1,1),(30219,237,196,13,'1263',1,1),(30220,237,197,13,'1261',1,1),(30221,237,198,13,'1256',1,1),(30222,237,199,13,'1249',1,1),(30223,237,200,13,'1243',1,1),(30224,237,201,14,'1142',1,1),(30225,237,202,14,'1146',1,1),(30226,237,203,14,'1150',1,NULL),(30227,237,204,14,'1157',1,1),(30228,237,205,14,'1162',1,1),(30229,237,206,14,'1163',1,1),(30230,237,207,14,'1165',1,1),(30231,237,208,14,'1169',1,1),(30232,237,209,14,'1174',1,1),(30233,237,210,14,'1179',1,1),(30234,237,53,4,'296',1,1),(30235,237,54,4,'449',1,1),(30236,237,55,4,'300',1,1),(30237,237,57,4,'452',1,1),(30238,237,58,4,'414',1,1),(30239,237,59,4,'419',1,1),(30240,237,60,4,'325',1,1),(30241,237,61,4,'425',1,1),(30242,237,62,4,'327',1,1),(30243,237,63,4,'331',1,1),(30244,237,64,4,'333',1,1),(30245,237,65,4,'458',1,1),(30246,237,82,4,'343',1,1),(30247,237,83,4,'347',1,1),(30248,237,85,4,'459',1,1),(30249,237,67,5,'540',1,1),(30250,237,68,5,'544',1,1),(30251,237,69,5,'546',1,1),(30252,237,70,5,'551',1,1),(30253,237,71,5,'553',1,1),(30254,237,72,5,'558',1,NULL),(30255,237,73,5,'565',1,1),(30256,237,74,5,'569',1,1),(30257,237,75,5,'575',1,1),(30258,237,78,5,'582',1,1),(30259,237,79,5,'588',1,1),(30260,237,80,5,'592',1,1),(30261,237,81,5,'576',1,1),(30262,237,88,5,'596',1,1),(30263,237,89,5,'600',1,1),(30264,237,116,7,'694',1,1),(30265,237,117,7,'695',1,NULL),(30266,237,118,7,'703',1,1),(30267,237,119,7,'706',1,1),(30268,237,120,7,'711',1,1),(30269,237,121,7,'714',1,1),(30270,237,122,7,'720',1,1),(30271,237,124,7,'726',1,1),(30272,237,125,7,'745',1,1),(30273,237,126,7,'735',1,1),(30274,237,127,8,'750',1,1),(30275,237,128,8,'753',1,1),(30276,237,129,8,'759',1,1),(30277,237,130,8,'768',1,1),(30278,237,131,8,'767',1,1),(30279,237,132,8,'770',1,1),(30280,237,133,8,'773',1,1),(30281,237,134,8,'774',1,1),(30282,237,135,8,'777',1,1),(30283,237,136,8,'782',1,1),(30284,237,1131,9,'12181',1,1),(30285,237,1132,9,'11941',1,1),(30286,237,1133,9,'11945',1,1),(30287,237,1134,9,'11949',1,1),(30288,237,1135,9,'11950',1,1),(30289,237,1136,9,'12198',1,1),(30290,237,1137,9,'12189',1,NULL),(30291,237,1138,9,'11962',1,NULL),(30292,237,1140,9,'12191',1,1),(30293,237,138,9,'12197',1,1),(30294,237,140,9,'11911',1,1),(30295,237,141,9,'11917',1,1),(30296,237,142,9,'11922',1,1),(30297,237,1183,9,'12203',1,1),(30298,237,1184,9,'12204',1,NULL),(30299,237,1185,9,'12209',1,1),(30300,237,1141,10,'1870',1,1),(30301,237,1142,10,'1792',1,NULL),(30302,237,1143,10,'1873',1,1),(30303,237,1144,10,'1881',1,1),(30304,237,1145,10,'1885',1,1),(30305,237,1146,10,'1886',1,1),(30306,237,1147,10,'1888',1,1),(30307,237,1148,10,'1890',1,1),(30308,237,1149,10,'1892',1,1),(30309,237,1150,10,'1894',1,1),(30310,237,1151,10,'1897',1,1),(30311,237,1152,10,'1899',1,1),(30312,237,1154,10,'1900',1,1),(30313,237,1155,10,'1903',1,1),(30314,237,1156,10,'1904',1,1),(30315,237,146,11,'831',1,1),(30316,237,147,11,'961',1,1),(30317,237,149,11,'920',1,1),(30318,237,150,11,'849',1,1),(30319,237,151,11,'854',1,1),(30320,237,152,11,'857',1,1),(30321,237,153,11,'859',1,1),(30322,237,154,11,'870',1,1),(30323,237,155,11,'873',1,1),(30324,237,156,11,'950',1,1),(30325,237,157,11,'967',1,1),(30326,237,158,11,'928',1,1),(30327,237,159,11,'931',1,1),(30328,237,160,11,'892',1,1),(30329,237,161,11,'940',1,1),(30330,237,162,11,'12251',1,1),(30331,237,163,11,'906',1,1),(30332,237,164,11,'12178',1,1),(30333,237,165,11,'945',1,1),(30334,237,166,12,'971',1,1),(30335,237,167,12,'984',1,1),(30336,237,168,12,'981',1,1),(30337,237,169,12,'990',1,1),(30338,237,170,12,'994',1,1),(30339,237,171,12,'997',1,1),(30340,237,172,12,'1000',1,1),(30341,237,173,12,'1136',1,NULL),(30342,237,174,12,'1138',1,1),(30343,237,175,12,'1013',1,1),(30344,237,176,12,'1017',1,1),(30345,237,177,12,'1019',1,1),(30346,237,178,12,'1021',1,1),(30347,237,179,12,'1023',1,1),(30348,237,180,12,'1025',1,1),(30349,237,1186,15,'12231',1,1),(30350,237,1188,15,'12228',1,1),(30351,237,1189,15,'12235',1,1),(30352,237,1190,15,'12243',1,1),(30353,237,1191,15,'12244',1,1),(30354,237,211,15,'1180',1,1),(30355,237,212,15,'1185',1,1),(30356,237,213,15,'12221',1,1),(30357,237,214,15,'1192',1,1),(30358,237,215,15,'1193',1,1),(30359,203,592,25,'11847',4,1),(30360,203,702,25,'12260',4,1),(30361,203,703,25,'12264',4,1),(30362,203,704,25,'12267',4,1),(30363,203,706,25,'12269',4,1),(30364,203,707,25,'12273',4,1),(30365,203,708,25,'11877',4,1),(30366,203,709,25,'12286',4,1),(30367,203,710,25,'12277',4,1),(30368,203,711,25,'12287',4,1),(30369,203,712,25,'12289',4,1),(30370,203,713,25,'12291',4,1),(30371,237,592,25,'11847',1,1),(30372,237,702,25,'12260',1,1),(30373,237,703,25,'12264',1,1),(30374,237,704,25,'12267',1,1),(30375,237,706,25,'12269',1,1),(30376,237,707,25,'12273',1,1),(30377,237,708,25,'11877',1,1),(30378,237,709,25,'12286',1,1),(30379,237,710,25,'12277',1,1),(30380,237,711,25,'12287',1,1),(30381,237,712,25,'12289',1,1),(30382,237,713,25,'12291',1,1),(30383,245,592,25,'11847',1,1),(30384,245,702,25,'12260',1,1),(30385,245,703,25,'12264',1,1),(30386,245,704,25,'12267',1,1),(30387,245,706,25,'12269',1,1),(30388,245,707,25,'12272',1,NULL),(30389,245,708,25,'11876',1,NULL),(30390,245,709,25,'12286',1,1),(30391,245,710,25,'12277',1,1),(30392,245,711,25,'12287',1,1),(30393,245,712,25,'12289',1,1),(30394,245,713,25,'12291',1,1),(30395,245,592,25,'11847',2,1),(30396,245,702,25,'12260',2,1),(30397,245,703,25,'12264',2,1),(30398,245,704,25,'12267',2,1),(30399,245,706,25,'12269',2,1),(30400,245,707,25,'12273',2,1),(30401,245,708,25,'11878',2,NULL),(30402,245,709,25,'12286',2,1),(30403,245,710,25,'12277',2,1),(30404,245,711,25,'12288',2,NULL),(30405,245,712,25,'12289',2,1),(30406,245,713,25,'12291',2,1),(30407,245,592,25,'11847',3,1),(30408,245,702,25,'12260',3,1),(30409,245,703,25,'12264',3,1),(30410,245,704,25,'12267',3,1),(30411,245,706,25,'12269',3,1),(30412,245,707,25,'12273',3,1),(30413,245,708,25,'11875',3,NULL),(30414,245,709,25,'12286',3,1),(30415,245,710,25,'12277',3,1),(30416,245,711,25,'12287',3,1),(30417,245,712,25,'12289',3,1),(30418,245,713,25,'12291',3,1),(30419,245,1186,15,'12231',1,1),(30420,245,1188,15,'12228',1,1),(30421,245,1189,15,'12235',1,1),(30422,245,1190,15,'12243',1,1),(30423,245,1191,15,'12244',1,1),(30424,245,211,15,'1180',1,1),(30425,245,212,15,'1185',1,1),(30426,245,213,15,'12221',1,1),(30427,245,214,15,'1192',1,1),(30428,245,215,15,'1193',1,1),(30429,245,127,8,'750',1,1),(30430,245,128,8,'753',1,1),(30431,245,129,8,'759',1,1),(30432,245,130,8,'768',1,1),(30433,245,131,8,'767',1,1),(30434,245,132,8,'770',1,1),(30435,245,133,8,'773',1,1),(30436,245,134,8,'775',1,NULL),(30437,245,135,8,'777',1,1),(30438,245,136,8,'782',1,1),(30439,244,26,3,'463',1,1),(30440,244,27,3,'465',1,1),(30441,244,28,3,'467',1,1),(30442,244,29,3,'469',1,1),(30443,244,30,3,'471',1,1),(30444,244,31,3,'474',1,1),(30445,244,32,3,'475',1,1),(30446,244,33,3,'477',1,1),(30447,244,35,3,'485',1,1),(30448,244,36,3,'12247',1,1),(30449,244,37,3,'12149',1,1),(30450,244,38,3,'500',1,1),(30451,244,39,3,'508',1,1),(30452,244,40,3,'510',1,NULL),(30453,244,41,3,'12154',1,1),(30454,244,42,3,'12157',1,1),(30455,244,47,3,'521',1,1),(30456,244,48,3,'526',1,1),(30457,244,49,3,'12165',1,NULL),(30458,244,67,5,'540',1,1),(30459,244,68,5,'544',1,1),(30460,244,69,5,'546',1,1),(30461,244,70,5,'552',1,NULL),(30462,244,71,5,'553',1,1),(30463,244,72,5,'558',1,NULL),(30464,244,73,5,'565',1,1),(30465,244,74,5,'566',1,NULL),(30466,244,75,5,'575',1,1),(30467,244,78,5,'582',1,1),(30468,244,79,5,'588',1,1),(30469,244,80,5,'591',1,NULL),(30470,244,81,5,'576',1,1),(30471,244,88,5,'596',1,1),(30472,244,89,5,'600',1,1),(30473,244,67,5,'540',2,1),(30474,244,68,5,'544',2,1),(30475,244,69,5,'546',2,1),(30476,244,70,5,'551',2,1),(30477,244,71,5,'553',2,1),(30478,244,72,5,'557',2,1),(30479,244,73,5,'565',2,1),(30480,244,74,5,'567',2,NULL),(30481,244,75,5,'575',2,1),(30482,244,78,5,'582',2,1),(30483,244,79,5,'588',2,1),(30484,244,80,5,'592',2,1),(30485,244,81,5,'576',2,1),(30486,244,88,5,'596',2,1),(30487,244,89,5,'600',2,1),(30488,244,166,12,'971',1,1),(30489,244,167,12,'984',1,1),(30490,244,168,12,'981',1,1),(30491,244,169,12,'990',1,1),(30492,244,170,12,'994',1,1),(30493,244,171,12,'997',1,1),(30494,244,172,12,'1000',1,1),(30495,244,173,12,'1134',1,1),(30496,244,174,12,'1138',1,1),(30497,244,175,12,'1013',1,1),(30498,244,176,12,'1017',1,1),(30499,244,177,12,'1019',1,1),(30500,244,178,12,'1021',1,1),(30501,244,179,12,'1023',1,1),(30502,244,180,12,'1025',1,1),(30503,244,116,7,'694',1,1),(30504,244,117,7,'697',1,1),(30505,244,118,7,'703',1,1),(30506,244,119,7,'706',1,1),(30507,244,120,7,'711',1,1),(30508,244,121,7,'714',1,1),(30509,244,122,7,'717',1,NULL),(30510,244,124,7,'726',1,1),(30511,244,125,7,'745',1,1),(30512,244,126,7,'735',1,1),(30513,244,127,8,'750',1,1),(30514,244,128,8,'753',1,1),(30515,244,129,8,'759',1,1),(30516,244,130,8,'768',1,1),(30517,244,131,8,'766',1,NULL),(30518,244,132,8,'770',1,1),(30519,244,133,8,'773',1,1),(30520,244,134,8,'774',1,1),(30521,244,135,8,'777',1,1),(30522,244,136,8,'782',1,1),(30523,244,1131,9,'12179',1,NULL),(30524,244,1132,9,'11941',1,1),(30525,244,1133,9,'11945',1,1),(30526,244,1134,9,'11949',1,1),(30527,244,1135,9,'11950',1,1),(30528,244,1136,9,'12198',1,1),(30529,244,1137,9,'12188',1,1),(30530,244,1138,9,'11960',1,1),(30531,244,1140,9,'12191',1,1),(30532,244,138,9,'12197',1,1),(30533,244,140,9,'11911',1,1),(30534,244,141,9,'11917',1,1),(30535,244,142,9,'11923',1,NULL),(30536,244,1183,9,'12203',1,1),(30537,244,1184,9,'12204',1,NULL),(30538,244,1185,9,'12209',1,1),(30539,244,1141,10,'1870',1,1),(30540,244,1142,10,'1792',1,NULL),(30541,244,1143,10,'1873',1,1),(30542,244,1144,10,'1881',1,1),(30543,244,1145,10,'1885',1,1),(30544,244,1146,10,'1886',1,1),(30545,244,1147,10,'1888',1,1),(30546,244,1148,10,'1890',1,1),(30547,244,1149,10,'1893',1,NULL),(30548,244,1150,10,'1894',1,1),(30549,244,1151,10,'1897',1,1),(30550,244,1152,10,'1899',1,1),(30551,244,1154,10,'1900',1,1),(30552,244,1155,10,'1902',1,NULL),(30553,244,1156,10,'1904',1,1),(30554,242,67,5,'540',1,1),(30555,242,68,5,'544',1,1),(30556,242,69,5,'546',1,1),(30557,242,70,5,'551',1,1),(30558,242,71,5,'553',1,1),(30559,242,72,5,'557',1,1),(30560,242,73,5,'565',1,1),(30561,242,74,5,'569',1,1),(30562,242,75,5,'575',1,1),(30563,242,78,5,'582',1,1),(30564,242,79,5,'588',1,1),(30565,242,80,5,'593',1,NULL),(30566,242,81,5,'576',1,1),(30567,242,88,5,'597',1,NULL),(30568,242,89,5,'600',1,1),(30569,245,26,3,'463',1,1),(30570,245,27,3,'465',1,1),(30571,245,28,3,'467',1,1),(30572,245,29,3,'469',1,1),(30573,245,30,3,'471',1,1),(30574,245,31,3,'474',1,1),(30575,245,32,3,'475',1,1),(30576,245,33,3,'477',1,1),(30577,245,35,3,'485',1,1),(30578,245,36,3,'12247',1,1),(30579,245,37,3,'12149',1,1),(30580,245,38,3,'500',1,1),(30581,245,39,3,'508',1,1),(30582,245,40,3,'511',1,1),(30583,245,41,3,'12154',1,1),(30584,245,42,3,'12157',1,1),(30585,245,47,3,'521',1,1),(30586,245,48,3,'526',1,1),(30587,245,49,3,'12161',1,1),(30588,245,1131,9,'12181',1,1),(30589,245,1132,9,'11941',1,1),(30590,245,1133,9,'11945',1,1),(30591,245,1134,9,'11949',1,1),(30592,245,1135,9,'11950',1,1),(30593,245,1136,9,'12198',1,1),(30594,245,1137,9,'12188',1,1),(30595,245,1138,9,'11960',1,1),(30596,245,1140,9,'12191',1,1),(30597,245,138,9,'12197',1,1),(30598,245,140,9,'11911',1,1),(30599,245,141,9,'11917',1,1),(30600,245,142,9,'11921',1,NULL),(30601,245,1183,9,'12203',1,1),(30602,245,1184,9,'12207',1,1),(30603,245,1185,9,'12209',1,1),(30604,242,116,7,'694',1,1),(30605,242,117,7,'696',1,NULL),(30606,242,118,7,'703',1,1),(30607,242,119,7,'706',1,1),(30608,242,120,7,'711',1,1),(30609,242,121,7,'714',1,1),(30610,242,122,7,'720',1,1),(30611,242,124,7,'726',1,1),(30612,242,125,7,'745',1,1),(30613,242,126,7,'735',1,1),(30614,242,127,8,'750',1,1),(30615,242,128,8,'753',1,1),(30616,242,129,8,'759',1,1),(30617,242,130,8,'768',1,1),(30618,242,131,8,'767',1,1),(30619,242,132,8,'770',1,1),(30620,242,133,8,'773',1,1),(30621,242,134,8,'774',1,1),(30622,242,135,8,'777',1,1),(30623,242,136,8,'782',1,1),(30624,242,1131,9,'12181',1,1),(30625,242,1132,9,'11941',1,1),(30626,242,1133,9,'11945',1,1),(30627,242,1134,9,'11949',1,1),(30628,242,1135,9,'11950',1,1),(30629,242,1136,9,'12198',1,1),(30630,242,1137,9,'12189',1,NULL),(30631,242,1138,9,'11962',1,NULL),(30632,242,1140,9,'12191',1,1),(30633,242,138,9,'12197',1,1),(30634,242,140,9,'11911',1,1),(30635,242,141,9,'11917',1,1),(30636,242,142,9,'11921',1,NULL),(30637,242,1183,9,'12203',1,1),(30638,242,1184,9,'12204',1,NULL),(30639,242,1185,9,'12209',1,1),(30640,242,1131,9,'12181',2,1),(30641,242,1132,9,'11941',2,1),(30642,242,1133,9,'11945',2,1),(30643,242,1134,9,'11949',2,1),(30644,242,1135,9,'11950',2,1),(30645,242,1136,9,'12198',2,1),(30646,242,1137,9,'12188',2,1),(30647,242,1138,9,'11960',2,1),(30648,242,1140,9,'12191',2,1),(30649,242,138,9,'12197',2,1),(30650,242,140,9,'11911',2,1),(30651,242,141,9,'11916',2,NULL),(30652,242,142,9,'11920',2,NULL),(30653,242,1183,9,'12201',2,NULL),(30654,242,1184,9,'12207',2,1),(30655,242,1185,9,'12209',2,1),(30656,242,1141,10,'1870',1,1),(30657,242,1142,10,'1792',1,NULL),(30658,242,1143,10,'1873',1,1),(30659,242,1144,10,'1881',1,1),(30660,242,1145,10,'1885',1,1),(30661,242,1146,10,'1886',1,1),(30662,242,1147,10,'1888',1,1),(30663,242,1148,10,'1890',1,1),(30664,242,1149,10,'1892',1,1),(30665,242,1150,10,'1894',1,1),(30666,242,1151,10,'1897',1,1),(30667,242,1152,10,'1899',1,1),(30668,242,1154,10,'1900',1,1),(30669,242,1155,10,'1902',1,NULL),(30670,242,1156,10,'1904',1,1),(30671,242,146,11,'831',1,1),(30672,242,147,11,'961',1,1),(30673,242,148,11,'964',1,1),(30674,242,149,11,'922',1,NULL),(30675,242,150,11,'850',1,NULL),(30676,242,151,11,'854',1,1),(30677,242,152,11,'857',1,1),(30678,242,153,11,'859',1,1),(30679,242,154,11,'870',1,1),(30680,242,155,11,'872',1,NULL),(30681,242,156,11,'950',1,1),(30682,242,157,11,'967',1,1),(30683,242,158,11,'928',1,1),(30684,242,159,11,'931',1,1),(30685,242,160,11,'892',1,1),(30686,242,161,11,'940',1,1),(30687,242,162,11,'12251',1,1),(30688,242,163,11,'906',1,1),(30689,242,164,11,'12175',1,NULL),(30690,242,165,11,'945',1,1),(30691,244,181,13,'1199',1,1),(30692,244,182,13,'1201',1,1),(30693,244,183,13,'1209',1,1),(30694,244,184,13,'1045',1,1),(30695,244,185,13,'1212',1,1),(30696,244,186,13,'1222',1,1),(30697,244,187,13,'1228',1,1),(30698,244,188,13,'1234',1,1),(30699,244,189,13,'1072',1,1),(30700,244,191,13,'12213',1,1),(30701,244,192,13,'1084',1,1),(30702,244,193,13,'1090',1,1),(30703,244,194,13,'1274',1,1),(30704,244,195,13,'1271',1,NULL),(30705,244,196,13,'1263',1,1),(30706,244,197,13,'1261',1,1),(30707,244,198,13,'1256',1,1),(30708,244,199,13,'1249',1,1),(30709,244,200,13,'1245',1,NULL),(30710,242,166,12,'971',1,1),(30711,242,167,12,'983',1,NULL),(30712,242,168,12,'980',1,NULL),(30713,242,169,12,'990',1,1),(30714,242,170,12,'994',1,1),(30715,242,171,12,'998',1,NULL),(30716,242,172,12,'1000',1,1),(30717,242,173,12,'1136',1,NULL),(30718,242,174,12,'1140',1,NULL),(30719,242,175,12,'1013',1,1),(30720,242,176,12,'1017',1,1),(30721,242,177,12,'1019',1,1),(30722,242,178,12,'1021',1,1),(30723,242,179,12,'1023',1,1),(30724,242,180,12,'1025',1,1),(30725,242,166,12,'971',2,1),(30726,242,167,12,'984',2,1),(30727,242,168,12,'981',2,1),(30728,242,169,12,'990',2,1),(30729,242,170,12,'994',2,1),(30730,242,171,12,'997',2,1),(30731,242,172,12,'1000',2,1),(30732,242,173,12,'1134',2,1),(30733,242,174,12,'1138',2,1),(30734,242,175,12,'1013',2,1),(30735,242,176,12,'1017',2,1),(30736,242,177,12,'1019',2,1),(30737,242,178,12,'1021',2,1),(30738,242,179,12,'1023',2,1),(30739,242,180,12,'1025',2,1),(30740,244,146,11,'831',1,1),(30741,244,147,11,'960',1,NULL),(30742,244,148,11,'964',1,1),(30743,244,149,11,'919',1,NULL),(30744,244,150,11,'850',1,NULL),(30745,244,151,11,'854',1,1),(30746,244,152,11,'857',1,1),(30747,244,153,11,'859',1,1),(30748,244,154,11,'870',1,1),(30749,244,155,11,'872',1,NULL),(30750,244,156,11,'950',1,1),(30751,244,157,11,'967',1,1),(30752,244,158,11,'927',1,NULL),(30753,244,159,11,'931',1,1),(30754,244,160,11,'892',1,1),(30755,244,161,11,'940',1,1),(30756,244,162,11,'12251',1,1),(30757,244,163,11,'906',1,1),(30758,244,164,11,'12178',1,1),(30759,244,165,11,'945',1,1),(30760,244,146,11,'831',2,1),(30761,244,147,11,'961',2,1),(30762,244,148,11,'964',2,1),(30763,244,149,11,'922',2,NULL),(30764,244,150,11,'848',2,NULL),(30765,244,151,11,'854',2,1),(30766,244,152,11,'857',2,1),(30767,244,153,11,'859',2,1),(30768,244,154,11,'870',2,1),(30769,244,155,11,'873',2,1),(30770,244,156,11,'950',2,1),(30771,244,157,11,'967',2,1),(30772,244,158,11,'928',2,1),(30773,244,159,11,'931',2,1),(30774,244,160,11,'892',2,1),(30775,244,161,11,'940',2,1),(30776,244,162,11,'12251',2,1),(30777,244,163,11,'906',2,1),(30778,244,164,11,'12175',2,NULL),(30779,244,165,11,'945',2,1),(30780,244,1186,15,'12231',1,1),(30781,244,1188,15,'12228',1,1),(30782,244,1189,15,'12235',1,1),(30783,244,1190,15,'12243',1,1),(30784,244,1191,15,'12244',1,1),(30785,244,211,15,'1180',1,1),(30786,244,212,15,'1183',1,NULL),(30787,244,213,15,'12221',1,1),(30788,244,214,15,'1192',1,1),(30789,244,215,15,'1193',1,1),(30790,244,592,25,'11847',1,1),(30791,244,702,25,'12260',1,1),(30792,244,703,25,'12264',1,1),(30793,244,704,25,'12267',1,1),(30794,244,706,25,'12269',1,1),(30795,244,707,25,'12273',1,1),(30796,244,708,25,'11878',1,NULL),(30797,244,709,25,'12286',1,1),(30798,244,710,25,'12277',1,1),(30799,244,711,25,'12287',1,1),(30800,244,712,25,'12289',1,1),(30801,244,713,25,'12292',1,NULL),(30802,220,1131,9,'12179',3,NULL),(30803,220,1132,9,'11941',3,1),(30804,220,1133,9,'11945',3,1),(30805,220,1134,9,'11949',3,1),(30806,220,1135,9,'11950',3,1),(30807,220,1136,9,'12198',3,1),(30808,220,1137,9,'12188',3,1),(30809,220,1138,9,'11960',3,1),(30810,220,1140,9,'12191',3,1),(30811,220,138,9,'12197',3,1),(30812,220,140,9,'11911',3,1),(30813,220,141,9,'11918',3,NULL),(30814,220,142,9,'11921',3,NULL),(30815,220,1183,9,'12203',3,1),(30816,220,1184,9,'12204',3,NULL),(30817,220,1185,9,'12209',3,1),(30818,220,1131,9,'12181',4,1),(30819,220,1132,9,'11941',4,1),(30820,220,1133,9,'11945',4,1),(30821,220,1134,9,'11949',4,1),(30822,220,1135,9,'11950',4,1),(30823,220,1136,9,'12198',4,1),(30824,220,1137,9,'12188',4,1),(30825,220,1138,9,'11960',4,1),(30826,220,1140,9,'12191',4,1),(30827,220,138,9,'12197',4,1),(30828,220,140,9,'11911',4,1),(30829,220,141,9,'11919',4,NULL),(30830,220,142,9,'11920',4,NULL),(30831,220,1183,9,'12203',4,1),(30832,220,1184,9,'12205',4,NULL),(30833,220,1185,9,'12209',4,1),(30834,220,1141,10,'1870',1,1),(30835,220,1142,10,'1792',1,NULL),(30836,220,1143,10,'1873',1,1),(30837,220,1144,10,'1881',1,1),(30838,220,1145,10,'1885',1,1),(30839,220,1146,10,'1886',1,1),(30840,220,1147,10,'1888',1,1),(30841,220,1148,10,'1890',1,1),(30842,220,1149,10,'1892',1,1),(30843,220,1150,10,'1894',1,1),(30844,220,1151,10,'1897',1,1),(30845,220,1152,10,'1899',1,1),(30846,220,1154,10,'1900',1,1),(30847,220,1155,10,'1902',1,NULL),(30848,220,1156,10,'1904',1,1),(30849,220,146,11,'834',1,NULL),(30850,220,147,11,'961',1,1),(30851,220,148,11,'964',1,1),(30852,220,149,11,'922',1,NULL),(30853,220,150,11,'850',1,NULL),(30854,220,151,11,'854',1,1),(30855,220,152,11,'857',1,1),(30856,220,153,11,'859',1,1),(30857,220,154,11,'870',1,1),(30858,220,155,11,'872',1,NULL),(30859,220,156,11,'950',1,1),(30860,220,157,11,'967',1,1),(30861,220,158,11,'927',1,NULL),(30862,220,159,11,'933',1,NULL),(30863,220,160,11,'892',1,1),(30864,220,161,11,'942',1,NULL),(30865,220,162,11,'12251',1,1),(30866,220,163,11,'906',1,1),(30867,220,164,11,'12175',1,NULL),(30868,220,165,11,'945',1,1),(30869,220,146,11,'831',2,1),(30870,220,147,11,'961',2,1),(30871,220,148,11,'964',2,1),(30872,220,149,11,'919',2,NULL),(30873,220,150,11,'848',2,NULL),(30874,220,151,11,'854',2,1),(30875,220,152,11,'857',2,1),(30876,220,153,11,'859',2,1),(30877,220,154,11,'870',2,1),(30878,220,155,11,'874',2,NULL),(30879,220,156,11,'950',2,1),(30880,220,157,11,'967',2,1),(30881,220,158,11,'929',2,NULL),(30882,220,159,11,'931',2,1),(30883,220,160,11,'892',2,1),(30884,220,161,11,'940',2,1),(30885,220,162,11,'12251',2,1),(30886,220,163,11,'906',2,1),(30887,220,164,11,'12178',2,1),(30888,220,165,11,'943',2,NULL),(30889,220,146,11,'831',3,1),(30890,220,147,11,'961',3,1),(30891,220,148,11,'964',3,1),(30892,220,149,11,'920',3,1),(30893,220,150,11,'849',3,1),(30894,220,151,11,'854',3,1),(30895,220,152,11,'857',3,1),(30896,220,153,11,'859',3,1),(30897,220,154,11,'870',3,1),(30898,220,155,11,'873',3,1),(30899,220,156,11,'950',3,1),(30900,220,157,11,'967',3,1),(30901,220,158,11,'930',3,NULL),(30902,220,159,11,'931',3,1),(30903,220,160,11,'892',3,1),(30904,220,161,11,'940',3,1),(30905,220,162,11,'12251',3,1),(30906,220,163,11,'906',3,1),(30907,220,164,11,'12178',3,1),(30908,220,165,11,'945',3,1),(30909,220,1186,15,'12234',1,NULL),(30910,220,1188,15,'12228',1,1),(30911,220,1189,15,'12235',1,1),(30912,220,1190,15,'12243',1,1),(30913,220,1191,15,'12244',1,1),(30914,220,211,15,'1180',1,1),(30915,220,212,15,'1185',1,1),(30916,220,213,15,'12221',1,1),(30917,220,214,15,'1192',1,1),(30918,220,215,15,'1194',1,NULL),(30919,220,201,14,'1141',1,NULL),(30920,220,202,14,'1146',1,1),(30921,220,203,14,'1149',1,NULL),(30922,220,204,14,'1157',1,1),(30923,220,205,14,'1162',1,1),(30924,220,206,14,'1163',1,1),(30925,220,207,14,'1165',1,1),(30926,220,208,14,'1169',1,1),(30927,220,209,14,'1174',1,1),(30928,220,210,14,'1179',1,1),(30929,220,181,13,'1199',1,1),(30930,220,182,13,'1201',1,1),(30931,220,183,13,'1209',1,1),(30932,220,184,13,'1045',1,1),(30933,220,185,13,'1213',1,NULL),(30934,220,186,13,'1222',1,1),(30935,220,187,13,'1228',1,1),(30936,220,188,13,'1234',1,1),(30937,220,189,13,'1072',1,1),(30938,220,191,13,'12213',1,1),(30939,220,192,13,'1084',1,1),(30940,220,193,13,'1090',1,1),(30941,220,194,13,'1274',1,1),(30942,220,195,13,'1267',1,1),(30943,220,196,13,'1263',1,1),(30944,220,197,13,'1261',1,1),(30945,220,198,13,'1256',1,1),(30946,220,199,13,'1249',1,1),(30947,220,200,13,'1243',1,1),(30948,244,201,14,'1143',1,NULL),(30949,244,202,14,'1146',1,1),(30950,244,203,14,'1149',1,NULL),(30951,244,204,14,'1157',1,1),(30952,244,205,14,'1162',1,1),(30953,244,206,14,'1163',1,1),(30954,244,207,14,'1165',1,1),(30955,244,208,14,'1169',1,1),(30956,244,209,14,'1174',1,1),(30957,244,210,14,'1179',1,1),(30958,242,181,13,'1199',1,1),(30959,242,182,13,'1201',1,1),(30960,242,183,13,'1209',1,1),(30961,242,184,13,'1043',1,NULL),(30962,242,185,13,'1214',1,NULL),(30963,242,186,13,'1222',1,1),(30964,242,187,13,'1228',1,1),(30965,242,188,13,'1234',1,1),(30966,242,189,13,'1072',1,1),(30967,242,191,13,'12213',1,1),(30968,242,192,13,'1084',1,1),(30969,242,193,13,'1090',1,1),(30970,242,194,13,'1274',1,1),(30971,242,195,13,'1267',1,1),(30972,242,196,13,'1266',1,NULL),(30973,242,197,13,'1259',1,NULL),(30974,242,198,13,'1256',1,1),(30975,242,199,13,'1249',1,1),(30976,242,200,13,'1243',1,1),(30977,242,181,13,'1199',2,1),(30978,242,182,13,'1201',2,1),(30979,242,184,13,'1045',2,1),(30980,242,185,13,'1212',2,1),(30981,242,186,13,'1222',2,1),(30982,242,187,13,'1228',2,1),(30983,242,188,13,'1230',2,NULL),(30984,242,189,13,'1072',2,1),(30985,242,191,13,'12213',2,1),(30986,242,192,13,'1084',2,1),(30987,242,193,13,'1090',2,1),(30988,242,194,13,'1274',2,1),(30989,242,195,13,'1271',2,NULL),(30990,242,196,13,'1263',2,1),(30991,242,197,13,'1259',2,NULL),(30992,242,198,13,'1256',2,1),(30993,242,199,13,'1249',2,1),(30994,242,200,13,'1243',2,1),(30995,242,181,13,'1199',3,1),(30996,242,182,13,'1201',3,1),(30997,242,183,13,'1207',3,NULL),(30998,242,184,13,'1045',3,1),(30999,242,185,13,'1212',3,1),(31000,242,186,13,'1222',3,1),(31001,242,187,13,'1228',3,1),(31002,242,188,13,'1234',3,1),(31003,242,189,13,'1072',3,1),(31004,242,192,13,'1084',3,1),(31005,242,193,13,'1090',3,1),(31006,242,194,13,'1274',3,1),(31007,242,195,13,'1271',3,NULL),(31008,242,196,13,'1263',3,1),(31009,242,197,13,'1261',3,1),(31010,242,198,13,'1256',3,1),(31011,242,199,13,'1249',3,1),(31012,242,200,13,'1243',3,1),(31013,242,181,13,'1199',4,1),(31014,242,182,13,'1201',4,1),(31015,242,183,13,'1207',4,NULL),(31016,242,184,13,'1045',4,1),(31017,242,185,13,'1212',4,1),(31018,242,186,13,'1222',4,1),(31019,242,187,13,'1228',4,1),(31020,242,188,13,'1234',4,1),(31021,242,189,13,'1072',4,1),(31022,242,192,13,'1084',4,1),(31023,242,193,13,'1090',4,1),(31024,242,194,13,'1274',4,1),(31025,242,195,13,'1271',4,NULL),(31026,242,196,13,'1263',4,1),(31027,242,197,13,'1261',4,1),(31028,242,198,13,'1256',4,1),(31029,242,199,13,'1249',4,1),(31030,242,200,13,'1243',4,1),(31031,242,201,14,'1145',1,NULL),(31032,242,202,14,'1146',1,1),(31033,242,203,14,'1152',1,1),(31034,242,204,14,'1157',1,1),(31035,242,205,14,'1162',1,1),(31036,242,206,14,'1163',1,1),(31037,242,207,14,'1165',1,1),(31038,242,209,14,'1172',1,NULL),(31039,242,210,14,'1179',1,1),(31040,242,201,14,'1145',2,NULL),(31041,242,202,14,'1146',2,1),(31042,242,203,14,'1148',2,NULL),(31043,242,204,14,'1157',2,1),(31044,242,205,14,'1162',2,1),(31045,242,206,14,'1163',2,1),(31046,242,207,14,'1165',2,1),(31047,242,208,14,'1170',2,NULL),(31048,242,209,14,'1171',2,NULL),(31049,242,210,14,'1179',2,1),(31050,242,201,14,'1141',3,NULL),(31051,242,202,14,'1146',3,1),(31052,242,203,14,'1151',3,NULL),(31053,242,204,14,'1157',3,1),(31054,242,205,14,'1162',3,1),(31055,242,206,14,'1163',3,1),(31056,242,207,14,'1165',3,1),(31057,242,208,14,'1169',3,1),(31058,242,209,14,'1173',3,NULL),(31059,242,210,14,'1179',3,1),(31060,242,201,14,'1145',4,NULL),(31061,242,202,14,'1146',4,1),(31062,242,203,14,'1152',4,1),(31063,242,204,14,'1157',4,1),(31064,242,205,14,'1162',4,1),(31065,242,206,14,'1163',4,1),(31066,242,207,14,'1165',4,1),(31067,242,208,14,'1170',4,NULL),(31068,242,209,14,'1173',4,NULL),(31069,242,210,14,'1179',4,1),(31070,242,201,14,'1143',5,NULL),(31071,242,202,14,'1146',5,1),(31072,242,203,14,'1149',5,NULL),(31073,242,204,14,'1157',5,1),(31074,242,205,14,'1162',5,1),(31075,242,206,14,'1163',5,1),(31076,242,207,14,'1165',5,1),(31077,242,208,14,'1169',5,1),(31078,242,209,14,'1172',5,NULL),(31079,242,210,14,'1179',5,1),(31080,242,201,14,'1144',6,NULL),(31081,242,202,14,'1146',6,1),(31082,242,203,14,'1151',6,NULL),(31083,242,204,14,'1157',6,1),(31084,242,205,14,'1162',6,1),(31085,242,206,14,'1163',6,1),(31086,242,207,14,'1165',6,1),(31087,242,208,14,'1169',6,1),(31088,242,209,14,'1171',6,NULL),(31089,242,210,14,'1179',6,1),(31090,242,201,14,'1142',7,1),(31091,242,202,14,'1146',7,1),(31092,242,203,14,'1151',7,NULL),(31093,242,204,14,'1157',7,1),(31094,242,205,14,'1162',7,1),(31095,242,206,14,'1163',7,1),(31096,242,207,14,'1165',7,1),(31097,242,208,14,'1169',7,1),(31098,242,209,14,'1172',7,NULL),(31099,242,210,14,'1179',7,1),(31100,242,1186,15,'12231',1,1),(31101,242,1188,15,'12229',1,NULL),(31102,242,1189,15,'12235',1,1),(31103,242,1190,15,'12239',1,NULL),(31104,242,1191,15,'12244',1,1),(31105,242,211,15,'1180',1,1),(31106,242,212,15,'1185',1,1),(31107,242,213,15,'12221',1,1),(31108,242,214,15,'1192',1,1),(31109,242,215,15,'1194',1,NULL),(31110,242,1186,15,'12231',2,1),(31111,242,1188,15,'12228',2,1),(31112,242,1189,15,'12235',2,1),(31113,242,1190,15,'12243',2,1),(31114,242,1191,15,'12244',2,1),(31115,242,211,15,'1180',2,1),(31116,242,212,15,'1185',2,1),(31117,242,213,15,'12221',2,1),(31118,242,214,15,'1192',2,1),(31119,242,215,15,'1193',2,1),(31120,242,592,25,'11847',1,1),(31121,242,702,25,'12260',1,1),(31122,242,703,25,'12264',1,1),(31123,242,704,25,'12267',1,1),(31124,242,706,25,'12269',1,1),(31125,242,707,25,'12273',1,1),(31126,242,708,25,'11876',1,NULL),(31127,242,709,25,'12286',1,1),(31128,242,710,25,'12277',1,1),(31129,242,711,25,'12287',1,1),(31130,242,712,25,'12290',1,NULL),(31131,242,713,25,'12291',1,1),(31132,246,26,3,'463',1,1),(31133,246,27,3,'465',1,1),(31134,246,28,3,'467',1,1),(31135,246,29,3,'469',1,1),(31136,246,30,3,'471',1,1),(31137,246,31,3,'474',1,1),(31138,246,32,3,'475',1,1),(31139,246,33,3,'477',1,1),(31140,246,35,3,'485',1,1),(31141,246,36,3,'12247',1,1),(31142,246,37,3,'12149',1,1),(31143,246,38,3,'500',1,1),(31144,246,39,3,'508',1,1),(31145,246,40,3,'511',1,1),(31146,246,41,3,'12155',1,NULL),(31147,246,42,3,'12157',1,1),(31148,246,47,3,'521',1,1),(31149,246,48,3,'526',1,1),(31150,246,49,3,'12161',1,1),(31151,246,53,4,'296',1,1),(31152,246,54,4,'449',1,1),(31153,246,55,4,'300',1,1),(31154,246,57,4,'452',1,1),(31155,246,58,4,'414',1,1),(31156,246,59,4,'419',1,1),(31157,246,60,4,'325',1,1),(31158,246,61,4,'425',1,1),(31159,246,62,4,'327',1,1),(31160,246,63,4,'331',1,1),(31161,246,64,4,'333',1,1),(31162,246,65,4,'458',1,1),(31163,246,82,4,'343',1,1),(31164,246,83,4,'347',1,1),(31165,246,85,4,'459',1,1),(31166,246,67,5,'540',1,1),(31167,246,68,5,'544',1,1),(31168,246,69,5,'546',1,1),(31169,246,70,5,'551',1,1),(31170,246,71,5,'553',1,1),(31171,246,72,5,'557',1,1),(31172,246,73,5,'565',1,1),(31173,246,74,5,'569',1,1),(31174,246,75,5,'575',1,1),(31175,246,78,5,'582',1,1),(31176,246,79,5,'588',1,1),(31177,246,80,5,'592',1,1),(31178,246,81,5,'576',1,1),(31179,246,88,5,'596',1,1),(31180,246,89,5,'600',1,1),(31181,246,116,7,'694',1,1),(31182,246,117,7,'697',1,1),(31183,246,118,7,'703',1,1),(31184,246,119,7,'706',1,1),(31185,246,120,7,'711',1,1),(31186,246,121,7,'714',1,1),(31187,246,122,7,'720',1,1),(31188,246,124,7,'726',1,1),(31189,246,125,7,'745',1,1),(31190,246,126,7,'735',1,1),(31191,246,127,8,'750',1,1),(31192,246,128,8,'753',1,1),(31193,246,129,8,'759',1,1),(31194,246,130,8,'768',1,1),(31195,246,131,8,'767',1,1),(31196,246,132,8,'770',1,1),(31197,246,133,8,'773',1,1),(31198,246,134,8,'774',1,1),(31199,246,135,8,'777',1,1),(31200,246,136,8,'782',1,1),(31201,246,1131,9,'12181',1,1),(31202,246,1132,9,'11941',1,1),(31203,246,1133,9,'11945',1,1),(31204,246,1134,9,'11949',1,1),(31205,246,1135,9,'11950',1,1),(31206,246,1136,9,'12198',1,1),(31207,246,1137,9,'12188',1,1),(31208,246,1138,9,'11960',1,1),(31209,246,1140,9,'12191',1,1),(31210,246,138,9,'12197',1,1),(31211,246,140,9,'11911',1,1),(31212,246,141,9,'11918',1,NULL),(31213,246,142,9,'11921',1,NULL),(31214,246,1183,9,'12203',1,1),(31215,246,1184,9,'12207',1,1),(31216,246,1185,9,'12209',1,1),(31217,246,1141,10,'1870',1,1),(31218,246,1142,10,'1792',1,NULL),(31219,246,1143,10,'1873',1,1),(31220,246,1144,10,'1881',1,1),(31221,246,1145,10,'1885',1,1),(31222,246,1146,10,'1886',1,1),(31223,246,1147,10,'1888',1,1),(31224,246,1148,10,'1890',1,1),(31225,246,1149,10,'1892',1,1),(31226,246,1150,10,'1894',1,1),(31227,246,1151,10,'1897',1,1),(31228,246,1152,10,'1899',1,1),(31229,246,1154,10,'1900',1,1),(31230,246,1155,10,'1902',1,NULL),(31231,246,1156,10,'1904',1,1),(31232,246,146,11,'831',1,1),(31233,246,147,11,'961',1,1),(31234,246,148,11,'964',1,1),(31235,246,149,11,'922',1,NULL),(31236,246,150,11,'850',1,NULL),(31237,246,151,11,'854',1,1),(31238,246,152,11,'857',1,1),(31239,246,153,11,'859',1,1),(31240,246,154,11,'870',1,1),(31241,246,155,11,'872',1,NULL),(31242,246,156,11,'950',1,1),(31243,246,157,11,'967',1,1),(31244,246,158,11,'928',1,1),(31245,246,159,11,'932',1,NULL),(31246,246,160,11,'892',1,1),(31247,246,161,11,'940',1,1),(31248,246,162,11,'12251',1,1),(31249,246,163,11,'906',1,1),(31250,246,164,11,'12178',1,1),(31251,246,165,11,'945',1,1),(31252,246,146,11,'831',2,1),(31253,246,147,11,'961',2,1),(31254,246,148,11,'964',2,1),(31255,246,149,11,'920',2,1),(31256,246,150,11,'849',2,1),(31257,246,151,11,'854',2,1),(31258,246,152,11,'857',2,1),(31259,246,153,11,'859',2,1),(31260,246,154,11,'870',2,1),(31261,246,155,11,'874',2,NULL),(31262,246,156,11,'950',2,1),(31263,246,157,11,'967',2,1),(31264,246,158,11,'928',2,1),(31265,246,159,11,'934',2,NULL),(31266,246,160,11,'892',2,1),(31267,246,161,11,'940',2,1),(31268,246,162,11,'12251',2,1),(31269,246,163,11,'906',2,1),(31270,246,164,11,'12178',2,1),(31271,246,165,11,'945',2,1),(31272,246,166,12,'971',1,1),(31273,246,167,12,'983',1,NULL),(31274,246,168,12,'981',1,1),(31275,246,169,12,'989',1,NULL),(31276,246,170,12,'994',1,1),(31277,246,171,12,'997',1,1),(31278,246,172,12,'1000',1,1),(31279,246,173,12,'1136',1,NULL),(31280,246,174,12,'1140',1,NULL),(31281,246,175,12,'1013',1,1),(31282,246,176,12,'1017',1,1),(31283,246,177,12,'1019',1,1),(31284,246,178,12,'1021',1,1),(31285,246,179,12,'1023',1,1),(31286,246,180,12,'1025',1,1),(31287,246,166,12,'971',2,1),(31288,246,167,12,'984',2,1),(31289,246,168,12,'981',2,1),(31290,246,169,12,'990',2,1),(31291,246,170,12,'994',2,1),(31292,246,171,12,'997',2,1),(31293,246,172,12,'1000',2,1),(31294,246,173,12,'1134',2,1),(31295,246,174,12,'1138',2,1),(31296,246,175,12,'1013',2,1),(31297,246,176,12,'1017',2,1),(31298,246,177,12,'1019',2,1),(31299,246,178,12,'1021',2,1),(31300,246,179,12,'1023',2,1),(31301,246,180,12,'1025',2,1),(31302,246,181,13,'1199',1,1),(31303,246,182,13,'1201',1,1),(31304,246,183,13,'1209',1,1),(31305,246,184,13,'1045',1,1),(31306,246,185,13,'1212',1,1),(31307,246,186,13,'1222',1,1),(31308,246,187,13,'1228',1,1),(31309,246,188,13,'1234',1,1),(31310,246,189,13,'1072',1,1),(31311,246,191,13,'12212',1,NULL),(31312,246,192,13,'1084',1,1),(31313,246,193,13,'1090',1,1),(31314,246,194,13,'1273',1,NULL),(31315,246,195,13,'1267',1,1),(31316,246,196,13,'1263',1,1),(31317,246,197,13,'1261',1,1),(31318,246,198,13,'1256',1,1),(31319,246,199,13,'1249',1,1),(31320,246,200,13,'1243',1,1),(31321,246,201,14,'1142',1,1),(31322,246,202,14,'1146',1,1),(31323,246,203,14,'1149',1,NULL),(31324,246,204,14,'1157',1,1),(31325,246,205,14,'1162',1,1),(31326,246,206,14,'1163',1,1),(31327,246,207,14,'1165',1,1),(31328,246,208,14,'1169',1,1),(31329,246,209,14,'1174',1,1),(31330,246,210,14,'1179',1,1),(31331,246,1186,15,'12231',1,1),(31332,246,1188,15,'12228',1,1),(31333,246,1189,15,'12235',1,1),(31334,246,1190,15,'12243',1,1),(31335,246,1191,15,'12244',1,1),(31336,246,211,15,'1180',1,1),(31337,246,212,15,'1185',1,1),(31338,246,213,15,'12221',1,1),(31339,246,214,15,'1192',1,1),(31340,246,215,15,'1193',1,1),(31341,246,592,25,'11847',1,1),(31342,246,702,25,'12260',1,1),(31343,246,703,25,'12264',1,1),(31344,246,704,25,'12267',1,1),(31345,246,706,25,'12269',1,1),(31346,246,707,25,'12272',1,NULL),(31347,246,708,25,'11876',1,NULL),(31348,246,709,25,'12283',1,NULL),(31349,246,710,25,'12277',1,1),(31350,246,711,25,'12287',1,1),(31351,246,712,25,'12289',1,1),(31352,246,713,25,'12291',1,1),(31353,246,592,25,'11847',2,1),(31354,246,702,25,'12260',2,1),(31355,246,703,25,'12264',2,1),(31356,246,704,25,'12267',2,1),(31357,246,706,25,'12269',2,1),(31358,246,707,25,'12273',2,1),(31359,246,708,25,'11878',2,NULL),(31360,246,709,25,'12286',2,1),(31361,246,710,25,'12277',2,1),(31362,246,711,25,'12287',2,1),(31363,246,712,25,'12289',2,1),(31364,246,713,25,'12291',2,1),(31365,245,116,7,'694',1,1),(31366,245,117,7,'697',1,1),(31367,245,118,7,'703',1,1),(31368,245,119,7,'706',1,1),(31369,245,120,7,'711',1,1),(31370,245,121,7,'714',1,1),(31371,245,122,7,'720',1,1),(31372,245,124,7,'726',1,1),(31373,245,125,7,'745',1,1),(31374,245,126,7,'735',1,1),(31375,245,1141,10,'1870',1,1),(31376,245,1142,10,'1792',1,NULL),(31377,245,1143,10,'1873',1,1),(31378,245,1144,10,'1881',1,1),(31379,245,1145,10,'1885',1,1),(31380,245,1146,10,'1886',1,1),(31381,245,1147,10,'1888',1,1),(31382,245,1148,10,'1890',1,1),(31383,245,1149,10,'1892',1,1),(31384,245,1150,10,'1894',1,1),(31385,245,1151,10,'1897',1,1),(31386,245,1152,10,'1899',1,1),(31387,245,1154,10,'1900',1,1),(31388,245,1155,10,'1902',1,NULL),(31389,245,1156,10,'1904',1,1),(31390,245,181,13,'1199',1,1),(31391,245,182,13,'1201',1,1),(31392,245,183,13,'1209',1,1),(31393,245,184,13,'1045',1,1),(31394,245,185,13,'1212',1,1),(31395,245,186,13,'1222',1,1),(31396,245,187,13,'1228',1,1),(31397,245,188,13,'1230',1,NULL),(31398,245,189,13,'1072',1,1),(31399,245,191,13,'12212',1,NULL),(31400,245,192,13,'1084',1,1),(31401,245,193,13,'1090',1,1),(31402,245,194,13,'1274',1,1),(31403,245,195,13,'1267',1,1),(31404,245,196,13,'1263',1,1),(31405,245,197,13,'1261',1,1),(31406,245,198,13,'1253',1,NULL),(31407,245,199,13,'1249',1,1),(31408,245,200,13,'1243',1,1),(31409,245,181,13,'1199',2,1),(31410,245,182,13,'1201',2,1),(31411,245,183,13,'1209',2,1),(31412,245,184,13,'1045',2,1),(31413,245,185,13,'1212',2,1),(31414,245,186,13,'1222',2,1),(31415,245,187,13,'1228',2,1),(31416,245,188,13,'1234',2,1),(31417,245,189,13,'1072',2,1),(31418,245,191,13,'12213',2,1),(31419,245,192,13,'1084',2,1),(31420,245,193,13,'1090',2,1),(31421,245,194,13,'1274',2,1),(31422,245,195,13,'1267',2,1),(31423,245,196,13,'1263',2,1),(31424,245,197,13,'1261',2,1),(31425,245,198,13,'1256',2,1),(31426,245,199,13,'1249',2,1),(31427,245,200,13,'1243',2,1),(31428,245,166,12,'971',1,1),(31429,245,167,12,'984',1,1),(31430,245,168,12,'981',1,1),(31431,245,169,12,'989',1,NULL),(31432,245,170,12,'994',1,1),(31433,245,171,12,'997',1,1),(31434,245,172,12,'1000',1,1),(31435,245,173,12,'1134',1,1),(31436,245,174,12,'1140',1,NULL),(31437,245,175,12,'1013',1,1),(31438,245,176,12,'1016',1,NULL),(31439,245,177,12,'1020',1,NULL),(31440,245,178,12,'1021',1,1),(31441,245,179,12,'1023',1,1),(31442,245,180,12,'1025',1,1),(31443,245,166,12,'971',2,1),(31444,245,167,12,'984',2,1),(31445,245,168,12,'981',2,1),(31446,245,169,12,'987',2,NULL),(31447,245,170,12,'994',2,1),(31448,245,171,12,'997',2,1),(31449,245,172,12,'1000',2,1),(31450,245,173,12,'1134',2,1),(31451,245,174,12,'1138',2,1),(31452,245,175,12,'1013',2,1),(31453,245,176,12,'1015',2,NULL),(31454,245,177,12,'1019',2,1),(31455,245,178,12,'1021',2,1),(31456,245,179,12,'1023',2,1),(31457,245,180,12,'1025',2,1),(31458,247,67,5,'540',1,1),(31459,247,68,5,'544',1,1),(31460,247,69,5,'548',1,NULL),(31461,247,70,5,'552',1,NULL),(31462,247,71,5,'553',1,1),(31463,247,72,5,'557',1,1),(31464,247,73,5,'565',1,1),(31465,247,74,5,'569',1,1),(31466,247,75,5,'575',1,1),(31467,247,78,5,'583',1,NULL),(31468,247,79,5,'588',1,1),(31469,247,80,5,'593',1,NULL),(31470,247,81,5,'576',1,1),(31471,247,88,5,'594',1,NULL),(31472,247,89,5,'600',1,1),(31473,247,67,5,'540',2,1),(31474,247,68,5,'544',2,1),(31475,247,69,5,'546',2,1),(31476,247,70,5,'551',2,1),(31477,247,71,5,'554',2,NULL),(31478,247,72,5,'557',2,1),(31479,247,73,5,'565',2,1),(31480,247,74,5,'569',2,1),(31481,247,75,5,'575',2,1),(31482,247,78,5,'582',2,1),(31483,247,79,5,'588',2,1),(31484,247,80,5,'592',2,1),(31485,247,81,5,'579',2,NULL),(31486,247,88,5,'597',2,NULL),(31487,247,89,5,'600',2,1),(31488,247,592,25,'11847',1,1),(31489,247,702,25,'12260',1,1),(31490,247,703,25,'12264',1,1),(31491,247,704,25,'12267',1,1),(31492,247,706,25,'12269',1,1),(31493,247,707,25,'12273',1,1),(31494,247,708,25,'11877',1,1),(31495,247,709,25,'12286',1,1),(31496,247,710,25,'12277',1,1),(31497,247,711,25,'12287',1,1),(31498,247,712,25,'12289',1,1),(31499,247,713,25,'12291',1,1),(31500,247,127,8,'750',1,1),(31501,247,128,8,'753',1,1),(31502,247,129,8,'759',1,1),(31503,247,130,8,'768',1,1),(31504,247,131,8,'767',1,1),(31505,247,132,8,'770',1,1),(31506,247,133,8,'773',1,1),(31507,247,134,8,'774',1,1),(31508,247,135,8,'777',1,1),(31509,247,136,8,'782',1,1),(31510,245,146,11,'831',1,1),(31511,245,147,11,'961',1,1),(31512,245,148,11,'964',1,1),(31513,245,149,11,'922',1,NULL),(31514,245,150,11,'850',1,NULL),(31515,245,151,11,'854',1,1),(31516,245,152,11,'857',1,1),(31517,245,153,11,'859',1,1),(31518,245,154,11,'870',1,1),(31519,245,155,11,'872',1,NULL),(31520,245,156,11,'950',1,1),(31521,245,157,11,'967',1,1),(31522,245,158,11,'928',1,1),(31523,245,159,11,'931',1,1),(31524,245,160,11,'892',1,1),(31525,245,161,11,'940',1,1),(31526,245,162,11,'12251',1,1),(31527,245,163,11,'906',1,1),(31528,245,164,11,'12175',1,NULL),(31529,245,165,11,'945',1,1),(31530,245,201,14,'1141',1,NULL),(31531,245,202,14,'1146',1,1),(31532,245,203,14,'1149',1,NULL),(31533,245,204,14,'1157',1,1),(31534,245,205,14,'1158',1,NULL),(31535,245,206,14,'1163',1,1),(31536,245,207,14,'1167',1,NULL),(31537,245,208,14,'1169',1,1),(31538,245,209,14,'1174',1,1),(31539,245,210,14,'1178',1,NULL),(31540,245,201,14,'1142',2,1),(31541,245,202,14,'1146',2,1),(31542,245,203,14,'1148',2,NULL),(31543,245,204,14,'1157',2,1),(31544,245,205,14,'1162',2,1),(31545,245,206,14,'1163',2,1),(31546,245,207,14,'1165',2,1),(31547,245,208,14,'1169',2,1),(31548,245,209,14,'1174',2,1),(31549,245,210,14,'1179',2,1),(31550,247,181,13,'1199',1,1),(31551,247,182,13,'1201',1,1),(31552,247,183,13,'1209',1,1),(31553,247,184,13,'1045',1,1),(31554,247,185,13,'1212',1,1),(31555,247,186,13,'1222',1,1),(31556,247,187,13,'1228',1,1),(31557,247,188,13,'1234',1,1),(31558,247,189,13,'1072',1,1),(31559,247,191,13,'12212',1,NULL),(31560,247,192,13,'1084',1,1),(31561,247,193,13,'1090',1,1),(31562,247,194,13,'1274',1,1),(31563,247,195,13,'1271',1,NULL),(31564,247,196,13,'1263',1,1),(31565,247,197,13,'1261',1,1),(31566,247,198,13,'1256',1,1),(31567,247,199,13,'1249',1,1),(31568,247,200,13,'1244',1,NULL),(31569,247,1131,9,'12181',1,1),(31570,247,1132,9,'11941',1,1),(31571,247,1133,9,'11945',1,1),(31572,247,1134,9,'11949',1,1),(31573,247,1135,9,'11951',1,NULL),(31574,247,1136,9,'12198',1,1),(31575,247,1137,9,'12188',1,1),(31576,247,1138,9,'11960',1,1),(31577,247,138,9,'12197',1,1),(31578,247,140,9,'11911',1,1),(31579,247,141,9,'11917',1,1),(31580,247,142,9,'11921',1,NULL),(31581,247,1183,9,'12202',1,NULL),(31582,247,1184,9,'12205',1,NULL),(31583,247,1185,9,'12209',1,1),(31584,247,1131,9,'12181',2,1),(31585,247,1132,9,'11941',2,1),(31586,247,1133,9,'11945',2,1),(31587,247,1134,9,'11949',2,1),(31588,247,1135,9,'11950',2,1),(31589,247,1136,9,'12198',2,1),(31590,247,1137,9,'12188',2,1),(31591,247,1138,9,'11960',2,1),(31592,247,1140,9,'12191',2,1),(31593,247,138,9,'12197',2,1),(31594,247,140,9,'11911',2,1),(31595,247,141,9,'11917',2,1),(31596,247,142,9,'11920',2,NULL),(31597,247,1183,9,'12203',2,1),(31598,247,1184,9,'12204',2,NULL),(31599,247,1185,9,'12209',2,1),(31600,247,1186,15,'12232',1,NULL),(31601,247,1188,15,'12228',1,1),(31602,247,1189,15,'12235',1,1),(31603,247,1190,15,'12243',1,1),(31604,247,1191,15,'12244',1,1),(31605,247,211,15,'1180',1,1),(31606,247,212,15,'1185',1,1),(31607,247,213,15,'12221',1,1),(31608,247,214,15,'1192',1,1),(31609,247,215,15,'1193',1,1),(31610,247,201,14,'1141',1,NULL),(31611,247,202,14,'1146',1,1),(31612,247,203,14,'1151',1,NULL),(31613,247,204,14,'1157',1,1),(31614,247,205,14,'1162',1,1),(31615,247,206,14,'1163',1,1),(31616,247,207,14,'1167',1,NULL),(31617,247,208,14,'1168',1,NULL),(31618,247,209,14,'1171',1,NULL),(31619,247,210,14,'1179',1,1),(31620,247,201,14,'1145',2,NULL),(31621,247,202,14,'1146',2,1),(31622,247,203,14,'1149',2,NULL),(31623,247,204,14,'1157',2,1),(31624,247,205,14,'1162',2,1),(31625,247,206,14,'1163',2,1),(31626,247,207,14,'1165',2,1),(31627,247,208,14,'1169',2,1),(31628,247,209,14,'1174',2,1),(31629,247,210,14,'1179',2,1),(31630,247,166,12,'971',1,1),(31631,247,167,12,'984',1,1),(31632,247,168,12,'981',1,1),(31633,247,169,12,'990',1,1),(31634,247,170,12,'994',1,1),(31635,247,171,12,'997',1,1),(31636,247,172,12,'1000',1,1),(31637,247,173,12,'1134',1,1),(31638,247,174,12,'1140',1,NULL),(31639,247,175,12,'1013',1,1),(31640,247,176,12,'1017',1,1),(31641,247,177,12,'1019',1,1),(31642,247,178,12,'1021',1,1),(31643,247,179,12,'1023',1,1),(31644,247,180,12,'1025',1,1),(31645,247,146,11,'831',1,1),(31646,247,147,11,'961',1,1),(31647,247,148,11,'964',1,1),(31648,247,149,11,'922',1,NULL),(31649,247,150,11,'850',1,NULL),(31650,247,151,11,'854',1,1),(31651,247,152,11,'857',1,1),(31652,247,153,11,'859',1,1),(31653,247,154,11,'870',1,1),(31654,247,155,11,'872',1,NULL),(31655,247,156,11,'950',1,1),(31656,247,157,11,'970',1,NULL),(31657,247,158,11,'928',1,1),(31658,247,159,11,'931',1,1),(31659,247,160,11,'892',1,1),(31660,247,161,11,'940',1,1),(31661,247,162,11,'12250',1,NULL),(31662,247,163,11,'906',1,1),(31663,247,164,11,'12178',1,1),(31664,247,165,11,'945',1,1),(31665,247,146,11,'831',2,1),(31666,247,147,11,'961',2,1),(31667,247,148,11,'964',2,1),(31668,247,149,11,'919',2,NULL),(31669,247,150,11,'848',2,NULL),(31670,247,151,11,'854',2,1),(31671,247,152,11,'857',2,1),(31672,247,153,11,'859',2,1),(31673,247,154,11,'870',2,1),(31674,247,155,11,'874',2,NULL),(31675,247,156,11,'950',2,1),(31676,247,157,11,'967',2,1),(31677,247,158,11,'928',2,1),(31678,247,159,11,'931',2,1),(31679,247,160,11,'892',2,1),(31680,247,161,11,'940',2,1),(31681,247,162,11,'12251',2,1),(31682,247,163,11,'906',2,1),(31683,247,164,11,'12176',2,NULL),(31684,247,165,11,'945',2,1),(31685,247,1141,10,'1870',1,1),(31686,247,1142,10,'1792',1,NULL),(31687,247,1143,10,'1873',1,1),(31688,247,1144,10,'1881',1,1),(31689,247,1145,10,'1885',1,1),(31690,247,1146,10,'1886',1,1),(31691,247,1147,10,'1888',1,1),(31692,247,1148,10,'1890',1,1),(31693,247,1149,10,'1892',1,1),(31694,247,1150,10,'1894',1,1),(31695,247,1151,10,'1897',1,1),(31696,247,1152,10,'1899',1,1),(31697,247,1154,10,'1900',1,1),(31698,247,1155,10,'1903',1,1),(31699,247,1156,10,'1904',1,1),(31700,247,116,7,'694',1,1),(31701,247,117,7,'695',1,NULL),(31702,247,118,7,'704',1,NULL),(31703,247,119,7,'706',1,1),(31704,247,120,7,'711',1,1),(31705,247,121,7,'714',1,1),(31706,247,122,7,'720',1,1),(31707,247,124,7,'726',1,1),(31708,247,125,7,'745',1,1),(31709,247,126,7,'735',1,1),(31710,247,53,4,'296',1,1),(31711,247,54,4,'449',1,1),(31712,247,55,4,'300',1,1),(31713,247,57,4,'452',1,1),(31714,247,58,4,'414',1,1),(31715,247,59,4,'419',1,1),(31716,247,60,4,'325',1,1),(31717,247,61,4,'425',1,1),(31718,247,62,4,'327',1,1),(31719,247,63,4,'332',1,NULL),(31720,247,64,4,'333',1,1),(31721,247,65,4,'457',1,NULL),(31722,247,82,4,'343',1,1),(31723,247,83,4,'347',1,1),(31724,247,85,4,'459',1,1),(31725,247,26,3,'463',1,1),(31726,247,27,3,'465',1,1),(31727,247,28,3,'467',1,1),(31728,247,29,3,'469',1,1),(31729,247,30,3,'471',1,1),(31730,247,31,3,'474',1,1),(31731,247,32,3,'476',1,NULL),(31732,247,33,3,'477',1,1),(31733,247,35,3,'485',1,1),(31734,247,36,3,'12249',1,NULL),(31735,247,37,3,'12149',1,1),(31736,247,38,3,'498',1,NULL),(31737,247,39,3,'508',1,1),(31738,247,40,3,'511',1,1),(31739,247,41,3,'12154',1,1),(31740,247,42,3,'12157',1,1),(31741,247,47,3,'520',1,NULL),(31742,247,48,3,'526',1,1),(31743,247,49,3,'12166',1,NULL),(31744,247,26,3,'463',2,1),(31745,247,27,3,'465',2,1),(31746,247,28,3,'467',2,1),(31747,247,29,3,'469',2,1),(31748,247,30,3,'471',2,1),(31749,247,31,3,'474',2,1),(31750,247,32,3,'475',2,1),(31751,247,33,3,'477',2,1),(31752,247,35,3,'485',2,1),(31753,247,36,3,'12247',2,1),(31754,247,37,3,'12149',2,1),(31755,247,38,3,'500',2,1),(31756,247,39,3,'508',2,1),(31757,247,40,3,'511',2,1),(31758,247,41,3,'12154',2,1),(31759,247,42,3,'12157',2,1),(31760,247,47,3,'521',2,1),(31761,247,48,3,'526',2,1),(31762,247,49,3,'12166',2,NULL),(31763,249,26,3,'463',1,1),(31764,249,27,3,'465',1,1),(31765,249,28,3,'467',1,1),(31766,249,29,3,'469',1,1),(31767,249,30,3,'471',1,1),(31768,249,31,3,'474',1,1),(31769,249,32,3,'475',1,1),(31770,249,33,3,'477',1,1),(31771,249,35,3,'485',1,1),(31772,249,36,3,'12247',1,1),(31773,249,37,3,'12149',1,1),(31774,249,38,3,'500',1,1),(31775,249,39,3,'508',1,1),(31776,249,40,3,'511',1,1),(31777,249,41,3,'12154',1,1),(31778,249,42,3,'12157',1,1),(31779,249,47,3,'521',1,1),(31780,249,48,3,'526',1,1),(31781,249,49,3,'12161',1,1),(31782,249,53,4,'296',1,1),(31783,249,54,4,'449',1,1),(31784,249,55,4,'300',1,1),(31785,249,57,4,'452',1,1),(31786,249,58,4,'414',1,1),(31787,249,59,4,'419',1,1),(31788,249,60,4,'325',1,1),(31789,249,61,4,'425',1,1),(31790,249,62,4,'327',1,1),(31791,249,63,4,'331',1,1),(31792,249,64,4,'333',1,1),(31793,249,65,4,'458',1,1),(31794,249,82,4,'343',1,1),(31795,249,83,4,'347',1,1),(31796,249,85,4,'459',1,1),(31797,249,67,5,'540',1,1),(31798,249,68,5,'544',1,1),(31799,249,69,5,'546',1,1),(31800,249,70,5,'552',1,NULL),(31801,249,71,5,'553',1,1),(31802,249,72,5,'557',1,1),(31803,249,73,5,'565',1,1),(31804,249,74,5,'569',1,1),(31805,249,75,5,'575',1,1),(31806,249,78,5,'582',1,1),(31807,249,79,5,'588',1,1),(31808,249,80,5,'592',1,1),(31809,249,81,5,'576',1,1),(31810,249,88,5,'596',1,1),(31811,249,89,5,'600',1,1),(31812,249,116,7,'694',1,1),(31813,249,117,7,'697',1,1),(31814,249,118,7,'703',1,1),(31815,249,119,7,'706',1,1),(31816,249,120,7,'709',1,NULL),(31817,249,121,7,'714',1,1),(31818,249,122,7,'718',1,NULL),(31819,249,124,7,'726',1,1),(31820,249,125,7,'745',1,1),(31821,249,126,7,'735',1,1),(31822,249,127,8,'750',1,1),(31823,249,128,8,'753',1,1),(31824,249,129,8,'759',1,1),(31825,249,130,8,'768',1,1),(31826,249,131,8,'767',1,1),(31827,249,132,8,'770',1,1),(31828,249,133,8,'773',1,1),(31829,249,134,8,'774',1,1),(31830,249,135,8,'777',1,1),(31831,249,136,8,'782',1,1),(31832,249,1131,9,'12181',1,1),(31833,249,1132,9,'11941',1,1),(31834,249,1133,9,'11945',1,1),(31835,249,1134,9,'11949',1,1),(31836,249,1135,9,'11950',1,1),(31837,249,1136,9,'12198',1,1),(31838,249,1137,9,'12188',1,1),(31839,249,1138,9,'11962',1,NULL),(31840,249,1140,9,'12191',1,1),(31841,249,138,9,'12197',1,1),(31842,249,140,9,'11911',1,1),(31843,249,141,9,'11918',1,NULL),(31844,249,142,9,'11920',1,NULL),(31845,249,1183,9,'12203',1,1),(31846,249,1184,9,'12207',1,1),(31847,249,1185,9,'12209',1,1),(31848,249,592,25,'11847',1,1),(31849,249,702,25,'12260',1,1),(31850,249,703,25,'12264',1,1),(31851,249,704,25,'12267',1,1),(31852,249,706,25,'12269',1,1),(31853,249,707,25,'12272',1,NULL),(31854,249,708,25,'11876',1,NULL),(31855,249,709,25,'12286',1,1),(31856,249,710,25,'12277',1,1),(31857,249,711,25,'12287',1,1),(31858,249,712,25,'12289',1,1),(31859,249,713,25,'12291',1,1),(31860,249,1141,10,'1870',1,1),(31861,249,1142,10,'1792',1,NULL),(31862,249,1143,10,'1873',1,1),(31863,249,1144,10,'1881',1,1),(31864,249,1145,10,'1885',1,1),(31865,249,1146,10,'1886',1,1),(31866,249,1147,10,'1888',1,1),(31867,249,1148,10,'1890',1,1),(31868,249,1149,10,'1892',1,1),(31869,249,1150,10,'1894',1,1),(31870,249,1151,10,'1897',1,1),(31871,249,1152,10,'1899',1,1),(31872,249,1154,10,'1900',1,1),(31873,249,1155,10,'1902',1,NULL),(31874,249,1156,10,'1904',1,1),(31875,249,146,11,'831',1,1),(31876,249,147,11,'961',1,1),(31877,249,148,11,'964',1,1),(31878,249,149,11,'922',1,NULL),(31879,249,150,11,'849',1,1),(31880,249,151,11,'854',1,1),(31881,249,152,11,'857',1,1),(31882,249,153,11,'859',1,1),(31883,249,154,11,'870',1,1),(31884,249,155,11,'872',1,NULL),(31885,249,156,11,'950',1,1),(31886,249,157,11,'967',1,1),(31887,249,158,11,'928',1,1),(31888,249,159,11,'931',1,1),(31889,249,160,11,'892',1,1),(31890,249,161,11,'940',1,1),(31891,249,162,11,'12251',1,1),(31892,249,163,11,'906',1,1),(31893,249,164,11,'12178',1,1),(31894,249,165,11,'945',1,1),(31895,249,166,12,'971',1,1),(31896,249,167,12,'984',1,1),(31897,249,168,12,'981',1,1),(31898,249,169,12,'990',1,1),(31899,249,170,12,'994',1,1),(31900,249,171,12,'997',1,1),(31901,249,172,12,'1000',1,1),(31902,249,173,12,'1133',1,NULL),(31903,249,174,12,'1138',1,1),(31904,249,175,12,'1013',1,1),(31905,249,176,12,'1017',1,1),(31906,249,177,12,'1019',1,1),(31907,249,178,12,'1021',1,1),(31908,249,179,12,'1023',1,1),(31909,249,180,12,'1025',1,1),(31910,249,181,13,'1199',1,1),(31911,249,182,13,'1201',1,1),(31912,249,183,13,'1209',1,1),(31913,249,184,13,'1045',1,1),(31914,249,185,13,'1212',1,1),(31915,249,186,13,'1222',1,1),(31916,249,187,13,'1228',1,1),(31917,249,188,13,'1234',1,1),(31918,249,189,13,'1072',1,1),(31919,249,191,13,'12212',1,NULL),(31920,249,192,13,'1084',1,1),(31921,249,193,13,'1090',1,1),(31922,249,194,13,'1274',1,1),(31923,249,195,13,'1267',1,1),(31924,249,196,13,'1263',1,1),(31925,249,197,13,'1261',1,1),(31926,249,198,13,'1256',1,1),(31927,249,199,13,'1249',1,1),(31928,249,200,13,'1243',1,1),(31929,249,201,14,'1142',1,1),(31930,249,202,14,'1146',1,1),(31931,249,203,14,'1149',1,NULL),(31932,249,204,14,'1157',1,1),(31933,249,205,14,'1162',1,1),(31934,249,206,14,'1163',1,1),(31935,249,207,14,'1165',1,1),(31936,249,208,14,'1169',1,1),(31937,249,209,14,'1174',1,1),(31938,249,210,14,'1176',1,NULL),(31939,249,1186,15,'12231',1,1),(31940,249,1188,15,'12228',1,1),(31941,249,1189,15,'12235',1,1),(31942,249,1190,15,'12243',1,1),(31943,249,1191,15,'12244',1,1),(31944,249,211,15,'1181',1,NULL),(31945,249,212,15,'1185',1,1),(31946,249,213,15,'12221',1,1),(31947,249,214,15,'1192',1,1),(31948,249,215,15,'1193',1,1),(31949,250,26,3,'463',1,1),(31950,250,27,3,'465',1,1),(31951,250,28,3,'467',1,1),(31952,250,29,3,'469',1,1),(31953,250,30,3,'471',1,1),(31954,250,31,3,'474',1,1),(31955,250,32,3,'475',1,1),(31956,250,33,3,'477',1,1),(31957,250,35,3,'485',1,1),(31958,250,36,3,'12247',1,1),(31959,250,37,3,'12149',1,1),(31960,250,38,3,'500',1,1),(31961,250,39,3,'508',1,1),(31962,250,40,3,'511',1,1),(31963,250,41,3,'12154',1,1),(31964,250,42,3,'12157',1,1),(31965,250,47,3,'521',1,1),(31966,250,48,3,'526',1,1),(31967,250,49,3,'12161',1,1),(31968,250,116,7,'694',1,1),(31969,250,117,7,'697',1,1),(31970,250,118,7,'703',1,1),(31971,250,119,7,'706',1,1),(31972,250,120,7,'709',1,NULL),(31973,250,121,7,'714',1,1),(31974,250,122,7,'718',1,NULL),(31975,250,124,7,'726',1,1),(31976,250,125,7,'745',1,1),(31977,250,126,7,'735',1,1),(31978,250,116,7,'694',2,1),(31979,250,117,7,'697',2,1),(31980,250,118,7,'703',2,1),(31981,250,119,7,'706',2,1),(31982,250,120,7,'711',2,1),(31983,250,121,7,'714',2,1),(31984,250,122,7,'720',2,1),(31985,250,124,7,'726',2,1),(31986,250,125,7,'745',2,1),(31987,250,126,7,'735',2,1),(31988,250,127,8,'750',1,1),(31989,250,128,8,'753',1,1),(31990,250,129,8,'759',1,1),(31991,250,130,8,'768',1,1),(31992,250,131,8,'767',1,1),(31993,250,132,8,'770',1,1),(31994,250,133,8,'773',1,1),(31995,250,134,8,'774',1,1),(31996,250,135,8,'777',1,1),(31997,250,136,8,'782',1,1),(31998,250,1141,10,'1870',1,1),(31999,250,1142,10,'1792',1,NULL),(32000,250,1143,10,'1873',1,1),(32001,250,1144,10,'1881',1,1),(32002,250,1145,10,'1885',1,1),(32003,250,1146,10,'1886',1,1),(32004,250,1147,10,'1888',1,1),(32005,250,1148,10,'1890',1,1),(32006,250,1149,10,'1892',1,1),(32007,250,1150,10,'1894',1,1),(32008,250,1151,10,'1897',1,1),(32009,250,1152,10,'1898',1,NULL),(32010,250,1154,10,'1900',1,1),(32011,250,1155,10,'1902',1,NULL),(32012,250,1156,10,'1904',1,1),(32013,250,1141,10,'1870',2,1),(32014,250,1142,10,'1791',2,NULL),(32015,250,1143,10,'1873',2,1),(32016,250,1144,10,'1881',2,1),(32017,250,1145,10,'1885',2,1),(32018,250,1146,10,'1886',2,1),(32019,250,1147,10,'1888',2,1),(32020,250,1148,10,'1890',2,1),(32021,250,1150,10,'1894',2,1),(32022,250,1151,10,'1897',2,1),(32023,250,1152,10,'1899',2,1),(32024,250,1154,10,'1900',2,1),(32025,250,1155,10,'1903',2,1),(32026,250,1156,10,'1904',2,1),(32027,250,53,4,'296',1,1),(32028,250,54,4,'449',1,1),(32029,250,55,4,'300',1,1),(32030,250,57,4,'452',1,1),(32031,250,58,4,'414',1,1),(32032,250,59,4,'419',1,1),(32033,250,60,4,'325',1,1),(32034,250,61,4,'425',1,1),(32035,250,62,4,'327',1,1),(32036,250,63,4,'331',1,1),(32037,250,64,4,'333',1,1),(32038,250,65,4,'458',1,1),(32039,250,82,4,'343',1,1),(32040,250,83,4,'347',1,1),(32041,250,85,4,'459',1,1),(32042,250,67,5,'540',1,1),(32043,250,68,5,'544',1,1),(32044,250,69,5,'546',1,1),(32045,250,70,5,'551',1,1),(32046,250,71,5,'553',1,1),(32047,250,72,5,'557',1,1),(32048,250,73,5,'565',1,1),(32049,250,74,5,'569',1,1),(32050,250,75,5,'575',1,1),(32051,250,78,5,'582',1,1),(32052,250,79,5,'588',1,1),(32053,250,80,5,'593',1,NULL),(32054,250,81,5,'576',1,1),(32055,250,88,5,'596',1,1),(32056,250,89,5,'600',1,1),(32057,250,1131,9,'12181',1,1),(32058,250,1132,9,'11941',1,1),(32059,250,1133,9,'11945',1,1),(32060,250,1134,9,'11949',1,1),(32061,250,1135,9,'11950',1,1),(32062,250,1136,9,'12198',1,1),(32063,250,1137,9,'12189',1,NULL),(32064,250,1138,9,'11962',1,NULL),(32065,250,1140,9,'12191',1,1),(32066,250,138,9,'12197',1,1),(32067,250,140,9,'11911',1,1),(32068,250,141,9,'11919',1,NULL),(32069,250,142,9,'11921',1,NULL),(32070,250,1183,9,'12203',1,1),(32071,250,1184,9,'12204',1,NULL),(32072,250,1185,9,'12209',1,1),(32073,250,1131,9,'12181',2,1),(32074,250,1132,9,'11941',2,1),(32075,250,1133,9,'11945',2,1),(32076,250,1134,9,'11949',2,1),(32077,250,1135,9,'11950',2,1),(32078,250,1136,9,'12198',2,1),(32079,250,1137,9,'12188',2,1),(32080,250,1138,9,'11960',2,1),(32081,250,1140,9,'12191',2,1),(32082,250,138,9,'12197',2,1),(32083,250,140,9,'11911',2,1),(32084,250,141,9,'11916',2,NULL),(32085,250,142,9,'11923',2,NULL),(32086,250,1183,9,'12203',2,1),(32087,250,1184,9,'12207',2,1),(32088,250,1185,9,'12209',2,1),(32089,250,146,11,'831',1,1),(32090,250,147,11,'961',1,1),(32091,250,148,11,'964',1,1),(32092,250,149,11,'920',1,1),(32093,250,150,11,'850',1,NULL),(32094,250,151,11,'854',1,1),(32095,250,152,11,'857',1,1),(32096,250,153,11,'859',1,1),(32097,250,154,11,'870',1,1),(32098,250,155,11,'872',1,NULL),(32099,250,156,11,'950',1,1),(32100,250,157,11,'967',1,1),(32101,250,158,11,'928',1,1),(32102,250,159,11,'931',1,1),(32103,250,160,11,'892',1,1),(32104,250,161,11,'940',1,1),(32105,250,162,11,'12251',1,1),(32106,250,163,11,'906',1,1),(32107,250,164,11,'12178',1,1),(32108,250,165,11,'943',1,NULL),(32109,250,592,25,'11847',1,1),(32110,250,702,25,'12260',1,1),(32111,250,703,25,'12264',1,1),(32112,250,704,25,'12267',1,1),(32113,250,706,25,'12269',1,1),(32114,250,707,25,'12272',1,NULL),(32115,250,708,25,'11876',1,NULL),(32116,250,709,25,'12286',1,1),(32117,250,710,25,'12277',1,1),(32118,250,711,25,'12287',1,1),(32119,250,712,25,'12289',1,1),(32120,250,713,25,'12291',1,1),(32121,252,26,3,'463',1,1),(32122,252,27,3,'466',1,NULL),(32123,252,28,3,'467',1,1),(32124,252,29,3,'469',1,1),(32125,252,30,3,'471',1,1),(32126,252,31,3,'474',1,1),(32127,252,32,3,'475',1,1),(32128,252,33,3,'477',1,1),(32129,252,35,3,'485',1,1),(32130,252,36,3,'12247',1,1),(32131,252,37,3,'12149',1,1),(32132,252,38,3,'500',1,1),(32133,252,39,3,'508',1,1),(32134,252,40,3,'511',1,1),(32135,252,41,3,'12154',1,1),(32136,252,42,3,'12157',1,1),(32137,252,47,3,'521',1,1),(32138,252,48,3,'526',1,1),(32139,252,49,3,'12161',1,1),(32140,252,53,4,'296',1,1),(32141,252,54,4,'449',1,1),(32142,252,55,4,'300',1,1),(32143,252,57,4,'452',1,1),(32144,252,58,4,'414',1,1),(32145,252,59,4,'419',1,1),(32146,252,60,4,'325',1,1),(32147,252,61,4,'425',1,1),(32148,252,62,4,'327',1,1),(32149,252,63,4,'331',1,1),(32150,252,64,4,'333',1,1),(32151,252,65,4,'458',1,1),(32152,252,82,4,'343',1,1),(32153,252,83,4,'347',1,1),(32154,252,85,4,'459',1,1),(32155,252,67,5,'540',1,1),(32156,252,68,5,'544',1,1),(32157,252,69,5,'545',1,NULL),(32158,252,70,5,'551',1,1),(32159,252,71,5,'553',1,1),(32160,252,72,5,'557',1,1),(32161,252,73,5,'565',1,1),(32162,252,74,5,'569',1,1),(32163,252,75,5,'575',1,1),(32164,252,78,5,'582',1,1),(32165,252,79,5,'588',1,1),(32166,252,80,5,'593',1,NULL),(32167,252,81,5,'576',1,1),(32168,252,88,5,'596',1,1),(32169,252,89,5,'600',1,1),(32170,252,116,7,'694',1,1),(32171,252,117,7,'697',1,1),(32172,252,118,7,'703',1,1),(32173,252,119,7,'706',1,1),(32174,252,120,7,'711',1,1),(32175,252,121,7,'714',1,1),(32176,252,122,7,'720',1,1),(32177,252,124,7,'726',1,1),(32178,252,125,7,'745',1,1),(32179,252,126,7,'735',1,1),(32180,252,127,8,'750',1,1),(32181,252,128,8,'753',1,1),(32182,252,129,8,'759',1,1),(32183,252,130,8,'768',1,1),(32184,252,131,8,'767',1,1),(32185,252,132,8,'770',1,1),(32186,252,133,8,'773',1,1),(32187,252,134,8,'774',1,1),(32188,252,135,8,'777',1,1),(32189,252,136,8,'782',1,1),(32190,252,1131,9,'12181',1,1),(32191,252,1132,9,'11941',1,1),(32192,252,1133,9,'11945',1,1),(32193,252,1134,9,'11949',1,1),(32194,252,1135,9,'11950',1,1),(32195,252,1136,9,'12198',1,1),(32196,252,1137,9,'12188',1,1),(32197,252,1138,9,'11960',1,1),(32198,252,1140,9,'12191',1,1),(32199,252,138,9,'12197',1,1),(32200,252,140,9,'11911',1,1),(32201,252,141,9,'11918',1,NULL),(32202,252,142,9,'11921',1,NULL),(32203,252,1183,9,'12203',1,1),(32204,252,1184,9,'12207',1,1),(32205,252,1185,9,'12209',1,1),(32206,252,592,25,'11847',1,1),(32207,252,702,25,'12260',1,1),(32208,252,703,25,'12264',1,1),(32209,252,704,25,'12267',1,1),(32210,252,706,25,'12269',1,1),(32211,252,707,25,'12272',1,NULL),(32212,252,708,25,'11876',1,NULL),(32213,252,709,25,'12286',1,1),(32214,252,710,25,'12274',1,NULL),(32215,252,711,25,'12287',1,1),(32216,252,712,25,'12289',1,1),(32217,252,713,25,'12291',1,1),(32218,252,592,25,'11847',2,1),(32219,252,702,25,'12260',2,1),(32220,252,703,25,'12264',2,1),(32221,252,704,25,'12267',2,1),(32222,252,706,25,'12269',2,1),(32223,252,707,25,'12273',2,1),(32224,252,708,25,'11878',2,NULL),(32225,252,709,25,'12286',2,1),(32226,252,710,25,'12277',2,1),(32227,252,711,25,'12287',2,1),(32228,252,712,25,'12289',2,1),(32229,252,713,25,'12291',2,1),(32230,250,166,12,'974',1,NULL),(32231,250,167,12,'984',1,1),(32232,250,168,12,'981',1,1),(32233,250,169,12,'988',1,NULL),(32234,250,170,12,'994',1,1),(32235,250,171,12,'997',1,1),(32236,250,172,12,'1000',1,1),(32237,250,173,12,'1134',1,1),(32238,250,174,12,'1138',1,1),(32239,250,175,12,'1013',1,1),(32240,250,176,12,'1017',1,1),(32241,250,177,12,'1019',1,1),(32242,250,178,12,'1021',1,1),(32243,250,179,12,'1023',1,1),(32244,250,180,12,'1025',1,1),(32245,252,1141,10,'1870',1,1),(32246,252,1142,10,'1792',1,NULL),(32247,252,1143,10,'1873',1,1),(32248,252,1144,10,'1881',1,1),(32249,252,1145,10,'1885',1,1),(32250,252,1146,10,'1886',1,1),(32251,252,1147,10,'1888',1,1),(32252,252,1148,10,'1890',1,1),(32253,252,1149,10,'1892',1,1),(32254,252,1150,10,'1894',1,1),(32255,252,1151,10,'1897',1,1),(32256,252,1152,10,'1899',1,1),(32257,252,1154,10,'1900',1,1),(32258,252,1155,10,'1902',1,NULL),(32259,252,1156,10,'1904',1,1),(32260,252,146,11,'831',1,1),(32261,252,147,11,'961',1,1),(32262,252,148,11,'964',1,1),(32263,252,149,11,'920',1,1),(32264,252,150,11,'850',1,NULL),(32265,252,151,11,'854',1,1),(32266,252,152,11,'857',1,1),(32267,252,153,11,'859',1,1),(32268,252,154,11,'870',1,1),(32269,252,155,11,'872',1,NULL),(32270,252,156,11,'950',1,1),(32271,252,157,11,'967',1,1),(32272,252,158,11,'928',1,1),(32273,252,159,11,'931',1,1),(32274,252,160,11,'892',1,1),(32275,252,161,11,'940',1,1),(32276,252,162,11,'12251',1,1),(32277,252,163,11,'906',1,1),(32278,252,164,11,'12178',1,1),(32279,252,165,11,'945',1,1),(32280,250,181,13,'1199',1,1),(32281,250,182,13,'1201',1,1),(32282,250,183,13,'1209',1,1),(32283,250,184,13,'1045',1,1),(32284,250,185,13,'1212',1,1),(32285,250,186,13,'1222',1,1),(32286,250,187,13,'1228',1,1),(32287,250,188,13,'1234',1,1),(32288,250,189,13,'1072',1,1),(32289,250,191,13,'12212',1,NULL),(32290,250,192,13,'1084',1,1),(32291,250,193,13,'1090',1,1),(32292,250,194,13,'1274',1,1),(32293,250,195,13,'1267',1,1),(32294,250,196,13,'1263',1,1),(32295,250,197,13,'1261',1,1),(32296,250,198,13,'1256',1,1),(32297,250,199,13,'1249',1,1),(32298,250,200,13,'1245',1,NULL),(32299,250,201,14,'1141',1,NULL),(32300,250,202,14,'1146',1,1),(32301,250,203,14,'1149',1,NULL),(32302,250,204,14,'1157',1,1),(32303,250,205,14,'1162',1,1),(32304,250,206,14,'1163',1,1),(32305,250,207,14,'1165',1,1),(32306,250,208,14,'1169',1,1),(32307,250,209,14,'1174',1,1),(32308,250,210,14,'1179',1,1),(32309,250,1186,15,'12231',1,1),(32310,250,1188,15,'12228',1,1),(32311,250,1189,15,'12235',1,1),(32312,250,1190,15,'12239',1,NULL),(32313,250,1191,15,'12244',1,1),(32314,250,211,15,'1180',1,1),(32315,250,212,15,'1185',1,1),(32316,250,213,15,'12221',1,1),(32317,250,214,15,'1192',1,1),(32318,250,215,15,'1193',1,1),(32319,252,166,12,'971',1,1),(32320,252,167,12,'984',1,1),(32321,252,168,12,'981',1,1),(32322,252,169,12,'990',1,1),(32323,252,170,12,'994',1,1),(32324,252,171,12,'997',1,1),(32325,252,172,12,'1000',1,1),(32326,252,173,12,'1133',1,NULL),(32327,252,174,12,'1138',1,1),(32328,252,175,12,'1013',1,1),(32329,252,176,12,'1017',1,1),(32330,252,177,12,'1019',1,1),(32331,252,178,12,'1021',1,1),(32332,252,179,12,'1023',1,1),(32333,252,180,12,'1025',1,1),(32334,252,181,13,'1199',1,1),(32335,252,182,13,'1201',1,1),(32336,252,183,13,'1209',1,1),(32337,252,184,13,'1045',1,1),(32338,252,185,13,'1212',1,1),(32339,252,186,13,'1222',1,1),(32340,252,187,13,'1228',1,1),(32341,252,188,13,'1234',1,1),(32342,252,189,13,'1072',1,1),(32343,252,191,13,'12213',1,1),(32344,252,192,13,'1084',1,1),(32345,252,193,13,'1090',1,1),(32346,252,194,13,'1274',1,1),(32347,252,195,13,'1267',1,1),(32348,252,196,13,'1263',1,1),(32349,252,197,13,'1261',1,1),(32350,252,198,13,'1256',1,1),(32351,252,199,13,'1249',1,1),(32352,252,200,13,'1243',1,1),(32353,252,201,14,'1145',1,NULL),(32354,252,202,14,'1146',1,1),(32355,252,203,14,'1149',1,NULL),(32356,252,204,14,'1157',1,1),(32357,252,205,14,'1162',1,1),(32358,252,206,14,'1163',1,1),(32359,252,207,14,'1165',1,1),(32360,252,208,14,'1169',1,1),(32361,252,209,14,'1174',1,1),(32362,252,210,14,'1179',1,1),(32363,252,1186,15,'12231',1,1),(32364,252,1188,15,'12228',1,1),(32365,252,1189,15,'12235',1,1),(32366,252,1190,15,'12239',1,NULL),(32367,252,1191,15,'12244',1,1),(32368,252,211,15,'1180',1,1),(32369,252,212,15,'1185',1,1),(32370,252,213,15,'12221',1,1),(32371,252,214,15,'1192',1,1),(32372,252,215,15,'1193',1,1),(32373,256,26,3,'463',1,1),(32374,256,27,3,'465',1,1),(32375,256,28,3,'467',1,1),(32376,256,29,3,'469',1,1),(32377,256,30,3,'471',1,1),(32378,256,31,3,'474',1,1),(32379,256,32,3,'476',1,NULL),(32380,256,33,3,'477',1,1),(32381,256,35,3,'485',1,1),(32382,256,36,3,'12247',1,1),(32383,256,37,3,'12149',1,1),(32384,256,38,3,'500',1,1),(32385,256,39,3,'508',1,1),(32386,256,40,3,'511',1,1),(32387,256,41,3,'12154',1,1),(32388,256,42,3,'12157',1,1),(32389,256,47,3,'521',1,1),(32390,256,48,3,'526',1,1),(32391,256,49,3,'12166',1,NULL),(32392,256,53,4,'296',1,1),(32393,256,54,4,'449',1,1),(32394,256,55,4,'300',1,1),(32395,256,57,4,'452',1,1),(32396,256,58,4,'414',1,1),(32397,256,59,4,'419',1,1),(32398,256,60,4,'325',1,1),(32399,256,61,4,'425',1,1),(32400,256,62,4,'327',1,1),(32401,256,63,4,'331',1,1),(32402,256,64,4,'333',1,1),(32403,256,65,4,'458',1,1),(32404,256,82,4,'343',1,1),(32405,256,83,4,'347',1,1),(32406,256,85,4,'459',1,1),(32407,256,67,5,'540',1,1),(32408,256,68,5,'544',1,1),(32409,256,69,5,'547',1,NULL),(32410,256,70,5,'551',1,1),(32411,256,71,5,'553',1,1),(32412,256,72,5,'557',1,1),(32413,256,73,5,'565',1,1),(32414,256,74,5,'569',1,1),(32415,256,75,5,'575',1,1),(32416,256,78,5,'582',1,1),(32417,256,79,5,'588',1,1),(32418,256,80,5,'593',1,NULL),(32419,256,81,5,'576',1,1),(32420,256,88,5,'596',1,1),(32421,256,89,5,'600',1,1),(32422,256,116,7,'694',1,1),(32423,256,117,7,'697',1,1),(32424,256,118,7,'704',1,NULL),(32425,256,119,7,'706',1,1),(32426,256,120,7,'711',1,1),(32427,256,121,7,'714',1,1),(32428,256,122,7,'720',1,1),(32429,256,124,7,'726',1,1),(32430,256,125,7,'745',1,1),(32431,256,126,7,'735',1,1),(32432,256,127,8,'750',1,1),(32433,256,128,8,'753',1,1),(32434,256,129,8,'759',1,1),(32435,256,130,8,'768',1,1),(32436,256,131,8,'767',1,1),(32437,256,132,8,'770',1,1),(32438,256,133,8,'773',1,1),(32439,256,134,8,'774',1,1),(32440,256,135,8,'776',1,NULL),(32441,256,136,8,'782',1,1),(32442,256,1131,9,'12181',1,1),(32443,256,1132,9,'11941',1,1),(32444,256,1133,9,'11945',1,1),(32445,256,1134,9,'11949',1,1),(32446,256,1135,9,'11950',1,1),(32447,256,1136,9,'12198',1,1),(32448,256,1137,9,'12188',1,1),(32449,256,1138,9,'11960',1,1),(32450,256,1140,9,'12191',1,1),(32451,256,138,9,'12197',1,1),(32452,256,140,9,'11911',1,1),(32453,256,141,9,'11916',1,NULL),(32454,256,142,9,'11921',1,NULL),(32455,256,1183,9,'12203',1,1),(32456,256,1184,9,'12207',1,1),(32457,256,1185,9,'12209',1,1),(32458,256,1141,10,'1870',1,1),(32459,256,1142,10,'1792',1,NULL),(32460,256,1143,10,'1873',1,1),(32461,256,1144,10,'1881',1,1),(32462,256,1145,10,'1885',1,1),(32463,256,1146,10,'1886',1,1),(32464,256,1147,10,'1888',1,1),(32465,256,1148,10,'1890',1,1),(32466,256,1149,10,'1892',1,1),(32467,256,1150,10,'1895',1,NULL),(32468,256,1151,10,'1897',1,1),(32469,256,1152,10,'1899',1,1),(32470,256,1154,10,'1900',1,1),(32471,256,1155,10,'1902',1,NULL),(32472,256,1156,10,'1904',1,1),(32473,256,1141,10,'1870',2,1),(32474,256,1142,10,'1792',2,NULL),(32475,256,1143,10,'1873',2,1),(32476,256,1144,10,'1881',2,1),(32477,256,1145,10,'1885',2,1),(32478,256,1146,10,'1886',2,1),(32479,256,1147,10,'1888',2,1),(32480,256,1148,10,'1890',2,1),(32481,256,1149,10,'1892',2,1),(32482,256,1150,10,'1895',2,NULL),(32483,256,1151,10,'1897',2,1),(32484,256,1152,10,'1899',2,1),(32485,256,1154,10,'1900',2,1),(32486,256,1155,10,'1902',2,NULL),(32487,256,1156,10,'1904',2,1),(32488,256,146,11,'831',1,1),(32489,256,147,11,'961',1,1),(32490,256,148,11,'966',1,NULL),(32491,256,149,11,'922',1,NULL),(32492,256,150,11,'850',1,NULL),(32493,256,151,11,'854',1,1),(32494,256,152,11,'857',1,1),(32495,256,153,11,'859',1,1),(32496,256,154,11,'870',1,1),(32497,256,155,11,'872',1,NULL),(32498,256,156,11,'950',1,1),(32499,256,157,11,'967',1,1),(32500,256,158,11,'927',1,NULL),(32501,256,159,11,'931',1,1),(32502,256,160,11,'892',1,1),(32503,256,161,11,'940',1,1),(32504,256,162,11,'12251',1,1),(32505,256,163,11,'906',1,1),(32506,256,164,11,'12178',1,1),(32507,256,165,11,'945',1,1),(32508,256,146,11,'831',2,1),(32509,256,147,11,'959',2,NULL),(32510,256,148,11,'964',2,1),(32511,256,149,11,'922',2,NULL),(32512,256,150,11,'850',2,NULL),(32513,256,151,11,'854',2,1),(32514,256,152,11,'857',2,1),(32515,256,153,11,'859',2,1),(32516,256,154,11,'870',2,1),(32517,256,155,11,'872',2,NULL),(32518,256,156,11,'950',2,1),(32519,256,157,11,'967',2,1),(32520,256,158,11,'928',2,1),(32521,256,159,11,'931',2,1),(32522,256,160,11,'892',2,1),(32523,256,161,11,'940',2,1),(32524,256,162,11,'12251',2,1),(32525,256,163,11,'906',2,1),(32526,256,164,11,'12178',2,1),(32527,256,165,11,'945',2,1),(32528,256,592,25,'11847',1,1),(32529,256,702,25,'12260',1,1),(32530,256,703,25,'12264',1,1),(32531,256,704,25,'12267',1,1),(32532,256,706,25,'12269',1,1),(32533,256,707,25,'12273',1,1),(32534,256,708,25,'11876',1,NULL),(32535,256,709,25,'12286',1,1),(32536,256,710,25,'12277',1,1),(32537,256,711,25,'12287',1,1),(32538,256,712,25,'12289',1,1),(32539,256,713,25,'12291',1,1),(32540,256,1186,15,'12231',1,1),(32541,256,1188,15,'12228',1,1),(32542,256,1189,15,'12235',1,1),(32543,256,1190,15,'12243',1,1),(32544,256,1191,15,'12244',1,1),(32545,256,211,15,'1180',1,1),(32546,256,212,15,'1185',1,1),(32547,256,213,15,'12221',1,1),(32548,256,214,15,'1192',1,1),(32549,256,215,15,'1194',1,NULL),(32550,256,201,14,'1145',1,NULL),(32551,256,202,14,'1146',1,1),(32552,256,203,14,'1149',1,NULL),(32553,256,204,14,'1157',1,1),(32554,256,205,14,'1162',1,1),(32555,256,206,14,'1163',1,1),(32556,256,207,14,'1165',1,1),(32557,256,208,14,'1169',1,1),(32558,256,209,14,'1174',1,1),(32559,256,210,14,'1179',1,1),(32560,256,181,13,'1199',1,1),(32561,256,182,13,'1201',1,1),(32562,256,183,13,'1209',1,1),(32563,256,184,13,'1045',1,1),(32564,256,185,13,'1212',1,1),(32565,256,186,13,'1224',1,NULL),(32566,256,187,13,'1228',1,1),(32567,256,188,13,'1234',1,1),(32568,256,189,13,'1072',1,1),(32569,256,191,13,'12212',1,NULL),(32570,256,192,13,'1084',1,1),(32571,256,193,13,'1090',1,1),(32572,256,194,13,'1274',1,1),(32573,256,195,13,'1267',1,1),(32574,256,196,13,'1263',1,1),(32575,256,197,13,'1261',1,1),(32576,256,198,13,'1253',1,NULL),(32577,256,199,13,'1249',1,1),(32578,256,200,13,'1243',1,1),(32579,256,166,12,'971',1,1),(32580,256,167,12,'984',1,1),(32581,256,168,12,'981',1,1),(32582,256,169,12,'990',1,1),(32583,256,170,12,'994',1,1),(32584,256,171,12,'997',1,1),(32585,256,172,12,'1000',1,1),(32586,256,173,12,'1136',1,NULL),(32587,256,174,12,'1138',1,1),(32588,256,175,12,'1013',1,1),(32589,256,176,12,'1017',1,1),(32590,256,177,12,'1019',1,1),(32591,256,178,12,'1021',1,1),(32592,256,179,12,'1023',1,1),(32593,256,180,12,'1025',1,1),(32594,258,26,3,'463',1,1),(32595,258,27,3,'465',1,1),(32596,258,28,3,'467',1,1),(32597,258,29,3,'469',1,1),(32598,258,30,3,'471',1,1),(32599,258,31,3,'474',1,1),(32600,258,32,3,'475',1,1),(32601,258,33,3,'477',1,1),(32602,258,35,3,'485',1,1),(32603,258,36,3,'12247',1,1),(32604,258,37,3,'12149',1,1),(32605,258,38,3,'500',1,1),(32606,258,39,3,'508',1,1),(32607,258,40,3,'511',1,1),(32608,258,41,3,'12154',1,1),(32609,258,42,3,'12157',1,1),(32610,258,47,3,'519',1,NULL),(32611,258,48,3,'526',1,1),(32612,258,49,3,'12161',1,1),(32613,258,53,4,'296',1,1),(32614,258,54,4,'449',1,1),(32615,258,55,4,'299',1,NULL),(32616,258,57,4,'452',1,1),(32617,258,58,4,'414',1,1),(32618,258,59,4,'419',1,1),(32619,258,60,4,'325',1,1),(32620,258,61,4,'425',1,1),(32621,258,62,4,'327',1,1),(32622,258,63,4,'331',1,1),(32623,258,64,4,'333',1,1),(32624,258,65,4,'458',1,1),(32625,258,82,4,'343',1,1),(32626,258,83,4,'347',1,1),(32627,258,85,4,'459',1,1),(32628,258,67,5,'540',1,1),(32629,258,68,5,'544',1,1),(32630,258,69,5,'546',1,1),(32631,258,70,5,'551',1,1),(32632,258,71,5,'553',1,1),(32633,258,72,5,'557',1,1),(32634,258,73,5,'565',1,1),(32635,258,74,5,'569',1,1),(32636,258,75,5,'575',1,1),(32637,258,78,5,'582',1,1),(32638,258,79,5,'588',1,1),(32639,258,80,5,'593',1,NULL),(32640,258,81,5,'576',1,1),(32641,258,88,5,'596',1,1),(32642,258,89,5,'600',1,1),(32643,257,53,4,'296',1,1),(32644,257,54,4,'449',1,1),(32645,257,55,4,'300',1,1),(32646,257,57,4,'452',1,1),(32647,257,58,4,'414',1,1),(32648,257,59,4,'419',1,1),(32649,257,60,4,'325',1,1),(32650,257,61,4,'425',1,1),(32651,257,62,4,'327',1,1),(32652,257,63,4,'332',1,NULL),(32653,257,64,4,'333',1,1),(32654,257,65,4,'455',1,NULL),(32655,257,82,4,'343',1,1),(32656,257,83,4,'347',1,1),(32657,257,85,4,'459',1,1),(32658,257,116,7,'694',1,1),(32659,257,117,7,'697',1,1),(32660,257,118,7,'703',1,1),(32661,257,119,7,'706',1,1),(32662,257,120,7,'711',1,1),(32663,257,121,7,'714',1,1),(32664,257,122,7,'720',1,1),(32665,257,124,7,'726',1,1),(32666,257,125,7,'745',1,1),(32667,257,126,7,'735',1,1),(32668,257,67,5,'540',1,1),(32669,257,68,5,'544',1,1),(32670,257,69,5,'546',1,1),(32671,257,70,5,'552',1,NULL),(32672,257,71,5,'553',1,1),(32673,257,72,5,'559',1,NULL),(32674,257,73,5,'565',1,1),(32675,257,74,5,'569',1,1),(32676,257,75,5,'575',1,1),(32677,257,78,5,'582',1,1),(32678,257,79,5,'588',1,1),(32679,257,80,5,'593',1,NULL),(32680,257,81,5,'579',1,NULL),(32681,257,88,5,'597',1,NULL),(32682,257,89,5,'600',1,1),(32683,257,67,5,'540',2,1),(32684,257,68,5,'544',2,1),(32685,257,70,5,'551',2,1),(32686,257,71,5,'553',2,1),(32687,257,72,5,'557',2,1),(32688,257,73,5,'565',2,1),(32689,257,74,5,'569',2,1),(32690,257,75,5,'575',2,1),(32691,257,78,5,'582',2,1),(32692,257,79,5,'588',2,1),(32693,257,80,5,'593',2,NULL),(32694,257,81,5,'577',2,NULL),(32695,257,88,5,'597',2,NULL),(32696,257,89,5,'600',2,1),(32697,257,67,5,'540',3,1),(32698,257,68,5,'544',3,1),(32699,257,69,5,'546',3,1),(32700,257,70,5,'551',3,1),(32701,257,71,5,'553',3,1),(32702,257,72,5,'557',3,1),(32703,257,73,5,'565',3,1),(32704,257,74,5,'569',3,1),(32705,257,75,5,'575',3,1),(32706,257,78,5,'582',3,1),(32707,257,79,5,'588',3,1),(32708,257,80,5,'591',3,NULL),(32709,257,81,5,'576',3,1),(32710,257,88,5,'595',3,NULL),(32711,257,89,5,'600',3,1),(32712,257,1141,10,'1871',1,NULL),(32713,257,1142,10,'1792',1,NULL),(32714,257,1143,10,'1873',1,1),(32715,257,1144,10,'1880',1,NULL),(32716,257,1145,10,'1885',1,1),(32717,257,1146,10,'1887',1,NULL),(32718,257,1147,10,'1888',1,1),(32719,257,1148,10,'1890',1,1),(32720,257,1149,10,'1892',1,1),(32721,257,1150,10,'1894',1,1),(32722,257,1151,10,'1897',1,1),(32723,257,1152,10,'1899',1,1),(32724,257,1154,10,'1900',1,1),(32725,257,1155,10,'1902',1,NULL),(32726,257,1156,10,'1904',1,1),(32727,257,1141,10,'1870',2,1),(32728,257,1142,10,'1789',2,NULL),(32729,257,1143,10,'1873',2,1),(32730,257,1144,10,'1881',2,1),(32731,257,1145,10,'1885',2,1),(32732,257,1146,10,'1886',2,1),(32733,257,1147,10,'1888',2,1),(32734,257,1148,10,'1890',2,1),(32735,257,1149,10,'1892',2,1),(32736,257,1150,10,'1894',2,1),(32737,257,1151,10,'1897',2,1),(32738,257,1152,10,'1899',2,1),(32739,257,1154,10,'1900',2,1),(32740,257,1155,10,'1903',2,1),(32741,257,1156,10,'1904',2,1),(32742,257,146,11,'834',1,NULL),(32743,257,147,11,'961',1,1),(32744,257,148,11,'963',1,NULL),(32745,257,149,11,'922',1,NULL),(32746,257,150,11,'850',1,NULL),(32747,257,151,11,'854',1,1),(32748,257,152,11,'857',1,1),(32749,257,153,11,'859',1,1),(32750,257,154,11,'870',1,1),(32751,257,155,11,'872',1,NULL),(32752,257,156,11,'950',1,1),(32753,257,157,11,'967',1,1),(32754,257,158,11,'928',1,1),(32755,257,159,11,'931',1,1),(32756,257,160,11,'892',1,1),(32757,257,161,11,'940',1,1),(32758,257,162,11,'12251',1,1),(32759,257,163,11,'906',1,1),(32760,257,164,11,'12178',1,1),(32761,257,165,11,'945',1,1),(32762,257,146,11,'832',2,NULL),(32763,257,147,11,'961',2,1),(32764,257,148,11,'964',2,1),(32765,257,149,11,'919',2,NULL),(32766,257,150,11,'848',2,NULL),(32767,257,151,11,'854',2,1),(32768,257,152,11,'857',2,1),(32769,257,153,11,'859',2,1),(32770,257,154,11,'870',2,1),(32771,257,155,11,'873',2,1),(32772,257,156,11,'950',2,1),(32773,257,157,11,'967',2,1),(32774,257,158,11,'928',2,1),(32775,257,159,11,'931',2,1),(32776,257,160,11,'892',2,1),(32777,257,161,11,'940',2,1),(32778,257,162,11,'12251',2,1),(32779,257,163,11,'906',2,1),(32780,257,164,11,'12178',2,1),(32781,257,165,11,'945',2,1),(32782,257,1186,15,'12231',1,1),(32783,257,1188,15,'12229',1,NULL),(32784,257,1189,15,'12235',1,1),(32785,257,1190,15,'12239',1,NULL),(32786,257,1191,15,'12244',1,1),(32787,257,211,15,'1180',1,1),(32788,257,212,15,'1185',1,1),(32789,257,213,15,'12221',1,1),(32790,257,214,15,'1192',1,1),(32791,257,215,15,'1193',1,1),(32792,257,1186,15,'12231',2,1),(32793,257,1188,15,'12229',2,NULL),(32794,257,1189,15,'12235',2,1),(32795,257,1190,15,'12239',2,NULL),(32796,257,1191,15,'12244',2,1),(32797,257,211,15,'1180',2,1),(32798,257,212,15,'1185',2,1),(32799,257,213,15,'12221',2,1),(32800,257,214,15,'1192',2,1),(32801,257,215,15,'1193',2,1),(32802,257,201,14,'1141',1,NULL),(32803,257,202,14,'1146',1,1),(32804,257,203,14,'1150',1,NULL),(32805,257,204,14,'1157',1,1),(32806,257,205,14,'1162',1,1),(32807,257,206,14,'1163',1,1),(32808,257,207,14,'1165',1,1),(32809,257,208,14,'1168',1,NULL),(32810,257,209,14,'1173',1,NULL),(32811,257,210,14,'1179',1,1),(32812,257,201,14,'1144',2,NULL),(32813,257,202,14,'1146',2,1),(32814,257,203,14,'1149',2,NULL),(32815,257,204,14,'1157',2,1),(32816,257,205,14,'1162',2,1),(32817,257,206,14,'1163',2,1),(32818,257,207,14,'1165',2,1),(32819,257,208,14,'1169',2,1),(32820,257,209,14,'1172',2,NULL),(32821,257,210,14,'1179',2,1),(32822,257,201,14,'1142',3,1),(32823,257,202,14,'1146',3,1),(32824,257,203,14,'1149',3,NULL),(32825,257,204,14,'1157',3,1),(32826,257,205,14,'1162',3,1),(32827,257,206,14,'1163',3,1),(32828,257,207,14,'1165',3,1),(32829,257,208,14,'1169',3,1),(32830,257,209,14,'1171',3,NULL),(32831,257,210,14,'1179',3,1),(32832,257,201,14,'1142',4,1),(32833,257,202,14,'1146',4,1),(32834,257,203,14,'1149',4,NULL),(32835,257,204,14,'1157',4,1),(32836,257,205,14,'1162',4,1),(32837,257,206,14,'1163',4,1),(32838,257,207,14,'1165',4,1),(32839,257,208,14,'1169',4,1),(32840,257,209,14,'1171',4,NULL),(32841,257,210,14,'1179',4,1),(32842,257,201,14,'1142',5,1),(32843,257,202,14,'1146',5,1),(32844,257,203,14,'1149',5,NULL),(32845,257,204,14,'1157',5,1),(32846,257,205,14,'1162',5,1),(32847,257,206,14,'1163',5,1),(32848,257,207,14,'1165',5,1),(32849,257,208,14,'1169',5,1),(32850,257,209,14,'1171',5,NULL),(32851,257,210,14,'1179',5,1),(32852,257,201,14,'1142',6,1),(32853,257,202,14,'1146',6,1),(32854,257,203,14,'1149',6,NULL),(32855,257,204,14,'1157',6,1),(32856,257,205,14,'1162',6,1),(32857,257,206,14,'1163',6,1),(32858,257,207,14,'1165',6,1),(32859,257,208,14,'1169',6,1),(32860,257,209,14,'1174',6,1),(32861,257,210,14,'1179',6,1),(32862,257,201,14,'1142',7,1),(32863,257,202,14,'1146',7,1),(32864,257,203,14,'1149',7,NULL),(32865,257,204,14,'1157',7,1),(32866,257,205,14,'1162',7,1),(32867,257,206,14,'1163',7,1),(32868,257,207,14,'1165',7,1),(32869,257,208,14,'1169',7,1),(32870,257,209,14,'1174',7,1),(32871,257,210,14,'1179',7,1),(32872,257,181,13,'1199',1,1),(32873,257,182,13,'1201',1,1),(32874,257,183,13,'1209',1,1),(32875,257,185,13,'1211',1,NULL),(32876,257,186,13,'1220',1,NULL),(32877,257,187,13,'1228',1,1),(32878,257,188,13,'1234',1,1),(32879,257,189,13,'1072',1,1),(32880,257,191,13,'12212',1,NULL),(32881,257,192,13,'1084',1,1),(32882,257,193,13,'1090',1,1),(32883,257,194,13,'1272',1,NULL),(32884,257,195,13,'1267',1,1),(32885,257,196,13,'1263',1,1),(32886,257,197,13,'1261',1,1),(32887,257,198,13,'1256',1,1),(32888,257,199,13,'1251',1,NULL),(32889,257,200,13,'1244',1,NULL),(32890,257,181,13,'1199',2,1),(32891,257,182,13,'1201',2,1),(32892,257,183,13,'1209',2,1),(32893,257,184,13,'1045',2,1),(32894,257,185,13,'1210',2,NULL),(32895,257,186,13,'1222',2,1),(32896,257,187,13,'1228',2,1),(32897,257,188,13,'1234',2,1),(32898,257,189,13,'1072',2,1),(32899,257,191,13,'12213',2,1),(32900,257,192,13,'1084',2,1),(32901,257,193,13,'1090',2,1),(32902,257,194,13,'1274',2,1),(32903,257,195,13,'1267',2,1),(32904,257,196,13,'1263',2,1),(32905,257,197,13,'1261',2,1),(32906,257,198,13,'1256',2,1),(32907,257,199,13,'1248',2,NULL),(32908,257,200,13,'1246',2,NULL),(32909,257,166,12,'971',1,1),(32910,257,167,12,'984',1,1),(32911,257,168,12,'981',1,1),(32912,257,169,12,'990',1,1),(32913,257,170,12,'994',1,1),(32914,257,171,12,'998',1,NULL),(32915,257,172,12,'1000',1,1),(32916,257,174,12,'1140',1,NULL),(32917,257,175,12,'1013',1,1),(32918,257,176,12,'1017',1,1),(32919,257,177,12,'1019',1,1),(32920,257,178,12,'1021',1,1),(32921,257,179,12,'1023',1,1),(32922,257,180,12,'1025',1,1),(32923,257,26,3,'463',1,1),(32924,257,27,3,'465',1,1),(32925,257,28,3,'467',1,1),(32926,257,29,3,'469',1,1),(32927,257,30,3,'471',1,1),(32928,257,31,3,'474',1,1),(32929,257,32,3,'476',1,NULL),(32930,257,33,3,'477',1,1),(32931,257,35,3,'485',1,1),(32932,257,36,3,'12247',1,1),(32933,257,37,3,'12149',1,1),(32934,257,38,3,'500',1,1),(32935,257,39,3,'508',1,1),(32936,257,40,3,'511',1,1),(32937,257,41,3,'12154',1,1),(32938,257,42,3,'12157',1,1),(32939,257,47,3,'519',1,NULL),(32940,257,48,3,'526',1,1),(32941,257,49,3,'12161',1,1),(32942,257,127,8,'750',1,1),(32943,257,128,8,'753',1,1),(32944,257,129,8,'759',1,1),(32945,257,130,8,'768',1,1),(32946,257,131,8,'767',1,1),(32947,257,132,8,'771',1,NULL),(32948,257,133,8,'773',1,1),(32949,257,134,8,'774',1,1),(32950,257,135,8,'777',1,1),(32951,257,136,8,'782',1,1),(32952,257,1131,9,'12181',1,1),(32953,257,1132,9,'11941',1,1),(32954,257,1133,9,'11945',1,1),(32955,257,1134,9,'11949',1,1),(32956,257,1135,9,'11950',1,1),(32957,257,1136,9,'12198',1,1),(32958,257,1137,9,'12188',1,1),(32959,257,1138,9,'11960',1,1),(32960,257,1140,9,'12191',1,1),(32961,257,138,9,'12197',1,1),(32962,257,140,9,'11911',1,1),(32963,257,141,9,'11917',1,1),(32964,257,142,9,'11923',1,NULL),(32965,257,1183,9,'12203',1,1),(32966,257,1184,9,'12207',1,1),(32967,257,1185,9,'12209',1,1),(32968,257,592,25,'11847',1,1),(32969,257,702,25,'12261',1,NULL),(32970,257,703,25,'12264',1,1),(32971,257,704,25,'12267',1,1),(32972,257,706,25,'12269',1,1),(32973,257,707,25,'12272',1,NULL),(32974,257,708,25,'11878',1,NULL),(32975,257,709,25,'12286',1,1),(32976,257,710,25,'12277',1,1),(32977,257,711,25,'12287',1,1),(32978,257,712,25,'12290',1,NULL),(32979,257,713,25,'12292',1,NULL),(32980,257,592,25,'11847',2,1),(32981,257,702,25,'12260',2,1),(32982,257,703,25,'12264',2,1),(32983,257,704,25,'12267',2,1),(32984,257,706,25,'12269',2,1),(32985,257,707,25,'12273',2,1),(32986,257,708,25,'11875',2,NULL),(32987,257,709,25,'12286',2,1),(32988,257,710,25,'12277',2,1),(32989,257,711,25,'12287',2,1),(32990,257,712,25,'12289',2,1),(32991,257,713,25,'12291',2,1),(32992,258,26,3,'463',2,1),(32993,258,27,3,'465',2,1),(32994,258,28,3,'467',2,1),(32995,258,29,3,'469',2,1),(32996,258,30,3,'471',2,1),(32997,258,31,3,'474',2,1),(32998,258,32,3,'475',2,1),(32999,258,33,3,'477',2,1),(33000,258,35,3,'485',2,1),(33001,258,36,3,'12247',2,1),(33002,258,37,3,'12149',2,1),(33003,258,38,3,'500',2,1),(33004,258,39,3,'508',2,1),(33005,258,40,3,'512',2,NULL),(33006,258,41,3,'12154',2,1),(33007,258,42,3,'12157',2,1),(33008,258,47,3,'521',2,1),(33009,258,48,3,'526',2,1),(33010,258,49,3,'12161',2,1),(33011,258,127,8,'750',1,1),(33012,258,128,8,'753',1,1),(33013,258,129,8,'759',1,1),(33014,258,130,8,'768',1,1),(33015,258,131,8,'767',1,1),(33016,258,132,8,'770',1,1),(33017,258,133,8,'773',1,1),(33018,258,134,8,'775',1,NULL),(33019,258,135,8,'777',1,1),(33020,258,136,8,'782',1,1),(33021,258,1131,9,'12181',1,1),(33022,258,1132,9,'11941',1,1),(33023,258,1133,9,'11945',1,1),(33024,258,1134,9,'11949',1,1),(33025,258,1135,9,'11950',1,1),(33026,258,1136,9,'12198',1,1),(33027,258,1137,9,'12189',1,NULL),(33028,258,1138,9,'11960',1,1),(33029,258,1140,9,'12191',1,1),(33030,258,138,9,'12197',1,1),(33031,258,140,9,'11911',1,1),(33032,258,141,9,'11917',1,1),(33033,258,142,9,'11921',1,NULL),(33034,258,1183,9,'12203',1,1),(33035,258,1184,9,'12204',1,NULL),(33036,258,1185,9,'12209',1,1),(33037,258,116,7,'694',1,1),(33038,258,117,7,'695',1,NULL),(33039,258,118,7,'704',1,NULL),(33040,258,119,7,'706',1,1),(33041,258,120,7,'711',1,1),(33042,258,121,7,'714',1,1),(33043,258,122,7,'718',1,NULL),(33044,258,124,7,'726',1,1),(33045,258,125,7,'745',1,1),(33046,258,126,7,'735',1,1),(33047,258,116,7,'694',2,1),(33048,258,117,7,'698',2,NULL),(33049,258,118,7,'703',2,1),(33050,258,119,7,'706',2,1),(33051,258,120,7,'711',2,1),(33052,258,121,7,'714',2,1),(33053,258,122,7,'717',2,NULL),(33054,258,124,7,'726',2,1),(33055,258,125,7,'745',2,1),(33056,258,126,7,'735',2,1),(33057,258,1141,10,'1870',1,1),(33058,258,1142,10,'1792',1,NULL),(33059,258,1143,10,'1873',1,1),(33060,258,1144,10,'1881',1,1),(33061,258,1145,10,'1885',1,1),(33062,258,1146,10,'1886',1,1),(33063,258,1147,10,'1888',1,1),(33064,258,1148,10,'1890',1,1),(33065,258,1149,10,'1892',1,1),(33066,258,1150,10,'1894',1,1),(33067,258,1151,10,'1897',1,1),(33068,258,1152,10,'1899',1,1),(33069,258,1154,10,'1900',1,1),(33070,258,1155,10,'1902',1,NULL),(33071,258,1156,10,'1904',1,1),(33072,258,146,11,'831',1,1),(33073,258,147,11,'961',1,1),(33074,258,150,11,'850',1,NULL),(33075,258,151,11,'854',1,1),(33076,258,152,11,'858',1,NULL),(33077,258,153,11,'859',1,1),(33078,258,154,11,'870',1,1),(33079,258,155,11,'872',1,NULL),(33080,258,156,11,'950',1,1),(33081,258,157,11,'967',1,1),(33082,258,158,11,'928',1,1),(33083,258,159,11,'934',1,NULL),(33084,258,160,11,'893',1,NULL),(33085,258,161,11,'939',1,NULL),(33086,258,162,11,'12251',1,1),(33087,258,163,11,'906',1,1),(33088,258,164,11,'12175',1,NULL),(33089,258,165,11,'945',1,1),(33090,258,146,11,'831',2,1),(33091,258,147,11,'961',2,1),(33092,258,148,11,'965',2,NULL),(33093,258,149,11,'919',2,NULL),(33094,258,150,11,'848',2,NULL),(33095,258,151,11,'854',2,1),(33096,258,152,11,'857',2,1),(33097,258,153,11,'859',2,1),(33098,258,154,11,'870',2,1),(33099,258,155,11,'873',2,1),(33100,258,156,11,'950',2,1),(33101,258,157,11,'967',2,1),(33102,258,158,11,'928',2,1),(33103,258,159,11,'931',2,1),(33104,258,160,11,'893',2,NULL),(33105,258,161,11,'940',2,1),(33106,258,162,11,'12251',2,1),(33107,258,163,11,'906',2,1),(33108,258,164,11,'12176',2,NULL),(33109,258,165,11,'945',2,1),(33110,258,146,11,'831',3,1),(33111,258,147,11,'961',3,1),(33112,258,148,11,'965',3,NULL),(33113,258,149,11,'919',3,NULL),(33114,258,150,11,'848',3,NULL),(33115,258,151,11,'854',3,1),(33116,258,152,11,'857',3,1),(33117,258,153,11,'859',3,1),(33118,258,154,11,'870',3,1),(33119,258,155,11,'873',3,1),(33120,258,156,11,'950',3,1),(33121,258,157,11,'967',3,1),(33122,258,158,11,'928',3,1),(33123,258,159,11,'931',3,1),(33124,258,160,11,'893',3,NULL),(33125,258,161,11,'940',3,1),(33126,258,162,11,'12251',3,1),(33127,258,163,11,'906',3,1),(33128,258,164,11,'12178',3,1),(33129,258,165,11,'944',3,NULL),(33130,258,146,11,'831',4,1),(33131,258,147,11,'961',4,1),(33132,258,148,11,'965',4,NULL),(33133,258,149,11,'919',4,NULL),(33134,258,150,11,'848',4,NULL),(33135,258,151,11,'854',4,1),(33136,258,152,11,'857',4,1),(33137,258,153,11,'859',4,1),(33138,258,154,11,'870',4,1),(33139,258,155,11,'873',4,1),(33140,258,156,11,'950',4,1),(33141,258,157,11,'967',4,1),(33142,258,158,11,'929',4,NULL),(33143,258,159,11,'931',4,1),(33144,258,160,11,'893',4,NULL),(33145,258,161,11,'940',4,1),(33146,258,162,11,'12251',4,1),(33147,258,163,11,'906',4,1),(33148,258,164,11,'12178',4,1),(33149,258,165,11,'944',4,NULL),(33150,258,146,11,'831',5,1),(33151,258,147,11,'961',5,1),(33152,258,148,11,'965',5,NULL),(33153,258,149,11,'919',5,NULL),(33154,258,150,11,'848',5,NULL),(33155,258,151,11,'854',5,1),(33156,258,152,11,'857',5,1),(33157,258,153,11,'859',5,1),(33158,258,154,11,'870',5,1),(33159,258,155,11,'874',5,NULL),(33160,258,156,11,'950',5,1),(33161,258,157,11,'967',5,1),(33162,258,158,11,'928',5,1),(33163,258,159,11,'931',5,1),(33164,258,160,11,'893',5,NULL),(33165,258,161,11,'940',5,1),(33166,258,162,11,'12251',5,1),(33167,258,163,11,'906',5,1),(33168,258,164,11,'12178',5,1),(33169,258,165,11,'944',5,NULL),(33170,258,146,11,'831',6,1),(33171,258,147,11,'961',6,1),(33172,258,148,11,'965',6,NULL),(33173,258,149,11,'919',6,NULL),(33174,258,150,11,'848',6,NULL),(33175,258,151,11,'854',6,1),(33176,258,152,11,'857',6,1),(33177,258,153,11,'859',6,1),(33178,258,154,11,'870',6,1),(33179,258,155,11,'873',6,1),(33180,258,156,11,'950',6,1),(33181,258,157,11,'967',6,1),(33182,258,158,11,'928',6,1),(33183,258,159,11,'934',6,NULL),(33184,258,160,11,'893',6,NULL),(33185,258,161,11,'940',6,1),(33186,258,162,11,'12251',6,1),(33187,258,163,11,'906',6,1),(33188,258,164,11,'12178',6,1),(33189,258,165,11,'944',6,NULL),(33190,258,146,11,'831',7,1),(33191,258,147,11,'961',7,1),(33192,258,148,11,'965',7,NULL),(33193,258,149,11,'919',7,NULL),(33194,258,150,11,'848',7,NULL),(33195,258,151,11,'854',7,1),(33196,258,152,11,'857',7,1),(33197,258,153,11,'859',7,1),(33198,258,154,11,'870',7,1),(33199,258,155,11,'873',7,1),(33200,258,156,11,'950',7,1),(33201,258,157,11,'967',7,1),(33202,258,158,11,'928',7,1),(33203,258,159,11,'931',7,1),(33204,258,160,11,'891',7,NULL),(33205,258,161,11,'940',7,1),(33206,258,162,11,'12251',7,1),(33207,258,163,11,'906',7,1),(33208,258,164,11,'12178',7,1),(33209,258,165,11,'944',7,NULL),(33210,258,146,11,'831',8,1),(33211,258,147,11,'961',8,1),(33212,258,148,11,'965',8,NULL),(33213,258,149,11,'919',8,NULL),(33214,258,150,11,'848',8,NULL),(33215,258,151,11,'854',8,1),(33216,258,152,11,'857',8,1),(33217,258,153,11,'859',8,1),(33218,258,154,11,'870',8,1),(33219,258,155,11,'873',8,1),(33220,258,156,11,'950',8,1),(33221,258,157,11,'967',8,1),(33222,258,158,11,'928',8,1),(33223,258,159,11,'931',8,1),(33224,258,160,11,'893',8,NULL),(33225,258,161,11,'940',8,1),(33226,258,162,11,'12251',8,1),(33227,258,163,11,'906',8,1),(33228,258,164,11,'12178',8,1),(33229,258,165,11,'944',8,NULL),(33230,258,146,11,'831',9,1),(33231,258,147,11,'961',9,1),(33232,258,148,11,'965',9,NULL),(33233,258,149,11,'919',9,NULL),(33234,258,150,11,'850',9,NULL),(33235,258,151,11,'854',9,1),(33236,258,152,11,'857',9,1),(33237,258,153,11,'859',9,1),(33238,258,154,11,'870',9,1),(33239,258,155,11,'873',9,1),(33240,258,156,11,'950',9,1),(33241,258,157,11,'967',9,1),(33242,258,158,11,'928',9,1),(33243,258,159,11,'931',9,1),(33244,258,160,11,'893',9,NULL),(33245,258,161,11,'940',9,1),(33246,258,162,11,'12251',9,1),(33247,258,163,11,'906',9,1),(33248,258,164,11,'12178',9,1),(33249,258,165,11,'944',9,NULL),(33250,258,146,11,'831',10,1),(33251,258,147,11,'960',10,NULL),(33252,258,148,11,'964',10,1),(33253,258,149,11,'922',10,NULL),(33254,258,150,11,'848',10,NULL),(33255,258,151,11,'854',10,1),(33256,258,152,11,'857',10,1),(33257,258,153,11,'859',10,1),(33258,258,154,11,'870',10,1),(33259,258,155,11,'872',10,NULL),(33260,258,156,11,'950',10,1),(33261,258,157,11,'967',10,1),(33262,258,158,11,'928',10,1),(33263,258,159,11,'931',10,1),(33264,258,160,11,'891',10,NULL),(33265,258,161,11,'940',10,1),(33266,258,162,11,'12251',10,1),(33267,258,163,11,'905',10,NULL),(33268,258,164,11,'12175',10,NULL),(33269,258,165,11,'945',10,1),(33270,258,146,11,'831',11,1),(33271,258,147,11,'960',11,NULL),(33272,258,148,11,'964',11,1),(33273,258,149,11,'922',11,NULL),(33274,258,150,11,'848',11,NULL),(33275,258,151,11,'854',11,1),(33276,258,152,11,'857',11,1),(33277,258,153,11,'859',11,1),(33278,258,154,11,'870',11,1),(33279,258,155,11,'872',11,NULL),(33280,258,156,11,'950',11,1),(33281,258,157,11,'967',11,1),(33282,258,158,11,'928',11,1),(33283,258,159,11,'931',11,1),(33284,258,160,11,'891',11,NULL),(33285,258,161,11,'940',11,1),(33286,258,162,11,'12251',11,1),(33287,258,163,11,'905',11,NULL),(33288,258,164,11,'12175',11,NULL),(33289,258,165,11,'946',11,NULL),(33290,258,146,11,'831',12,1),(33291,258,147,11,'961',12,1),(33292,258,148,11,'964',12,1),(33293,258,149,11,'920',12,1),(33294,258,150,11,'850',12,NULL),(33295,258,151,11,'854',12,1),(33296,258,152,11,'857',12,1),(33297,258,153,11,'859',12,1),(33298,258,154,11,'870',12,1),(33299,258,155,11,'873',12,1),(33300,258,156,11,'950',12,1),(33301,258,157,11,'967',12,1),(33302,258,158,11,'928',12,1),(33303,258,159,11,'931',12,1),(33304,258,160,11,'894',12,NULL),(33305,258,161,11,'940',12,1),(33306,258,163,11,'906',12,1),(33307,258,164,11,'12176',12,NULL),(33308,258,165,11,'945',12,1),(33309,258,181,13,'1199',1,1),(33310,258,182,13,'1201',1,1),(33311,258,183,13,'1209',1,1),(33312,258,184,13,'1044',1,NULL),(33313,258,185,13,'1213',1,NULL),(33314,258,186,13,'1222',1,1),(33315,258,187,13,'1228',1,1),(33316,258,188,13,'1234',1,1),(33317,258,189,13,'1072',1,1),(33318,258,191,13,'12213',1,1),(33319,258,192,13,'1084',1,1),(33320,258,193,13,'1090',1,1),(33321,258,194,13,'1274',1,1),(33322,258,195,13,'1267',1,1),(33323,258,196,13,'1263',1,1),(33324,258,197,13,'1261',1,1),(33325,258,198,13,'1253',1,NULL),(33326,258,199,13,'1249',1,1),(33327,258,200,13,'1243',1,1),(33328,255,26,3,'463',1,1),(33329,255,27,3,'465',1,1),(33330,255,28,3,'467',1,1),(33331,255,29,3,'469',1,1),(33332,255,30,3,'471',1,1),(33333,255,31,3,'474',1,1),(33334,255,32,3,'475',1,1),(33335,255,33,3,'477',1,1),(33336,255,35,3,'485',1,1),(33337,255,36,3,'12247',1,1),(33338,255,37,3,'12149',1,1),(33339,255,38,3,'500',1,1),(33340,255,39,3,'508',1,1),(33341,255,40,3,'510',1,NULL),(33342,255,41,3,'12153',1,NULL),(33343,255,42,3,'12157',1,1),(33344,255,47,3,'521',1,1),(33345,255,48,3,'526',1,1),(33346,255,49,3,'12165',1,NULL),(33347,255,53,4,'296',1,1),(33348,255,54,4,'449',1,1),(33349,255,55,4,'299',1,NULL),(33350,255,57,4,'452',1,1),(33351,255,58,4,'413',1,NULL),(33352,255,59,4,'419',1,1),(33353,255,60,4,'325',1,1),(33354,255,61,4,'425',1,1),(33355,255,62,4,'327',1,1),(33356,255,63,4,'331',1,1),(33357,255,64,4,'333',1,1),(33358,255,65,4,'458',1,1),(33359,255,82,4,'343',1,1),(33360,255,83,4,'347',1,1),(33361,255,85,4,'459',1,1),(33362,255,127,8,'750',1,1),(33363,255,128,8,'753',1,1),(33364,255,129,8,'759',1,1),(33365,255,130,8,'768',1,1),(33366,255,131,8,'767',1,1),(33367,255,132,8,'770',1,1),(33368,255,133,8,'773',1,1),(33369,255,134,8,'774',1,1),(33370,255,135,8,'777',1,1),(33371,255,136,8,'782',1,1),(33372,255,1131,9,'12181',1,1),(33373,255,1132,9,'11941',1,1),(33374,255,1133,9,'11945',1,1),(33375,255,1134,9,'11949',1,1),(33376,255,1135,9,'11950',1,1),(33377,255,1136,9,'12198',1,1),(33378,255,1137,9,'12188',1,1),(33379,255,1138,9,'11960',1,1),(33380,255,1140,9,'12191',1,1),(33381,255,138,9,'12197',1,1),(33382,255,140,9,'11911',1,1),(33383,255,141,9,'11917',1,1),(33384,255,142,9,'11921',1,NULL),(33385,255,1183,9,'12203',1,1),(33386,255,1184,9,'12207',1,1),(33387,255,1185,9,'12209',1,1),(33388,255,1141,10,'1870',1,1),(33389,255,1142,10,'1792',1,NULL),(33390,255,1143,10,'1873',1,1),(33391,255,1144,10,'1881',1,1),(33392,255,1145,10,'1885',1,1),(33393,255,1146,10,'1886',1,1),(33394,255,1147,10,'1888',1,1),(33395,255,1148,10,'1890',1,1),(33396,255,1149,10,'1892',1,1),(33397,255,1150,10,'1895',1,NULL),(33398,255,1151,10,'1897',1,1),(33399,255,1152,10,'1899',1,1),(33400,255,1154,10,'1900',1,1),(33401,255,1155,10,'1903',1,1),(33402,255,1156,10,'1904',1,1),(33403,259,127,8,'750',1,1),(33404,259,128,8,'753',1,1),(33405,259,129,8,'759',1,1),(33406,259,130,8,'768',1,1),(33407,259,131,8,'766',1,NULL),(33408,259,132,8,'770',1,1),(33409,259,133,8,'773',1,1),(33410,259,134,8,'774',1,1),(33411,259,135,8,'777',1,1),(33412,259,136,8,'782',1,1),(33413,259,1131,9,'12181',1,1),(33414,259,1132,9,'11941',1,1),(33415,259,1133,9,'11945',1,1),(33416,259,1134,9,'11949',1,1),(33417,259,1135,9,'11950',1,1),(33418,259,1136,9,'12198',1,1),(33419,259,1137,9,'12188',1,1),(33420,259,1138,9,'11960',1,1),(33421,259,1140,9,'12191',1,1),(33422,259,138,9,'12197',1,1),(33423,259,140,9,'11911',1,1),(33424,259,141,9,'11917',1,1),(33425,259,142,9,'11921',1,NULL),(33426,259,1183,9,'12203',1,1),(33427,259,1184,9,'12204',1,NULL),(33428,259,1185,9,'12209',1,1),(33429,259,1141,10,'1870',1,1),(33430,259,1142,10,'1792',1,NULL),(33431,259,1143,10,'1873',1,1),(33432,259,1144,10,'1881',1,1),(33433,259,1145,10,'1885',1,1),(33434,259,1146,10,'1886',1,1),(33435,259,1147,10,'1888',1,1),(33436,259,1148,10,'1890',1,1),(33437,259,1149,10,'1892',1,1),(33438,259,1150,10,'1894',1,1),(33439,259,1151,10,'1897',1,1),(33440,259,1152,10,'1899',1,1),(33441,259,1154,10,'1900',1,1),(33442,259,1155,10,'1903',1,1),(33443,259,1156,10,'1904',1,1),(33444,259,146,11,'831',1,1),(33445,259,147,11,'961',1,1),(33446,259,148,11,'964',1,1),(33447,259,149,11,'920',1,1),(33448,259,150,11,'849',1,1),(33449,259,151,11,'854',1,1),(33450,259,152,11,'857',1,1),(33451,259,153,11,'859',1,1),(33452,259,154,11,'870',1,1),(33453,259,155,11,'873',1,1),(33454,259,156,11,'950',1,1),(33455,259,157,11,'967',1,1),(33456,259,158,11,'928',1,1),(33457,259,159,11,'931',1,1),(33458,259,160,11,'892',1,1),(33459,259,161,11,'940',1,1),(33460,259,162,11,'12251',1,1),(33461,259,163,11,'906',1,1),(33462,259,164,11,'12178',1,1),(33463,259,165,11,'945',1,1),(33464,259,166,12,'971',1,1),(33465,259,167,12,'984',1,1),(33466,259,168,12,'981',1,1),(33467,259,169,12,'990',1,1),(33468,259,170,12,'994',1,1),(33469,259,171,12,'997',1,1),(33470,259,172,12,'1000',1,1),(33471,259,173,12,'1134',1,1),(33472,259,174,12,'1138',1,1),(33473,259,175,12,'1013',1,1),(33474,259,176,12,'1017',1,1),(33475,259,177,12,'1019',1,1),(33476,259,178,12,'1021',1,1),(33477,259,179,12,'1023',1,1),(33478,259,180,12,'1025',1,1),(33479,259,181,13,'1199',1,1),(33480,259,182,13,'1201',1,1),(33481,259,183,13,'1209',1,1),(33482,259,184,13,'1044',1,NULL),(33483,259,185,13,'1212',1,1),(33484,259,186,13,'1222',1,1),(33485,259,187,13,'1228',1,1),(33486,259,188,13,'1234',1,1),(33487,259,189,13,'1072',1,1),(33488,259,191,13,'12213',1,1),(33489,259,192,13,'1084',1,1),(33490,259,193,13,'1090',1,1),(33491,259,194,13,'1274',1,1),(33492,259,195,13,'1267',1,1),(33493,259,196,13,'1263',1,1),(33494,259,197,13,'1261',1,1),(33495,259,198,13,'1256',1,1),(33496,259,199,13,'1249',1,1),(33497,259,200,13,'1243',1,1),(33498,255,146,11,'831',1,1),(33499,255,147,11,'961',1,1),(33500,255,148,11,'963',1,NULL),(33501,255,149,11,'920',1,1),(33502,255,150,11,'849',1,1),(33503,255,151,11,'854',1,1),(33504,255,152,11,'857',1,1),(33505,255,153,11,'859',1,1),(33506,255,154,11,'870',1,1),(33507,255,155,11,'873',1,1),(33508,255,156,11,'950',1,1),(33509,255,157,11,'967',1,1),(33510,255,158,11,'928',1,1),(33511,255,159,11,'931',1,1),(33512,255,160,11,'892',1,1),(33513,255,161,11,'940',1,1),(33514,255,162,11,'12251',1,1),(33515,255,163,11,'906',1,1),(33516,255,165,11,'946',1,NULL),(33517,255,166,12,'971',1,1),(33518,255,167,12,'984',1,1),(33519,255,168,12,'981',1,1),(33520,255,169,12,'990',1,1),(33521,255,170,12,'994',1,1),(33522,255,171,12,'997',1,1),(33523,255,172,12,'1000',1,1),(33524,255,173,12,'1134',1,1),(33525,255,174,12,'1138',1,1),(33526,255,175,12,'1013',1,1),(33527,255,176,12,'1017',1,1),(33528,255,177,12,'1019',1,1),(33529,255,178,12,'1021',1,1),(33530,255,179,12,'1023',1,1),(33531,255,180,12,'1025',1,1),(33532,255,181,13,'1199',1,1),(33533,255,182,13,'1201',1,1),(33534,255,183,13,'1209',1,1),(33535,255,184,13,'1045',1,1),(33536,255,185,13,'1212',1,1),(33537,255,186,13,'1222',1,1),(33538,255,187,13,'1228',1,1),(33539,255,188,13,'1234',1,1),(33540,255,189,13,'1072',1,1),(33541,255,191,13,'12212',1,NULL),(33542,255,192,13,'1084',1,1),(33543,255,193,13,'1090',1,1),(33544,255,194,13,'1274',1,1),(33545,255,195,13,'1267',1,1),(33546,255,196,13,'1263',1,1),(33547,255,197,13,'1261',1,1),(33548,255,198,13,'1256',1,1),(33549,255,199,13,'1249',1,1),(33550,255,200,13,'1244',1,NULL),(33551,255,201,14,'1145',1,NULL),(33552,255,202,14,'1146',1,1),(33553,255,203,14,'1152',1,1),(33554,255,204,14,'1157',1,1),(33555,255,205,14,'1162',1,1),(33556,255,206,14,'1163',1,1),(33557,255,207,14,'1165',1,1),(33558,255,208,14,'1169',1,1),(33559,255,209,14,'1174',1,1),(33560,255,210,14,'1179',1,1),(33561,255,592,25,'11847',1,1),(33562,255,702,25,'12260',1,1),(33563,255,703,25,'12264',1,1),(33564,255,704,25,'12267',1,1),(33565,255,706,25,'12269',1,1),(33566,255,707,25,'12273',1,1),(33567,255,708,25,'11876',1,NULL),(33568,255,709,25,'12283',1,NULL),(33569,255,710,25,'12278',1,NULL),(33570,255,711,25,'12287',1,1),(33571,255,712,25,'12289',1,1),(33572,255,713,25,'12291',1,1),(33573,255,592,25,'11847',2,1),(33574,255,702,25,'12260',2,1),(33575,255,703,25,'12264',2,1),(33576,255,704,25,'12267',2,1),(33577,255,706,25,'12269',2,1),(33578,255,707,25,'12273',2,1),(33579,255,708,25,'11875',2,NULL),(33580,255,709,25,'12286',2,1),(33581,255,710,25,'12277',2,1),(33582,255,711,25,'12287',2,1),(33583,255,712,25,'12289',2,1),(33584,255,713,25,'12291',2,1),(33585,255,1186,15,'12231',1,1),(33586,255,1188,15,'12228',1,1),(33587,255,1189,15,'12235',1,1),(33588,255,1190,15,'12243',1,1),(33589,255,1191,15,'12244',1,1),(33590,255,211,15,'1180',1,1),(33591,255,212,15,'1185',1,1),(33592,255,213,15,'12221',1,1),(33593,255,214,15,'1192',1,1),(33594,255,215,15,'1193',1,1),(33595,255,67,5,'540',1,1),(33596,255,68,5,'544',1,1),(33597,255,69,5,'546',1,1),(33598,255,70,5,'551',1,1),(33599,255,71,5,'553',1,1),(33600,255,72,5,'557',1,1),(33601,255,73,5,'561',1,NULL),(33602,255,74,5,'569',1,1),(33603,255,75,5,'575',1,1),(33604,255,78,5,'582',1,1),(33605,255,79,5,'588',1,1),(33606,255,80,5,'591',1,NULL),(33607,255,81,5,'576',1,1),(33608,255,88,5,'597',1,NULL),(33609,255,89,5,'600',1,1),(33610,255,116,7,'694',1,1),(33611,255,117,7,'695',1,NULL),(33612,255,118,7,'699',1,NULL),(33613,255,119,7,'706',1,1),(33614,255,120,7,'711',1,1),(33615,255,121,7,'714',1,1),(33616,255,122,7,'718',1,NULL),(33617,255,124,7,'726',1,1),(33618,255,125,7,'745',1,1),(33619,255,126,7,'735',1,1),(33620,255,116,7,'694',2,1),(33621,255,117,7,'697',2,1),(33622,255,118,7,'704',2,NULL),(33623,255,119,7,'706',2,1),(33624,255,120,7,'711',2,1),(33625,255,121,7,'714',2,1),(33626,255,122,7,'717',2,NULL),(33627,255,124,7,'726',2,1),(33628,255,125,7,'745',2,1),(33629,255,126,7,'735',2,1),(33630,259,201,14,'1145',1,NULL),(33631,259,202,14,'1146',1,1),(33632,259,203,14,'1152',1,1),(33633,259,204,14,'1157',1,1),(33634,259,205,14,'1162',1,1),(33635,259,206,14,'1163',1,1),(33636,259,207,14,'1165',1,1),(33637,259,208,14,'1169',1,1),(33638,259,209,14,'1174',1,1),(33639,259,210,14,'1179',1,1),(33640,259,1186,15,'12231',1,1),(33641,259,1188,15,'12228',1,1),(33642,259,1189,15,'12235',1,1),(33643,259,1190,15,'12243',1,1),(33644,259,1191,15,'12244',1,1),(33645,259,211,15,'1180',1,1),(33646,259,212,15,'1185',1,1),(33647,259,213,15,'12221',1,1),(33648,259,214,15,'1192',1,1),(33649,259,215,15,'1193',1,1),(33650,259,592,25,'11847',1,1),(33651,259,702,25,'12260',1,1),(33652,259,703,25,'12264',1,1),(33653,259,704,25,'12267',1,1),(33654,259,706,25,'12269',1,1),(33655,259,707,25,'12272',1,NULL),(33656,259,708,25,'11876',1,NULL),(33657,259,709,25,'12286',1,1),(33658,259,710,25,'12277',1,1),(33659,259,711,25,'12287',1,1),(33660,259,712,25,'12289',1,1),(33661,259,713,25,'12291',1,1),(33662,259,116,7,'694',1,1),(33663,259,117,7,'697',1,1),(33664,259,118,7,'703',1,1),(33665,259,119,7,'706',1,1),(33666,259,120,7,'709',1,NULL),(33667,259,121,7,'714',1,1),(33668,259,122,7,'720',1,1),(33669,259,124,7,'726',1,1),(33670,259,125,7,'745',1,1),(33671,259,126,7,'735',1,1),(33672,259,67,5,'540',1,1),(33673,259,68,5,'544',1,1),(33674,259,69,5,'546',1,1),(33675,259,70,5,'552',1,NULL),(33676,259,71,5,'553',1,1),(33677,259,72,5,'557',1,1),(33678,259,73,5,'565',1,1),(33679,259,74,5,'566',1,NULL),(33680,259,75,5,'575',1,1),(33681,259,78,5,'582',1,1),(33682,259,79,5,'588',1,1),(33683,259,80,5,'593',1,NULL),(33684,259,81,5,'576',1,1),(33685,259,88,5,'597',1,NULL),(33686,259,89,5,'600',1,1),(33687,259,67,5,'540',2,1),(33688,259,68,5,'544',2,1),(33689,259,69,5,'546',2,1),(33690,259,70,5,'551',2,1),(33691,259,71,5,'553',2,1),(33692,259,72,5,'557',2,1),(33693,259,73,5,'565',2,1),(33694,259,74,5,'569',2,1),(33695,259,75,5,'575',2,1),(33696,259,78,5,'582',2,1),(33697,259,79,5,'588',2,1),(33698,259,80,5,'592',2,1),(33699,259,81,5,'576',2,1),(33700,259,88,5,'596',2,1),(33701,259,89,5,'600',2,1),(33702,259,53,4,'296',1,1),(33703,259,54,4,'449',1,1),(33704,259,55,4,'299',1,NULL),(33705,259,57,4,'452',1,1),(33706,259,58,4,'413',1,NULL),(33707,259,59,4,'419',1,1),(33708,259,60,4,'325',1,1),(33709,259,61,4,'423',1,NULL),(33710,259,62,4,'327',1,1),(33711,259,63,4,'331',1,1),(33712,259,64,4,'333',1,1),(33713,259,65,4,'458',1,1),(33714,259,82,4,'343',1,1),(33715,259,83,4,'347',1,1),(33716,259,85,4,'459',1,1),(33717,259,26,3,'463',1,1),(33718,259,27,3,'466',1,NULL),(33719,259,28,3,'467',1,1),(33720,259,29,3,'469',1,1),(33721,259,30,3,'471',1,1),(33722,259,31,3,'474',1,1),(33723,259,32,3,'476',1,NULL),(33724,259,35,3,'485',1,1),(33725,259,36,3,'12247',1,1),(33726,259,37,3,'12149',1,1),(33727,259,38,3,'500',1,1),